-- Table structure for table `n36ic_jbusinessdirectory_company_activity_city`
--

CREATE TABLE `n36ic_jbusinessdirectory_company_activity_city` (
  `id` int(11) NOT NULL AUTO_INCREMENT,
  `company_id` int(11) DEFAULT NULL,
  `city_id` int(11) DEFAULT NULL,
  PRIMARY KEY (`id`),
  UNIQUE KEY `IND_UNQ` (`company_id`,`city_id`),
  KEY `idx_company` (`company_id`),
  KEY `idx_city` (`city_id`)
) ENGINE=MyISAM AUTO_INCREMENT=65 DEFAULT CHARSET=utf8mb3 COLLATE=utf8mb3_general_ci;

--
-- Dumping data for table `n36ic_jbusinessdirectory_company_activity_city`
--

INSERT INTO `n36ic_jbusinessdirectory_company_activity_city` VALUES
(1,66,3),
(14,7,2),
(15,65,2),
(16,49,2),
(17,64,2),
(18,59,2),
(19,55,2),
(20,48,2),
(21,54,2),
(22,53,2),
(23,47,2),
(24,46,2),
(25,19,2),
(26,52,2),
(27,45,2),
(28,44,2),
(29,67,2),
(30,41,2),
(31,43,2),
(32,42,2),
(33,40,2),
(34,32,2),
(35,27,2),
(36,20,2),
(37,22,2),
(38,17,2),
(39,16,2),
(40,10,2),
(41,15,2),
(42,23,2),
(43,13,2),
(44,21,2),
(45,25,2),
(46,24,2),
(47,8,2),
(48,26,2),
(49,6,2),
(50,4,2),
(51,5,2),
(52,1,2),
(53,34,2),
(54,63,2),
(55,62,2),
(56,84,2),
(58,81,3),
(59,82,2),
(60,85,2),
(61,86,3),
(62,87,2),
(63,88,1),
(64,89,2);

--
-- Table structure for table `n36ic_jbusinessdirectory_company_activity_country`
--

CREATE TABLE `n36ic_jbusinessdirectory_company_activity_country` (
  `id` int(11) NOT NULL AUTO_INCREMENT,
  `company_id` int(11) DEFAULT NULL,
  `country_id` int(11) DEFAULT NULL,
  PRIMARY KEY (`id`),
  UNIQUE KEY `IND_UNQ` (`company_id`,`country_id`)
) ENGINE=MyISAM DEFAULT CHARSET=utf8mb3 COLLATE=utf8mb3_general_ci;

--
-- Dumping data for table `n36ic_jbusinessdirectory_company_activity_country`
--


--
-- Table structure for table `n36ic_jbusinessdirectory_company_activity_region`
--

CREATE TABLE `n36ic_jbusinessdirectory_company_activity_region` (
  `id` int(11) NOT NULL AUTO_INCREMENT,
  `company_id` int(11) DEFAULT NULL,
  `region_id` int(11) DEFAULT NULL,
  PRIMARY KEY (`id`),
  UNIQUE KEY `IND_UNQ` (`company_id`,`region_id`),
  KEY `idx_company` (`company_id`),
  KEY `idx_city` (`region_id`)
) ENGINE=MyISAM AUTO_INCREMENT=52 DEFAULT CHARSET=utf8mb3 COLLATE=utf8mb3_general_ci;

--
-- Dumping data for table `n36ic_jbusinessdirectory_company_activity_region`
--

INSERT INTO `n36ic_jbusinessdirectory_company_activity_region` VALUES
(1,66,1),
(2,7,1),
(3,65,1),
(4,49,1),
(5,64,1),
(6,59,1),
(7,55,1),
(8,48,1),
(9,54,1),
(10,53,1),
(11,47,1),
(12,46,1),
(13,19,1),
(14,52,1),
(15,45,1),
(16,44,1),
(17,67,1),
(18,41,1),
(19,43,1),
(20,42,1),
(21,40,1),
(22,32,1),
(23,27,1),
(24,20,1),
(25,22,1),
(26,17,1),
(27,16,1),
(28,10,1),
(29,15,1),
(30,23,1),
(31,13,1),
(32,21,1),
(33,25,1),
(34,24,1),
(35,8,1),
(36,26,1),
(37,6,1),
(38,4,1),
(39,5,1),
(40,1,1),
(41,34,1),
(42,63,1),
(43,62,1),
(44,84,1),
(45,81,1),
(46,82,1),
(47,85,1),
(48,86,1),
(49,87,1),
(50,88,1),
(51,89,1);

--
-- Table structure for table `n36ic_jbusinessdirectory_company_announcements`
--

CREATE TABLE `n36ic_jbusinessdirectory_company_announcements` (
  `id` int(11) NOT NULL AUTO_INCREMENT,
  `call_to_action` int(11) NOT NULL,
  `company_id` int(11) NOT NULL,
  `title` varchar(255) DEFAULT NULL,
  `description` varchar(255) DEFAULT NULL,
  `icon` varchar(50) DEFAULT NULL,
  `button_text` varchar(255) DEFAULT NULL,
  `button_link` varchar(255) DEFAULT NULL,
  `status` tinyint(4) DEFAULT 1,
  `expiration_date` date DEFAULT NULL,
  PRIMARY KEY (`id`),
  KEY `idx_company_id` (`company_id`)
) ENGINE=MyISAM AUTO_INCREMENT=2 DEFAULT CHARSET=utf8mb3 COLLATE=utf8mb3_general_ci;

--
-- Dumping data for table `n36ic_jbusinessdirectory_company_announcements`
--

INSERT INTO `n36ic_jbusinessdirectory_company_announcements` VALUES
(1,5,19,'ICAN HERO, Pro Podcast for Beginners ','ICAN HERO, Pro Podcast for Beginners','la la-envelope-o','Local Hero Studio Training','',1,NULL);

--
-- Table structure for table `n36ic_jbusinessdirectory_company_articles`
--

CREATE TABLE `n36ic_jbusinessdirectory_company_articles` (
  `article_id` int(11) NOT NULL,
  `company_id` int(11) NOT NULL,
  PRIMARY KEY (`article_id`),
  KEY `idx_company` (`company_id`)
) ENGINE=MyISAM DEFAULT CHARSET=utf8mb3 COLLATE=utf8mb3_general_ci;

--
-- Dumping data for table `n36ic_jbusinessdirectory_company_articles`
--


--
-- Table structure for table `n36ic_jbusinessdirectory_company_attachments`
--

CREATE TABLE `n36ic_jbusinessdirectory_company_attachments` (
  `id` int(11) NOT NULL AUTO_INCREMENT,
  `type` tinyint(4) DEFAULT NULL,
  `object_id` int(11) DEFAULT NULL,
  `name` varchar(100) DEFAULT NULL,
  `path` varchar(155) DEFAULT NULL,
  `status` tinyint(1) DEFAULT NULL,
  `ordering` tinyint(4) NOT NULL DEFAULT 0,
  PRIMARY KEY (`id`),
  KEY `idx_type` (`type`),
  KEY `idx_object` (`object_id`),
  KEY `idx_status` (`status`),
  KEY `idx_order` (`ordering`)
) ENGINE=MyISAM AUTO_INCREMENT=5 DEFAULT CHARSET=utf8mb3 COLLATE=utf8mb3_general_ci;

--
-- Dumping data for table `n36ic_jbusinessdirectory_company_attachments`
--

INSERT INTO `n36ic_jbusinessdirectory_company_attachments` VALUES
(1,2,85,'EVENTS____2____REMEMBER_Sponsored_for_Events-1713482285.pdf','/offers/85/EVENTS____2____REMEMBER_Sponsored_for_Events-1713482285.pdf',1,1);

--
-- Table structure for table `n36ic_jbusinessdirectory_company_attributes`
--

CREATE TABLE `n36ic_jbusinessdirectory_company_attributes` (
  `id` int(11) NOT NULL AUTO_INCREMENT,
  `company_id` int(11) NOT NULL,
  `attribute_id` int(11) NOT NULL,
  `value` varchar(250) DEFAULT NULL,
  `option_id` int(11) DEFAULT NULL,
  PRIMARY KEY (`id`),
  UNIQUE KEY `company_UNIQUE` (`company_id`,`attribute_id`,`value`),
  KEY `idx_company_id` (`company_id`),
  KEY `idx_attribute_id` (`attribute_id`),
  KEY `idx_option_id` (`option_id`)
) ENGINE=MyISAM DEFAULT CHARSET=utf8mb3 COLLATE=utf8mb3_general_ci;

--
-- Dumping data for table `n36ic_jbusinessdirectory_company_attributes`
--


--
-- Table structure for table `n36ic_jbusinessdirectory_company_category`
--

CREATE TABLE `n36ic_jbusinessdirectory_company_category` (
  `companyId` int(11) NOT NULL,
  `categoryId` int(11) NOT NULL,
  PRIMARY KEY (`companyId`,`categoryId`),
  KEY `idx_category` (`companyId`,`categoryId`)
) ENGINE=MyISAM DEFAULT CHARSET=utf8mb3 COLLATE=utf8mb3_general_ci;

--
-- Dumping data for table `n36ic_jbusinessdirectory_company_category`
--

INSERT INTO `n36ic_jbusinessdirectory_company_category` VALUES
(1,-1),
(3,-1),
(4,-1),
(5,-1),
(6,-1),
(7,3),
(8,265),
(8,266),
(9,-1),
(10,-1),
(13,-1),
(14,-1),
(15,-1),
(16,-1),
(17,-1),
(19,242),
(20,-1),
(21,-1),
(22,-1),
(23,-1),
(24,-1),
(25,-1),
(26,-1),
(27,-1),
(28,-1),
(31,-1),
(32,-1),
(33,-1),
(34,-1),
(35,-1),
(38,-1),
(40,-1),
(41,-1),
(42,-1),
(43,-1),
(44,-1),
(45,-1),
(46,-1),
(47,-1),
(48,-1),
(49,-1),
(52,-1),
(53,-1),
(54,-1),
(55,-1),
(56,-1),
(57,-1),
(58,-1),
(59,242),
(60,-1),
(61,-1),
(62,-1),
(63,-1),
(64,-1),
(65,-1),
(66,79),
(67,-1),
(68,251),
(69,74),
(70,79),
(71,29),
(72,79),
(73,242),
(74,75),
(76,75),
(77,29),
(78,242),
(79,242),
(80,242),
(81,59),
(81,265),
(82,265),
(82,266),
(83,59),
(84,265),
(84,269),
(85,265),
(85,266),
(86,288),
(87,265),
(87,266),
(87,276),
(87,288),
(87,293),
(88,242),
(88,288),
(89,242);

--
-- Table structure for table `n36ic_jbusinessdirectory_company_city`
--

CREATE TABLE `n36ic_jbusinessdirectory_company_city` (
  `id` int(11) NOT NULL AUTO_INCREMENT,
  `company_id` int(11) DEFAULT NULL,
  `city_id` int(11) DEFAULT NULL,
  PRIMARY KEY (`id`),
  UNIQUE KEY `IND_UNQ` (`company_id`,`city_id`)
) ENGINE=MyISAM DEFAULT CHARSET=utf8mb3 COLLATE=utf8mb3_general_ci;

--
-- Dumping data for table `n36ic_jbusinessdirectory_company_city`
--


--
-- Table structure for table `n36ic_jbusinessdirectory_company_claim`
--

CREATE TABLE `n36ic_jbusinessdirectory_company_claim` (
  `id` int(11) NOT NULL AUTO_INCREMENT,
  `companyId` int(11) DEFAULT NULL,
  `firstName` varchar(55) DEFAULT NULL,
  `lastName` varchar(55) DEFAULT NULL,
  `function` varchar(45) DEFAULT NULL,
  `phone` varchar(45) DEFAULT NULL,
  `email` varchar(65) DEFAULT NULL,
  `status` int(3) NOT NULL DEFAULT 0,
  PRIMARY KEY (`id`),
  KEY `idx_companyId` (`companyId`),
  KEY `idx_status` (`status`)
) ENGINE=MyISAM AUTO_INCREMENT=7 DEFAULT CHARSET=utf8mb3 COLLATE=utf8mb3_general_ci;

--
-- Dumping data for table `n36ic_jbusinessdirectory_company_claim`
--

INSERT INTO `n36ic_jbusinessdirectory_company_claim` VALUES
(1,4,'Canada\'s Marketplace','Company','','289-222-6488','printandposter.ca@GMAIL.COM',1),
(2,19,'ICAN ','HERO','','2899288741','Info@icanhero.com',1),
(3,58,'Your Community ','Connected','','2899288741','info@yourcommunityconnected.com',1),
(4,10,'Order Eats','DIY Delivery App','','2899288741','info@OrderEats.ca',0),
(5,66,'Office@YourTeamPros.com','Head Office','','800-872-3761','Office@YourTeamPros.com',0),
(6,52,'Ace','Zeus','','+1 (647) 688-6073','zeusdemolitions.com@gmail.com',0);

--
-- Table structure for table `n36ic_jbusinessdirectory_company_contact`
--

CREATE TABLE `n36ic_jbusinessdirectory_company_contact` (
  `id` int(11) NOT NULL AUTO_INCREMENT,
  `companyId` int(11) NOT NULL,
  `contact_name` varchar(50) DEFAULT NULL,
  `contact_function` varchar(50) DEFAULT NULL,
  `contact_department` varchar(100) DEFAULT NULL,
  `contact_email` varchar(60) DEFAULT NULL,
  `contact_phone` varchar(20) DEFAULT NULL,
  `contact_fax` varchar(20) DEFAULT NULL,
  `contact_job_title` varchar(100) DEFAULT NULL,
  PRIMARY KEY (`id`,`companyId`),
  KEY `R_13` (`companyId`)
) ENGINE=MyISAM AUTO_INCREMENT=284 DEFAULT CHARSET=utf8mb3 COLLATE=utf8mb3_general_ci;

--
-- Dumping data for table `n36ic_jbusinessdirectory_company_contact`
--

INSERT INTO `n36ic_jbusinessdirectory_company_contact` VALUES
(273,52,'',NULL,'','info@allseasonsolutions.ca','','',NULL),
(234,15,'',NULL,'','info@envirofill.ca','','',NULL),
(235,25,'',NULL,'','info@essentialpsychicstudio.com','','',NULL),
(236,57,'',NULL,'','info@greatlifeinvestments.com','','',NULL),
(237,45,'',NULL,'','info@communitygetaways.com','','',NULL),
(238,6,'',NULL,'','info@southsidepizzeria.ca','','',''),
(239,54,'',NULL,'','info@communitysinglesevents.com','','',NULL),
(240,48,'',NULL,'','info@getlegalhelp.ca','','',NULL),
(241,23,'',NULL,'','info@healthyandfitmatters.com','','',NULL),
(242,34,'',NULL,'','info@communitycontractors.ca','','',NULL),
(243,19,'Christopher J. Parkinson',NULL,'','info@icanhero.com','','',''),
(244,70,'Christopher J. Parkinson',NULL,'','','','',NULL),
(245,53,'',NULL,'','info@communitysinglesmatters.com','','',NULL),
(246,18,'',NULL,'','info@meetthechef.ca','','',NULL),
(248,44,'',NULL,'','info@peoplespetmatters.com','','',NULL),
(249,33,'',NULL,'','info@e-newsletterhero.com','','',NULL),
(250,14,'',NULL,'','info@nichabauguitars.com','','',NULL),
(251,10,'',NULL,'','info@ordereats.ca','','',NULL),
(252,27,'',NULL,'','info@outdooradventurematters.com','','',NULL),
(253,24,'',NULL,'','info@paintingcamvas.com','','',NULL),
(254,42,'',NULL,'','info@rhythmandwines.com','','',NULL),
(255,17,'',NULL,'','info@pickuppal.ca','','',NULL),
(256,8,'',NULL,'','info@planetgiftcards.org','','',''),
(257,40,'',NULL,'','info@communitycandidate.com','','',NULL),
(258,4,'',NULL,'','info@printandposter.ca','','',NULL),
(259,5,'',NULL,'','info@projecttreewifi.com','','',NULL),
(260,22,'',NULL,'','info@psychedelicsasmedicine.com','','',NULL),
(268,41,'',NULL,'','info@positivemindpromotions.com','','',NULL),
(262,38,'',NULL,'','info@legionbranch43.ca','','',NULL),
(263,36,'',NULL,'','info@icancannabis.org','','',NULL),
(264,3,'',NULL,'','info@spotlessauto.ca','','',NULL),
(265,2,'',NULL,'','info@stagsheadbar.ca','','',NULL),
(266,30,'',NULL,'','info@strongmindpromotions.com','','',NULL),
(267,46,'',NULL,'','info@montstemarierentals.com','','',NULL),
(269,11,'',NULL,'','info@thebakersbox.ca','','',NULL),
(270,35,'',NULL,'','info@mygardenshop.ca','','',NULL),
(227,50,'',NULL,'','info@greatlifeinvestmentfund.com','','',NULL),
(228,20,'',NULL,'','info@communitysportsmatters.com','','',NULL),
(229,21,'',NULL,'','info@craftbeersmatter.com','','',NULL),
(230,55,'',NULL,'','info@zeusdemolitions.com','','',''),
(231,9,'',NULL,'','info@divatowing.com','','',NULL),
(232,31,'',NULL,'','info@e-newsletterhero.com','','',NULL),
(187,39,'Positive Mind Promotions - Incentive and Empowerme',NULL,'','info@communitycandidate.com','','',NULL),
(271,47,'',NULL,'','info@getlegalhelp.ca','','',NULL),
(272,58,'',NULL,'','info@cmptv.ca','','',NULL),
(218,12,'',NULL,'','info@communitymarketplace.ca','','',NULL),
(219,59,'',NULL,'','Oshawa@communitymarketplace.ca','','',''),
(220,65,'',NULL,'','info@cmptv.ca','','',NULL),
(221,64,'',NULL,'','info@cmptv.ca','','',NULL),
(223,69,'Christopher J. Parkinson',NULL,'','','','',NULL),
(224,13,'',NULL,'','info@communitymusicmatters.com','','',NULL),
(225,56,'',NULL,'','info@loudpak.org','','',NULL),
(226,51,'',NULL,'','info@greenliferetirement.com','','',NULL),
(205,49,'',NULL,'','info@summersmountainhouse.com','','',''),
(206,7,'Christopher J. Parkinson',NULL,'','info@canadasmarketplace.ca','','',''),
(207,16,'',NULL,'','info@cannabislearningcenter.ca','','',NULL),
(208,1,'',NULL,'','info@cmptv.ca','','',NULL),
(209,29,'',NULL,'','info@communitybeautymatters.com','','',NULL),
(210,37,'',NULL,'','info@thecannabisdepot.org','','',NULL),
(211,26,'',NULL,'','info@communitycomedy.com','','',NULL),
(212,32,'',NULL,'','info@communitycontractors.ca','','',NULL),
(213,28,'',NULL,'','info@communitygamingmatters.com','','',NULL),
(214,43,'',NULL,'','info@surecleancompany.com','','',NULL),
(215,61,'',NULL,'','info@cmptv.ca','','',NULL),
(222,62,'',NULL,'','info@cmptv.ca','','',NULL),
(145,60,'Community Marketplace Whitby',NULL,'','info@cmptv.ca','','',NULL),
(131,67,'',NULL,'','info@peoplespetmatters.com','',NULL,''),
(233,68,'Christopher J. Parkinson',NULL,'','','','',NULL),
(217,63,'',NULL,'','info@cmptv.ca','','',NULL),
(274,72,'Amanda Gemon',NULL,'','Amanda@YourTeamPros.com','416-298-8200',NULL,'Real Estate Salesperson & Success Team Manager'),
(275,78,'Ali Zuccato',NULL,'','','',NULL,''),
(276,79,'Ali Zuccato',NULL,'','alizuccato@gmail.com','',NULL,'Owner/Operator '),
(277,80,'Christopher J. Parkinson',NULL,'Consumer Contact','Christopher@givebackpromotions.org','2899288741',NULL,''),
(281,81,'MEMBERS APPRECIATION - LEVEL UP FOR LOCAL BUSINESS',NULL,'LA Fitness Oshawa Give Back Promotions','LAFitnessOshawa@givebackpromotions.org','',NULL,'Director of Partnerships'),
(282,87,'All Seasons Solutions ',NULL,'Community','Info@givebackgiftcards.org','2899288468',NULL,'Fundraising Angle'),
(283,89,'Vance Mackenzie',NULL,'Production & Scheduling ','vanceworldmedia@gmail.com','',NULL,'Director');

--
-- Table structure for table `n36ic_jbusinessdirectory_company_editors`
--

CREATE TABLE `n36ic_jbusinessdirectory_company_editors` (
  `company_id` int(11) NOT NULL,
  `editor_id` int(11) NOT NULL,
  PRIMARY KEY (`company_id`,`editor_id`)
) ENGINE=MyISAM DEFAULT CHARSET=utf8mb3 COLLATE=utf8mb3_general_ci;

--
-- Dumping data for table `n36ic_jbusinessdirectory_company_editors`
--

INSERT INTO `n36ic_jbusinessdirectory_company_editors` VALUES
(6,246152),
(8,49),
(8,4724),
(8,246152),
(8,246162),
(49,49),
(49,246144),
(59,4831),
(59,246152),
(74,246152),
(76,246152),
(78,49),
(81,49),
(81,4722),
(81,4831),
(81,246152),
(81,246159),
(82,49),
(85,49),
(85,246184);

--
-- Table structure for table `n36ic_jbusinessdirectory_company_event_appointments`
--

CREATE TABLE `n36ic_jbusinessdirectory_company_event_appointments` (
  `id` int(11) NOT NULL AUTO_INCREMENT,
  `first_name` varchar(45) DEFAULT NULL,
  `last_name` varchar(45) DEFAULT NULL,
  `company_name` varchar(45) DEFAULT NULL,
  `email` varchar(45) DEFAULT NULL,
  `phone` varchar(45) DEFAULT NULL,
  `date` date DEFAULT NULL,
  `time` time DEFAULT NULL,
  `remarks` varchar(300) DEFAULT NULL,
  `status` tinyint(1) DEFAULT NULL,
  `event_id` int(11) NOT NULL,
  `company_id` int(11) NOT NULL,
  `user_id` int(11) DEFAULT NULL,
  PRIMARY KEY (`id`),
  KEY `idx_company` (`company_id`),
  KEY `idx_event` (`event_id`),
  KEY `idx_user_id` (`user_id`),
  KEY `idx_status` (`status`)
) ENGINE=MyISAM AUTO_INCREMENT=2 DEFAULT CHARSET=utf8mb3 COLLATE=utf8mb3_general_ci;

--
-- Dumping data for table `n36ic_jbusinessdirectory_company_event_appointments`
--

INSERT INTO `n36ic_jbusinessdirectory_company_event_appointments` VALUES
(1,'Christopher','Parkinson','','canadasmarketplace@gmail.com','2899288471','2025-10-27','00:00:00','',0,11,82,0);

--
-- Table structure for table `n36ic_jbusinessdirectory_company_event_associated_items`
--

CREATE TABLE `n36ic_jbusinessdirectory_company_event_associated_items` (
  `event_id` int(11) NOT NULL,
  `company_id` int(11) NOT NULL,
  PRIMARY KEY (`event_id`,`company_id`)
) ENGINE=MyISAM DEFAULT CHARSET=utf8mb3 COLLATE=utf8mb3_general_ci;

--
-- Dumping data for table `n36ic_jbusinessdirectory_company_event_associated_items`
--

INSERT INTO `n36ic_jbusinessdirectory_company_event_associated_items` VALUES
(8,1),
(8,7),
(8,82),
(8,84),
(9,1),
(9,7),
(9,82),
(9,84),
(10,1),
(10,7),
(10,82),
(10,84),
(11,1),
(11,7),
(11,82),
(11,84),
(12,1),
(12,7),
(12,82),
(12,84),
(13,1),
(13,7),
(13,82),
(13,84),
(14,1),
(14,7),
(14,82),
(14,84),
(15,1),
(15,7),
(15,82),
(15,84),
(16,1),
(16,7),
(16,82),
(16,84),
(17,1),
(17,7),
(17,82),
(17,84),
(18,1),
(18,7),
(18,82),
(18,84),
(19,1),
(19,7),
(19,82),
(19,84);

--
-- Table structure for table `n36ic_jbusinessdirectory_company_event_booking_tickets`
--

CREATE TABLE `n36ic_jbusinessdirectory_company_event_booking_tickets` (
  `booking_id` int(11) NOT NULL,
  `ticket_id` int(11) NOT NULL,
  `ticket_quantity` int(11) DEFAULT NULL,
  PRIMARY KEY (`booking_id`,`ticket_id`)
) ENGINE=MyISAM DEFAULT CHARSET=utf8mb3 COLLATE=utf8mb3_general_ci;

--
-- Dumping data for table `n36ic_jbusinessdirectory_company_event_booking_tickets`
--


--
-- Table structure for table `n36ic_jbusinessdirectory_company_event_bookings`
--

CREATE TABLE `n36ic_jbusinessdirectory_company_event_bookings` (
  `id` int(11) NOT NULL AUTO_INCREMENT,
  `event_id` int(11) NOT NULL,
  `first_name` varchar(45) DEFAULT NULL,
  `last_name` varchar(45) DEFAULT NULL,
  `address` varchar(55) DEFAULT NULL,
  `email` varchar(45) DEFAULT NULL,
  `phone` varchar(45) DEFAULT NULL,
  `postal_code` varchar(45) DEFAULT NULL,
  `city` varchar(45) DEFAULT NULL,
  `region` varchar(45) DEFAULT NULL,
  `amount` decimal(12,2) DEFAULT NULL,
  `created` timestamp NOT NULL DEFAULT current_timestamp(),
  `paid_at` datetime DEFAULT NULL,
  `status` tinyint(4) DEFAULT NULL,
  `user_id` int(11) DEFAULT NULL,
  `initial_amount` decimal(12,2) DEFAULT NULL,
  `vat_amount` decimal(12,2) DEFAULT NULL,
  `vat` decimal(12,2) DEFAULT NULL,
  `country_id` int(11) DEFAULT NULL,
  PRIMARY KEY (`id`),
  KEY `idx_user_id` (`user_id`),
  KEY `idx_event` (`event_id`)
) ENGINE=MyISAM DEFAULT CHARSET=utf8mb3 COLLATE=utf8mb3_general_ci;

--
-- Dumping data for table `n36ic_jbusinessdirectory_company_event_bookings`
--


--
-- Table structure for table `n36ic_jbusinessdirectory_company_event_category`
--

CREATE TABLE `n36ic_jbusinessdirectory_company_event_category` (
  `eventId` int(11) NOT NULL,
  `categoryId` int(11) NOT NULL,
  PRIMARY KEY (`eventId`,`categoryId`)
) ENGINE=MyISAM DEFAULT CHARSET=utf8mb3 COLLATE=utf8mb3_general_ci;

--
-- Dumping data for table `n36ic_jbusinessdirectory_company_event_category`
--

INSERT INTO `n36ic_jbusinessdirectory_company_event_category` VALUES
(1,209),
(2,171),
(2,199),
(3,209),
(4,192),
(5,174),
(6,273),
(7,215),
(8,273),
(9,273),
(10,273),
(11,273),
(12,273),
(13,273),
(14,273),
(15,273),
(16,273),
(17,273),
(18,273),
(19,273);

--
-- Table structure for table `n36ic_jbusinessdirectory_company_event_pictures`
--

CREATE TABLE `n36ic_jbusinessdirectory_company_event_pictures` (
  `id` int(10) NOT NULL AUTO_INCREMENT,
  `eventId` int(10) NOT NULL DEFAULT 0,
  `picture_info` varchar(255) DEFAULT NULL,
  `picture_path` varchar(255) DEFAULT NULL,
  `picture_enable` tinyint(1) NOT NULL DEFAULT 1,
  `picture_title` varchar(255) DEFAULT NULL,
  PRIMARY KEY (`id`),
  KEY `idx_event` (`eventId`),
  KEY `idx_status` (`picture_enable`)
) ENGINE=MyISAM AUTO_INCREMENT=335 DEFAULT CHARSET=utf8mb3 COLLATE=utf8mb3_general_ci;

--
-- Dumping data for table `n36ic_jbusinessdirectory_company_event_pictures`
--

INSERT INTO `n36ic_jbusinessdirectory_company_event_pictures` VALUES
(1,1,NULL,'/events/1/image3.jpg',1,''),
(2,1,NULL,'/events/1/image4.jpg',1,''),
(3,1,NULL,'/events/1/image5.jpg',1,''),
(4,2,NULL,NULL,1,''),
(5,2,NULL,NULL,1,''),
(6,2,NULL,NULL,1,''),
(7,3,NULL,NULL,1,''),
(8,3,NULL,NULL,1,''),
(9,3,NULL,NULL,1,''),
(10,3,NULL,NULL,1,''),
(11,4,NULL,NULL,1,''),
(12,4,NULL,'/events/4/image2.jpg',1,''),
(13,4,NULL,NULL,1,''),
(14,4,NULL,NULL,1,''),
(15,5,NULL,NULL,1,''),
(16,5,NULL,NULL,1,''),
(17,5,NULL,NULL,1,''),
(18,5,NULL,'/events/5/image6.jpg',1,''),
(19,5,NULL,NULL,1,''),
(23,7,'',NULL,1,''),
(24,7,'',NULL,1,''),
(25,7,'',NULL,1,''),
(26,7,'',NULL,1,''),
(331,10,'Celebrates Member Appreciation Day!','/events/10/la_fitness_cover.jpg',1,'LA FITNESS Head Office'),
(322,12,'','/events/12/InShot_20250528_183344362.jpg',1,''),
(332,6,'','/events/6/image1-1427103268.jpg',1,''),
(319,9,'','/events/9/InShot_20250528_183344362.jpg',1,''),
(318,8,'','/events/8/InShot_20250528_183344362.jpg',1,''),
(323,13,'','/events/13/InShot_20250528_183344362.jpg',1,''),
(324,14,'','/events/14/InShot_20250528_183344362.jpg',1,''),
(326,16,'','/events/16/InShot_20250528_183344362.jpg',1,''),
(327,17,'','/events/17/InShot_20250528_183344362.jpg',1,''),
(328,18,'','/events/18/InShot_20250528_183344362.jpg',1,''),
(329,19,'','/events/19/InShot_20250528_183344362.jpg',1,''),
(325,15,'','/events/15/InShot_20250528_183344362.jpg',1,''),
(321,11,'','/events/11/InShot_20250528_183344362.jpg',1,''),
(333,6,'','/events/6/image1.jpg',1,''),
(334,6,'','/events/6/image3-1427103263.jpg',1,'');

--
-- Table structure for table `n36ic_jbusinessdirectory_company_event_tickets`
--

CREATE TABLE `n36ic_jbusinessdirectory_company_event_tickets` (
  `id` int(11) NOT NULL AUTO_INCREMENT,
  `event_id` int(11) NOT NULL,
  `name` varchar(255) DEFAULT NULL,
  `description` text DEFAULT NULL,
  `price` decimal(12,2) DEFAULT NULL,
  `published` tinyint(4) NOT NULL DEFAULT 1,
  `min_booking` int(11) DEFAULT NULL,
  `max_booking` int(11) DEFAULT NULL,
  `quantity` int(11) DEFAULT NULL,
  `ordering` tinyint(4) NOT NULL DEFAULT 0,
  PRIMARY KEY (`id`),
  KEY `idx_event_id` (`event_id`),
  KEY `idx_published` (`published`)
) ENGINE=MyISAM AUTO_INCREMENT=2 DEFAULT CHARSET=utf8mb3 COLLATE=utf8mb3_general_ci;

--
-- Dumping data for table `n36ic_jbusinessdirectory_company_event_tickets`
--

INSERT INTO `n36ic_jbusinessdirectory_company_event_tickets` VALUES
(1,13,'MEMBERS APPRECIATION – LEVEL UP FOR LOCAL BUSINESS MARKET','monthly community events where local small businesses can promote their products or services for free. Vendors must pre-book space and bring their own tables and materials. These events help businesses gain exposure, offer member-only deals, and supp',199.00,1,1,1,25,0);

--
-- Table structure for table `n36ic_jbusinessdirectory_company_event_types`
--

CREATE TABLE `n36ic_jbusinessdirectory_company_event_types` (
  `id` int(11) NOT NULL AUTO_INCREMENT,
  `name` varchar(100) DEFAULT NULL,
  `ordering` tinyint(4) NOT NULL DEFAULT 0,
  PRIMARY KEY (`id`)
) ENGINE=MyISAM AUTO_INCREMENT=5 DEFAULT CHARSET=utf8mb3 COLLATE=utf8mb3_general_ci;

--
-- Dumping data for table `n36ic_jbusinessdirectory_company_event_types`
--

INSERT INTO `n36ic_jbusinessdirectory_company_event_types` VALUES
(1,'Give-Back Fundraising Events',0),
(2,'In Person Event',0),
(3,'Virtual Event',0),
(4,'In Person & Virtual',0);

--
-- Table structure for table `n36ic_jbusinessdirectory_company_events`
--

CREATE TABLE `n36ic_jbusinessdirectory_company_events` (
  `id` int(11) NOT NULL AUTO_INCREMENT,
  `company_id` int(11) DEFAULT NULL,
  `name` varchar(110) DEFAULT NULL,
  `alias` varchar(100) DEFAULT NULL,
  `short_description` varchar(245) DEFAULT NULL,
  `description` text DEFAULT NULL,
  `meta_title` varchar(100) DEFAULT NULL,
  `meta_description` text DEFAULT NULL,
  `meta_keywords` text DEFAULT NULL,
  `price` varchar(100) DEFAULT NULL,
  `type` int(11) DEFAULT NULL,
  `start_date` date DEFAULT NULL,
  `start_time` time DEFAULT NULL,
  `end_date` date DEFAULT NULL,
  `end_time` time DEFAULT NULL,
  `address` varchar(50) DEFAULT NULL,
  `street_number` varchar(20) DEFAULT NULL,
  `city` varchar(45) DEFAULT NULL,
  `county` varchar(45) DEFAULT NULL,
  `province` varchar(60) DEFAULT NULL,
  `area` varchar(60) DEFAULT NULL,
  `location` varchar(45) DEFAULT NULL,
  `latitude` varchar(45) DEFAULT NULL,
  `longitude` varchar(45) DEFAULT NULL,
  `featured` tinyint(1) NOT NULL DEFAULT 0,
  `created` timestamp NOT NULL DEFAULT current_timestamp(),
  `view_count` int(11) NOT NULL DEFAULT 0,
  `approved` tinyint(1) NOT NULL DEFAULT 0,
  `state` tinyint(1) DEFAULT NULL,
  `recurring_id` int(11) DEFAULT NULL,
  `contact_phone` varchar(20) DEFAULT NULL,
  `contact_email` varchar(60) DEFAULT NULL,
  `doors_open_time` time DEFAULT NULL,
  `booking_open_date` date DEFAULT NULL,
  `booking_close_date` date DEFAULT NULL,
  `booking_open_time` time DEFAULT NULL,
  `booking_close_time` time DEFAULT NULL,
  `show_start_time` tinyint(1) NOT NULL DEFAULT 0,
  `show_end_time` tinyint(1) NOT NULL DEFAULT 0,
  `show_end_date` tinyint(1) NOT NULL DEFAULT 0,
  `show_doors_open_time` tinyint(1) NOT NULL DEFAULT 0,
  `currency_id` int(11) NOT NULL DEFAULT 0,
  `total_tickets` int(11) DEFAULT NULL,
  `expiration_email_date` datetime DEFAULT NULL,
  `main_subcategory` int(11) DEFAULT NULL,
  `user_id` int(11) DEFAULT NULL,
  `enable_subscription` tinyint(1) NOT NULL DEFAULT 0,
  `postalCode` varchar(55) DEFAULT NULL,
  `countryId` int(11) DEFAULT NULL,
  `time_zone` varchar(15) DEFAULT NULL,
  `recurring_info` varchar(255) DEFAULT NULL,
  `attendance_mode` tinyint(4) DEFAULT NULL,
  `attendance_url` varchar(245) DEFAULT NULL,
  `min_age` tinyint(4) DEFAULT NULL,
  `max_age` tinyint(4) DEFAULT NULL,
  `ticket_url` varchar(255) DEFAULT NULL,
  PRIMARY KEY (`id`),
  KEY `idx_company` (`company_id`),
  KEY `idx_name` (`name`),
  KEY `idx_alias` (`alias`),
  KEY `idx_countryId` (`countryId`),
  KEY `idx_created` (`created`),
  KEY `idx_recurring_id` (`recurring_id`),
  KEY `idx_expiration_email_date` (`expiration_email_date`),
  KEY `idx_user_id` (`user_id`),
  KEY `idx_search` (`start_date`,`end_time`,`end_date`,`state`,`approved`,`start_time`),
  KEY `idx_type` (`type`),
  KEY `idx_featured` (`featured`),
  KEY `idx_currency` (`currency_id`)
) ENGINE=MyISAM AUTO_INCREMENT=20 DEFAULT CHARSET=utf8mb3 COLLATE=utf8mb3_general_ci;

--
-- Dumping data for table `n36ic_jbusinessdirectory_company_events`
--

INSERT INTO `n36ic_jbusinessdirectory_company_events` VALUES
(1,33,'Celebration Party','celebration-party','Lorem ipsum dolor sit amet, consectetur adipiscing elit. Nulla accumsan enim dignissim consectetur viverra. Vestibulum a erat vitae quam pellentesque varius vel at ipsum. Pellentesque ultricies.','<p>Lorem ipsum dolor sit amet, consectetur adipiscing elit. Nulla accumsan enim dignissim consectetur viverra. Vestibulum a erat vitae quam pellentesque varius vel at ipsum. Pellentesque ultricies porttitor bibendum. Donec et justo quis tortor egestas rhoncus hendrerit ac massa. Sed tempus iaculis mi at sollicitudin. Etiam a ligula eget magna condimentum consectetur non pulvinar purus. Phasellus quis lobortis mauris. Nullam eleifend iaculis sem, nec hendrerit quam molestie vitae. Cras condimentum, augue at pretium pellentesque, ipsum arcu ullamcorper erat, eu laoreet libero erat id erat. Vestibulum ut dolor commodo, condimentum purus in, egestas purus. In hac habitasse platea dictumst. Nam rutrum sapien quam, in viverra libero interdum a. Vivamus sollicitudin dolor eget tincidunt faucibus. Cras pretium justo neque, quis imperdiet nulla vehicula a. Nulla facilisi. Aliquam justo ligula, fringilla vel orci in, imperdiet aliquam elit. Vivamus ac lorem blandit, tempor felis eget, placerat lectus.</p>','','','','0',4,'2019-08-14','15:00:00','2021-11-22','19:00:00','Scarborough Heights Boulevard','','Toronto','Ontario','','','','43.72347870000001','-79.22839210000001',0,'2018-06-01 01:51:20',1053,1,1,0,'','','00:00:00',NULL,NULL,'00:00:00','00:00:00',0,0,0,0,0,0,NULL,NULL,NULL,0,'',0,NULL,NULL,NULL,'',NULL,NULL,''),
(2,12,'Bike Adventure','bike-adventure','Nulla consectetur magna et cursus sagittis. Quisque ac consectetur elit. Ut volutpat tellus non orci fermentum, sit amet tincidunt quam scelerisque. Integer eleifend congue eros.','<p>Nulla consectetur magna et cursus sagittis. Quisque ac consectetur elit. Ut volutpat tellus non orci fermentum, sit amet tincidunt quam scelerisque. Integer eleifend congue eros pellentesque pharetra. Integer sed diam lectus. Donec ultricies, arcu a vulputate fringilla, nisi quam vestibulum libero, faucibus bibendum nunc justo sed ante. Etiam luctus quis nisl nec ornare. Fusce urna leo, tincidunt at commodo non, vestibulum et erat. In faucibus posuere purus, at egestas dolor dictum ac. Maecenas volutpat lectus eget purus hendrerit, sit amet hendrerit diam mattis. Nulla imperdiet metus ac metus molestie, sed imperdiet leo eleifend. Fusce non tellus porta risus convallis vehicula. Donec quis convallis ligula.</p>','','','','0',5,'2019-09-21','17:00:00','2021-11-21','20:00:00','Gamble Avenue','','Toronto','Ontario','','','','43.6903736','-79.34918140000002',0,'2018-06-01 01:51:20',20,1,1,0,'','','00:00:00',NULL,NULL,'00:00:00','00:00:00',0,0,0,0,0,0,NULL,NULL,NULL,0,'',0,NULL,NULL,NULL,'',NULL,NULL,''),
(3,1,'Violin concert','violin-concert','Nulla sagittis pretium sagittis. Aliquam tincidunt sodales dui, a facilisis nisi sollicitudin quis. Sed nec mattis augue. Sed hendrerit odio non mauris fermentum semper.','<p>Nulla sagittis pretium sagittis. Aliquam tincidunt sodales dui, a facilisis nisi sollicitudin quis. Sed nec mattis augue. Sed hendrerit odio non mauris fermentum semper. Praesent vehicula nec libero a imperdiet. Proin posuere nibh libero, ac euismod nulla tincidunt in. Mauris est nunc, fringilla ac facilisis a, ornare a leo. Nam lobortis tortor fringilla, lobortis nisl sit amet, cursus dolor. In at lectus massa. Integer ut nulla dapibus, volutpat nisi vitae, laoreet tellus. Quisque hendrerit blandit leo at dapibus.</p>','','','','0',5,'2019-11-22','15:00:00','2021-11-24','12:00:00','#24 St. John','','New York','New York','','','','40.72644570551446','-74.11376953125',1,'2018-06-01 01:51:20',1181,1,0,0,'','','00:00:00',NULL,NULL,'00:00:00','00:00:00',0,0,0,0,2,0,NULL,209,0,0,'',0,NULL,NULL,NULL,'',NULL,NULL,''),
(4,8,'Photography Course','photography-course','Suspendisse accumsan nunc non dictum bibendum. Sed suscipit id ipsum ut tincidunt. Vivamus condimentum diam at condimentum scelerisque. Etiam vulputate pellentesque maximus.','<p>Suspendisse accumsan nunc non dictum bibendum. Sed suscipit id ipsum ut tincidunt. Vivamus condimentum diam at condimentum scelerisque. Etiam vulputate pellentesque maximus. Curabitur tincidunt nibh et nisl porttitor, eget ultrices turpis maximus. Fusce molestie elit eget felis cursus volutpat. Nam tincidunt lacus nec massa sagittis, eu dapibus purus bibendum. Ut hendrerit, felis nec congue posuere, lorem urna eleifend est, ac venenatis quam augue a arcu. Nullam sit amet finibus diam. Aenean placerat gravida mi at eleifend. Sed felis nulla, tempus ac vulputate vitae, condimentum vel nunc. Nam egestas, nunc sit amet tempor pellentesque, sapien justo aliquam tortor, at posuere elit purus eget orci. Aliquam hendrerit enim turpis, vitae ultrices libero accumsan nec. Pellentesque placerat volutpat fermentum. Sed tempor volutpat massa a auctor.</p>','','','','0',3,'2019-09-23','10:00:00','2021-09-23','19:30:00','29895 Minnesota 34','','Detroit Lakes','Minnesota','','','','46.828117','-95.77565600000003',0,'2018-06-01 01:51:20',1067,1,1,0,'999 231 3231','contact@photography.com','00:00:00',NULL,NULL,'00:00:00','00:00:00',0,0,0,0,2,0,NULL,192,0,0,'',0,NULL,NULL,NULL,'',NULL,NULL,''),
(5,32,'Fashion Presentation','fashion-presentation','Suspendisse accumsan nunc non dictum bibendum. Sed suscipit id ipsum ut tincidunt. Vivamus condimentum diam at condimentum scelerisque. Etiam vulputate pellentesque maximus.','<p>Suspendisse accumsan nunc non dictum bibendum. Sed suscipit id ipsum ut tincidunt. Vivamus condimentum diam at condimentum scelerisque. Etiam vulputate pellentesque maximus. Curabitur tincidunt nibh et nisl porttitor, eget ultrices turpis maximus. Fusce molestie elit eget felis cursus volutpat. Nam tincidunt lacus nec massa sagittis, eu dapibus purus bibendum. Ut hendrerit, felis nec congue posuere, lorem urna eleifend est, ac venenatis quam augue a arcu. Nullam sit amet finibus diam. Aenean placerat gravida mi at eleifend. Sed felis nulla, tempus ac vulputate vitae, condimentum vel nunc. Nam egestas, nunc sit amet tempor pellentesque, sapien justo aliquam tortor, at posuere elit purus eget orci. Aliquam hendrerit enim turpis, vitae ultrices libero accumsan nec. Pellentesque placerat volutpat fermentum. Sed tempor volutpat massa a auctor.</p>','','','','0',5,'2019-12-17','17:00:00','2021-09-23','19:30:00','9291 Lee Highway','','Warrenton','Virginia','','','','38.694513','-77.89013299999999',0,'2018-06-01 01:51:20',1033,1,1,0,'','','17:30:00',NULL,NULL,'00:00:00','00:00:00',1,1,1,1,2,0,NULL,174,0,0,'',0,NULL,NULL,NULL,'',NULL,NULL,''),
(6,31,'Wine testing','wine-testing','Cras eget lorem libero. Nulla facilisi. Aliquam ac volutpat erat. Etiam vulputate pellentesque maximus. Nunc id metus nunc. Phasellus finibus ante et finibus viverra. Sed nec mattis augue.','<p>Aliquam dignissim sagittis urna eu ultrices. Curabitur hendrerit mi leo, sed tincidunt libero venenatis eu. Curabitur non feugiat diam. Proin pharetra, leo ut pellentesque dignissim, orci libero tempus odio, congue volutpat arcu eros consectetur tortor. Cras eget volutpat felis. Ut lobortis lectus eget ligula condimentum hendrerit. Curabitur et justo nunc. Duis malesuada, est vel pellentesque viverra, nulla lorem ornare dui, eget elementum sapien elit et sapien. Nulla placerat laoreet arcu, eu ullamcorper massa viverra quis. Cras quis faucibus leo, ut iaculis sem. Cras et egestas odio, quis mollis mi. Cum sociis natoque penatibus et magnis dis parturient montes, nascetur ridiculus mus</p>','','  ','','0',1,'2025-08-05','02:00:00','2025-08-05','02:00:00','Simcoe St S','33','','','Ontario','','','43.8967028590634','-78.86299786253451',0,'2018-06-01 01:51:20',1378,1,1,0,'289-928-8468','test@gmail.com','00:00:00',NULL,NULL,'00:00:00','00:00:00',0,0,0,0,26,0,NULL,273,0,0,'L1H4G1',114,'-11:00',NULL,2,'',NULL,NULL,''),
(7,30,'Design Trends','design-trends','Mauris quis finibus tellus, eget dignissim tellus. Cras eget lorem libero. Nulla facilisi. Aliquam ac volutpat erat. Nunc id metus nunc. Phasellus finibus ante et finibus viverra.','<p>Mauris quis finibus tellus, eget dignissim tellus. Cras eget lorem libero. Nulla facilisi. Aliquam ac volutpat erat. Nunc id metus nunc. Phasellus finibus ante et finibus viverra. Mauris scelerisque dignissim mauris, sit amet congue nisi sagittis vel. Etiam lacinia sapien in nulla ultricies eleifend. Aliquam feugiat vitae magna id aliquet. Nam sem ligula, sollicitudin in placerat quis, scelerisque elementum tortor. Aenean imperdiet dictum lorem. Praesent sit amet arcu id mi hendrerit scelerisque. Integer tincidunt massa eget lectus laoreet porttitor. Fusce quis luctus orci.</p>','','','','25',5,'2019-09-11','11:00:00','2022-09-23','18:30:00','7777 Hollywood Boulevard','12','Los Angeles','California','','Broad','','34.10199989999999','-118.35907500000002',1,'2018-06-01 01:51:20',295,1,1,0,'(999) 23545','support@cmsjunkie.com','07:00:00','2019-02-11','2020-02-19','00:00:00','00:00:00',1,1,0,1,143,0,NULL,215,0,0,'88998',226,NULL,NULL,NULL,'',NULL,NULL,''),
(8,81,'MEMBER APPRECIATION DAY MARKET','members-appreciation-level-up-for-local-business-events','Monthly community events where local small businesses can promote their products or services for free. Vendors must pre-book space and bring their own tables and materials. These events help businesses gain exposure, offer member-only deals.','<p data-start=\"403\" data-end=\"875\">Gatherings designed to strengthen our local economy by spotlighting small businesses and providing extra value to our trusted membership community. Each month, local entrepreneurs and service providers are invited to reserve vendor space—<em data-start=\"739\" data-end=\"766\">completely free of charge</em>—to showcase their offerings, build relationships, and share exclusive discounts or deals with our members.</p>\r\n<p data-start=\"877\" data-end=\"1188\">Vendors are required to pre-book their space and bring their own display tables and marketing materials. These events are more than just vendor fairs—they are a celebration of local enterprise, a boost to small business visibility, and a way to reinforce our shared values of <strong data-start=\"1153\" data-end=\"1185\">health, wealth, and wellness</strong>.</p>\r\n<p data-start=\"1190\" data-end=\"1385\" data-is-last-node data-is-only-node>By connecting members with local businesses in a supportive and engaging environment, we foster meaningful relationships and create lasting community impact—<strong data-start=\"1347\" data-end=\"1385\" data-is-last-node>where everyone levels up together.</strong></p>','Members Appreciation – Free Monthly Events for Local Business Promotion','                          Join our free Members Appreciation – Level Up for Local Business Events held monthly to support small businesses. Book your free vendor space, promote your services, and offer exclusive deals to our trusted membership community. Celebrate local with hea                        ','local business event, member appreciation, free vendor space, promote small business, community events, vendor registration, local deals, business exposure, health wealth wellness, monthly local market','199',1,'2025-05-27','12:30:00','2025-05-27','15:00:00','1189 Ritson Rd N #4a','1189','Oshawa, Ontario','Durham Region','Ontario','','','43.931378849883366','-78.86565263567557',0,'2025-05-21 20:03:00',613,1,1,8,'2896343190','LAFitnessOshawa@givebackpromotions.org','11:00:00','2025-04-29','2025-05-27','00:00:00','00:00:00',1,1,1,1,26,25,NULL,273,49,1,'L1G 8B9',36,'-05:00','{\"frequency\":\"Monthly\",\"interval\":\"1\",\"start_date\":\"2025-05-27\",\"end_date\":\"26-05-2026\",\"repeatby\":\"day of the week\"}',3,'',NULL,NULL,''),
(9,81,'MEMBER APPRECIATION DAY MARKET','members-appreciation---level-up-for-local-business-events-2','Monthly community events where local small businesses can promote their products or services for free. Vendors must pre-book space and bring their own tables and materials. These events help businesses gain exposure, offer member-only deals.','<p data-start=\"403\" data-end=\"875\">Gatherings designed to strengthen our local economy by spotlighting small businesses and providing extra value to our trusted membership community. Each month, local entrepreneurs and service providers are invited to reserve vendor space—<em data-start=\"739\" data-end=\"766\">completely free of charge</em>—to showcase their offerings, build relationships, and share exclusive discounts or deals with our members.</p>\r\n<p data-start=\"877\" data-end=\"1188\">Vendors are required to pre-book their space and bring their own display tables and marketing materials. These events are more than just vendor fairs—they are a celebration of local enterprise, a boost to small business visibility, and a way to reinforce our shared values of <strong data-start=\"1153\" data-end=\"1185\">health, wealth, and wellness</strong>.</p>\r\n<p data-start=\"1190\" data-end=\"1385\" data-is-last-node data-is-only-node>By connecting members with local businesses in a supportive and engaging environment, we foster meaningful relationships and create lasting community impact—<strong data-start=\"1347\" data-end=\"1385\" data-is-last-node>where everyone levels up together.</strong></p>','Members Appreciation – Free Monthly Events for Local Business Promotion','                          Join our free Members Appreciation – Level Up for Local Business Events held monthly to support small businesses. Book your free vendor space, promote your services, and offer exclusive deals to our trusted membership community. Celebrate local with hea                        ','local business event, member appreciation, free vendor space, promote small business, community events, vendor registration, local deals, business exposure, health wealth wellness, monthly local market','199',1,'2025-06-24','12:30:00','2025-06-24','15:00:00','1189 Ritson Rd N #4a','1189','Oshawa, Ontario','Durham Region','Ontario','','','43.931378849883366','-78.86565263567557',0,'2025-05-21 20:03:00',640,1,1,8,'2896343190','LAFitnessOshawa@givebackpromotions.org','11:00:00','2025-04-29','2025-05-27','00:00:00','00:00:00',1,1,1,1,26,25,NULL,273,49,1,'L1G 8B9',36,'-05:00','{\"frequency\":\"Monthly\",\"interval\":\"1\",\"start_date\":\"2025-06-24\",\"end_date\":\"26-05-2026\",\"repeatby\":\"day of the week\"}',3,'',NULL,NULL,''),
(10,81,'MEMBER APPRECIATION DAY MARKET','members-appreciation-level-up-for-local-business-events-3','Monthly community events where local small businesses can promote their products or services for free. Vendors must pre-book space and bring their own tables and materials. These events help businesses gain exposure, offer member-only deals.','<p data-start=\"403\" data-end=\"875\">Gatherings designed to strengthen our local economy by spotlighting small businesses and providing extra value to our trusted membership community. Each month, local entrepreneurs and service providers are invited to reserve vendor space—<em data-start=\"739\" data-end=\"766\">completely free of charge</em>—to showcase their offerings, build relationships, and share exclusive discounts or deals with our members.</p>\r\n<p data-start=\"877\" data-end=\"1188\">Vendors are required to pre-book their space and bring their own display tables and marketing materials. These events are more than just vendor fairs—they are a celebration of local enterprise, a boost to small business visibility, and a way to reinforce our shared values of <strong data-start=\"1153\" data-end=\"1185\">health, wealth, and wellness</strong>.</p>\r\n<p data-start=\"1190\" data-end=\"1385\" data-is-last-node data-is-only-node>By connecting members with local businesses in a supportive and engaging environment, we foster meaningful relationships and create lasting community impact—<strong data-start=\"1347\" data-end=\"1385\" data-is-last-node>where everyone levels up together.</strong></p>','Members Appreciation – Free Monthly Events for Local Business Promotion','                            Join our free Members Appreciation – Level Up for Local Business Events held monthly to support small businesses. Book your free vendor space, promote your services, and offer exclusive deals to our trusted membership community. Celebrate local with hea                          ','local business event, member appreciation, free vendor space, promote small business, community events, vendor registration, local deals, business exposure, health wealth wellness, monthly local market','199',1,'2025-07-29','12:30:00','2025-07-29','15:00:00','1189 Ritson Rd N #4a','1189','Oshawa, Ontario','Durham Region','Ontario','','','43.931378849883366','-78.86565263567557',0,'2025-05-21 20:03:01',794,1,1,8,'2896343190','LAFitnessOshawa@givebackpromotions.org','11:00:00','2025-04-29','2025-05-27','00:00:00','00:00:00',1,1,1,1,26,25,NULL,273,49,1,'L1G 8B9',36,'-05:00','{\"frequency\":\"Monthly\",\"interval\":\"1\",\"start_date\":\"2025-07-29\",\"end_date\":\"26-05-2026\",\"repeatby\":\"day of the week\"}',3,'',NULL,NULL,''),
(11,81,'MEMBER APPRECIATION DAY MARKET','members-appreciation-level-up-for-local-business-events-4','Monthly community events where local small businesses can promote their products or services for free. Vendors must pre-book space and bring their own tables and materials. These events help businesses gain exposure, offer member-only deals.','<p data-start=\"403\" data-end=\"875\">Gatherings designed to strengthen our local economy by spotlighting small businesses and providing extra value to our trusted membership community. Each month, local entrepreneurs and service providers are invited to reserve vendor space—<em data-start=\"739\" data-end=\"766\">completely free of charge</em>—to showcase their offerings, build relationships, and share exclusive discounts or deals with our members.</p>\r\n<p data-start=\"877\" data-end=\"1188\">Vendors are required to pre-book their space and bring their own display tables and marketing materials. These events are more than just vendor fairs—they are a celebration of local enterprise, a boost to small business visibility, and a way to reinforce our shared values of <strong data-start=\"1153\" data-end=\"1185\">health, wealth, and wellness</strong>.</p>\r\n<p data-start=\"1190\" data-end=\"1385\" data-is-last-node data-is-only-node>By connecting members with local businesses in a supportive and engaging environment, we foster meaningful relationships and create lasting community impact—<strong data-start=\"1347\" data-end=\"1385\" data-is-last-node>where everyone levels up together.</strong></p>','Members Appreciation – Free Monthly Events for Local Business Promotion','                          Join our free Members Appreciation – Level Up for Local Business Events held monthly to support small businesses. Book your free vendor space, promote your services, and offer exclusive deals to our trusted membership community. Celebrate local with hea                        ','local business event, member appreciation, free vendor space, promote small business, community events, vendor registration, local deals, business exposure, health wealth wellness, monthly local market','199',1,'2025-08-26','12:30:00','2025-08-26','15:00:00','1189 Ritson Rd N #4a','1189','Oshawa, Ontario','Durham Region','Ontario','','','43.931378849883366','-78.86565263567557',0,'2025-05-21 20:03:01',779,1,1,8,'2896343190','LAFitnessOshawa@givebackpromotions.org','11:00:00','2025-04-29','2025-05-27','00:00:00','00:00:00',1,1,1,1,26,25,NULL,273,49,1,'L1G 8B9',36,'-05:00','{\"frequency\":\"Monthly\",\"interval\":\"1\",\"start_date\":\"2025-08-26\",\"end_date\":\"26-05-2026\",\"repeatby\":\"day of the week\"}',3,'',NULL,NULL,''),
(12,81,'MEMBER APPRECIATION DAY MARKET','members-appreciation---level-up-for-local-business-events-5','Monthly community events where local small businesses can promote their products or services for free. Vendors must pre-book space and bring their own tables and materials. These events help businesses gain exposure, offer member-only deals.','<p data-start=\"403\" data-end=\"875\">Gatherings designed to strengthen our local economy by spotlighting small businesses and providing extra value to our trusted membership community. Each month, local entrepreneurs and service providers are invited to reserve vendor space—<em data-start=\"739\" data-end=\"766\">completely free of charge</em>—to showcase their offerings, build relationships, and share exclusive discounts or deals with our members.</p>\r\n<p data-start=\"877\" data-end=\"1188\">Vendors are required to pre-book their space and bring their own display tables and marketing materials. These events are more than just vendor fairs—they are a celebration of local enterprise, a boost to small business visibility, and a way to reinforce our shared values of <strong data-start=\"1153\" data-end=\"1185\">health, wealth, and wellness</strong>.</p>\r\n<p data-start=\"1190\" data-end=\"1385\" data-is-last-node data-is-only-node>By connecting members with local businesses in a supportive and engaging environment, we foster meaningful relationships and create lasting community impact—<strong data-start=\"1347\" data-end=\"1385\" data-is-last-node>where everyone levels up together.</strong></p>','Members Appreciation – Free Monthly Events for Local Business Promotion','                          Join our free Members Appreciation – Level Up for Local Business Events held monthly to support small businesses. Book your free vendor space, promote your services, and offer exclusive deals to our trusted membership community. Celebrate local with hea                        ','local business event, member appreciation, free vendor space, promote small business, community events, vendor registration, local deals, business exposure, health wealth wellness, monthly local market','199',1,'2025-09-23','12:30:00','2025-09-23','15:00:00','1189 Ritson Rd N #4a','1189','Oshawa, Ontario','Durham Region','Ontario','','','43.931378849883366','-78.86565263567557',0,'2025-05-21 20:03:02',838,1,1,8,'2896343190','LAFitnessOshawa@givebackpromotions.org','11:00:00','2025-04-29','2025-05-27','00:00:00','00:00:00',1,1,1,1,26,25,NULL,273,49,1,'L1G 8B9',36,'-05:00','{\"frequency\":\"Monthly\",\"interval\":\"1\",\"start_date\":\"2025-09-23\",\"end_date\":\"26-05-2026\",\"repeatby\":\"day of the week\"}',3,'',NULL,NULL,''),
(13,81,'MEMBER APPRECIATION DAY MARKET','members-appreciation---level-up-for-local-business-events-6','Monthly community events where local small businesses can promote their products or services for free. Vendors must pre-book space and bring their own tables and materials. These events help businesses gain exposure, offer member-only deals.','<p data-start=\"403\" data-end=\"875\">Gatherings designed to strengthen our local economy by spotlighting small businesses and providing extra value to our trusted membership community. Each month, local entrepreneurs and service providers are invited to reserve vendor space—<em data-start=\"739\" data-end=\"766\">completely free of charge</em>—to showcase their offerings, build relationships, and share exclusive discounts or deals with our members.</p>\r\n<p data-start=\"877\" data-end=\"1188\">Vendors are required to pre-book their space and bring their own display tables and marketing materials. These events are more than just vendor fairs—they are a celebration of local enterprise, a boost to small business visibility, and a way to reinforce our shared values of <strong data-start=\"1153\" data-end=\"1185\">health, wealth, and wellness</strong>.</p>\r\n<p data-start=\"1190\" data-end=\"1385\" data-is-last-node data-is-only-node>By connecting members with local businesses in a supportive and engaging environment, we foster meaningful relationships and create lasting community impact—<strong data-start=\"1347\" data-end=\"1385\" data-is-last-node>where everyone levels up together.</strong></p>','Members Appreciation – Free Monthly Events for Local Business Promotion','                          Join our free Members Appreciation – Level Up for Local Business Events held monthly to support small businesses. Book your free vendor space, promote your services, and offer exclusive deals to our trusted membership community. Celebrate local with hea                        ','local business event, member appreciation, free vendor space, promote small business, community events, vendor registration, local deals, business exposure, health wealth wellness, monthly local market','199',1,'2025-10-28','12:30:00','2025-10-28','15:00:00','1189 Ritson Rd N #4a','1189','Oshawa, Ontario','Durham Region','Ontario','','','43.931378849883366','-78.86565263567557',0,'2025-05-21 20:03:02',837,1,1,8,'2896343190','LAFitnessOshawa@givebackpromotions.org','11:00:00','2025-04-29','2025-05-27','00:00:00','00:00:00',1,1,1,1,26,25,NULL,273,49,1,'L1G 8B9',36,'-05:00','{\"frequency\":\"Monthly\",\"interval\":\"1\",\"start_date\":\"2025-10-28\",\"end_date\":\"26-05-2026\",\"repeatby\":\"day of the week\"}',3,'',NULL,NULL,''),
(14,81,'MEMBER APPRECIATION DAY MARKET','members-appreciation-level-up-for-local-business-events-7','Monthly community events where local small businesses can promote their products or services for free. Vendors must pre-book space and bring their own tables and materials. These events help businesses gain exposure, offer member-only deals.','<p data-start=\"403\" data-end=\"875\">Gatherings designed to strengthen our local economy by spotlighting small businesses and providing extra value to our trusted membership community. Each month, local entrepreneurs and service providers are invited to reserve vendor space—<em data-start=\"739\" data-end=\"766\">completely free of charge</em>—to showcase their offerings, build relationships, and share exclusive discounts or deals with our members.</p>\r\n<p data-start=\"877\" data-end=\"1188\">Vendors are required to pre-book their space and bring their own display tables and marketing materials. These events are more than just vendor fairs—they are a celebration of local enterprise, a boost to small business visibility, and a way to reinforce our shared values of <strong data-start=\"1153\" data-end=\"1185\">health, wealth, and wellness</strong>.</p>\r\n<p data-start=\"1190\" data-end=\"1385\" data-is-last-node data-is-only-node>By connecting members with local businesses in a supportive and engaging environment, we foster meaningful relationships and create lasting community impact—<strong data-start=\"1347\" data-end=\"1385\" data-is-last-node>where everyone levels up together.</strong></p>','Members Appreciation – Free Monthly Events for Local Business Promotion','                          Join our free Members Appreciation – Level Up for Local Business Events held monthly to support small businesses. Book your free vendor space, promote your services, and offer exclusive deals to our trusted membership community. Celebrate local with hea                        ','local business event, member appreciation, free vendor space, promote small business, community events, vendor registration, local deals, business exposure, health wealth wellness, monthly local market','199',1,'2025-11-25','12:30:00','2025-11-25','15:00:00','1189 Ritson Rd N #4a','1189','Oshawa, Ontario','Durham Region','Ontario','','','43.931378849883366','-78.86565263567557',0,'2025-05-21 20:03:03',797,1,1,8,'2896343190','LAFitnessOshawa@givebackpromotions.org','11:00:00','2025-04-29','2025-05-27','00:00:00','00:00:00',1,1,1,1,26,25,NULL,273,49,1,'L1G 8B9',36,'-05:00','{\"frequency\":\"Monthly\",\"interval\":\"1\",\"start_date\":\"2025-11-25\",\"end_date\":\"26-05-2026\",\"repeatby\":\"day of the week\"}',3,'',NULL,NULL,''),
(15,81,'MEMBER APPRECIATION DAY MARKET','members-appreciation---level-up-for-local-business-events-8','Monthly community events where local small businesses can promote their products or services for free. Vendors must pre-book space and bring their own tables and materials. These events help businesses gain exposure, offer member-only deals.','<p data-start=\"403\" data-end=\"875\">Gatherings designed to strengthen our local economy by spotlighting small businesses and providing extra value to our trusted membership community. Each month, local entrepreneurs and service providers are invited to reserve vendor space—<em data-start=\"739\" data-end=\"766\">completely free of charge</em>—to showcase their offerings, build relationships, and share exclusive discounts or deals with our members.</p>\r\n<p data-start=\"877\" data-end=\"1188\">Vendors are required to pre-book their space and bring their own display tables and marketing materials. These events are more than just vendor fairs—they are a celebration of local enterprise, a boost to small business visibility, and a way to reinforce our shared values of <strong data-start=\"1153\" data-end=\"1185\">health, wealth, and wellness</strong>.</p>\r\n<p data-start=\"1190\" data-end=\"1385\" data-is-last-node data-is-only-node>By connecting members with local businesses in a supportive and engaging environment, we foster meaningful relationships and create lasting community impact—<strong data-start=\"1347\" data-end=\"1385\" data-is-last-node>where everyone levels up together.</strong></p>','Members Appreciation – Free Monthly Events for Local Business Promotion','                          Join our free Members Appreciation – Level Up for Local Business Events held monthly to support small businesses. Book your free vendor space, promote your services, and offer exclusive deals to our trusted membership community. Celebrate local with hea                        ','local business event, member appreciation, free vendor space, promote small business, community events, vendor registration, local deals, business exposure, health wealth wellness, monthly local market','199',1,'2025-12-23','12:30:00','2025-12-23','15:00:00','1189 Ritson Rd N #4a','1189','Oshawa, Ontario','Durham Region','Ontario','','','43.931378849883366','-78.86565263567557',0,'2025-05-21 20:03:03',827,1,1,8,'2896343190','LAFitnessOshawa@givebackpromotions.org','11:00:00','2025-04-29','2025-05-27','00:00:00','00:00:00',1,1,1,1,26,25,NULL,273,49,1,'L1G 8B9',36,'-05:00','{\"frequency\":\"Monthly\",\"interval\":\"1\",\"start_date\":\"2025-12-23\",\"end_date\":\"26-05-2026\",\"repeatby\":\"day of the week\"}',3,'',NULL,NULL,''),
(16,81,'MEMBER APPRECIATION DAY MARKET','members-appreciation---level-up-for-local-business-events-9','Monthly community events where local small businesses can promote their products or services for free. Vendors must pre-book space and bring their own tables and materials. These events help businesses gain exposure, offer member-only deals.','<p data-start=\"403\" data-end=\"875\">Gatherings designed to strengthen our local economy by spotlighting small businesses and providing extra value to our trusted membership community. Each month, local entrepreneurs and service providers are invited to reserve vendor space—<em data-start=\"739\" data-end=\"766\">completely free of charge</em>—to showcase their offerings, build relationships, and share exclusive discounts or deals with our members.</p>\r\n<p data-start=\"877\" data-end=\"1188\">Vendors are required to pre-book their space and bring their own display tables and marketing materials. These events are more than just vendor fairs—they are a celebration of local enterprise, a boost to small business visibility, and a way to reinforce our shared values of <strong data-start=\"1153\" data-end=\"1185\">health, wealth, and wellness</strong>.</p>\r\n<p data-start=\"1190\" data-end=\"1385\" data-is-last-node data-is-only-node>By connecting members with local businesses in a supportive and engaging environment, we foster meaningful relationships and create lasting community impact—<strong data-start=\"1347\" data-end=\"1385\" data-is-last-node>where everyone levels up together.</strong></p>','Members Appreciation – Free Monthly Events for Local Business Promotion','                          Join our free Members Appreciation – Level Up for Local Business Events held monthly to support small businesses. Book your free vendor space, promote your services, and offer exclusive deals to our trusted membership community. Celebrate local with hea                        ','local business event, member appreciation, free vendor space, promote small business, community events, vendor registration, local deals, business exposure, health wealth wellness, monthly local market','199',1,'2026-01-27','12:30:00','2026-01-27','15:00:00','1189 Ritson Rd N #4a','1189','Oshawa, Ontario','Durham Region','Ontario','','','43.931378849883366','-78.86565263567557',0,'2025-05-21 20:03:03',832,1,1,8,'2896343190','LAFitnessOshawa@givebackpromotions.org','11:00:00','2025-04-29','2025-05-27','00:00:00','00:00:00',1,1,1,1,26,25,NULL,273,49,1,'L1G 8B9',36,'-05:00','{\"frequency\":\"Monthly\",\"interval\":\"1\",\"start_date\":\"2026-01-27\",\"end_date\":\"26-05-2026\",\"repeatby\":\"day of the week\"}',3,'',NULL,NULL,''),
(17,81,'MEMBER APPRECIATION DAY MARKET','members-appreciation---level-up-for-local-business-events-10','Monthly community events where local small businesses can promote their products or services for free. Vendors must pre-book space and bring their own tables and materials. These events help businesses gain exposure, offer member-only deals.','<p data-start=\"403\" data-end=\"875\">Gatherings designed to strengthen our local economy by spotlighting small businesses and providing extra value to our trusted membership community. Each month, local entrepreneurs and service providers are invited to reserve vendor space—<em data-start=\"739\" data-end=\"766\">completely free of charge</em>—to showcase their offerings, build relationships, and share exclusive discounts or deals with our members.</p>\r\n<p data-start=\"877\" data-end=\"1188\">Vendors are required to pre-book their space and bring their own display tables and marketing materials. These events are more than just vendor fairs—they are a celebration of local enterprise, a boost to small business visibility, and a way to reinforce our shared values of <strong data-start=\"1153\" data-end=\"1185\">health, wealth, and wellness</strong>.</p>\r\n<p data-start=\"1190\" data-end=\"1385\" data-is-last-node data-is-only-node>By connecting members with local businesses in a supportive and engaging environment, we foster meaningful relationships and create lasting community impact—<strong data-start=\"1347\" data-end=\"1385\" data-is-last-node>where everyone levels up together.</strong></p>','Members Appreciation – Free Monthly Events for Local Business Promotion','                          Join our free Members Appreciation – Level Up for Local Business Events held monthly to support small businesses. Book your free vendor space, promote your services, and offer exclusive deals to our trusted membership community. Celebrate local with hea                        ','local business event, member appreciation, free vendor space, promote small business, community events, vendor registration, local deals, business exposure, health wealth wellness, monthly local market','199',1,'2026-02-24','12:30:00','2026-02-24','15:00:00','1189 Ritson Rd N #4a','1189','Oshawa, Ontario','Durham Region','Ontario','','','43.931378849883366','-78.86565263567557',0,'2025-05-21 20:03:04',728,1,1,8,'2896343190','LAFitnessOshawa@givebackpromotions.org','11:00:00','2025-04-29','2025-05-27','00:00:00','00:00:00',1,1,1,1,26,25,NULL,273,49,1,'L1G 8B9',36,'-05:00','{\"frequency\":\"Monthly\",\"interval\":\"1\",\"start_date\":\"2026-02-24\",\"end_date\":\"26-05-2026\",\"repeatby\":\"day of the week\"}',3,'',NULL,NULL,''),
(18,0,'MEMBER APPRECIATION DAY MARKET','members-appreciation-level-up-for-local-business-events-11','Monthly community events where local small businesses can promote their products or services for free. Vendors must pre-book space and bring their own tables and materials. These events help businesses gain exposure, offer member-only deals.','<p data-start=\"403\" data-end=\"875\">Gatherings designed to strengthen our local economy by spotlighting small businesses and providing extra value to our trusted membership community. Each month, local entrepreneurs and service providers are invited to reserve vendor space—<em data-start=\"739\" data-end=\"766\">completely free of charge</em>—to showcase their offerings, build relationships, and share exclusive discounts or deals with our members.</p>\r\n<p data-start=\"877\" data-end=\"1188\">Vendors are required to pre-book their space and bring their own display tables and marketing materials. These events are more than just vendor fairs—they are a celebration of local enterprise, a boost to small business visibility, and a way to reinforce our shared values of <strong data-start=\"1153\" data-end=\"1185\">health, wealth, and wellness</strong>.</p>\r\n<p data-start=\"1190\" data-end=\"1385\" data-is-last-node data-is-only-node>By connecting members with local businesses in a supportive and engaging environment, we foster meaningful relationships and create lasting community impact—<strong data-start=\"1347\" data-end=\"1385\" data-is-last-node>where everyone levels up together.</strong></p>','Members Appreciation – Free Monthly Events for Local Business Promotion','                          Join our free Members Appreciation – Level Up for Local Business Events held monthly to support small businesses. Book your free vendor space, promote your services, and offer exclusive deals to our trusted membership community. Celebrate local with hea                        ','local business event, member appreciation, free vendor space, promote small business, community events, vendor registration, local deals, business exposure, health wealth wellness, monthly local market','199',1,'2026-03-24','12:30:00','2026-03-24','15:00:00','1189 Ritson Rd N #4a','1189','Oshawa, Ontario','Durham Region','Ontario','','','43.931378849883366','-78.86565263567557',0,'2025-05-21 20:03:04',709,1,1,8,'2896343190','LAFitnessOshawa@givebackpromotions.org','11:00:00','2025-04-29','2025-05-27','00:00:00','00:00:00',1,1,1,1,26,25,NULL,273,49,1,'L1G 8B9',36,'-05:00','{\"frequency\":\"Monthly\",\"interval\":\"1\",\"start_date\":\"2026-03-24\",\"end_date\":\"26-05-2026\",\"repeatby\":\"day of the week\"}',3,'',NULL,NULL,''),
(19,0,'MEMBER APPRECIATION DAY MARKET','member-appreciation-day-market','Monthly community events where local small businesses can promote their products or services for free. Vendors must pre-book space and bring their own tables and materials. These events help businesses gain exposure, offer member-only deals.','<p data-start=\"403\" data-end=\"875\">Gatherings designed to strengthen our local economy by spotlighting small businesses and providing extra value to our trusted membership community. Each month, local entrepreneurs and service providers are invited to reserve vendor space—<em data-start=\"739\" data-end=\"766\">completely free of charge</em>—to showcase their offerings, build relationships, and share exclusive discounts or deals with our members.</p>\r\n<p data-start=\"877\" data-end=\"1188\">Vendors are required to pre-book their space and bring their own display tables and marketing materials. These events are more than just vendor fairs—they are a celebration of local enterprise, a boost to small business visibility, and a way to reinforce our shared values of <strong data-start=\"1153\" data-end=\"1185\">health, wealth, and wellness</strong>.</p>\r\n<p data-start=\"1190\" data-end=\"1385\" data-is-last-node data-is-only-node>By connecting members with local businesses in a supportive and engaging environment, we foster meaningful relationships and create lasting community impact—<strong data-start=\"1347\" data-end=\"1385\" data-is-last-node>where everyone levels up together.</strong></p>','Members Appreciation – Free Monthly Events for Local Business Promotion','                          Join our free Members Appreciation – Level Up for Local Business Events held monthly to support small businesses. Book your free vendor space, promote your services, and offer exclusive deals to our trusted membership community. Celebrate local with hea                        ','local business event, member appreciation, free vendor space, promote small business, community events, vendor registration, local deals, business exposure, health wealth wellness, monthly local market','199',1,'2025-05-27','12:30:00','2025-05-27','15:00:00','1189 Ritson Rd N #4a','1189','Oshawa, Ontario','Durham Region','Ontario','','','43.931378849883366','-78.86565263567557',0,'2025-05-21 20:03:05',161,1,1,8,'2896343190','LAFitnessOshawa@givebackpromotions.org','11:00:00','2025-04-29','2025-05-27','00:00:00','00:00:00',1,1,1,1,26,25,NULL,273,49,1,'L1G 8B9',36,'-05:00','{\"frequency\":\"Monthly\",\"interval\":\"1\",\"start_date\":\"2025-05-27\",\"end_date\":\"27-05-2025\",\"repeatby\":\"day of the week\"}',3,'',NULL,NULL,'');

--
-- Table structure for table `n36ic_jbusinessdirectory_company_locations`
--

CREATE TABLE `n36ic_jbusinessdirectory_company_locations` (
  `id` int(11) NOT NULL AUTO_INCREMENT,
  `name` varchar(80) DEFAULT NULL,
  `company_id` int(11) DEFAULT NULL,
  `street_number` varchar(20) DEFAULT NULL,
  `address` varchar(100) DEFAULT NULL,
  `city` varchar(60) DEFAULT NULL,
  `county` varchar(60) DEFAULT NULL,
  `postalCode` varchar(45) DEFAULT NULL,
  `countryId` int(11) DEFAULT NULL,
  `latitude` varchar(45) DEFAULT NULL,
  `longitude` varchar(45) DEFAULT NULL,
  `phone` varchar(45) DEFAULT NULL,
  `province` varchar(60) DEFAULT NULL,
  `area` varchar(60) DEFAULT NULL,
  `identifier` varchar(255) DEFAULT NULL,
  `activity_radius` decimal(10,2) DEFAULT NULL,
  PRIMARY KEY (`id`),
  KEY `idx_country` (`countryId`),
  KEY `idx_company` (`company_id`),
  KEY `idx_identifier` (`identifier`),
  KEY `idx_city` (`city`),
  KEY `idx_county` (`county`),
  KEY `idx_province` (`province`),
  KEY `idx_area` (`area`)
) ENGINE=MyISAM AUTO_INCREMENT=2 DEFAULT CHARSET=utf8mb3 COLLATE=utf8mb3_general_ci;

--
-- Dumping data for table `n36ic_jbusinessdirectory_company_locations`
--

INSERT INTO `n36ic_jbusinessdirectory_company_locations` VALUES
(1,'Century 21 Percy Fulton Ltd. Head Office',72,'Scarborough','2911 Kennedy Road','Toronto','Toronto','M1V 1S8',36,'43.80364154187121','-79.29789775089567','416-298-8200','Ontario',NULL,'66102194702e1',0.00);

--
-- Table structure for table `n36ic_jbusinessdirectory_company_marketing_email_sent`
--

CREATE TABLE `n36ic_jbusinessdirectory_company_marketing_email_sent` (
  `id` int(11) NOT NULL AUTO_INCREMENT,
  `email_type` int(11) DEFAULT NULL,
  `number_email_sent` int(11) DEFAULT NULL,
  `sending_date` datetime DEFAULT NULL,
  `failed_sent` int(11) DEFAULT NULL,
  PRIMARY KEY (`id`)
) ENGINE=MyISAM DEFAULT CHARSET=utf8mb3 COLLATE=utf8mb3_general_ci;

--
-- Dumping data for table `n36ic_jbusinessdirectory_company_marketing_email_sent`
--


--
-- Table structure for table `n36ic_jbusinessdirectory_company_members`
--

CREATE TABLE `n36ic_jbusinessdirectory_company_members` (
  `id` int(11) NOT NULL AUTO_INCREMENT,
  `company_id` int(11) NOT NULL,
  `name` varchar(50) DEFAULT NULL,
  `title` varchar(50) DEFAULT NULL,
  `type` int(11) NOT NULL DEFAULT 0,
  `description` varchar(350) DEFAULT NULL,
  `image` varchar(250) DEFAULT NULL,
  PRIMARY KEY (`id`),
  KEY `idx_company` (`company_id`)
) ENGINE=MyISAM AUTO_INCREMENT=30 DEFAULT CHARSET=utf8mb3 COLLATE=utf8mb3_general_ci;

--
-- Dumping data for table `n36ic_jbusinessdirectory_company_members`
--

INSERT INTO `n36ic_jbusinessdirectory_company_members` VALUES
(1,79,'Ali Zuccato','',1,'','/companies/79/Empowered_Moms_Collective_1729553692.png'),
(29,81,'MEMBERS APPRECIATION - LEVEL UP FOR LOCAL BUSINESS','Director of Partnerships',1,'',''),
(26,8,'Christopher J. Parkinson','Founder',1,'','');

--
-- Table structure for table `n36ic_jbusinessdirectory_company_membership`
--

CREATE TABLE `n36ic_jbusinessdirectory_company_membership` (
  `company_id` int(11) NOT NULL,
  `membership_id` int(11) NOT NULL,
  PRIMARY KEY (`company_id`,`membership_id`),
  KEY `idx_category` (`company_id`,`membership_id`)
) ENGINE=MyISAM DEFAULT CHARSET=utf8mb3 COLLATE=utf8mb3_general_ci;

--
-- Dumping data for table `n36ic_jbusinessdirectory_company_membership`
--


--
-- Table structure for table `n36ic_jbusinessdirectory_company_offer_category`
--

CREATE TABLE `n36ic_jbusinessdirectory_company_offer_category` (
  `offerId` int(11) NOT NULL,
  `categoryId` int(11) NOT NULL,
  PRIMARY KEY (`offerId`,`categoryId`)
) ENGINE=MyISAM DEFAULT CHARSET=utf8mb3 COLLATE=utf8mb3_general_ci;

--
-- Dumping data for table `n36ic_jbusinessdirectory_company_offer_category`
--

INSERT INTO `n36ic_jbusinessdirectory_company_offer_category` VALUES
(50,243),
(81,124),
(82,124),
(83,118),
(84,118),
(84,124),
(85,105),
(85,118),
(86,109),
(87,-1),
(88,-1),
(89,243),
(90,-1),
(91,-1),
(92,-1),
(93,-1),
(94,-1),
(95,-1),
(96,-1),
(97,-1),
(98,-1),
(99,-1),
(100,-1),
(101,-1),
(102,-1),
(103,-1),
(104,-1),
(105,-1),
(106,-1),
(107,-1),
(108,-1),
(109,-1),
(110,81),
(111,-1),
(112,-1),
(113,243),
(114,-1),
(115,-1),
(116,-1),
(117,-1),
(118,252),
(119,143),
(120,-1),
(122,-1),
(123,-1),
(124,-1),
(125,-1),
(126,-1),
(127,-1),
(128,-1),
(129,-1),
(130,109),
(131,-1),
(132,-1),
(133,-1),
(134,-1),
(135,141),
(136,81),
(137,243),
(137,267),
(137,268),
(138,-1),
(139,141),
(140,-1),
(141,-1),
(142,87),
(142,143),
(143,243),
(144,-1),
(145,138),
(146,-1),
(147,-1),
(148,-1),
(149,93),
(150,-1),
(151,-1),
(152,-1),
(153,252),
(154,-1),
(155,141),
(155,258),
(155,272),
(155,280),
(155,284),
(155,289),
(155,294),
(156,252),
(157,252),
(158,252),
(159,109),
(159,141),
(159,252),
(160,141),
(160,252),
(163,143),
(164,256),
(164,258),
(165,256),
(166,243),
(167,243),
(168,243),
(169,243),
(170,243),
(171,243),
(172,243),
(172,267),
(174,268),
(175,258),
(175,267),
(175,272),
(175,280),
(175,284),
(175,289),
(175,294);

--
-- Table structure for table `n36ic_jbusinessdirectory_company_offer_coupons`
--

CREATE TABLE `n36ic_jbusinessdirectory_company_offer_coupons` (
  `id` int(11) NOT NULL AUTO_INCREMENT,
  `user_id` int(11) DEFAULT NULL,
  `offer_id` int(11) DEFAULT NULL,
  `code` varchar(50) DEFAULT NULL,
  `generated_time` datetime DEFAULT NULL,
  `order_id` int(11) DEFAULT NULL,
  PRIMARY KEY (`id`),
  KEY `idx_user_id` (`user_id`),
  KEY `idx_offer_id` (`offer_id`)
) ENGINE=MyISAM AUTO_INCREMENT=3 DEFAULT CHARSET=utf8mb3 COLLATE=utf8mb3_general_ci;

--
-- Dumping data for table `n36ic_jbusinessdirectory_company_offer_coupons`
--

INSERT INTO `n36ic_jbusinessdirectory_company_offer_coupons` VALUES
(1,49,81,'BES-0001','2024-03-09 14:43:26',0),
(2,49,82,'LUQ-0001','2024-03-09 14:45:30',0);

--
-- Table structure for table `n36ic_jbusinessdirectory_company_offer_order_products`
--

CREATE TABLE `n36ic_jbusinessdirectory_company_offer_order_products` (
  `order_id` int(11) NOT NULL,
  `offer_id` int(11) NOT NULL,
  `quantity` int(11) DEFAULT NULL,
  `price` decimal(12,2) DEFAULT NULL,
  `currencyId` int(11) NOT NULL,
  `combination_ids` varchar(255) DEFAULT NULL,
  `combination_values` varchar(255) DEFAULT NULL,
  PRIMARY KEY (`order_id`,`offer_id`)
) ENGINE=MyISAM DEFAULT CHARSET=utf8mb3 COLLATE=utf8mb3_general_ci;

--
-- Dumping data for table `n36ic_jbusinessdirectory_company_offer_order_products`
--

INSERT INTO `n36ic_jbusinessdirectory_company_offer_order_products` VALUES
(1,45,3,849.99,26,'',''),
(2,45,3,849.99,26,'',''),
(3,82,1,95.00,26,'',''),
(4,162,2,3999.99,26,'',''),
(5,155,1,799.00,26,'',''),
(6,50,1,300.00,26,'',''),
(7,50,1,300.00,26,'',''),
(8,166,1,250.00,26,'',''),
(9,175,1,99.00,26,'','');

--
-- Table structure for table `n36ic_jbusinessdirectory_company_offer_orders`
--

CREATE TABLE `n36ic_jbusinessdirectory_company_offer_orders` (
  `id` int(11) NOT NULL AUTO_INCREMENT,
  `first_name` varchar(45) DEFAULT NULL,
  `last_name` varchar(45) DEFAULT NULL,
  `address` varchar(55) DEFAULT NULL,
  `email` varchar(45) DEFAULT NULL,
  `phone` varchar(45) DEFAULT NULL,
  `postal_code` varchar(45) DEFAULT NULL,
  `city` varchar(45) DEFAULT NULL,
  `region` varchar(45) DEFAULT NULL,
  `amount` decimal(12,2) DEFAULT NULL,
  `created` timestamp NOT NULL DEFAULT current_timestamp(),
  `user_id` int(11) DEFAULT NULL,
  `status` tinyint(4) DEFAULT NULL,
  `token` varchar(255) DEFAULT NULL,
  `tracking_link` varchar(255) DEFAULT NULL,
  `shipping` decimal(12,2) DEFAULT NULL,
  `initial_amount` decimal(12,2) DEFAULT NULL,
  `shipping_method` int(11) DEFAULT NULL,
  `vat_amount` decimal(12,2) DEFAULT NULL,
  `vat` decimal(12,2) DEFAULT NULL,
  `country_id` int(11) DEFAULT NULL,
  `currency_id` int(11) DEFAULT NULL,
  PRIMARY KEY (`id`),
  KEY `idx_user` (`user_id`),
  KEY `idx_status` (`status`)
) ENGINE=MyISAM AUTO_INCREMENT=10 DEFAULT CHARSET=utf8mb3 COLLATE=utf8mb3_general_ci;

--
-- Dumping data for table `n36ic_jbusinessdirectory_company_offer_orders`
--

INSERT INTO `n36ic_jbusinessdirectory_company_offer_orders` VALUES
(1,'Tester','Dsad','12we21','asd@cmsjunkie.com','dsada','1231','Buenos Aires','',2549.97,'2024-02-21 20:14:36',75435,0,'c4ca4238a0b923820dcc509a6f75849b',NULL,NULL,2549.97,NULL,0.00,0.00,11,26),
(2,'Tester','Dsad','12we21','asd@cmsjunkie.com','dsada','1231','Buenos Aires','',2549.97,'2024-02-21 20:19:24',75435,0,'c81e728d9d4c2f636f067f89cc14862c',NULL,NULL,2549.97,NULL,0.00,0.00,11,26),
(3,'Christopher','Parkinson','Suite 601','canadasmarketplace@gmail.com','9052134947','L1G 7C9','Oshawa','ON',95.00,'2024-03-09 15:16:19',49,0,'eccbc87e4b5ce2fe28308fd9f2a7baf3',NULL,NULL,95.00,NULL,0.00,0.00,36,26),
(4,'Christopher','Parkinson','Suite 601','canadasmarketplace@gmail.com','9052134947','L1G 7C9','Oshawa','ON',7999.98,'2024-05-18 21:36:25',49,0,'a87ff679a2f3e71d9181a67b7542122c',NULL,0.00,7999.98,1,0.00,0.00,36,26),
(5,'Christopher','Parkinson','Suite 601','canadasmarketplace@gmail.com','9052134947','L1G 7C9','Oshawa','ON',799.00,'2024-05-22 20:23:56',49,0,'e4da3b7fbbce2345d7772b0674a318d5',NULL,0.00,799.00,1,0.00,0.00,36,26),
(6,'Christopher','Parkinson','Suite 601','cmptv.ca@gmail.com','2899288468','L1G7C9','OSHAWA','Ontario',300.00,'2025-01-20 18:34:16',4861,0,'1679091c5a880faf6fb5e6087eb1b2dc',NULL,0.00,300.00,1,0.00,0.00,36,26),
(7,'Christopher','Parkinson','Suite 601','canadasmarketplace@gmail.com','9052134947','L1G 7C9','Oshawa','ON',300.00,'2025-01-20 22:53:18',49,0,'8f14e45fceea167a5a36dedd4bea2543',NULL,0.00,300.00,1,0.00,0.00,36,26),
(8,'Christopher','Parkinson','','canadasmarketplace@gmail.com','2899288468','L1G 7C9','Oshawa','ON',250.00,'2025-01-26 05:24:48',49,0,'c9f0f895fb98ab9159f51fd0297e236d',NULL,0.00,250.00,1,0.00,0.00,36,26),
(9,'Christopher','Parkinson','','canadasmarketplace@gmail.com','2899288468','L1G 7C9','','',99.00,'2025-06-02 01:41:10',49,1,'45c48cce2e2d7fbdea1afc51c7c6ad26',NULL,0.00,99.00,1,0.00,0.00,36,26);

--
-- Table structure for table `n36ic_jbusinessdirectory_company_offer_pictures`
--

CREATE TABLE `n36ic_jbusinessdirectory_company_offer_pictures` (
  `id` int(10) NOT NULL AUTO_INCREMENT,
  `offerId` int(10) NOT NULL DEFAULT 0,
  `picture_info` varchar(255) DEFAULT NULL,
  `picture_path` varchar(255) DEFAULT NULL,
  `picture_enable` tinyint(1) NOT NULL DEFAULT 1,
  `picture_title` varchar(255) DEFAULT NULL,
  PRIMARY KEY (`id`),
  KEY `idx_offer` (`offerId`),
  KEY `idx_status` (`picture_enable`)
) ENGINE=MyISAM AUTO_INCREMENT=417 DEFAULT CHARSET=utf8mb3 COLLATE=utf8mb3_general_ci;

--
-- Dumping data for table `n36ic_jbusinessdirectory_company_offer_pictures`
--

INSERT INTO `n36ic_jbusinessdirectory_company_offer_pictures` VALUES
(73,81,'','/offers/81/InShot_20231220_144226250.jpg',1,''),
(72,81,'','/offers/81/InShot_20231214_205453565.jpg',1,''),
(71,81,'','/offers/81/InShot_20231214_205412362.jpg',1,''),
(70,81,'','/offers/81/InShot_20231214_205557594.jpg',1,''),
(69,81,'','/offers/81/InShot_20231220_151221400.jpg',1,''),
(68,81,'','/offers/81/InShot_20231220_144445751.jpg',1,''),
(67,81,'','/offers/81/InShot_20231214_205255724.jpg',1,''),
(66,81,'','/offers/81/InShot_20231219_160726046.jpg',1,''),
(65,81,'','/offers/81/InShot_20231224_101245819.jpg',1,''),
(64,81,'','/offers/81/InShot_20231108_180211009.jpg',1,''),
(63,81,'','/offers/81/InShot_20231215_120035500.jpg',1,''),
(62,81,'','/offers/81/InShot_20231220_144333007.jpg',1,''),
(126,89,'','/offers/89/InShot_20231219_160726046.jpg',0,''),
(125,89,'','/offers/89/InShot_20231215_120035500.jpg',0,''),
(124,89,'','/offers/89/InShot_20231214_205557594.jpg',0,''),
(123,89,'','/offers/89/InShot_20231214_205453565.jpg',0,''),
(122,89,'','/offers/89/InShot_20231214_205412362.jpg',0,''),
(121,89,'','/offers/89/InShot_20231214_205255724.jpg',0,''),
(120,82,'','/offers/82/1000003187.jpg',1,''),
(119,82,'','/offers/82/1000003889.jpg',1,''),
(158,159,'','/offers/159/1000003933.png',1,''),
(301,50,'','/offers/50/FULL.png',1,''),
(108,118,'','/offers/118/1000003618.jpg',1,''),
(118,85,'','/offers/85/1000003926.jpg',1,''),
(139,86,'','/offers/86/1000003892.png',1,''),
(136,158,'','/offers/158/1000003932.jpg',1,''),
(154,153,'','/offers/153/1000003938.jpg',1,''),
(134,84,'','/offers/84/1000003930.jpg',1,''),
(133,157,'','/offers/157/1000003929.jpg',1,''),
(127,89,'','/offers/89/InShot_20231220_144226250.jpg',0,''),
(128,89,'','/offers/89/InShot_20231220_144333007.jpg',0,''),
(129,89,'','/offers/89/InShot_20231220_144445751.jpg',0,''),
(130,89,'','/offers/89/InShot_20231220_151221400.jpg',0,''),
(131,89,'','/offers/89/InShot_20231224_101245819.jpg',0,''),
(132,89,'','/offers/89/1000003792.jpg',1,'CMP TV '),
(157,83,'','/offers/83/1000003924.jpg',1,''),
(323,166,'','/offers/166/FULL.png',1,''),
(159,159,'','/offers/159/1000003675.jpg',1,''),
(160,159,'','/offers/159/1000003669.jpg',1,''),
(161,159,'','/offers/159/1000003677.jpg',1,''),
(162,159,'','/offers/159/1000003665.jpg',1,''),
(163,159,'','/offers/159/1000003678.jpg',1,''),
(164,159,'','/offers/159/1000003676.jpg',1,''),
(165,159,'','/offers/159/1000003679.png',1,''),
(166,159,'','/offers/159/1000003670.jpg',1,''),
(167,159,'','/offers/159/1000003668.jpg',1,''),
(168,159,'','/offers/159/1000003671.jpg',1,''),
(177,143,'','/offers/143/rich_prince_media_image_of_the_prince.jpg',1,''),
(278,156,'','/offers/156/1000003922.jpg',1,''),
(298,167,'','/offers/167/FULL.png',1,''),
(348,168,'','/offers/168/FULL.png',1,''),
(283,163,'Ask about our giveback promotions..','/offers/163/Copy_of_Oak_Thursday_.gif',1,'$1 Dollar Wings SUNDAY'),
(338,171,'','/offers/171/Give_Back_Mom_Post_Promotions__2___1_.png',1,''),
(355,174,'','/offers/174/1000010288.jpg',1,''),
(225,136,'','/offers/136/1000002102.jpg',1,''),
(226,113,'','/offers/113/1000002696.png',1,''),
(227,110,'','/offers/110/1000004705.png',1,''),
(228,145,'','/offers/145/1000002819.png',1,''),
(229,142,'','/offers/142/1000004712.jpg',1,''),
(230,130,'','/offers/130/1000003592.png',1,''),
(231,139,'','/offers/139/1000004713.jpg',1,''),
(232,135,'','/offers/135/1000004714.png',1,''),
(242,149,'','/offers/149/1000004704.jpg',1,''),
(251,165,'#MEETMEATTHEOAK','/offers/165/Oak_Mondays.png',1,'25 % Off Apps MONDAYS'),
(241,164,'Get 2 Full Hours of Public Skating Each Month as a CANLAN Give-Back','/offers/164/CANLAN_Give_Back_Promotions_Advertising_with_Ice_TIme.pdf__1_.png',1,'Rink Board Sponsors '),
(253,119,'Help Save our Furry Friends in need.','/offers/119/Pizza__1_.png',1,'Go Go Pizza for Pets'),
(337,170,'','/offers/170/Give_Back_Mom_Post_Promotions__2___1_.png',1,''),
(321,160,'','/offers/160/1000003942.jpg',1,''),
(339,169,'','/offers/169/Give_Back_Mom_Post_Promotions__2___1_.png',1,''),
(342,172,'','/offers/172/Give_Back_Mom_Post_Promotions__2___1_.png',1,''),
(354,137,'','/offers/137/CANLAN_Give_Back_Promotions_Advertising_with_Ice_TIme.pdf__4___1_.png',1,''),
(416,155,'','/offers/155/1000010286.png',1,''),
(415,175,'','/offers/175/Female_golfers_5.jpg',1,''),
(414,175,'','/offers/175/first_col.jpg',1,''),
(413,175,'','/offers/175/miniputt.jpg',1,''),
(411,175,'','/offers/175/i20240906232218inshot_20240906_191927945.jpg',1,''),
(412,175,'','/offers/175/third_col.jpg',1,'');

--
-- Table structure for table `n36ic_jbusinessdirectory_company_offer_types`
--

CREATE TABLE `n36ic_jbusinessdirectory_company_offer_types` (
  `id` int(11) NOT NULL AUTO_INCREMENT,
  `name` varchar(100) DEFAULT NULL,
  `ordering` tinyint(4) NOT NULL DEFAULT 0,
  PRIMARY KEY (`id`),
  KEY `idx_name` (`name`)
) ENGINE=MyISAM AUTO_INCREMENT=5 DEFAULT CHARSET=utf8mb3 COLLATE=utf8mb3_general_ci;

--
-- Dumping data for table `n36ic_jbusinessdirectory_company_offer_types`
--

INSERT INTO `n36ic_jbusinessdirectory_company_offer_types` VALUES
(1,'Daily / Weekly Specials ',0),
(2,'Give-Back Mag in the Bag! Delivery to the Dinner Table ',0),
(3,'Meaningful Savings for Mom Magazine',0),
(4,'LA Fitness Give Back Offers',0);

--
-- Table structure for table `n36ic_jbusinessdirectory_company_offers`
--

CREATE TABLE `n36ic_jbusinessdirectory_company_offers` (
  `id` int(11) NOT NULL AUTO_INCREMENT,
  `companyId` int(11) NOT NULL,
  `currencyId` int(11) NOT NULL,
  `subject` varchar(110) DEFAULT NULL,
  `description` text DEFAULT NULL,
  `meta_title` varchar(100) DEFAULT NULL,
  `meta_description` text DEFAULT NULL,
  `meta_keywords` text DEFAULT NULL,
  `price` decimal(12,2) DEFAULT NULL,
  `specialPrice` decimal(12,2) DEFAULT NULL,
  `price_base` decimal(12,2) DEFAULT NULL,
  `price_base_unit` varchar(45) DEFAULT NULL,
  `special_price_base` decimal(12,2) DEFAULT NULL,
  `special_price_base_unit` varchar(45) DEFAULT NULL,
  `total_coupons` int(11) NOT NULL DEFAULT 0,
  `startDate` date DEFAULT NULL,
  `endDate` date DEFAULT NULL,
  `state` tinyint(1) NOT NULL DEFAULT 1,
  `approved` tinyint(1) NOT NULL DEFAULT 0,
  `offerOfTheDay` tinyint(1) NOT NULL DEFAULT 0,
  `viewCount` int(10) DEFAULT 0,
  `alias` varchar(100) DEFAULT NULL,
  `address` varchar(45) DEFAULT NULL,
  `street_number` varchar(20) DEFAULT NULL,
  `city` varchar(45) DEFAULT NULL,
  `short_description` varchar(255) DEFAULT NULL,
  `county` varchar(45) DEFAULT NULL,
  `province` varchar(60) DEFAULT NULL,
  `area` varchar(60) DEFAULT NULL,
  `publish_start_date` date DEFAULT NULL,
  `publish_end_date` date DEFAULT NULL,
  `view_type` tinyint(2) NOT NULL DEFAULT 1,
  `url` varchar(145) DEFAULT NULL,
  `article_id` int(11) DEFAULT NULL,
  `latitude` varchar(45) DEFAULT NULL,
  `longitude` varchar(45) DEFAULT NULL,
  `featured` tinyint(1) NOT NULL DEFAULT 0,
  `created` timestamp NOT NULL DEFAULT current_timestamp(),
  `show_time` tinyint(1) DEFAULT 0,
  `publish_start_time` time DEFAULT NULL,
  `publish_end_time` time DEFAULT NULL,
  `expiration_email_date` datetime DEFAULT NULL,
  `main_subcategory` int(11) DEFAULT NULL,
  `enable_offer_selling` tinyint(1) DEFAULT 1,
  `min_purchase` int(11) DEFAULT NULL,
  `max_purchase` int(11) DEFAULT NULL,
  `quantity` int(11) DEFAULT NULL,
  `user_id` int(11) DEFAULT NULL,
  `postalCode` varchar(55) DEFAULT NULL,
  `type` tinyint(1) NOT NULL DEFAULT 1,
  `countryId` int(11) DEFAULT NULL,
  `price_text` varchar(100) DEFAULT NULL,
  `offer_type` int(11) DEFAULT NULL,
  `time_zone` varchar(15) DEFAULT NULL,
  `item_type` tinyint(1) NOT NULL DEFAULT 1,
  `notify_offer_quantity` int(11) DEFAULT NULL,
  `use_stock_price` tinyint(1) DEFAULT NULL,
  `contact_email` varchar(100) DEFAULT NULL,
  `add_to_price_list` tinyint(1) DEFAULT 0,
  `review_score` decimal(2,1) DEFAULT 0.0,
  `packages` varchar(75) DEFAULT NULL,
  PRIMARY KEY (`id`),
  KEY `idx_alias` (`alias`),
  KEY `idx_company` (`companyId`),
  KEY `idx_country` (`countryId`),
  KEY `idx_approved` (`approved`),
  KEY `idx_type` (`type`),
  KEY `idx_featured` (`featured`),
  KEY `idx_latitude` (`latitude`),
  KEY `idx_longitude` (`longitude`),
  KEY `idx_price` (`price`),
  KEY `idx_specialPrice` (`specialPrice`),
  KEY `idx_subject` (`subject`),
  KEY `idx_city` (`city`),
  KEY `idx_county` (`county`),
  KEY `idx_area` (`area`),
  KEY `idx_province` (`province`),
  KEY `idx_short_description` (`short_description`(100)),
  KEY `idx_address` (`address`),
  KEY `idx_user_id` (`user_id`),
  KEY `idx_expiration_email_date` (`expiration_email_date`),
  KEY `idx_search` (`state`,`endDate`,`startDate`,`publish_end_date`,`publish_start_date`),
  KEY `idx_publish_time` (`publish_start_time`,`publish_end_time`),
  KEY `idx_offer_type` (`offer_type`),
  KEY `idx_packages` (`packages`)
) ENGINE=MyISAM AUTO_INCREMENT=176 DEFAULT CHARSET=utf8mb3 COLLATE=utf8mb3_general_ci;

--
-- Dumping data for table `n36ic_jbusinessdirectory_company_offers`
--

INSERT INTO `n36ic_jbusinessdirectory_company_offers` VALUES
(81,19,26,'ICAN HERO, Party Room Studio RENTAL','ICAN HERO, Studios','','','',559.00,399.00,0.00,'',0.00,'',100,'2024-02-29','2025-02-28',1,1,0,2338,'ican-hero-studios-rental','Simcoe Street North','111','Oshawa','ICAN HERO, Studios','Durham Region','Ontario','',NULL,NULL,1,NULL,NULL,'43.90064255','-78.86449735319192',0,'2024-02-29 07:32:31',0,'00:00:00','00:00:00',NULL,124,2,1,10,10000,49,'L1G 1J8',1,36,'ICAN HERO, Large Party Room Studio RENTAL',NULL,'-05:00',1,NULL,NULL,'Studio@icanhero.com',1,0.0,NULL),
(50,59,26,'GIVE-BACK MAGAZINE, Oshawa - Delivered  to 5K Local Dinner Tables  - 1/2 PAGE AD SPONSORSHIP','	Community Give Back Magazine strengthens communities by delivering exclusive discounts, deals, and Give-Back Give-Aways directly to local dinner tables. Featuring local sponsors dedicated to giving back, the magazine helps businesses connect meaningfully with their neighbors.\r\n\r\nAdvertising sponsors receive Give-Back Gifts in the form of local gift cards provided by participating partners. These cards can be enjoyed personally or used to boost engagement through promotional social contests.\r\n\r\nOur Give-Back promotion professionals can assist in launching tailored social connect campaigns to maximize your community impact.\r\n\r\nJoin the movement with Community Give Back Magazine. Let’s keep it local, build connections, and give back where it matters most.','CMP Give-Back Magazine Oshawa Keep it Local and Give-Back','Community Give Back Magazine is your ultimate guide to local discounts, deals, and Give-Back Give-Aways. Sponsored by local businesses, every advertiser receives special local gift cards to enjoy or use in social contests. Connect with a Give-Back profess','Discover, thriving industries, Oshawa, CMP Magazine, sheds light, business landscape, insightful exploration,Canada\'s Marketplace',900.00,650.00,400.00,'',0.00,'',10,'2025-01-01','2025-12-31',1,-1,1,1380,'delivered-to-5k-local-dinner-tables-oshawa-give-back-magazine-1-2-page-ad-sponsorship','Simcoe St N Suite 206','111','Oshawa','Community Give Back Magazine delivers local discounts, deals, and Give-Back Give-Aways straight to local dinner tables. Sponsors receive gift cards for personal use or social contests. Connect with a Give-Back professional to support your community.','Canada','Ontario','',NULL,NULL,1,'',0,'43.889148046632336','-78.85778993670314',1,'2024-02-15 15:54:55',0,'00:00:00','00:00:00',NULL,243,1,1,10,10000,4831,'L1G 2C4',1,36,'Gift Cards are included for promotion. Social campaign management are available but not included.',2,'-05:00',1,NULL,NULL,'Oshawa@communitymarketplace.ca',1,0.0,NULL),
(82,19,26,'iCAN HERO, Your Team Pro Studio RENTAL','<p>iCAN HERO, Your Team Pro Studio RENTAL</p>','','','',150.00,95.00,0.00,'',0.00,'',1,'2024-03-07','2026-05-29',1,1,0,2241,'ican-hero-your-team-pro-studio-rental','Richmond Street East','50','Oshawa','iCAN HERO, Your Team Pro Studio RENTAL','Durham Region','Ontario','Durham Region',NULL,NULL,1,NULL,NULL,'43.90051692999752','-78.86188298463823',0,'2024-03-07 20:31:36',0,'00:00:00','00:00:00',NULL,124,1,1,10,10000,49,'L1G 8C9',1,36,'iCAN HERO, Your Team Pro Studio RENTAL',NULL,'-05:00',1,NULL,NULL,'Studio@icanhero.com',1,0.0,NULL),
(83,19,26,'iCAN HERO : Using AI to publish a Children\'s Book','<p>iCAN HERO: Using AI to Publish a Children\'s Book</p>','','','',199.00,89.00,49.00,'',39.00,'',0,'2024-03-07','2024-03-07',1,1,0,2244,'ican-hero-using-ai-to-publish-a-childrens-book','Richmond Street East','50','Oshawa','iCAN HERO: Using AI to Publish a Children\'s Book','Durham Region','Ontario','',NULL,NULL,1,NULL,NULL,'43.90211527206552','-78.8552283262675',0,'2024-03-07 20:46:59',0,'00:00:00','00:00:00',NULL,118,1,1,10,10000,49,'L1G 8C9',1,36,'iCAN HERO: Using AI to Publish a Children\'s Book',NULL,'-05:00',1,NULL,NULL,'Studio@icanhero.com',1,0.0,NULL),
(84,19,26,'iCAN HERO : Using AI to Animate 3D Characters','<p>iCAN HERO : Using AI to Animate 3D Characters</p>','','','',199.00,89.00,0.00,'',0.00,'',0,'2024-03-07','2024-03-07',1,1,0,2267,'ican-hero-using-ai-to-animate-3d-characters','Richmond Street East','50','Oshawa','iCAN HERO : Using AI to Animate 3D Characters','Durham Region','Ontario','',NULL,NULL,1,NULL,NULL,'43.90077596518502','-78.86552810668947',0,'2024-03-07 21:52:44',0,'00:00:00','00:00:00',NULL,124,1,1,10,10000,49,'L1G 8C9',1,36,'iCAN HERO : Using AI to Animate 3D Characters',NULL,'-05:00',1,NULL,NULL,'Studio@icanhero.com',1,0.0,NULL),
(85,19,26,'Events TWO Remember - EVENT Hero Kids Photography Marketing ','<p>Events TWO Remember - EVENT Hero Kids Photography Marketing Campaign Overview: \"Events 2 Remember\" is designed to bring families together in a fun-filled environment while creating a lasting impression for both attendees and sponsoring brands. Here\'s an outline of the campaign: iCAN HERO Event Photography Experience: We will set up designated spaces at community events and trade shows, complete with character costumes and a professional photography setup. Kids will have the opportunity to pose with their favorite cartoon or video game characters to create a unique hero picture. The experience will be enhanced by incorporating attractive props and themed backdrops, providing a truly immersive experience for the participants. Events 2 Remember 8 x 10 Glossy Photos: Each participating family will receive an Events 2 Remember 8 x 10 glossy photo featuring their child with the chosen character. Sponsoring companies will have the opportunity to associate their brand emotionally by having their logos prominently placed on these hero photos. The hero photos are often displayed on the family fridge, ensuring repeated exposure for the sponsoring brands. Benefits for Sponsoring Companies: By becoming a sponsor of the \"Events 2 Remember\" campaign, your company will enjoy the following benefits: Emotional Brand Association: Your logo will be featured on the hero photos, creating a strong emotional connection between your brand and the cherished memories of families. The hero photos will act as a lifelong memory, increasing the chances of long-term brand recall and loyalty. Enhanced Visibility: Your brand will be showcased at community events and trade shows, gaining exposure to a diverse audience of families and potential customers. The unique and immersive experience of iCAN HERO photography will generate buzz and attract attention to your brand\'s association with positive and memorable moments. Costs: The associated costs for implementing the \"Events 2 Remember\" marketing campaign include: Events or Tradeshow Space: Cost varies based on the event location, size, and duration. We will work closely with event organizers to secure the most suitable spaces for maximum exposure. Character Costumes: We will arrange high-quality character costumes to provide an authentic and enjoyable experience for the participants. Photography, Graphics Design, and Photo Printing: Professional photographers will capture the moments, and our expert graphics designers will ensure high-quality image enhancements and logo placements. The printed 8 x 10 glossy photos will be provided to each participating family, along with digital copies for online sharing. Conclusion: By partnering with \"Events 2 Remember,\" your company can create a lasting impact on families while benefiting from a highly emotional brand association. The goodwill and memories generated by this campaign are truly priceless and can significantly enhance your brand\'s reputation and customer loyalty. We would be delighted to discuss this proposal further and tailor the campaign to align with your specific goals and budget. Please do not hesitate to reach out to us at [Phone Number] or [Email Address] to schedule a meeting or to address any questions you may have.</p>','','','',6900.00,0.00,8.90,'',0.00,'',0,'2024-03-08','2024-03-08',1,1,0,2236,'events-two-remember-event-hero-kids-photography-marketing','Simcoe Street North','111','Oshawa','Events TWO Remember - EVENT Hero Kids Photography Marketing','Durham Region','Ontario','Durham Region',NULL,NULL,1,NULL,NULL,'43.90064255','-78.86449735319192',0,'2024-03-08 06:47:54',0,'00:00:00','00:00:00',NULL,118,1,1,10,10000,49,'L1G 1J8',1,36,'',NULL,'-05:00',1,NULL,NULL,'Studio@iCANHERO.COM',0,0.0,NULL),
(86,49,26,'Transform Your Property with All Season Solutions - Your Technology-Based Maintenance Experts!','<p>Introducing All Season Solutions, your go-to property maintenance company for all your needs. Our team of skilled professionals is dedicated to keeping your property in top condition year-round with our innovative technology-based solutions. But what sets us apart is our focus on community heroes. At All Season Solutions, we believe in giving back to those who give so much to our communities. That\'s why we offer special discounts and priority scheduling to all first responders, healthcare workers, teachers, and military personnel. We understand the sacrifices you make every day to keep our communities safe and thriving, and we want to show our appreciation by providing top-notch maintenance services for your property. Whether you need lawn care, snow removal, landscaping, or any other property maintenance service, All Season Solutions is here to help. Let us take care of your property so you can focus on what matters most - serving your community. Contact us today to learn more about our special offers for community heroes.</p>','All Season Solutions: Property Maintenance Company with a Focus on Community Heroes','All Season Solutions is your premier property maintenance company, offering innovative technology-based solutions to keep your property in top condition year-round. What sets us apart is our focus on community heroes - first responders, healthcare workers, teachers, and military personnel receive special discounts and priority scheduling. Let us take care of your lawn care, snow removal, landscaping, and more so you can focus on serving your community. Contact us today to learn more about our special offers for community heroes.','All Season Solutions, property maintenance, skilled professionals, innovative technology, community heroes, first responders, healthcare workers, teachers, military personnel, special discounts, priority scheduling, lawn care, snow removal, landscaping, top-notch maintenance services, serving your community, special offers.',199.00,89.00,0.00,'',0.00,'',100,'2024-03-07','2026-04-16',1,1,0,2552,'2024-03-25-22-25-03','Richmond Street East','50','Oshawa','All Season Solutions is a technology-based property maintenance company that offers a wide range of services to keep your property in top condition year-round. With innovative solutions and a team of skilled professionals, they provide efficient and effec','Durham Region','Ontario','','2024-03-07','2026-04-16',1,'',NULL,'43.90077597','-78.86552811',1,'2024-03-25 22:25:04',0,'00:00:00','00:00:00',NULL,109,1,1,20,1000,49,'L1G 8C8',1,36,'',NULL,'-11:00',1,NULL,NULL,'Quotes@AllSeasonSolutions.com',0,0.0,NULL),
(87,19,26,'Expand Your Business into Canada with Canada\'s Marketplace','Introducing Canada\'s Marketplace, the ultimate platform for Community Heros looking to make a difference in the Canadian market. Our comprehensive resources, tools, and information are specifically tailored to support and empower those who are dedicated to serving their communities. Whether you are a non-profit organization, a social enterprise, or a volunteer group, Canada\'s Marketplace is here to provide you with the insights and connections you need to succeed in your mission. Join us today and let us help you make a positive impact in Canada.','Canada\'s Marketplace: Empowering Community Heroes to Make a Difference in the Canadian Market','Canada\'s Marketplace is the go-to platform for Community Heroes in the Canadian market. Our resources and tools are designed to support non-profit organizations, social enterprises, and volunteer groups in making a positive impact in their communities. Join us today and empower your mission with our insights and connections.','Canada, marketplace, community heroes, non-profit organization, social enterprise, volunteer group, resources, tools, information, support, empower, mission, positive impact, Canadian market, insights, connections',0.00,89.00,0.00,'',0.00,'',0,'2024-03-07','2026-04-17',0,1,0,540,'2024-03-25-22-25-4','Richmond Street East','50','Oshawa','Canada\'s Marketplace is a comprehensive platform designed for companies looking to expand their business operations into Canada. With a wide range of resources, tools, and information, this marketplace provides valuable insights and connections to help bu','Durham Region','Ontario','','2024-03-07','2026-04-17',1,'',NULL,'43.90077597','-78.86552811',0,'2024-03-25 22:25:04',0,'00:00:00','00:00:00',NULL,NULL,1,1,20,1000,NULL,'L1G 8C9',1,36,'',NULL,NULL,1,NULL,NULL,NULL,0,0.0,NULL),
(88,19,26,'Unlock the Secrets of Growing Cannabis with Our Cannabis Learning Center','Are you a cannabis enthusiast looking to expand your knowledge and skills in cultivation? Look no further than the Cannabis Learning Center, a community dedicated to empowering individuals to grow their own cannabis plants. Our resources, tips, and support are tailored to both beginners and experienced growers, ensuring that everyone can succeed in their grow operations. Join us and become a part of the growing cannabis cultivation community, where you can connect with like-minded individuals and learn from community heroes who are experts in the field. Don\'t miss out on this opportunity to become a cannabis cultivation hero yourself!','Cannabis Learning Center: Empowering Enthusiasts to Grow Their Own Plants','Join the Cannabis Learning Center to enhance your cannabis cultivation skills and knowledge. Our community offers resources, tips, and support for growers of all levels. Connect with experts and like-minded individuals to become a cannabis cultivation hero!','Are you a cannabis enthusiast looking to expand your knowledge and skills in cultivation? Look no further than the Cannabis Learning Center, a community dedicated to empowering individuals to grow their own cannabis plants. Our resources, tips, and support are tailored to both beginners and experienced growers, ensuring that everyone can succeed in their grow operations. Join us and become a part of the growing cannabis cultivation community, where you can connect with like-minded individuals and learn from community heroes who are experts in the field. Don\'t miss out on this opportunity to become a cannabis cultivation hero yourself! And remember, All Season Solutions offers special discounts and priority scheduling for community heroes like first responders, healthcare workers, teachers, and military personnel. Let us take care of your property maintenance needs while you focus on your passion for cannabis cultivation. Contact us today for top-notch maintenance services, including lawn care, snow removal, and landscaping. We are proud to serve your community and offer special offers to help you thrive.',150.00,95.00,0.00,'',0.00,'',1,'2024-03-07','2026-04-18',0,1,0,572,'2024-03-25-22-25-5','Richmond Street East','50','Oshawa','The Cannabis Learning Center is a community dedicated to teaching individuals how to grow cannabis. Whether you are a beginner looking to start your own grow operation or an experienced grower looking to expand your knowledge, this community provides reso','Durham Region','Ontario','Durham Region','2024-03-07','2026-04-18',1,'',NULL,'43.90077597','-78.86552811',0,'2024-03-25 22:25:05',0,'00:00:00','00:00:00',NULL,NULL,1,1,20,1000,NULL,'L1G 8C10',1,36,'',NULL,NULL,1,NULL,NULL,NULL,0,0.0,NULL),
(89,19,26,'Get Your Own Community TV Station with CMPTV - Broadcast Your Message to the Neighborhood!','<p>Are you a community hero looking to make a difference in your local area? Look no further than CMPTV, the platform that empowers you to create your very own community TV station. With CMPTV, you can share news, events, and stories that are important to your community, all while engaging and connecting with your audience in a meaningful way. Imagine being able to showcase the unique aspects of your community, highlight local businesses and organizations, and give a voice to those who may not have one. With CMPTV, the possibilities are endless. Don\'t wait any longer to start your own community TV station. Join CMPTV today and become a true community hero by sharing the stories and events that matter most to your neighbors and friends. Together, we can make a difference in our communities.</p>','Create Your Own Community TV Station with CMPTV: Empower Your Local Area and Make a Difference as a','Become a community hero with CMPTV, the platform that allows you to create your own community TV station. Share news, events, and stories that matter to your local area while engaging with your audience. Showcase the unique aspects of your community and give a voice to those who may not have one. Join CMPTV today and make a difference in your community.','Join CMPTV today and become a true community hero by sharing the stories and events that matter most to your neighbors and friends. With CMPTV, you can empower your community and make a positive impact in your local area. Don\'t wait any longer to start your own community TV station - join us now and connect with your audience in a meaningful way. Together, we can create a platform that supports and empowers our communities.',559.00,399.00,0.00,'',0.00,'',100,'2024-02-29','2026-04-19',1,1,0,2288,'2024-03-25-22-25-6','Richmond Street East','50','Oshawa','CMPTV is a platform that allows you to have your own community TV station. With CMPTV, you can create and broadcast content that is relevant and engaging to your local community. Whether you want to share news, events, or stories, CMPTV provides the tools','Durham Region','Ontario','','2024-02-29','2026-04-19',1,'',NULL,'43.90077597','-78.86552811',0,'2024-03-25 22:25:05',0,'00:00:00','00:00:00',NULL,243,2,1,20,1000,49,'L1G 8C11',1,36,'',NULL,'-11:00',1,NULL,NULL,'',0,0.0,NULL),
(90,64,26,'Unlock the Latest Beauty News and Techniques with Community Beauty Matters','Join Community Beauty Matters, where beauty specialists are celebrated as the true heroes of the industry! Our platform is dedicated to sharing news, techniques, and inspiration within the beauty world. Connect with like-minded individuals to discuss the latest trends, products, and techniques that are shaping the industry. Stay informed and inspired by joining our community of beauty heroes today!','Community Beauty Matters: Celebrating Beauty Specialists as Heroes of the Industry','Join Community Beauty Matters, where beauty specialists are celebrated as heroes of the industry! Connect with like-minded individuals to discuss trends, products, and techniques shaping the beauty world. Stay informed and inspired by joining our community today!','Join Community Beauty Matters, where beauty specialists are celebrated as the true heroes of the industry! Our platform is dedicated to sharing news, techniques, and inspiration within the beauty world. Connect with like-minded individuals to discuss the latest trends, products, and techniques that are shaping the industry. Stay informed and inspired by joining our community of beauty heroes today!',0.00,0.00,0.00,'0',0.00,'0',10,'2023-02-26','2026-04-20',1,1,1,2328,'2024-03-25-22-25-7','Richmond Street East','50','Oshawa','Community Beauty Matters is a platform dedicated to sharing news and techniques within the beauty industry. Beauty specialists come together to discuss the latest trends, products, and techniques to help each other stay informed and inspired. Join the com','Canada','Ontario','','2023-02-26','2026-04-20',1,'',0,'43.90077597','-78.86552811',0,'2024-03-25 22:25:05',0,'00:00:00','00:00:00',NULL,NULL,1,1,20,1000,NULL,'L1G 8C12',1,36,'',NULL,NULL,1,NULL,NULL,NULL,0,0.0,NULL),
(91,64,26,'Support Your Community with Local \'JUST-1-VOTE\' Political Candidates!','Are you ready to support local heroes who are dedicated to making a positive impact in your community? Look no further than Community Candidate, a platform that showcases \'JUST-1-VOTE\' political candidates who are committed to representing the voices of their constituents and working towards creating a better future for all. These community heroes are passionate about making a difference and need your support to bring about positive change in your local elections. Join us in supporting these candidates and be a part of building a stronger, more inclusive community for all. Together, we can make a difference and create a brighter future for everyone.','Support Local Heroes with Community Candidate: JUST-1-VOTE Political Candidates Making a Positive Im','Support local heroes dedicated to making a positive impact in your community with Community Candidate. Discover \'JUST-1-VOTE\' political candidates committed to representing constituents and creating a better future. Join us in supporting these community heroes and building a stronger, more inclusive community for all. Together, we can make a difference and create a brighter future for everyone.','Join Community Candidate today and support local heroes who are dedicated to making a positive impact in your community. Our platform showcases \'JUST-1-VOTE\' political candidates who are committed to representing the voices of their constituents and working towards creating a better future for all. These community heroes need your support to bring about positive change in your local elections. Join us in supporting these candidates and be a part of building a stronger, more inclusive community for all. Together, we can make a difference and create a brighter future for everyone.',0.00,0.00,0.00,'0',0.00,'0',10,'2023-02-25','2026-04-21',1,1,1,2279,'2024-03-25-22-25-8','Richmond Street East','50','Oshawa','Community Candidate is a platform that showcases local \'JUST-1-VOTE\' political candidates who are dedicated to making a positive impact in their communities. These candidates are committed to representing the voices of their constituents and working towar','Canada','Ontario','','2023-02-25','2026-04-21',1,'',0,'43.90077597','-78.86552811',0,'2024-03-25 22:25:05',0,'00:00:00','00:00:00',NULL,NULL,1,1,20,1000,NULL,'L1G 8C13',1,36,'',NULL,NULL,1,NULL,NULL,NULL,0,0.0,NULL),
(92,64,26,'Laugh Local with Community Comedy - Your Hub for Hilarious Local Talent!','Calling all Community Heros! Are you ready to laugh until your sides hurt? Look no further than Community Comedy, your go-to hub for all things local comedy. Our stand-up shows and improv nights feature the best comedic talent in your area, guaranteed to leave you in stitches. Join us for a night of laughs and fun as we showcase the hilarious side of your community. Don\'t miss out on the opportunity to support your local comedians and be a hero in your community by spreading joy and laughter. Grab your tickets now and be prepared for a night you won\'t soon forget!','Community Comedy: Your Hub for Local Laughs and Fun! Join Us for a Night of Hilarious Stand-Up and I','Join Community Comedy for a night of laughs and fun with the best local comedic talent in your area. Support your community and be a hero by spreading joy and laughter at our stand-up shows and improv nights. Get your tickets now for a night you won\'t soon forget!','Get ready to laugh until your sides hurt with Community Comedy! Join us for stand-up shows and improv nights featuring the best comedic talent in your area. Be a hero in your community by supporting local comedians and spreading joy and laughter. Grab your tickets now for a night you won\'t soon forget!',0.00,0.00,0.00,'0',0.00,'0',10,'2023-02-24','2026-04-22',1,1,1,2442,'2024-03-25-22-25-9','Richmond Street East','50','Oshawa','Community Comedy is your go-to hub for all things local comedy. From stand-up shows to improv nights, we\'ve got you covered with the best comedic talent in your area. Join us for a night of laughs and fun as we showcase the hilarious side of your communit','Canada','Ontario','','2023-02-24','2026-04-22',1,'',0,'43.90077597','-78.86552811',0,'2024-03-25 22:25:05',0,'00:00:00','00:00:00',NULL,NULL,1,1,20,1000,NULL,'L1G 8C14',1,36,'',NULL,NULL,1,NULL,NULL,NULL,0,0.0,NULL),
(93,64,26,'Join Our Community of Contractors for Expert Education and Accountability in Construction Projects!','Are you a hero in your community? Community Contractors is here to support and empower you on your journey to becoming a true Community Hero in the construction industry. Our program offers a comprehensive range of workshops, training sessions, and resources designed to enhance your skills and knowledge, while promoting ethical practices and standards.\n\nJoin us in fostering a sense of community and collaboration among contractors, as we work together to elevate the quality of construction projects and ensure the success of all involved. Become a part of our network of Community Heros and make a positive impact in your community today. Together, we can build a better future for all.','Become a Community Hero in the Construction Industry with Community Contractors','Become a true Community Hero in the construction industry with Community Contractors. Join our program for workshops, training, and resources to enhance your skills and promote ethical practices. Collaborate with other contractors to elevate construction projects and make a positive impact in your community. Build a better future with us.','Are you a hero in your community? Join Community Contractors today and let us support and empower you on your journey to becoming a true Community Hero in the construction industry. Our program offers a comprehensive range of workshops, training sessions, and resources designed to enhance your skills and knowledge, while promoting ethical practices and standards.\n\nJoin us in fostering a sense of community and collaboration among contractors, as we work together to elevate the quality of construction projects and ensure the success of all involved. Become a part of our network of Community Heroes and make a positive impact in your community today. Together, we can build a better future for all.',0.00,0.00,0.00,'0',0.00,'0',10,'2023-02-23','2026-04-23',1,1,1,2329,'2024-03-25-22-25-10','Richmond Street East','50','Oshawa','Community Contractors is a program focused on providing education and accountability in the construction industry. Through workshops, training sessions, and resources, the program aims to improve the skills and knowledge of contractors while promoting eth','Canada','Ontario','','2023-02-23','2026-04-23',1,'',0,'43.90077597','-78.86552811',0,'2024-03-25 22:25:05',0,'00:00:00','00:00:00',NULL,NULL,1,1,20,1000,NULL,'L1G 8C15',1,36,'',NULL,NULL,1,NULL,NULL,NULL,0,0.0,NULL),
(94,64,26,'Join Our Community Gaming Platform for Exciting Gaming Collaborations!','Calling all Community Heros! Are you a passionate gamer looking to connect with others who share your love for gaming? Look no further than Community Gaming Matters! Our platform is designed for gamers like you to come together, collaborate, and support each other in all things gaming. Whether you\'re searching for teammates for a multiplayer game, seeking advice on a difficult level, or simply want to chat with like-minded individuals, our community has got your back. Join us today and level up your gaming experience with fellow Community Heros by your side!','Community Gaming Matters: Connect with Fellow Gamers and Level Up Your Gaming Experience!','Join Community Gaming Matters, a platform for passionate gamers to connect, collaborate, and support each other. Find teammates, get advice, and chat with like-minded individuals. Level up your gaming experience with fellow Community Heros by your side! Join us today.','Get ready to level up your gaming experience with Community Gaming Matters! Join us and connect with fellow gamers who share your passion for gaming. Whether you\'re looking for teammates, advice, or just want to chat with like-minded individuals, our platform is the perfect place for you. Be a hero in the gaming community and join us today for an unforgettable gaming experience!',0.00,0.00,0.00,'0',0.00,'0',10,'2023-02-22','2026-04-24',1,1,1,2309,'2024-03-25-22-25-11','Richmond Street East','50','Oshawa','Community Gaming Matters is a platform designed for gamers to connect and collaborate with others in the gaming community. Whether you\'re looking for teammates for a multiplayer game, seeking advice on a difficult level, or just want to chat with like-min','Canada','Ontario','','2023-02-22','2026-04-24',1,'',0,'43.90077597','-78.86552811',0,'2024-03-25 22:25:05',0,'00:00:00','00:00:00',NULL,NULL,1,1,20,1000,NULL,'L1G 8C16',1,36,'',NULL,NULL,1,NULL,NULL,NULL,0,0.0,NULL),
(95,65,26,'Unwind and Relax with Community Getaways - Discover Local Spas, Getaways, and Resorts Today!','Are you a community hero in need of some well-deserved relaxation and rejuvenation? Look no further than Community Getaways! Our platform offers a curated list of local spas, getaways, and resorts for you to explore and unwind. Whether you\'re a healthcare worker, teacher, first responder, or any other essential worker, we believe you deserve a break. Treat yourself to a day at the spa or a weekend getaway at a nearby resort and recharge your batteries. Start planning your next relaxing escape today with Community Getaways and let us help you unwind like the hero you are.','Community Getaways: Relax and Rejuvenate Like the Hero You Are','Discover the perfect getaway for community heroes at Community Getaways! Browse our selection of local spas, resorts, and getaways to relax and recharge. Whether you\'re a healthcare worker, teacher, or first responder, treat yourself to a well-deserved break. Start planning your next escape today and unwind like the hero you are.','Are you a community hero in need of some well-deserved relaxation and rejuvenation? Look no further than Community Getaways! Our platform offers a curated list of local spas, getaways, and resorts for you to explore and unwind. Whether you\'re a healthcare worker, teacher, first responder, or any other essential worker, we believe you deserve a break. Treat yourself to a day at the spa or a weekend getaway at a nearby resort and recharge your batteries. Start planning your next relaxing escape today with Community Getaways and let us help you unwind like the hero you are.',0.00,0.00,0.00,'0',0.00,'0',10,'2023-02-26','2026-04-25',1,1,1,2366,'2024-03-25-22-25-12','Richmond Street East','50','Oshawa','Community Getaways is a platform that allows users to discover and explore local spas, getaways, and resorts in their area. Whether you\'re looking for a relaxing day at the spa or a weekend getaway at a nearby resort, Community Getaways provides a curated','Canada','Ontario','','2023-02-26','2026-04-25',1,'',0,'43.90077597','-78.86552811',0,'2024-03-25 22:25:05',0,'00:00:00','00:00:00',NULL,NULL,1,1,20,1000,NULL,'L1G 8C17',1,36,'',NULL,NULL,1,NULL,NULL,NULL,0,0.0,NULL),
(96,65,26,'Join the Thriving Community Marketplace in Whitby Today!','Introducing our Community Heroes program at our marketplace in Whitby! We believe in celebrating and supporting the everyday heroes in our community who go above and beyond to make a difference. \n\nAs a Community Hero, you will have exclusive access to special discounts, promotions, and events from local businesses in Whitby. Whether you are a teacher, healthcare worker, first responder, or volunteer, we want to show our appreciation for all that you do.\n\nJoin our marketplace today to connect with your neighbors, buy and sell goods and services, and support local businesses. Together, we can create a stronger, more connected community. Thank you for being a hero in Whitby!','Celebrate Community Heroes in Whitby with Exclusive Discounts and Events at Our Marketplace!','Join our Community Heroes program at our marketplace in Whitby and receive exclusive discounts and promotions from local businesses. Whether you\'re a teacher, healthcare worker, first responder, or volunteer, we want to celebrate and support you. Connect with your neighbors, buy and sell goods and services, and help create a stronger community. Thank you for being a hero in Whitby!','Become a Community Hero at our marketplace in Whitby! We are dedicated to recognizing and supporting the everyday heroes in our community who make a positive impact. \n\nAs a Community Hero, you will receive exclusive access to special discounts, promotions, and events from local businesses in Whitby. Whether you are a teacher, healthcare worker, first responder, or volunteer, we want to show our gratitude for your hard work and dedication.\n\nJoin our marketplace today to connect with your neighbors, buy and sell goods and services, and support local businesses. Together, we can build a stronger, more united community. Thank you for being a hero in Whitby!',0.00,0.00,0.00,'0',0.00,'0',10,'2023-02-25','2026-04-26',1,1,1,2419,'2024-03-25-22-25-13','Richmond Street East','50','Oshawa','A community marketplace in Whitby where residents can buy and sell goods and services, connect with neighbors, and support local businesses.','Canada','Ontario','','2023-02-25','2026-04-26',1,'',0,'43.90077597','-78.86552811',0,'2024-03-25 22:25:05',0,'00:00:00','00:00:00',NULL,NULL,1,1,20,1000,NULL,'L1G 8C18',1,36,'',NULL,NULL,1,NULL,NULL,NULL,0,0.0,NULL),
(97,65,26,'Discover the Best Deals in Your Community with Ajax Marketplace!','Introducing Community Heroes on Ajax! Our platform is dedicated to celebrating and supporting the local heroes in your neighborhood. Whether you\'re a small business owner, a volunteer, or just someone who goes above and beyond to make your community a better place, Ajax is the perfect place for you.\n\nJoin our community marketplace to buy and sell goods and services with your neighbors. Connect with like-minded individuals who share your passion for supporting local businesses and building relationships within your community. As a Community Hero on Ajax, you\'ll have the opportunity to showcase your unique offerings and connect with others who appreciate your contributions.\n\nBecome a part of our growing network of Community Heroes and make a positive impact in your neighborhood. Sign up today and start connecting with your fellow local heroes on Ajax!','Join Ajax\'s Community Heroes Platform and Make a Difference in Your Neighborhood','Discover Community Heroes on Ajax! Join our platform dedicated to celebrating and supporting local heroes in your neighborhood. Whether you\'re a small business owner, volunteer, or community advocate, Ajax is the perfect place for you. Buy and sell goods and services, connect with like-minded individuals, and showcase your unique offerings as a Community Hero. Sign up today and make a positive impact in your neighborhood!','Welcome to Community Heroes on Ajax! Our platform is designed to honor and assist the local heroes in your area. Whether you are a small business owner, a volunteer, or simply someone who goes the extra mile to improve your community, Ajax is the ideal place for you.\n\nJoin our community marketplace to exchange goods and services with your neighbors. Connect with individuals who share your commitment to supporting local businesses and fostering relationships within your community. As a Community Hero on Ajax, you will have the chance to showcase your unique offerings and engage with others who value your efforts.\n\nJoin our expanding network of Community Heroes and make a meaningful difference in your neighborhood. Register today and begin connecting with your fellow local heroes on Ajax!',0.00,0.00,0.00,'0',0.00,'0',10,'2023-02-24','2026-04-27',1,1,1,2415,'2024-03-25-22-25-14','Richmond Street East','50','Oshawa','Community marketplace Ajax is a platform where local residents can buy and sell goods and services within their neighborhood. Users can connect with others in their community to find unique items, support local businesses, and build relationships with the','Canada','Ontario','','2023-02-24','2026-04-27',1,'',0,'43.90077597','-78.86552811',0,'2024-03-25 22:25:05',0,'00:00:00','00:00:00',NULL,NULL,1,1,20,1000,NULL,'L1G 8C19',1,36,'',NULL,NULL,1,NULL,NULL,NULL,0,0.0,NULL),
(98,65,26,'Discover the Best Deals in Bowmanville\'s Community Marketplace','At Community Marketplace Bowmanville, we celebrate our local heroes - the small businesses and artisans who make our community thrive. Our marketplace offers a diverse range of goods and services, from fresh produce to handmade crafts, all sourced from talented vendors right here in Bowmanville. By shopping at our marketplace, you are not only supporting these community heroes but also contributing to the vibrant atmosphere that makes our town so special. Join us in celebrating and supporting our local businesses at Community Marketplace Bowmanville.','Support Local Businesses at Community Marketplace Bowmanville - Shop Small, Shop Local','Discover a diverse range of goods and services at Community Marketplace Bowmanville, all sourced from talented local vendors. Support our community heroes and contribute to the vibrant atmosphere of Bowmanville by shopping with us. Join us in celebrating and supporting our local businesses today!','Join us at Community Marketplace Bowmanville, where we celebrate our local heroes - the small businesses and artisans who make our community thrive. Our marketplace offers a diverse range of goods and services, from fresh produce to handmade crafts, all sourced from talented vendors right here in Bowmanville. By shopping at our marketplace, you are not only supporting these community heroes but also contributing to the vibrant atmosphere that makes our town so special. Join us in celebrating and supporting our local businesses at Community Marketplace Bowmanville.',0.00,0.00,0.00,'0',0.00,'0',10,'2023-02-23','2026-04-28',1,1,1,2464,'2024-03-25-22-25-15','Richmond Street East','50','Oshawa','Community Marketplace Bowmanville is a local marketplace located in Bowmanville, offering a variety of goods and services from local vendors. From fresh produce to handmade crafts, visitors can support small businesses and artisans while enjoying a vibran','Canada','Ontario','','2023-02-23','2026-04-28',1,'',0,'43.90077597','-78.86552811',0,'2024-03-25 22:25:05',0,'00:00:00','00:00:00',NULL,NULL,1,1,20,1000,NULL,'L1G 8C20',1,36,'',NULL,NULL,1,NULL,NULL,NULL,0,0.0,NULL),
(99,65,26,'Boost Your Brand with Our Community Marketplace Marketing Agency!','Are you a local hero looking to promote your business and make a positive impact in your community? Look no further than our community marketplace marketing agency! We specialize in helping businesses like yours connect with potential customers in your area through targeted marketing strategies.\n\nOur team of experts understands the unique needs and preferences of different communities, and we work tirelessly to create customized marketing campaigns that resonate with local audiences. By partnering with us, you can drive sales, increase brand awareness, and become a true community hero in the eyes of your customers.\n\nLet us help you make a difference in your community and achieve your business goals. Contact us today to learn more about how we can support your marketing efforts and help you become a local legend!','Become a Local Hero with Our Community Marketplace Marketing Agency! Drive Sales, Increase Brand Awa','Looking to promote your business and make a positive impact in your community? Our community marketplace marketing agency specializes in helping businesses connect with local customers through targeted strategies. Become a local hero and drive sales with our customized campaigns. Contact us today to learn more!','Are you a local hero looking to promote your business and make a positive impact in your community? Look no further than our community marketplace marketing agency! We specialize in helping businesses like yours connect with potential customers in your area through targeted marketing strategies.\n\nOur team of experts understands the unique needs and preferences of different communities, and we work tirelessly to create customized marketing campaigns that resonate with local audiences. By partnering with us, you can drive sales, increase brand awareness, and become a true community hero in the eyes of your customers.\n\nLet us help you make a difference in your community and achieve your business goals. Contact us today to learn more about how we can support your marketing efforts and help you become a local legend!',0.00,0.00,0.00,'0',0.00,'0',10,'2023-02-22','2026-04-29',1,1,1,2328,'2024-03-25-22-25-16','Richmond Street East','50','Oshawa','A community marketplace marketing agency specializes in helping businesses promote their products or services within local communities. They use targeted marketing strategies to reach potential customers and drive sales for their clients. These agencies u','Canada','Ontario','','2023-02-22','2026-04-29',1,'',0,'43.90077597','-78.86552811',0,'2024-03-25 22:25:05',0,'00:00:00','00:00:00',NULL,NULL,1,1,20,1000,NULL,'L1G 8C21',1,36,'',NULL,NULL,1,NULL,NULL,NULL,0,0.0,NULL),
(100,63,26,'Join the Oshawa Community Marketplace and Discover Local Treasures!','Introducing our Community Heroes marketplace in Oshawa! This unique platform is designed to bring neighbors together to buy and sell goods, services, and handmade items from local vendors. By supporting our community heroes, you are not only promoting a sense of community but also boosting the local economy.\n\nAt Community Heroes, we believe in the power of connection and support among neighbors. Whether you are looking for a special gift, a unique service, or simply want to support local businesses, our marketplace has something for everyone. By shopping with us, you are directly contributing to the success of our community heroes and helping to build a stronger, more connected neighborhood.\n\nJoin us in celebrating our local vendors and artisans who work tirelessly to provide quality products and services to our community. Together, we can create a thriving marketplace where neighbors can come together to support each other and build a stronger sense of community.\n\nShop local, support your neighbors, and become a part of our Community Heroes marketplace today!','Shop Local and Support Community Heroes in Oshawa | Buy and Sell Goods, Services, and Handmade Items','Discover the Community Heroes marketplace in Oshawa! Shop goods, services, and handmade items from local vendors while supporting our community heroes and boosting the local economy. Join us in building a stronger, more connected neighborhood by shopping with us today!','Welcome to Community Heroes marketplace in Oshawa! Our platform is dedicated to showcasing the talents and offerings of our local vendors and artisans. By supporting these community heroes, you are not only contributing to the local economy but also fostering a sense of connection and support among neighbors.\n\nAt Community Heroes, we believe in the power of community and the impact of supporting local businesses. Whether you are in search of a unique gift, a special service, or simply want to shop local, our marketplace has something for everyone. By shopping with us, you are directly supporting the success of our community heroes and helping to build a stronger, more connected neighborhood.\n\nJoin us in celebrating the hard work and dedication of our local vendors and artisans who make our community special. Together, we can create a vibrant marketplace where neighbors can come together to support each other and build a stronger sense of community.\n\nShop local, support your neighbors, and be a part of our Community Heroes marketplace today!',0.00,0.00,0.00,'0',0.00,'0',10,'2023-02-26','2026-04-30',1,1,1,2399,'2024-03-25-22-25-17','Richmond Street East','50','Oshawa','A community marketplace in Oshawa where residents can buy and sell goods, services, and handmade items from local vendors. This marketplace provides a platform for neighbors to connect and support each other while promoting a sense of community and local ','Canada','Ontario','','2023-02-26','2026-04-30',1,'',0,'43.90077597','-78.86552811',0,'2024-03-25 22:25:05',0,'00:00:00','00:00:00',NULL,NULL,1,1,20,1000,NULL,'L1G 8C22',1,36,'',NULL,NULL,1,NULL,NULL,NULL,0,0.0,NULL),
(101,63,26,'Discover the Best Deals at Community Marketplace Pembrook','Calling all Community Heros! Join us at Community Marketplace Pembrook, where local vendors and artisans come together to showcase their goods and services. As a Community Hero, you play a vital role in supporting small businesses and fostering a strong sense of community. Explore a diverse array of products, from fresh produce to handmade crafts, and discover unique gifts and delicious food. With your support, we can continue to thrive and grow together. Shop local, support small businesses, and be a part of something special at Community Marketplace Pembrook.','Community Marketplace Pembrook: Calling All Community Heroes to Support Local Vendors and Artisans','Join us at Community Marketplace Pembrook, where local vendors and artisans come together to showcase their goods and services. As a Community Hero, you play a vital role in supporting small businesses and fostering a strong sense of community. Explore a diverse array of products, from fresh produce to handmade crafts, and discover unique gifts and delicious food. Shop local, support small businesses, and be a part of something special at Community Marketplace Pembrook.','Thank you for your interest in Community Marketplace Pembrook! We are thrilled to have you join us as a Community Hero and support local vendors and artisans in our community. Your dedication to shopping local and supporting small businesses is truly commendable, and we are grateful for your contribution to fostering a strong sense of community. We look forward to seeing you at our marketplace, where you can explore a diverse array of products and discover unique gifts and delicious food. Together, we can continue to thrive and grow as a community. Thank you for being a part of something special at Community Marketplace Pembrook!',1643.00,1599.99,0.00,'0',0.00,'0',10,'2023-02-25','2026-05-01',1,1,1,2284,'2024-03-25-22-25-18','Richmond Street East','50','Oshawa','Community Marketplace Pembrook is a vibrant and bustling marketplace where local vendors and artisans come together to sell their goods and services. From fresh produce and handmade crafts to unique gifts and delicious food, this marketplace offers a dive','Canada','Ontario','','2023-02-25','2026-05-01',1,'',0,'43.90077597','-78.86552811',0,'2024-03-25 22:25:06',0,'00:00:00','00:00:00',NULL,NULL,1,1,20,1000,NULL,'L1G 8C23',1,36,'',NULL,NULL,1,NULL,NULL,NULL,0,0.0,NULL),
(102,63,26,'Discover the Best Deals in Peterborough at Our Community Marketplace','Introducing our special offer for Community Heroes at Community Marketplace Peterborough! As a local marketplace dedicated to connecting residents and supporting small businesses and artisans, we want to show our appreciation for those who go above and beyond for our community.\n\nCommunity Heroes, whether you are a healthcare worker, teacher, first responder, or volunteer, we want to offer you a special discount on all purchases made at our marketplace. From handmade items to services and goods, we have a wide variety of products for you to choose from.\n\nBy shopping at Community Marketplace Peterborough, you are not only supporting local businesses and artisans, but you are also contributing to the growth and prosperity of our community. Join us in celebrating our Community Heroes and the incredible work they do every day.\n\nThank you for all that you do for our community. We look forward to welcoming you to Community Marketplace Peterborough and showing our gratitude for your dedication and service.','Special Offer for Community Heroes at Community Marketplace Peterborough: Discounts for Healthcare W','Discover our special offer for Community Heroes at Community Marketplace Peterborough! As a local marketplace dedicated to supporting small businesses and artisans, we want to show our appreciation for healthcare workers, teachers, first responders, and volunteers. Enjoy a special discount on all purchases and help contribute to the growth of our community. Thank you for all that you do - we look forward to welcoming you!','Thank you for introducing the special offer for Community Heroes at Community Marketplace Peterborough! It\'s wonderful to see a marketplace dedicated to supporting those who go above and beyond for our community. Offering a discount to healthcare workers, teachers, first responders, and volunteers is a great way to show appreciation for their hard work and dedication.\n\nBy providing a wide variety of products and services for Community Heroes to choose from, you are not only supporting local businesses and artisans but also creating a sense of community and connection among residents. It\'s important to recognize and celebrate the incredible work that these individuals do every day to make our community a better place.\n\nThank you for your commitment to supporting our Community Heroes and for creating a marketplace that values their contributions. I\'m sure they will appreciate the opportunity to shop and save at Community Marketplace Peterborough. Keep up the great work!',2710.00,2699.99,0.00,'0',0.00,'0',10,'2023-02-24','2026-05-02',1,1,1,2357,'2024-03-25-22-25-19','Richmond Street East','50','Oshawa','Community Marketplace Peterborough is a local marketplace where residents can buy and sell goods, services, and handmade items. It provides a platform for community members to connect and support each other while promoting local businesses and artisans.','Canada','Ontario','','2023-02-24','2026-05-02',1,'',0,'43.90077597','-78.86552811',0,'2024-03-25 22:25:06',0,'00:00:00','00:00:00',NULL,NULL,1,1,20,1000,NULL,'L1G 8C24',1,36,'',NULL,NULL,1,NULL,NULL,NULL,0,0.0,NULL),
(103,63,26,'Join the Pickering Community Marketplace and Discover Local Treasures!','Introducing our community marketplace in Pickering, where local residents can come together to buy and sell goods and services. We are proud to offer a platform that celebrates the everyday heroes in our community - the individuals who go above and beyond to make a positive impact on those around them.\n\nAt our marketplace, you will find a wide range of products and services offered by your fellow community members. Whether you are looking for handmade crafts, locally grown produce, or unique services like tutoring or pet sitting, you can find it all right here in Pickering.\n\nBy supporting our community marketplace, you are not only getting access to high-quality goods and services, but you are also supporting the local economy and helping to uplift your neighbors. We believe that by coming together as a community, we can create a stronger, more connected Pickering.\n\nJoin us in celebrating the community heroes who make our town a better place to live. Shop local, support your neighbors, and be a part of something special at our community marketplace in Pickering.','Discover the Community Marketplace in Pickering: Shop Local, Support Your Neighbors, and Celebrate E','Discover our community marketplace in Pickering, where local residents can buy and sell goods and services while celebrating everyday heroes. Find handmade crafts, locally grown produce, tutoring, pet sitting, and more from your fellow community members. Support the local economy and uplift your neighbors by shopping local and being a part of something special in Pickering. Join us in celebrating the community heroes who make our town a better place to live.','Welcome to our community marketplace in Pickering! We are excited to provide a platform where local residents can come together to buy and sell goods and services. Our marketplace celebrates the everyday heroes in our community who make a positive impact on those around them.\n\nAt our marketplace, you will find a diverse range of products and services offered by your fellow community members. Whether you are looking for handmade crafts, locally grown produce, or unique services like tutoring or pet sitting, you can find it all right here in Pickering.\n\nBy supporting our community marketplace, you are not only accessing high-quality goods and services, but you are also helping to support the local economy and uplift your neighbors. We believe that by uniting as a community, we can create a stronger, more connected Pickering.\n\nJoin us in honoring the community heroes who make our town a better place to live. Shop local, support your neighbors, and be a part of something special at our community marketplace in Pickering.',4065.00,3999.99,0.00,'0',0.00,'0',10,'2023-02-23','2026-05-03',1,1,1,2361,'2024-03-25-22-25-20','Richmond Street East','50','Oshawa','A community marketplace in Pickering where residents can buy and sell goods and services locally.','Canada','Ontario','','2023-02-23','2026-05-03',1,'',0,'43.90077597','-78.86552811',0,'2024-03-25 22:25:06',0,'00:00:00','00:00:00',NULL,NULL,1,1,20,1000,NULL,'L1G 8C25',1,36,'',NULL,NULL,1,NULL,NULL,NULL,0,0.0,NULL),
(104,63,26,'Unbeatable Deal: Save Big on Your Next Purchase!','Are you a community hero looking for a way to give back and make a difference in your neighborhood? Look no further! Our offer is specifically designed for individuals who go above and beyond to support and uplift their community. As a community hero, you will receive exclusive benefits and rewards for your selfless acts of kindness and service. Join us in our mission to create a stronger, more connected community where everyone thrives. Together, we can make a real impact and inspire others to follow in your footsteps. Thank you for all that you do - you truly are a hero in our eyes.','Become a Community Hero and Make a Difference in Your Neighborhood - Exclusive Benefits and Rewards ','Calling all community heroes! Join us in our mission to make a difference in your neighborhood. Receive exclusive benefits and rewards for your selfless acts of kindness. Together, we can create a stronger, more connected community where everyone thrives. Thank you for all that you do - you truly are a hero in our eyes.','Thank you for recognizing the efforts of community heroes and providing them with exclusive benefits and rewards. Your support and appreciation for those who go above and beyond to make a difference in their neighborhoods is truly commendable. By creating a platform that celebrates their selfless acts of kindness and service, you are helping to build a stronger, more connected community where everyone can thrive. Your dedication to honoring and uplifting community heroes is inspiring and will surely encourage others to follow in their footsteps. Thank you for all that you do to recognize and support these everyday heroes - they are truly making a positive impact in our communities.',4928.00,4899.99,0.00,'0',0.00,'0',10,'2023-02-22','2026-05-04',1,1,1,2322,'2024-03-25-22-25-21','Richmond Street East','50','Oshawa','A short description is a brief summary or explanation of something, typically providing key details or highlights in a concise manner. It is used to give readers a quick overview of a topic or subject without going into extensive detail.','Canada','Ontario','','2023-02-22','2026-05-04',1,'',0,'43.90077597','-78.86552811',0,'2024-03-25 22:25:06',0,'00:00:00','00:00:00',NULL,NULL,1,1,20,1000,NULL,'L1G 8C26',1,36,'',NULL,NULL,1,NULL,NULL,NULL,0,0.0,NULL),
(105,61,26,'Join Our Community Music Program and Make a Difference Today!','Join Community Music Matters and become a Community Hero! Our program is dedicated to promoting the importance of music in local communities by offering workshops, performances, and outreach initiatives. As a Community Hero, you will have the opportunity to bring people together through the power of music and create a supportive and inclusive environment where everyone can participate and enjoy the benefits of music. Join us in making a positive impact in your community and become a part of something truly special. Together, we can make a difference through the universal language of music.','Become a Community Hero with Community Music Matters: Join Us Today!','Become a Community Hero with Community Music Matters! Join our program dedicated to promoting music in local communities through workshops, performances, and outreach initiatives. Bring people together through the power of music and create a supportive, inclusive environment. Make a positive impact and be part of something special. Join us in using the universal language of music to make a difference in your community.','Join Community Music Matters and become a Community Hero! Our program is dedicated to promoting the importance of music in local communities by offering workshops, performances, and outreach initiatives. As a Community Hero, you will have the opportunity to bring people together through the power of music and create a supportive and inclusive environment where everyone can participate and enjoy the benefits of music. Join us in making a positive impact in your community and become a part of something truly special. Together, we can make a difference through the universal language of music.',862.00,849.99,0.00,'0',0.00,'0',10,'2023-02-26','2026-05-05',1,1,1,2330,'2024-03-25-22-25-22','Richmond Street East','50','Oshawa','Community Music Matters is a program dedicated to promoting the importance of music in local communities. Through workshops, performances, and outreach initiatives, they strive to bring people together through the power of music. Their goal is to create a','Canada','Ontario','','2023-02-26','2026-05-05',1,'',0,'43.90077597','-78.86552811',0,'2024-03-25 22:25:06',0,'00:00:00','00:00:00',NULL,NULL,1,1,20,1000,NULL,'L1G 8C27',1,36,'',NULL,NULL,1,NULL,NULL,NULL,0,0.0,NULL),
(106,61,26,'Find Your Dream Home with Our Community Realtor Services!','Are you a community hero looking to buy, sell, or rent a property? Look no further than Community Realtor, your go-to resource for connecting with local real estate agents who understand and appreciate the work you do for our community. Our network of experienced and knowledgeable Realtors are here to assist you every step of the way, ensuring you find the perfect property that meets your needs. Let us help you navigate the real estate market and find the best professional to guide you through the process. Trust Community Realtor to connect you with the best in the business and make your real estate journey a seamless and successful one.','Community Realtor: Your Go-To Resource for Community Heroes Buying, Selling, or Renting Property','Looking to buy, sell, or rent a property as a community hero? Community Realtor is your go-to resource for connecting with local real estate agents who appreciate your work. Our experienced Realtors will assist you every step of the way to find the perfect property. Trust us to connect you with the best in the business for a seamless and successful real estate journey.','Thank you for considering Community Realtor for your real estate needs. We appreciate your dedication to serving the community and want to support you in finding the perfect property. Our network of experienced Realtors is here to assist you every step of the way. Let us help you navigate the real estate market and connect you with a professional who understands and appreciates the work you do. Trust Community Realtor to make your real estate journey a seamless and successful one. Thank you for all that you do as a community hero.',1643.00,1599.99,0.00,'0',0.00,'0',10,'2023-02-25','2026-05-06',1,1,1,2380,'2024-03-25-22-25-23','Richmond Street East','50','Oshawa','Community Realtor is your go-to resource for connecting with local real estate agents in your area. Whether you are buying, selling, or renting a property, Community Realtor can help you find the right professional to assist you with your real estate need','Canada','Ontario','','2023-02-25','2026-05-06',1,'',0,'43.90077597','-78.86552811',0,'2024-03-25 22:25:06',0,'00:00:00','00:00:00',NULL,NULL,1,1,20,1000,NULL,'L1G 8C28',1,36,'',NULL,NULL,1,NULL,NULL,NULL,0,0.0,NULL),
(107,61,26,'Join Our Community Singles Events Portal - Your One-Stop Shop for Scheduling, Organizing, and Sharing Fun Sing','Are you a Community Hero looking to bring people together and create meaningful connections? Look no further than Community Singles Events! Our user-friendly portal is designed specifically for scheduling, organizing, and sharing singles events within your community. Whether you\'re planning a fun night out or hoping to meet new people, our platform makes it easy to find and participate in local events catered specifically to singles.\n\nAs a Community Hero, you have the power to create memorable experiences and foster a sense of belonging within your community. With a variety of options to choose from, you can easily connect with others and make a positive impact on those around you. Join us today and become a part of our growing community of Community Heroes dedicated to bringing people together and creating lasting connections.','Become a Community Hero with Community Singles Events! Join us to bring people together and create m','Looking to bring people together and create meaningful connections in your community? Join Community Singles Events, a user-friendly platform for scheduling and sharing singles events. Whether you\'re planning a night out or looking to meet new people, our platform makes it easy to find local events catered to singles. Become a Community Hero and make a positive impact on those around you by fostering a sense of belonging and creating lasting connections. Join us today and be a part of our growing community dedicated to bringing people together.','Are you a Community Hero looking to bring people together and create meaningful connections? Look no further than Community Singles Events! Our user-friendly portal is designed specifically for scheduling, organizing, and sharing singles events within your community. Whether you\'re planning a fun night out or hoping to meet new people, our platform makes it easy to find and participate in local events catered specifically to singles.\n\nAs a Community Hero, you have the power to create memorable experiences and foster a sense of belonging within your community. With a variety of options to choose from, you can easily connect with others and make a positive impact on those around you. Join us today and become a part of our growing community of Community Heroes dedicated to bringing people together and creating lasting connections.',2710.00,2699.99,0.00,'0',0.00,'0',10,'2023-02-24','2026-05-07',1,1,1,2376,'2024-03-25-22-25-24','Richmond Street East','50','Oshawa','Community Singles Events is a user-friendly portal designed for scheduling, organizing, and sharing singles events within a community. Whether you\'re looking for a fun night out or hoping to meet new people, this platform makes it easy to find and partici','Canada','Ontario','','2023-02-24','2026-05-07',1,'',0,'43.90077597','-78.86552811',0,'2024-03-25 22:25:06',0,'00:00:00','00:00:00',NULL,NULL,1,1,20,1000,NULL,'L1G 8C29',1,36,'',NULL,NULL,1,NULL,NULL,NULL,0,0.0,NULL),
(108,61,26,'Find Your Perfect Match at Community Singles Matters - Local Relationship and Dating Events and Advice','Are you a Community Hero looking to find love and companionship? Look no further than Community Singles Matters! Our organization is dedicated to hosting relationship and dating events specifically for singles in the community. We understand the unique challenges that Community Heros face when it comes to dating, and we are here to provide advice, support, and a safe space for you to connect with others who share your values and interests.\n\nAt Community Singles Matters, we believe that finding love should be a positive and empowering experience. That\'s why we offer a variety of events and resources to help you navigate the world of dating with confidence and ease. Whether you\'re looking to meet new people, improve your dating skills, or simply connect with others who understand your lifestyle, we have something for everyone.\n\nJoin us at Community Singles Matters and let us help you find the love and companionship you deserve. Our community of like-minded individuals is waiting to welcome you with open arms. Don\'t wait any longer - become a part of our Community Hero dating community today!','Community Singles Matters: Dating Events for Community Heros Looking for Love and Companionship','Looking for love as a Community Hero? Join Community Singles Matters for dating events and support tailored to your unique challenges. Find companionship with like-minded individuals who understand your lifestyle. Join us today!','Thank you for considering Community Singles Matters for your dating and relationship needs. We understand the challenges that Community Heroes face when it comes to finding love and companionship, and we are here to support you every step of the way. Our organization is dedicated to providing a safe and welcoming space for singles in the community to connect and build meaningful relationships.\n\nAt Community Singles Matters, we believe that everyone deserves to find love in a positive and empowering way. We offer a variety of events and resources to help you navigate the world of dating with confidence and ease. Whether you\'re looking to meet new people, improve your dating skills, or simply connect with others who share your values and interests, we have something for you.\n\nJoin our community of like-minded individuals at Community Singles Matters and let us help you find the love and companionship you deserve. Don\'t hesitate - take the first step towards building meaningful connections today. We look forward to welcoming you into our Community Hero dating community!',4065.00,3999.99,0.00,'0',0.00,'0',10,'2023-02-23','2026-05-08',1,1,1,2339,'2024-03-25-22-25-25','Richmond Street East','50','Oshawa','Community Singles Matters is a local organization that hosts relationship and dating events for singles in the community. They also provide advice and support for those looking to navigate the world of dating and relationships. Whether you\'re looking to m','Canada','Ontario','','2023-02-23','2026-05-08',1,'',0,'43.90077597','-78.86552811',0,'2024-03-25 22:25:06',0,'00:00:00','00:00:00',NULL,NULL,1,1,20,1000,NULL,'L1G 8C30',1,36,'',NULL,NULL,1,NULL,NULL,NULL,0,0.0,NULL),
(109,61,26,'Get in the Game with Community Sports Matters - Your Source for Local Sports and Activity News!','Calling all Community Heroes! Are you a dedicated player, passionate fan, or enthusiastic supporter of local sports and activities? Look no further than Community Sports Matters, your go-to source for all things community sports. Stay in the loop with the latest news, events, and highlights from your favorite local teams and athletes. Be a part of the action and join our community of sports enthusiasts who are making a difference in their neighborhoods. Stay connected, stay informed, and be a hero in your community with Community Sports Matters.','Community Sports Matters: Your Source for All Things Community Sports','Community Sports Matters is the ultimate destination for dedicated players, passionate fans, and enthusiastic supporters of local sports and activities. Stay up-to-date with the latest news, events, and highlights from your favorite local teams and athletes. Join our community of sports enthusiasts and make a difference in your neighborhood. Stay connected, stay informed, and be a hero in your community with Community Sports Matters.','Calling all Community Heroes! Are you a dedicated player, passionate fan, or enthusiastic supporter of local sports and activities? Look no further than Community Sports Matters, your go-to source for all things community sports. Stay in the loop with the latest news, events, and highlights from your favorite local teams and athletes. Be a part of the action and join our community of sports enthusiasts who are making a difference in their neighborhoods. Stay connected, stay informed, and be a hero in your community with Community Sports Matters. Join us today and show your support for local sports and activities!',4928.00,4899.99,0.00,'0',0.00,'0',10,'2023-02-22','2026-05-09',1,1,1,2459,'2024-03-25-22-25-26','Richmond Street East','50','Oshawa','Community Sports Matters is a local news source dedicated to covering sports and activities within the community. Stay up to date on the latest news, events, and highlights from local teams and athletes. Whether you\'re a player, fan, or supporter, Communi','Canada','Ontario','','2023-02-22','2026-05-09',1,'',0,'43.90077597','-78.86552811',0,'2024-03-25 22:25:06',0,'00:00:00','00:00:00',NULL,NULL,1,1,20,1000,NULL,'L1G 8C31',1,36,'',NULL,NULL,1,NULL,NULL,NULL,0,0.0,NULL),
(110,21,26,'Craft Beer Lovers Rejoice - Support Local Brew Artisans Today!','<p>Craft Beers Matter is proud to offer a special discount to our community heroes! As a local brewery dedicated to creating unique and high-quality craft beers, we understand the importance of supporting those who go above and beyond for our community. Whether you\'re a healthcare worker, first responder, teacher, or any other essential worker, we want to show our appreciation for all that you do. With a wide range of delicious and innovative brews crafted by local brew artisans, there\'s something for everyone to enjoy at Craft Beers Matter. From hoppy IPAs to smooth stouts, we use only the finest ingredients to ensure a top-notch drinking experience. So come on down to Craft Beers Matter and let us raise a glass to our community heroes. Present your ID or proof of employment to receive a special discount on your purchase as a token of our gratitude. Thank you for all that you do - cheers to you!</p>','Craft Beers Matter: Special Discount for Community Heroes - Cheers to You!','Stay ahead of the curve in the ever-evolving world of CMP with CMP Magazine Pickering. Explore informative articles and stay up-to-date with the latest trends and insights.','Thank you for considering Craft Beers Matter for your craft beer needs. We are proud to offer a special discount to our community heroes as a token of our appreciation for all that you do. Our local brewery is dedicated to creating unique and high-quality craft beers crafted by local brew artisans.Whether you\'re a healthcare worker, first responder, t',862.00,849.99,0.00,'0',0.00,'0',10,'2023-02-26','2026-05-10',1,1,1,2390,'2024-03-25-22-25-27','Richmond Street East','50','Oshawa','Craft Beers Matter is a local brewery that focuses on creating unique and high-quality craft beers. They work with local brew artisans to produce a variety of delicious and innovative brews that cater to a wide range of tastes. With a commitment to suppor','Canada','Ontario','','2023-02-26','2026-05-10',1,'',0,'43.90077597','-78.86552811',0,'2024-03-25 22:25:06',0,'00:00:00','00:00:00',NULL,81,1,1,20,1000,0,'L1G 8C32',1,36,'',NULL,'-11:00',1,NULL,NULL,'',0,0.0,NULL),
(164,7,26,' \'FREE Public Skating\' Events for Sponsoring Rink Board Advertisers','<p><span style=\"font-weight: 400;\">CANLAN Ice Sports recognizes these sponsorship angels and is giving back to them with our very own Sponsorship Give-Back Promotion.</span></p>\r\n<p><span style=\"font-weight: 400;\"> Rink Board season advertisers are vital supporters of much-needed community sports programming. So we are giving back to them</span></p>\r\n<p><span style=\"font-weight: 400;\">Now with CANLAN as a rink board sponsor, you\'ll receive 2 hours of ice time each month, allowing you to actively participate in our Free Public Skating and Learn to Skate fundraising events.</span></p>\r\n<p><span style=\"font-weight: 400;\">Imagine the happy faces and joyful moments captured during these events, shared across social media platforms. Your sponsorship not only promotes your brand but also contributes to the creation of positive, shareable content that resonates with modern audiences.</span></p>\r\n<p><span style=\"font-weight: 400;\">At CANALN Ice Sports, we understand the power of social advocacy and the need for uplifting content in today\'s marketing landscape. Your support enables us to continue offering inclusive and accessible programs that bring people together, fostering a sense of belonging and happiness within our community.</span></p>\r\n<p><span style=\"font-weight: 400;\">Join us in making a difference, one smile at a time. Contact us today to learn more about becoming a sponsor and spreading joy through our initiatives.</span></p>\r\n<p><span style=\"font-weight: 400;\">Let\'s support each other and spread happiness together on and off the ice!</span></p>','CANLAN ICE SPORTS Scarborough, Community Give Back Offer for Rink Board Advertisers','CANLAN Ice Sports recognizes these sponsorship angels and is giving back to them with our very own Sponsorship Give-Back Promotion.\r\nRink Board season advertisers are vital supporters of much-needed community sports programming. ','',0.00,0.00,0.00,'',0.00,'',0,'2024-10-03','2024-10-03',1,1,0,1880,'community-give-back-offer-free-public-skating-events-for-sponsoring-rink-board-advertisers','Quality Place','Suite 601','Toronto','ANLAN ICE SPORTS Scarborough presents FREE Public Skating events, generously sponsored by our Rink Board advertisers. These local businesses proudly support youth sports and community initiatives, making it possible for everyone to enjoy.','Durham Region','Ontario','','2024-10-03','2028-10-03',1,NULL,NULL,'43.829118','-79.25155634914842',0,'2024-10-03 16:52:58',0,'00:00:00','00:00:00',NULL,256,2,NULL,NULL,NULL,49,'M1X 1L9',1,36,'',1,'-05:00',1,NULL,NULL,'',0,0.0,NULL),
(111,62,26,'Empower Your Network with Diva Directory - Discover the Leading Boss Women in Business Today!','Introducing our exclusive offer for Community Heroes! Dive into the world of Diva Directory, a platform dedicated to celebrating the achievements and influence of boss women in business. Our comprehensive listing showcases entrepreneurs, executives, thought leaders, and innovators who are making a difference in their industries.\n\nAs a Community Hero, you\'ll have access to a network of inspiring women who are paving the way for future generations. Whether you\'re seeking mentorship, collaboration opportunities, or simply looking for inspiration, Diva Directory is the go-to resource for connecting with trailblazing women in business.\n\nJoin us in celebrating the success and impact of women leaders around the world. Become a part of our community of Community Heroes and unlock endless possibilities for growth and empowerment. Don\'t miss out on this exclusive offer – join Diva Directory today and connect with the women who are shaping the future of business.','Celebrate Community Heroes with Diva Directory: Connect with Boss Women in Business!','Discover Diva Directory, a platform celebrating boss women in business. Connect with entrepreneurs, executives, and innovators making a difference in their industries. Join our community of Community Heroes for mentorship, collaboration, and inspiration. Unlock endless possibilities for growth and empowerment. Join us today and connect with the women shaping the future of business.','Attention all Community Heroes! We are excited to introduce an exclusive offer just for you - the opportunity to join Diva Directory, a platform dedicated to celebrating the achievements and influence of boss women in business. Our comprehensive listing showcases entrepreneurs, executives, thought leaders, and innovators who are making a difference in their industries.\n\nAs a Community Hero, you will have access to a network of inspiring women who are paving the way for future generations. Whether you are seeking mentorship, collaboration opportunities, or simply looking for inspiration, Diva Directory is the go-to resource for connecting with trailblazing women in business.\n\nJoin us in celebrating the success and impact of women leaders around the world. Become a part of our community of Community Heroes and unlock endless possibilities for growth and empowerment. Don\'t miss out on this exclusive offer - join Diva Directory today and connect with the women who are shaping the future of business.',1643.00,1599.99,0.00,'0',0.00,'0',10,'2023-02-25','2026-05-11',1,1,1,2308,'2024-03-25-22-25-28','Richmond Street East','50','Oshawa','Diva Directory is a comprehensive listing of boss women in business, showcasing their achievements, expertise, and influence in various industries. From entrepreneurs and executives to thought leaders and innovators, this directory celebrates the success ','Canada','Ontario','','2023-02-25','2026-05-11',1,'',0,'43.90077597','-78.86552811',0,'2024-03-25 22:25:06',0,'00:00:00','00:00:00',NULL,NULL,1,1,20,1000,NULL,'L1G 8C33',1,36,'',NULL,NULL,1,NULL,NULL,NULL,0,0.0,NULL),
(112,62,26,'Get a Lift in Style with Diva Towing - Heels on the Highway Special Offer','Introducing Diva Towing - Heels on the Highway, the towing company that goes above and beyond for our community heroes. Our team of skilled professionals is dedicated to providing fast and reliable service for vehicles in need of assistance on the highway. With a fleet of well-equipped trucks, we are committed to ensuring that our customers receive top-notch service every time.\n\nAt Diva Towing, we understand the importance of supporting our community heroes, which is why we offer special discounts and priority service for first responders, healthcare workers, and essential workers. Our unique name and stylish branding set us apart from other towing companies, making us the standout choice for drivers in need of help on the road.\n\nJoin the Diva Towing family and experience the difference that our commitment to our community heroes makes. Trust us to be there for you when you need us most.','Diva Towing - Heels on the Highway: Fast & Reliable Service for Community Heroes','Diva Towing - Heels on the Highway is the towing company that goes above and beyond for our community heroes. Fast, reliable service for vehicles in need on the highway. Special discounts for first responders, healthcare workers, and essential workers. Join the Diva Towing family and experience the difference.','Thank you for considering Diva Towing - Heels on the Highway for your towing needs. We are proud to offer special discounts and priority service to our community heroes, including first responders, healthcare workers, and essential workers. Our team of skilled professionals is dedicated to providing fast and reliable assistance on the highway, ensuring that our customers receive top-notch service every time.\n\nAt Diva Towing, we go above and beyond to support our community heroes. Our unique name and stylish branding set us apart from other towing companies, making us the standout choice for drivers in need of help on the road. Join the Diva Towing family and experience the difference that our commitment to our community heroes makes. Trust us to be there for you when you need us most.\n\nThank you for all that you do - we appreciate you!',2710.00,2699.99,0.00,'0',0.00,'0',10,'2023-02-24','2026-05-12',1,1,1,2324,'2024-03-25-22-25-29','Richmond Street East','50','Oshawa','Diva Towing - Heels on the Highway is a towing company that offers fast and reliable service for vehicles in need of assistance on the highway. With a team of skilled professionals and a fleet of well-equipped trucks, they are dedicated to providing top-n','Canada','Ontario','','2023-02-24','2026-05-12',1,'',0,'43.90077597','-78.86552811',0,'2024-03-25 22:25:06',0,'00:00:00','00:00:00',NULL,NULL,1,1,20,1000,NULL,'L1G 8C34',1,36,'',NULL,NULL,1,NULL,NULL,NULL,0,0.0,NULL),
(113,62,26,'Exclusive Offer: Boost Your Business with Discount E-Newsletter Platform!','<p>Are you ready to become a hero in your community? With Discount E-Newsletter Platform\'s E-Newsletter Hero, you can create eye-catching and engaging e-newsletters that will make you stand out in your subscribers\' inboxes. Our professionally designed templates and easy-to-use tools will elevate your email marketing game and drive engagement like never before. Become a community hero by delivering content that resonates with your audience and drives action. Increase your open rates and click-throughs with our powerful platform, and see the results in real-time. Don\'t miss out on this opportunity to make a lasting impact in your community - become an E-Newsletter Hero today!</p>','E-Newsletter Hero: Elevate Your Email Marketing Game and Become a Community Hero with Discount E-New','Stay ahead of the curve in the ever-evolving world of CMP with CMP Magazine Pickering. Explore informative articles and stay up-to-date with the latest trends and insights.','Are you ready to become a hero in your community? With Discount E-Newsletter Platform\'s E-Newsletter Hero, you can create eye-catching and engaging e-newsletters that will make you stand out in your subscribers\' inboxes. Our professionally designed templates and easy-to-use tools will elevate your email marketing game and drive engagement like never bef',4065.00,3999.99,0.00,'0',0.00,'0',10,'2023-02-23','2026-05-13',1,1,1,2420,'2024-03-25-22-25-30','Richmond Street East','50','Oshawa','Create eye-catching and engaging e-newsletters with the help of Discount E-Newsletter Platform\'s E-Newsletter Hero. Stand out in your subscribers\' inboxes and drive engagement with professionally designed templates and easy-to-use tools. Elevate your emai','Canada','Ontario','','2023-02-23','2026-05-13',1,'',0,'43.90077597','-78.86552811',0,'2024-03-25 22:25:06',0,'00:00:00','00:00:00',NULL,243,1,1,20,1000,0,'L1G 8C35',1,36,'',NULL,'-11:00',1,NULL,NULL,'',0,0.0,NULL),
(114,62,26,'Unbeatable Deal: Save Big on Your Next Purchase!','Are you a community hero looking for a way to give back and make a difference in your neighborhood? Look no further! Our offer is specifically designed for individuals who go above and beyond to support and uplift their community. As a community hero, you will receive exclusive benefits and rewards for your selfless acts of kindness and service. Join us in our mission to create a stronger, more connected community where everyone thrives. Together, we can make a real impact and inspire others to follow in your footsteps. Thank you for all that you do - you truly are a hero in our eyes.','Become a Community Hero and Make a Difference in Your Neighborhood - Exclusive Benefits and Rewards ','Calling all community heroes! Join us in our mission to make a difference in your neighborhood. Receive exclusive benefits and rewards for your selfless acts of kindness. Together, we can create a stronger, more connected community where everyone thrives. Thank you for all that you do - you truly are a hero in our eyes.','Thank you for considering Diva Towing - Heels on the Highway for your towing needs. We are proud to offer special discounts and priority service to our community heroes, including first responders, healthcare workers, and essential workers. Our team of skilled professionals is dedicated to providing fast and reliable assistance on the highway, ensuring that our customers receive top-notch service every time.\n\nAt Diva Towing, we go above and beyond to support our community heroes. Our unique name and stylish branding set us apart from other towing companies, making us the standout choice for drivers in need of help on the road. Join the Diva Towing family and experience the difference that our commitment to our community heroes makes. Trust us to be there for you when you need us most.\n\nAre you a community hero looking for a way to give back and make a difference in your neighborhood? Look no further! Our offer is specifically designed for individuals who go above and beyond to support and uplift their community. As a community hero, you will receive exclusive benefits and rewards for your selfless acts of kindness and service. Join us in our mission to create a stronger, more connected community where everyone thrives. Together, we can make a real impact and inspire others to follow in your footsteps. Thank you for all that you do - you truly are a hero in our eyes.',4928.00,4899.99,0.00,'0',0.00,'0',10,'2023-02-22','2026-05-14',0,-1,1,475,'2024-03-25-22-25-31','Richmond Street East','50','Oshawa','A short description is a brief summary or explanation of something, typically providing key details or highlights in a concise manner. It is used to give readers a quick overview of a topic or subject without going into extensive detail.','Canada','Ontario','','2023-02-22','2026-05-14',1,'',0,'43.90077597','-78.86552811',0,'2024-03-25 22:25:06',0,'00:00:00','00:00:00',NULL,NULL,1,1,20,1000,NULL,'L1G 8C36',1,36,'',NULL,NULL,1,NULL,NULL,NULL,0,0.0,NULL),
(115,60,26,'Protect Your Land with Envirofill - The Ultimate Solution for Soil Conservation and Tracking','Introducing Envirofill, the ultimate soil conservation and tracking system for our community heroes! With advanced technology at your fingertips, you can monitor and protect the environment like never before. Keep track of soil erosion, water runoff, and other crucial environmental factors to ensure sustainable land management practices. \n\nEmpower yourself to make informed decisions that will preserve and improve the health of your soil and surrounding ecosystems. Become a true steward of the land with Envirofill by your side. Join the ranks of our community heroes who are dedicated to protecting our planet for future generations. Make a difference today with Envirofill.','Envirofill: The Ultimate Soil Conservation and Tracking System for Community Heroes','Discover Envirofill, the cutting-edge soil conservation and tracking system for community heroes. Monitor soil erosion, water runoff, and other environmental factors to ensure sustainable land management practices. Empower yourself to make informed decisions and become a steward of the land with Envirofill. Join our community of heroes dedicated to protecting the planet for future generations. Make a difference today with Envirofill.','Are you ready to take your role as a community hero to the next level with Envirofill? This advanced soil conservation and tracking system will empower you to monitor and protect the environment like never before. Keep a close eye on soil erosion, water runoff, and other crucial environmental factors to ensure sustainable land management practices.\n\nWith Envirofill, you can make informed decisions that will preserve and improve the health of your soil and surrounding ecosystems. Join the ranks of our community heroes who are dedicated to protecting our planet for future generations. Make a difference today with Envirofill by your side. Become a true steward of the land and make a lasting impact on our environment.',862.00,849.99,0.00,'0',0.00,'0',10,'2023-02-26','2026-05-15',1,1,1,2509,'2024-03-25-22-25-32','Richmond Street East','50','Oshawa','Envirofill is a soil conservation and tracking system designed to help monitor and protect the environment. It uses advanced technology to track soil erosion, water runoff, and other environmental factors to ensure sustainable land management practices. W','Canada','Ontario','','2023-02-26','2026-05-15',1,'',0,'43.90077597','-78.86552811',0,'2024-03-25 22:25:06',0,'00:00:00','00:00:00',NULL,NULL,1,1,20,1000,NULL,'L1G 8C37',1,36,'',NULL,NULL,1,NULL,NULL,NULL,0,0.0,NULL),
(116,60,26,'Unlock Your Psychic Potential with Essential Psychic Studio - Join Our Community of Psychic Connections Today!','Join Essential Psychic Studio, a community of Community Heros dedicated to fostering psychic connections and empowering individuals to explore and develop their psychic abilities. Our experienced team of psychics provides guidance and insight to help you on your spiritual journey. Connect with like-minded individuals, receive support, and deepen your psychic skills in a welcoming and empowering environment. Whether you\'re seeking clarity on life decisions or looking to enhance your psychic abilities, Essential Psychic Studio is here to support you every step of the way. Become a part of our community of Community Heros and unlock your full potential today.','Join Essential Psychic Studio: Empowering Community Heros to Explore Psychic Abilities','Join Essential Psychic Studio, a community of Community Heros dedicated to fostering psychic connections and empowering individuals to explore and develop their psychic abilities. Our experienced team of psychics provides guidance and insight to help you on your spiritual journey. Connect with like-minded individuals, receive support, and deepen your psychic skills in a welcoming and empowering environment. Whether you\'re seeking clarity on life decisions or looking to enhance your psychic abilities, Essential Psychic Studio is here to support you every step of the way. Become a part of our community of Community Heros and unlock your full potential today.','Thank you for your interest in Essential Psychic Studio, a community of Community Heroes dedicated to fostering psychic connections and empowering individuals to explore and develop their psychic abilities. Our experienced team of psychics provides guidance and insight to help you on your spiritual journey. Connect with like-minded individuals, receive support, and deepen your psychic skills in a welcoming and empowering environment. Whether you\'re seeking clarity on life decisions or looking to enhance your psychic abilities, Essential Psychic Studio is here to support you every step of the way. Become a part of our community of Community Heroes and unlock your full potential today. We look forward to welcoming you to our studio and helping you on your psychic journey.',1643.00,1599.99,0.00,'0',0.00,'0',10,'2023-02-25','2026-05-16',1,1,1,2384,'2024-03-25-22-25-33','Richmond Street East','50','Oshawa','Essential Psychic Studio is a community dedicated to fostering psychic connections and providing a space for individuals to explore and develop their psychic abilities. With a team of experienced psychics and a supportive environment, members can connect ','Canada','Ontario','','2023-02-25','2026-05-16',1,'',0,'43.90077597','-78.86552811',0,'2024-03-25 22:25:06',0,'00:00:00','00:00:00',NULL,NULL,1,1,20,1000,NULL,'L1G 8C38',1,36,'',NULL,NULL,1,NULL,NULL,NULL,0,0.0,NULL),
(117,60,26,'Get Community Connected - Create Your Own Community Website Platform Today!','Are you a Community Hero looking to strengthen the bond within your neighborhood, organization, or group? Look no further than Get Community Connected! Our platform is designed to help you easily connect your community to your own community website, creating a centralized hub for all your members to access important information, communicate with each other, and stay connected.\n\nWith Get Community Connected, you can effortlessly build and maintain a strong online presence for your community, making it easier than ever to keep everyone informed and engaged. Whether you\'re organizing events, sharing updates, or simply fostering a sense of community spirit, our platform has everything you need to succeed.\n\nBecome a true Community Hero with Get Community Connected and watch as your community grows stronger and more connected than ever before. Join us today and start building a thriving online community for all to enjoy!','Become a Community Hero with Get Community Connected: Strengthen Your Neighborhood, Organization, or','Become a Community Hero with Get Community Connected! Strengthen the bond within your neighborhood, organization, or group by easily connecting your community through our platform. Build a centralized hub for members to access important information, communicate, and stay connected. Start building a thriving online community today!','Are you ready to take your role as a Community Hero to the next level with Get Community Connected? Our platform is designed to help you strengthen the bond within your neighborhood, organization, or group by creating a centralized hub for all your members to access important information, communicate with each other, and stay connected.\n\nWith Get Community Connected, you can effortlessly build and maintain a strong online presence for your community, making it easier than ever to keep everyone informed and engaged. Whether you\'re organizing events, sharing updates, or fostering a sense of community spirit, our platform has everything you need to succeed.\n\nBecome a true Community Hero with Get Community Connected and watch as your community grows stronger and more connected than ever before. Join us today and start building a thriving online community for all to enjoy!',2710.00,2699.99,0.00,'0',0.00,'0',10,'2023-02-24','2026-05-17',1,1,1,2346,'2024-03-25-22-25-34','Richmond Street East','50','Oshawa','Get Community Connected is a platform that allows you to easily connect your community to your own community website. With this tool, you can create a centralized hub for your community members to access important information, communicate with each other,','Canada','Ontario','','2023-02-24','2026-05-17',1,'',0,'43.90077597','-78.86552811',0,'2024-03-25 22:25:06',0,'00:00:00','00:00:00',NULL,NULL,1,1,20,1000,NULL,'L1G 8C39',1,36,'',NULL,NULL,1,NULL,NULL,NULL,0,0.0,NULL),
(118,45,26,'Legal Assistance with Your Legal Questions Answered','<p>Introducing Get Legal Help - your personal AI assistant for all legal matters. From contracts to legal documents, our user-friendly interface and knowledgeable AI technology are here to make navigating the legal world a breeze. But that\'s not all - we also want to give back to our community heroes. That\'s why we\'re offering a special discount for all first responders, healthcare workers, and essential workers. Because we believe that those who serve our community deserve the best legal assistance. Join Get Legal Help today and let us support you in your time of need.</p>','Get Legal Help: Your Personal AI Assistant for Legal Matters + Special Discount for Community Heroes','Stay informed about the latest trends, insights, and strategies in the business world with CMP Magazine, Whitby\'s premier business resource. Gain valuable knowledge and connect with industry experts through our comprehensive articles and interviews. Elevate your business to new heights with CMP Magazine.','Thank you for introducing Get Legal Help',269.00,175.00,0.00,'0',0.00,'0',1000,'2023-02-23','2026-05-18',1,1,1,2406,'2024-03-25-22-25-35','Richmond Street East','50','Oshawa','Get Legal Help is an AI assistant that provides assistance with all legal matters. Whether you need help with contracts, legal documents, or advice on legal issues, Get Legal Help is here to assist you. With its user-friendly interface and knowledgeable A','Canada','Ontario','','2023-02-23','2026-05-18',1,'',0,'43.90077597','-78.86552811',0,'2024-03-25 22:25:06',0,'00:00:00','00:00:00',NULL,252,1,1,20,1000,0,'L1G 8C40',1,36,'',NULL,'-11:00',1,NULL,NULL,'Info@GetLegalHelp.ca',1,0.0,NULL),
(156,7,26,'Receive $50 off the total cost of your junk removal','	<p>1-800-GOT-JUNK? is a full-service junk removal company serving major metros across Canada and is proud to help you and your clients! Whether it’s a pile of household junk in the garage or a warehouse full of office furnishings, 1-800-GOT-JUNK? can make it disappear. All you have to do is point!</p>','','','',0.00,0.00,0.00,'',0.00,'',0,'2023-10-15','2023-10-16',0,1,0,1757,'receive-50-off-the-total-cost-of-your-junk-removal','111','Simcoe Street North','Oshawa','1-800-GOT-JUNK? is a full-service junk removal company serving major metros across Canada and is proud to help you and your clients! Whether it’s a pile of household junk in the garage or a warehouse full of office furnishings, 1-800-GOT-JUNK?','ON','','',NULL,NULL,1,NULL,NULL,'43.89999554737178','-78.85566614537164',0,'2024-04-18 22:59:36',0,'00:00:00','00:00:00',NULL,252,2,NULL,NULL,NULL,49,'L1G 7C9',1,36,'Provide PROMO CODE C2150 at the time of booking',1,'-05:00',1,NULL,NULL,'canadasmarketplace@gmail.com',1,0.0,NULL),
(119,6,26,'Go Go Pizza for Pets - Help save our friends. Order Now!','<p>Attention all Community Heroes! Go Go Pizza and Sub wants to show our appreciation for all that you do by offering a special discount just for you. Come in and enjoy our delicious pizzas and subs with a variety of toppings and fillings to choose from. Our quick service and affordable prices make it easy for you to grab a satisfying meal on the go. Thank you for all that you do to make our community a better place - let us treat you to a well-deserved break at Go Go Pizza and Sub!</p>','Go Go Pizza and Sub - Enjoy Delicious Pizzas and Subs on Us','Stay informed about the latest trends, insights, and strategies in the business world with CMP Magazine, Whitby\'s premier business resource. Gain valuable knowledge and connect with industry experts through our comprehensive articles and interviews. Elevate your business to new heights with CMP Magazine.','Calling all Community Heroes! Go Go Pizza and Sub wants to express our gratitude for your hard work by offering an exclusive discount just for you. Stop by and indulge in our mouthwatering pizzas and subs, featuring a wide selection of toppings and fillings. Our speedy service and budget-friendly prices ensure you can enjoy a delicious meal on the fly. ',4928.00,4899.99,0.00,'0',0.00,'0',100,'2023-02-22','2026-05-19',1,1,1,2490,'get-your-hands-on-the-best-pizza-and-subs-at-go-go-pizza-and-sub-order-now','355','Bloor Street East','Oshawa','Go Go Pizza and Sub is a popular restaurant known for their delicious pizzas and subs. They offer a variety of toppings and fillings to choose from, ensuring that there is something for everyone. With quick service and affordable prices, Go Go Pizza and S','Ontario','Ontario','','2023-02-22','2026-05-19',1,'',0,'43.90077597','-78.86552811',0,'2024-03-25 22:25:06',0,'00:00:00','00:00:00',NULL,143,1,1,20,1000,49,'L1H 3S6',1,36,'',1,'-11:00',1,NULL,NULL,'GOGOPizzaSouth@OrderEats.ca',0,0.0,NULL),
(167,59,26,'GIVE-BACK MAGAZINE, Oshawa - Delivered  to 5K Local Dinner Tables  - 1/4 PAGE AD SPONSORSHIP','				Community Give Back Magazine strengthens communities by delivering exclusive discounts, deals, and Give-Back Give-Aways directly to local dinner tables. Featuring local sponsors dedicated to giving back, the magazine helps businesses connect meaningfully with their neighbors.\r\n\r\nAdvertising sponsors receive Give-Back Gifts in the form of local gift cards provided by participating partners. These cards can be enjoyed personally or used to boost engagement through promotional social contests.\r\n\r\nOur Give-Back promotion professionals can assist in launching tailored social connect campaigns to maximize your community impact.\r\n\r\nJoin the movement with Community Give Back Magazine. Let’s keep it local, build connections, and give back where it matters most.','Exploring the Business Landscape: CMP Magazine Oshawa Sheds Light on Oshawa\'s Thriving Industries','Community Give Back Magazine is your ultimate guide to local discounts, deals, and Give-Back Give-Aways. Sponsored by local businesses, every advertiser receives special local gift cards to enjoy or use in social contests. Connect with a Give-Back profess','Discover, thriving industries, Oshawa, CMP Magazine, sheds light, business landscape, insightful exploration,Canada\'s Marketplace',600.00,400.00,900.00,'',0.00,'',10,'2025-01-01','2025-12-31',1,-1,0,234,'delivered-to-5k-local-dinner-tables-oshawa-give-back-magazine-1-4-page-ad-sponsorship-2','Simcoe St N Suite 206','111','Oshawa','Community Give Back Magazine delivers local discounts, deals, and Give-Back Give-Aways straight to local dinner tables. Sponsors receive gift cards for personal use or social contests. Connect with a Give-Back professional to support your community.','Canada','Ontario','',NULL,NULL,1,NULL,NULL,'43.889148046632336','-78.85778993670314',1,'2025-01-20 20:03:44',0,'00:00:00','00:00:00',NULL,243,1,1,10,10000,4831,'L1G 2C4',1,36,'Gift Cards are included for promotion. Social campaign management are available but not included.',2,'-05:00',1,NULL,NULL,'Oshawa@communitymarketplace.ca',1,0.0,NULL),
(120,59,26,'Join Great Life Investments - Your Connection to a Knowledgeable Investment Community','Join Great Life Investments, a community of Community Heros dedicated to sharing investment knowledge and connecting with like-minded individuals. As a member, you will have the opportunity to learn from others, share your insights, and collaborate on investment opportunities. By joining this community, you can grow your investment knowledge and network with other Community Heros in the industry. Don\'t miss out on this chance to become a part of a supportive and knowledgeable community that can help you achieve your investment goals. Join Great Life Investments today and start your journey towards financial success with a group of like-minded Community Heros.','Join Great Life Investments: Connect with Community Heros and Grow Your Investment Knowledge','Join Great Life Investments, a community of Community Heros dedicated to sharing investment knowledge and connecting with like-minded individuals. Learn, share, and collaborate on investment opportunities to grow your knowledge and network. Become a part of a supportive community that can help you achieve your investment goals. Join Great Life Investments today and start your journey towards financial success with a group of like-minded Community Heros.','Thank you for sharing information about Great Life Investments, a community of like-minded individuals dedicated to sharing investment knowledge and connecting with others. It\'s great to see a platform where Community Heros can come together to learn, collaborate, and grow their investment knowledge. This community sounds like a valuable resource for individuals looking to achieve their financial goals and network with others in the industry. We encourage anyone interested in investing to join Great Life Investments and take advantage of the opportunity to connect with other Community Heros. Here\'s to your journey towards financial success!',862.00,849.99,0.00,'0',0.00,'0',10,'2023-02-26','2026-05-20',1,1,1,2435,'2024-03-25-22-25-37','Richmond Street East','50','Oshawa','Great Life Investments is a community that focuses on sharing investment knowledge and connecting with like-minded individuals. Members can learn from each other, share insights, and collaborate on investment opportunities. Joining this community can help','Canada','Ontario','','2023-02-26','2026-05-20',1,'',0,'43.90077597','-78.86552811',0,'2024-03-25 22:25:06',0,'00:00:00','00:00:00',NULL,NULL,1,1,20,1000,NULL,'L1G 8C42',1,36,'',NULL,NULL,1,NULL,NULL,NULL,0,0.0,NULL),
(122,59,26,'Join Our Health and Fitness Community - Where Your Wellness Matters!','Are you a community hero looking to prioritize your health and fitness goals? Look no further than Healthy and Fit Matters! Our vibrant community is dedicated to supporting individuals like you on your wellness journey. With a focus on promoting healthy lifestyle choices, providing workout tips, and sharing nutritious recipes, we are here to help you achieve your goals and become the best version of yourself. Join us today and become a part of a supportive and motivating space where you can connect with like-minded individuals and make positive changes in your life. Start your journey to a healthier and happier you with Healthy and Fit Matters!','Healthy and Fit Matters: Join Our Community of Health and Fitness Heroes!','Join Healthy and Fit Matters, a vibrant community dedicated to supporting community heroes on their health and fitness journey. Get workout tips, nutritious recipes, and support to achieve your goals and become the best version of yourself. Connect with like-minded individuals and make positive changes in your life today!','Thank you for sharing information about Healthy and Fit Matters, a community dedicated to supporting individuals on their wellness journey. It\'s great to see a platform where Community Heros can come together to prioritize their health and fitness goals. This community sounds like a valuable resource for individuals looking to make positive changes in their lives and connect with others who share similar interests. We encourage anyone looking to improve their health and well-being to join Healthy and Fit Matters and take advantage of the support and motivation offered by this community. Here\'s to your journey towards a healthier and happier you!',2710.00,2699.99,0.00,'0',0.00,'0',10,'2023-02-24','2026-05-22',1,1,1,2493,'2024-03-25-22-25-39','Richmond Street East','50','Oshawa','Healthy and Fit Matters is a vibrant health and fitness community dedicated to helping individuals achieve their wellness goals. With a focus on promoting healthy lifestyle choices, providing workout tips, and sharing nutritious recipes, this community is','Canada','Ontario','','2023-02-24','2026-05-22',1,'',0,'43.90077597','-78.86552811',0,'2024-03-25 22:25:06',0,'00:00:00','00:00:00',NULL,NULL,1,1,20,1000,NULL,'L1G 8C44',1,36,'',NULL,NULL,1,NULL,NULL,NULL,0,0.0,NULL),
(123,59,26,'Unlock the Healing Power of CBD and Cannabis Medicine with iCAN Cannabis - Your Online Connection for Quality ','Join iCAN Cannabis, the online platform dedicated to connecting individuals with CBD and cannabis medicine resources. Our community is made up of Community Heroes who are passionate about spreading awareness and knowledge about the benefits of CBD and cannabis medicine. From product information to treatment options to industry news, iCAN Cannabis is your one-stop hub for all things related to CBD and cannabis medicine. Stay informed and connected with like-minded individuals who are making a difference in this rapidly growing field. Become a Community Hero today and join us in shaping the future of CBD and cannabis medicine.','Join iCAN Cannabis: Your Online Hub for CBD and Cannabis Medicine Resources','Join iCAN Cannabis, the online platform connecting individuals with CBD and cannabis medicine resources. Our community of Community Heroes spreads awareness and knowledge about the benefits of CBD and cannabis medicine. From product information to industry news, iCAN Cannabis is your one-stop hub for all things related to CBD and cannabis medicine. Stay informed and connected with like-minded individuals shaping the future of this rapidly growing field. Become a Community Hero today!','Thank you for sharing information about iCAN Cannabis, the online platform dedicated to connecting individuals with CBD and cannabis medicine resources. It\'s great to see a community of passionate Community Heroes who are spreading awareness and knowledge about the benefits of CBD and cannabis medicine. With a focus on product information, treatment options, and industry news, iCAN Cannabis is a valuable resource for those interested in this rapidly growing field. By becoming a Community Hero and joining this platform, individuals can stay informed, connected, and actively shape the future of CBD and cannabis medicine. Keep up the important work in promoting education and understanding in this area!',4065.00,3999.99,0.00,'0',0.00,'0',10,'2023-02-23','2026-05-23',1,1,1,2568,'2024-03-25-22-25-40','Richmond Street East','50','Oshawa','iCAN Cannabis is an online platform that connects individuals with CBD and cannabis medicine resources. Whether you are looking for information on products, treatment options, or industry news, iCAN Cannabis provides a comprehensive hub for all things rel','Canada','Ontario','','2023-02-23','2026-05-23',1,'',0,'43.90077597','-78.86552811',0,'2024-03-25 22:25:06',0,'00:00:00','00:00:00',NULL,NULL,1,1,20,1000,NULL,'L1G 8C45',1,36,'',NULL,NULL,1,NULL,NULL,NULL,0,0.0,NULL),
(124,59,26,'Unleash Your Inner Hero with iCAN HERO - Your Ultimate Fundraising and Positivity Empowerment Portal','Join iCAN HERO, the ultimate fundraising and positivity empowerment portal for Community Heroes! With iCAN HERO, you can create campaigns to raise money for causes you are passionate about and make a real difference in the world. Our platform is dedicated to spreading positivity and empowering individuals to take action in their communities and beyond. Become a Community Hero today and start making a meaningful impact with iCAN HERO!','iCAN HERO: Empowerment Portal for Community Heroes | Fundraise for Causes | Spread Positivity','Join iCAN HERO, the ultimate fundraising and positivity empowerment portal for Community Heroes! Create campaigns to raise money for causes you are passionate about and make a real difference in the world. Spread positivity and empower individuals to take action in their communities and beyond. Become a Community Hero today and start making a meaningful impact with iCAN HERO!','Thank you for sharing information about iCAN HERO, the ultimate fundraising and positivity empowerment portal for Community Heroes. It\'s wonderful to see a platform that allows individuals to create campaigns to raise money for causes they are passionate about and make a real difference in the world. iCAN HERO is dedicated to spreading positivity and empowering individuals to take action in their communities and beyond. We encourage everyone to become a Community Hero and start making a meaningful impact with iCAN HERO. Together, we can make a difference and create positive change in the world!',4928.00,4899.99,0.00,'0',0.00,'0',10,'2023-02-22','2026-05-24',1,1,1,2451,'2024-03-25-22-25-41','Richmond Street East','50','Oshawa','iCAN HERO is a fundraising and positivity empowerment portal that allows users to create campaigns to raise money for causes they care about. With a focus on spreading positivity and making a difference in the world, iCAN HERO provides a platform for indi','Canada','Ontario','','2023-02-22','2026-05-24',1,'',0,'43.90077597','-78.86552811',0,'2024-03-25 22:25:06',0,'00:00:00','00:00:00',NULL,NULL,1,1,20,1000,NULL,'L1G 8C46',1,36,'',NULL,NULL,1,NULL,NULL,NULL,0,0.0,NULL),
(125,1,26,'Unbeatable Deal: Save Big on Your Next Purchase!','Are you a community hero looking for a way to give back and make a difference in your neighborhood? Look no further! Our offer is specifically designed for individuals who go above and beyond to support and uplift their community. As a community hero, you will receive exclusive benefits and rewards for your selfless acts of kindness and service. Join us in our mission to create a stronger, more connected community where everyone thrives. Together, we can make a real impact and inspire others to follow in your footsteps. Thank you for all that you do - you truly are a hero in our eyes.','Become a Community Hero and Make a Difference in Your Neighborhood - Exclusive Benefits and Rewards ','Calling all community heroes! Join us in our mission to make a difference in your neighborhood. Receive exclusive benefits and rewards for your selfless acts of kindness. Together, we can create a stronger, more connected community where everyone thrives. Thank you for all that you do - you truly are a hero in our eyes.','Thank you for recognizing the efforts of community heroes and offering them exclusive benefits and rewards for their selfless acts of kindness and service. It\'s important to support and uplift those who go above and beyond to make a difference in their neighborhoods. By joining together in a mission to create a stronger, more connected community where everyone thrives, we can truly make a real impact and inspire others to follow in their footsteps. Thank you to all the community heroes out there - you are truly making a difference and are heroes in our eyes.',862.00,849.99,0.00,'0',0.00,'0',10,'2023-02-26','2026-05-25',1,1,1,2548,'2024-03-25-22-25-42','Richmond Street East','50','Oshawa','A short description is a brief summary or explanation of something, typically providing key details or highlights in a concise manner. It is used to give readers a quick overview of a topic or subject without going into extensive detail.','Canada','Ontario','','2023-02-26','2026-05-25',1,'',0,'43.90077597','-78.86552811',0,'2024-03-25 22:25:06',0,'00:00:00','00:00:00',NULL,NULL,1,1,20,1000,NULL,'L1G 8C47',1,36,'',NULL,NULL,1,NULL,NULL,NULL,0,0.0,NULL),
(126,1,26,'Customize Your Cannabis Experience with Loud Pak\'s White Label Packaging - Put Your Own Weed Label on It!','Introducing The Loud Pak - White Label Cannabis Packaging, the perfect solution for community heroes in the cannabis industry looking to showcase their unique strains and branding. This sleek and professional packaging allows you to create your own custom weed label, helping you stand out in the crowded market. Elevate your products and make a lasting impression with this customizable packaging option. Join the ranks of other community heroes and make a statement with The Loud Pak.','The Loud Pak - White Label Cannabis Packaging for Community Heroes in the Cannabis Industry','Elevate your cannabis products with The Loud Pak - White Label Cannabis Packaging. Create custom weed labels to stand out in the market and make a lasting impression. Join other community heroes in showcasing your unique strains and branding with this sleek and professional packaging option.','Thank you for introducing The Loud Pak - White Label Cannabis Packaging, a fantastic solution for community heroes in the cannabis industry. This customizable packaging option allows individuals to showcase their unique strains and branding, helping them stand out in the competitive market. By using The Loud Pak, cannabis professionals can elevate their products and make a lasting impression on customers. Join the ranks of other community heroes in the industry and make a statement with The Loud Pak.',1643.00,1599.99,0.00,'0',0.00,'0',10,'2023-02-25','2026-05-26',1,1,1,2465,'2024-03-25-22-25-43','Richmond Street East','50','Oshawa','The Loud Pak - White Label Cannabis Packaging allows you to create your own custom weed label for your products. This sleek and professional packaging is perfect for showcasing your unique strain and branding. Stand out in the crowded cannabis market with','Canada','Ontario','','2023-02-25','2026-05-26',1,'',0,'43.90077597','-78.86552811',0,'2024-03-25 22:25:06',0,'00:00:00','00:00:00',NULL,NULL,1,1,20,1000,NULL,'L1G 8C48',1,36,'',NULL,NULL,1,NULL,NULL,NULL,0,0.0,NULL),
(127,1,26,'Exclusive Opportunity to Meet the Chef and Local Food Artisans in Your Area','Calling all Community Heros! Join us for Meet the Chef, a one-of-a-kind event celebrating the local food artisans and chefs who are the unsung heroes of our community. This is your chance to meet these talented individuals, learn about their craft, and sample their mouth-watering creations. Discover the stories behind the food and connect with the vibrant food community in your area. Whether you\'re a foodie looking for new culinary experiences or simply curious about the people behind your favorite dishes, Meet the Chef is the perfect opportunity to show your support for our local heroes. Don\'t miss out on this unique event that celebrates the heart and soul of our community.','Meet the Chef: Celebrating Our Local Food Heroes - Join Us Now!','Join us for Meet the Chef, a unique event celebrating the local food artisans and chefs who are the unsung heroes of our community. Meet talented individuals, learn about their craft, and sample mouth-watering creations. Connect with the vibrant food community in your area and show your support for our local heroes. Don\'t miss out on this opportunity to celebrate the heart and soul of our community!','Thank you for recognizing the efforts of community heroes and offering them exclusive benefits and rewards for their selfless acts of kindness and service. It\'s important to support and uplift those who go above and beyond to make a difference in their neighborhoods. By joining together in a mission to create a stronger, more connected community where everyone thrives, we can truly make a real impact and inspire others to follow in their footsteps. Thank you to all the community heroes out there - you are truly making a difference and are heroes in our eyes. And to all the local food artisans and chefs who are the unsung heroes of our community, we appreciate your hard work and dedication to your craft. Meet the Chef is a wonderful opportunity to celebrate and support these talented individuals, learn about their stories, and enjoy their delicious creations. Let\'s come together to show our appreciation for the heart and soul of our community.',2710.00,2699.99,0.00,'0',0.00,'0',10,'2023-02-24','2026-05-27',1,1,1,2439,'2024-03-25-22-25-44','Richmond Street East','50','Oshawa','Join us for Meet the Chef, a unique event where you can meet and interact with local food artisans and chefs. Learn about their craft, sample their delicious creations, and discover the stories behind the food. Whether you\'re a foodie looking for new culi','Canada','Ontario','','2023-02-24','2026-05-27',1,'',0,'43.90077597','-78.86552811',0,'2024-03-25 22:25:06',0,'00:00:00','00:00:00',NULL,NULL,1,1,20,1000,NULL,'L1G 8C49',1,36,'',NULL,NULL,1,NULL,NULL,NULL,0,0.0,NULL),
(128,1,26,'Find Your Perfect Accommodation near Mont Ste Marie Ski Resort with Mont Ste Marie Rentals!','Calling all Community Heros! Are you a first responder, healthcare worker, teacher, or essential worker in need of a well-deserved ski getaway? Look no further than Mont Ste Marie Rentals, your go-to rental portal for accommodations near the Mont Ste Marie Ski Resort. Choose from a cozy cabin, spacious chalet, or convenient condo for your next retreat. Book your stay today and enjoy easy access to the slopes and all the amenities the resort has to offer. As a token of our appreciation for your hard work and dedication, we are offering exclusive discounts for Community Heros. Treat yourself to a relaxing and rejuvenating vacation at Mont Ste Marie Rentals. Book now and experience the ultimate ski getaway!','Exclusive Discounts for Community Heros at Mont Ste Marie Rentals - Book Your Ski Getaway Today!','Calling all Community Heros! Book your well-deserved ski getaway at Mont Ste Marie Rentals near the Mont Ste Marie Ski Resort. Choose from cozy cabins, spacious chalets, or convenient condos. Enjoy exclusive discounts for first responders, healthcare workers, teachers, and essential workers. Book now for easy access to the slopes and resort amenities. Treat yourself to a rejuvenating vacation and experience the ultimate ski getaway!','Attention all community heroes! Whether you\'re a first responder, healthcare worker, teacher, or essential worker, you deserve a well-earned ski getaway at Mont Ste Marie Rentals. Our rental portal offers a variety of accommodations near the Mont Ste Marie Ski Resort, including cozy cabins, spacious chalets, and convenient condos. Book your stay today and enjoy easy access to the slopes and all the resort amenities. As a thank you for your hard work and dedication, we are offering exclusive discounts for community heroes. Treat yourself to a rejuvenating vacation at Mont Ste Marie Rentals and experience the ultimate ski getaway. Book now and start planning your well-deserved retreat!',4065.00,3999.99,0.00,'0',0.00,'0',10,'2023-02-23','2026-05-28',1,1,1,2459,'2024-03-25-22-25-45','Richmond Street East','50','Oshawa','Mont Ste Marie Rentals is a rental portal that offers accommodations near the Mont Ste Marie Ski Resort. Whether you\'re looking for a cozy cabin, a spacious chalet, or a convenient condo, Mont Ste Marie Rentals has a variety of options to choose from for ','Canada','Ontario','','2023-02-23','2026-05-28',1,'',0,'43.90077597','-78.86552811',0,'2024-03-25 22:25:06',0,'00:00:00','00:00:00',NULL,NULL,1,1,20,1000,NULL,'L1G 8C50',1,36,'',NULL,NULL,1,NULL,NULL,NULL,0,0.0,NULL),
(129,1,26,'Unbeatable Deal: Save Big on Your Next Purchase!','Are you a community hero looking for a way to give back and make a difference in your neighborhood? Look no further! Our offer is specifically designed for individuals who go above and beyond to support and uplift their community. As a community hero, you will receive exclusive benefits and rewards for your selfless acts of kindness and service. Join us in our mission to create a stronger, more connected community where everyone thrives. Together, we can make a real impact and inspire others to follow in your footsteps. Thank you for all that you do - you truly are a hero in our eyes.','Become a Community Hero and Make a Difference in Your Neighborhood - Exclusive Benefits and Rewards ','Calling all community heroes! Join us in our mission to make a difference in your neighborhood. Receive exclusive benefits and rewards for your selfless acts of kindness. Together, we can create a stronger, more connected community where everyone thrives. Thank you for all that you do - you truly are a hero in our eyes.','Are you a community hero looking for a way to give back and make a difference in your neighborhood? Look no further! Our offer is specifically designed for individuals who go above and beyond to support and uplift their community. As a community hero, you will receive exclusive benefits and rewards for your selfless acts of kindness and service. Join us in our mission to create a stronger, more connected community where everyone thrives. Together, we can make a real impact and inspire others to follow in your footsteps. Thank you for all that you do - you truly are a hero in our eyes.',4928.00,4899.99,0.00,'0',0.00,'0',10,'2023-02-22','2026-05-29',1,1,1,2639,'2024-03-25-22-25-46','Richmond Street East','50','Oshawa','A short description is a brief summary or explanation of something, typically providing key details or highlights in a concise manner. It is used to give readers a quick overview of a topic or subject without going into extensive detail.','Canada','Ontario','','2023-02-22','2026-05-29',1,'',0,'43.90077597','-78.86552811',0,'2024-03-25 22:25:06',0,'00:00:00','00:00:00',NULL,NULL,1,1,20,1000,NULL,'L1G 8C51',1,36,'',NULL,NULL,1,NULL,NULL,NULL,0,0.0,NULL),
(130,33,26,'Join Our Community of Gardeners and Grow Together at My Garden Shop','<p>Welcome to My Garden Shop, where we celebrate and honor our community heroes - the gardeners who bring beauty and life to our neighborhoods. Our shop is a gathering place for plant enthusiasts of all levels, from beginners to seasoned pros, to come together and share their love of gardening. At My Garden Shop, we believe in the power of community and the impact that gardening can have on bringing people together. Whether you\'re looking for tips on how to care for your plants, advice on what to plant in your garden, or simply want to connect with like-minded individuals, you\'ll find a supportive and welcoming environment here. Join us in cultivating beautiful gardens and fostering a sense of community through our shared passion for gardening. Together, we can make our neighborhoods more vibrant and green, one plant at a time. Thank you to all of our community heroes who make our world a more beautiful place through their love of gardening.</p>','My Garden Shop: Celebrating Community Heroes and Cultivating Beautiful Gardens','Welcome to My Garden Shop, a community hub for plant enthusiasts of all levels to come together and celebrate the beauty of gardening. Join us in cultivating vibrant gardens and fostering a sense of community through our shared passion for plants. Thank you to all the gardeners who make our neighborhoods more beautiful.','Welcome to My Garden Shop, where we celebrate and honor our community heroes - the gardeners who bring beauty and life to our neighborhoods. Our shop is a gathering place for plant enthusiasts of all levels, from beginners to seasoned pros, to come together and share their love of gardening.At My Garden Shop, we believe in the power of community and t',0.00,0.00,0.00,'',0.00,'',0,'2023-02-23','2026-05-30',1,1,0,2569,'2024-03-25-22-25-47','Richmond Street East','50','Oshawa','My Garden Shop is a community of gardeners coming together to share their love of gardening and grow together. Whether you\'re a seasoned gardener or just starting out, you\'ll find a welcoming and supportive environment to learn, share tips, and connect wi','Canada','Ontario','','2023-02-23','2026-05-30',1,'',NULL,'43.90077597','-78.86552811',0,'2024-03-25 22:25:06',0,'00:00:00','00:00:00',NULL,109,1,1,20,1000,0,'L1G 8C52',1,36,'',NULL,'-11:00',1,NULL,NULL,'',0,0.0,NULL),
(131,-1,0,'Limited Time Offer: Handmade Nichabau Guitars - Elevate Your Music Experience Today!','Introducing our exclusive offer for Community Heroes! At Nichabau Guitars, we understand the importance of recognizing and honoring those who go above and beyond to serve their communities. That\'s why we are proud to offer a special discount on our handmade guitars for all community heroes, including first responders, healthcare workers, teachers, and more.\n\nOur guitars are meticulously crafted with exceptional attention to detail and quality craftsmanship, ensuring that each instrument is not only beautiful but also delivers exceptional sound and playability. Whether you are a professional musician looking for a top-of-the-line instrument or a hobbyist seeking a unique addition to your collection, Nichabau Guitars has a range of custom options to suit your individual style and preferences.\n\nAs a token of our appreciation for your dedication and service to your community, we are offering an exclusive discount on all of our handmade guitars. Simply present your identification or proof of service to receive this special offer. Join us in celebrating our community heroes and let us help you find the perfect guitar to inspire your music and creativity. Thank you for all that you do!','Exclusive Offer for Community Heroes: Special Discount on Handmade Guitars at Nichabau Guitars','Celebrate community heroes with our exclusive offer at Nichabau Guitars! Enjoy a special discount on our handmade guitars for first responders, healthcare workers, teachers, and more. Our meticulously crafted instruments deliver exceptional sound and playability, with custom options to suit your style. Show your ID or proof of service to receive this token of appreciation. Let us help you find the perfect guitar to inspire your music and creativity. Thank you for all that you do!','Thank you for your dedication and service to your community! As a community hero, you deserve to be recognized and honored for your selfless acts of kindness and service. That\'s why we are excited to offer you an exclusive discount on our handmade guitars at Nichabau Guitars. Our guitars are crafted with exceptional attention to detail and quality craftsmanship, ensuring that you receive a beautiful instrument that delivers exceptional sound and playability.\n\nSimply present your identification or proof of service to receive this special offer and let us help you find the perfect guitar to inspire your music and creativity. Thank you for all that you do - you truly are a hero in our eyes.',0.00,0.00,0.00,'',0.00,'',0,'2023-02-24','2026-05-31',1,1,0,331,'2024-03-25-22-25-48','Richmond Street East','50','Oshawa','Nichabau Guitars specializes in crafting handmade guitars with exceptional attention to detail and quality craftsmanship. Each guitar is meticulously constructed to provide musicians with a unique and beautiful instrument that delivers exceptional sound a','Canada','Ontario','','2023-02-24','2026-05-31',1,'',NULL,'43.90077597','-78.86552811',0,'2024-03-25 22:25:06',0,'00:00:00','00:00:00',NULL,NULL,1,1,20,1000,NULL,'L1G 8C53',1,36,'',NULL,NULL,1,NULL,NULL,NULL,0,0.0,NULL),
(132,-1,0,'Get Your Favorite Meals Delivered at a Discount with Order Eats!','Introducing Order Eats, the discount food delivery service that celebrates our community heroes! We understand the hard work and dedication that our local heroes put in every day, which is why we are offering exclusive discounts on meals from a variety of restaurants in your area. Whether you\'re a healthcare worker, first responder, teacher, or essential worker, we want to show our appreciation by providing you with delicious meals at a discounted price. Simply place your order through Order Eats and enjoy your favorite dishes delivered right to your door without breaking the bank. Thank you for all that you do - let us take care of you for a change!','Order Eats: Discount Food Delivery for Community Heroes - Exclusive Discounts for Healthcare Workers','Order Eats is a discount food delivery service that honors community heroes with exclusive discounts on meals from local restaurants. Whether you\'re a healthcare worker, first responder, teacher, or essential worker, we want to show our appreciation by providing delicious meals at a discounted price. Place your order through Order Eats and enjoy your favorite dishes delivered right to your door without breaking the bank. Let us take care of you for a change - thank you for all that you do!','Loading...',0.00,0.00,0.00,'',0.00,'',0,'2023-02-25','2026-06-01',1,1,0,331,'2024-03-25-22-25-49','Richmond Street East','50','Oshawa','Order Eats is a discount food delivery service that allows customers to order their favorite meals from local restaurants at a discounted price. With a wide selection of restaurants to choose from, customers can enjoy their favorite dishes delivered right','Canada','Ontario','','2023-02-25','2026-06-01',1,'',NULL,'43.90077597','-78.86552811',0,'2024-03-25 22:25:06',0,'00:00:00','00:00:00',NULL,NULL,1,1,20,1000,NULL,'L1G 8C54',1,36,'',NULL,NULL,1,NULL,NULL,NULL,0,0.0,NULL),
(133,-1,0,'Join Our Community Hob for Outdoor Adventure Enthusiasts - Where Outdoor Adventure Matters!','Calling all Community Heros! Outdoor Adventure Matters is the ultimate hub for outdoor adventure enthusiasts like you. We are dedicated to bringing together individuals who are passionate about hiking, camping, rock climbing, and all things outdoors. As a member of our community, you will have the opportunity to connect with like-minded individuals, share valuable tips and advice, and plan epic adventures together. Join us today and become a part of a group of Community Heros who are committed to exploring the great outdoors and making a positive impact on the world around us. Let\'s embark on unforgettable adventures together and inspire others to do the same!','Join Outdoor Adventure Matters: The Ultimate Hub for Community Heros','Join Outdoor Adventure Matters, the ultimate hub for outdoor enthusiasts! Connect with like-minded individuals, share tips, and plan epic adventures. Become a Community Hero and make a positive impact on the world. Join us today!','Thank you for your dedication to outdoor adventure and for being a hero in your community! Outdoor Adventure Matters is thrilled to welcome you to our community of like-minded individuals who share a passion for hiking, camping, rock climbing, and all things outdoors. Together, we can inspire others to explore the great outdoors and make a positive impact on the world around us. Join us today and connect with fellow Community Heros who are committed to embarking on unforgettable adventures and creating lasting memories. Let\'s make a difference together and inspire others to embrace the beauty of nature.',0.00,0.00,0.00,'',0.00,'',0,'2023-02-26','2026-06-02',1,1,0,331,'2024-03-25-22-25-50','Richmond Street East','50','Oshawa','Outdoor Adventure Matters is a community hub for outdoor adventure enthusiasts. Whether you love hiking, camping, rock climbing, or any other outdoor activity, this is the place to connect with like-minded individuals, share tips and advice, and plan your','Canada','Ontario','','2023-02-26','2026-06-02',1,'',NULL,'43.90077597','-78.86552811',0,'2024-03-25 22:25:06',0,'00:00:00','00:00:00',NULL,NULL,1,1,20,1000,NULL,'L1G 8C55',1,36,'',NULL,NULL,1,NULL,NULL,NULL,0,0.0,NULL),
(134,-1,0,'Unleash Your Creativity with Painting Canvas - Join Our Community of Artists and Creative Cam Videos!','Calling all Community Heros! Are you a passionate artist or creative individual looking to connect with like-minded individuals and share your love for art? Look no further than Painting Canvas! Our vibrant community is dedicated to inspiring and supporting one another through cam videos, creating a hub for collaboration and creativity. Join us today and let your imagination run wild as you become a part of our community of Community Heros.','Join Painting Canvas: A Community for Passionate Artists and Creative Individuals','Join Painting Canvas, a vibrant community for passionate artists and creative individuals looking to connect and collaborate. Become a part of our community of Community Heros and let your imagination run wild through cam videos and support from like-minded individuals. Join us today and share your love for art!','#ERROR!',0.00,0.00,0.00,'',0.00,'',0,'2023-02-27','2026-06-03',1,1,0,331,'2024-03-25-22-25-51','Richmond Street East','50','Oshawa','Painting Canvas is a vibrant community of artists and creative individuals who come together to share their passion for art through cam videos. With a focus on connecting and inspiring one another, this platform is a hub for creativity and collaboration. ','Canada','Ontario','','2023-02-27','2026-06-03',1,'',NULL,'43.90077597','-78.86552811',0,'2024-03-25 22:25:06',0,'00:00:00','00:00:00',NULL,NULL,1,1,20,1000,NULL,'L1G 8C56',1,36,'',NULL,NULL,1,NULL,NULL,NULL,0,0.0,NULL),
(135,42,26,'Join Peoples Pet Matters and Connect with Fellow Pet Lovers!','<p>Are you a pet owner who goes above and beyond for your furry friend? Do you consider yourself a true Community Hero when it comes to caring for your pet? If so, Peoples Pet Matters is the perfect online community for you! At Peoples Pet Matters, we celebrate and honor pet owners who go the extra mile for their beloved animals. Whether you have a dog, cat, bird, or any other type of pet, our vibrant online community is a place where you can connect with like-minded individuals, share heartwarming stories, seek advice, and bask in the joys of pet ownership. As a Community Hero at Peoples Pet Matters, you will have the opportunity to showcase your dedication to your pet and inspire others to do the same. Join us in celebrating the special bond between humans and their furry companions, and let your love for your pet shine bright in our supportive and welcoming community. Become a part of Peoples Pet Matters today and connect with fellow Community Heroes who share your passion for pets!</p>','Peoples Pet Matters: Join Our Community of Community Heroes Dedicated to Pet Care','Join Peoples Pet Matters, the online community for pet owners who go above and beyond for their furry friends. Connect with like-minded individuals, share stories, seek advice, and celebrate the special bond between humans and their pets. Become a Community Hero and inspire others to care for their pets with love and dedication. Join us today and connect with fellow pet lovers!','Thank you for being a dedicated pet owner and for going above and beyond for your furry friend! Peoples Pet Matters is excited to welcome you to our community of like-minded individuals who share a deep love for their pets. Together, we can celebrate the special bond between humans and animals and inspire others to provide the best care for their belove',0.00,0.00,0.00,'',0.00,'',0,'2023-02-28','2026-06-04',1,1,0,2649,'2024-03-25-22-25-52','Richmond Street East','50','Oshawa','Peoples Pet Matters is a vibrant online community dedicated to pet lovers. Whether you have a dog, cat, bird, or any other furry friend, this community is a place to connect with other pet owners, share stories, ask for advice, and celebrate the joys of p','Canada','Ontario','','2023-02-28','2026-06-04',1,'',NULL,'43.90077597','-78.86552811',0,'2024-03-25 22:25:06',0,'00:00:00','00:00:00',NULL,141,1,1,20,1000,49,'L1G 8C57',1,36,'',NULL,'-11:00',1,NULL,NULL,'',0,0.0,NULL),
(163,7,26,'Oak & Ale Sunday Specials','<p>Join us every Sunday at The Oak and Ale Public House for unbeatable specials on Caesars, domestic beers, and wings. Perfect for a casual afternoon with friends, great drinks, and delicious food.</p>','The Oak and Ale Public House - Sunday Specials','','',0.00,0.00,0.00,'',0.00,'',0,'2029-03-16','2029-03-21',0,1,0,1245,'oak-and-ale-sunday','','Suite 601','oshawa','Join us every Sunday at The Oak and Ale Public House for unbeatable specials on Caesars, domestic beers, and wings. Perfect for a casual afternoon with friends, great drinks, and delicious food.','Durham Region','ON','',NULL,NULL,1,NULL,NULL,'43.91800226440977','-78.9468090700799',0,'2024-09-23 20:04:28',0,'00:00:00','00:00:00',NULL,143,2,1,100,NULL,49,'L1G 7C9',1,36,'',1,'-05:00',1,NULL,NULL,'info@theoakandale.com',0,0.0,NULL),
(136,17,26,'Get Your DIY Supplies Delivered with Pick Up Pal - Your Local Pick and Delivery App!','<p>Introducing Pick Up Pal, the local DIY pick and delivery app designed for our community heroes. Whether you\'re a busy parent juggling work and family responsibilities, a frontline worker putting in long hours to keep us safe, or a volunteer helping those in need, Pick Up Pal is here to make your life easier. With our user-friendly interface, scheduling and tracking pickups and deliveries for groceries, packages, and more has never been simpler. Say goodbye to the stress of running errands and let Pick Up Pal handle the heavy lifting for you. Our reliable service ensures that your items are safely and promptly delivered to their destination, giving you peace of mind and more time to focus on what truly matters. Join our community of heroes and let Pick Up Pal be your trusted partner in getting things done. Download the app today and experience the convenience of having a personal assistant at your fingertips. Thank you for all that you do, and let Pick Up Pal take care of the rest.</p>','Introducing Pick Up Pal: The Local DIY Pick and Delivery App for Community Heroes','Discover Pick Up Pal, the local DIY pick and delivery app for community heroes. Simplify your life with easy scheduling and tracking for groceries, packages, and more. Let us handle the heavy lifting so you can focus on what matters. Download the app today and join our community of heroes.','Loading...',0.00,0.00,0.00,'',0.00,'',0,'2023-03-01','2026-06-05',1,1,0,2554,'2024-03-25-22-25-53','Richmond Street East','50','Oshawa','Pick Up Pal is a local DIY pick and delivery app that allows users to easily schedule and track pickups and deliveries for items such as groceries, packages, and more. With a user-friendly interface and reliable service, Pick Up Pal makes it convenient fo','Canada','Ontario','','2023-03-01','2026-06-05',1,'',NULL,'43.90077597','-78.86552811',0,'2024-03-25 22:25:06',0,'00:00:00','00:00:00',NULL,81,1,1,20,1000,0,'L1G 8C58',1,36,'',NULL,'-11:00',1,NULL,NULL,'',0,0.0,NULL),
(137,8,26,'DIY Local GroupOn, GIVE-BACK Gift Cards by:PlanetGitCards. - Sell Local Discount for Fundraising','<p>Introducing Planet Git Cards, the ultimate solution for community heroes looking to raise funds for their organizations! With our discounted gift cards, you can easily raise money while offering your supporters amazing deals on a wide variety of brands. Whether you\'re fundraising for a school, sports team, or charity, Planet Git Cards has you covered. By partnering with us, you can make fundraising a breeze and provide your community with the opportunity to support your cause while enjoying discounts on their favorite products and services. With our user-friendly platform and extensive selection of gift cards, you can easily customize your fundraising campaign to meet your specific needs and goals. Join the ranks of our community heroes who have successfully raised funds and made a positive impact on their organizations. Let Planet Git Cards help you make a difference and achieve your fundraising goals today!</p>','Planet Git Cards: The Ultimate Solution for Community Heroes Looking to Raise Funds','Planet Git Cards is the ultimate solution for community heroes looking to raise funds for their organizations. With discounted gift cards, you can easily raise money while offering supporters amazing deals on a wide variety of brands. Partner with us to make fundraising a breeze and provide your community with the opportunity to support your cause. Customize your campaign and achieve your fundraising goals with Planet Git Cards today!','Loading...',0.00,0.00,0.00,'',0.00,'',0,'2023-03-02','2026-06-06',1,1,0,2733,'2024-03-25-22-25-54','Mary Street North','','Bowmanville, Ontario','Planet Git Cards offers discounted gift cards for fundraising purposes. With a wide variety of gift cards available at a discounted price, organizations can raise funds while providing supporters with great deals on their favorite brands. Whether it\'s for','Durham Region','Ontario','','2023-03-02','2026-06-06',1,'',NULL,'43.9004605','-78.8611213',1,'2024-03-25 22:25:06',0,'00:00:00','00:00:00',NULL,268,1,1,20,1000,49,'L1G 8C9',1,36,'',3,'-11:00',1,NULL,NULL,'canadasmarketplace@gmail.com',0,0.0,NULL),
(138,-1,0,'Unlock Your Potential with Positive Mind Promotions - Empower Yourself Today!','Introducing our exclusive offer for Community Heroes! Positive Mind Promotions is proud to support those who go above and beyond to make a difference in their communities. Our incentive and empowerment-based promotions are designed to motivate and empower individuals like you, who selflessly dedicate their time and energy to helping others.\n\nWith a focus on positivity and personal growth, our unique strategies will help you reach your goals and continue making a positive impact in your community. Whether you are a healthcare worker, first responder, teacher, or volunteer, we believe that your hard work and dedication deserve to be recognized and rewarded.\n\nJoin us in our mission to uplift and empower Community Heroes like yourself. Let Positive Mind Promotions be your partner in achieving success in both your personal and professional life. Together, we can continue to spread positivity and make a difference in the world. Thank you for all that you do!','Exclusive Offer for Community Heroes: Empowerment-Based Promotions from Positive Mind Promotions','Positive Mind Promotions is offering an exclusive incentive for Community Heroes who selflessly dedicate their time to making a difference. Our empowerment-based promotions are designed to motivate and uplift individuals like you, whether you are a healthcare worker, first responder, teacher, or volunteer. Join us in our mission to recognize and reward your hard work and dedication. Together, we can continue to spread positivity and make a difference in the world. Thank you for all that you do!','#ERROR!',0.00,0.00,0.00,'',0.00,'',0,'2023-03-03','2026-06-07',0,-1,0,331,'2024-03-25-22-25-55','Richmond Street East','50','Oshawa','Positive Mind Promotions is a company that specializes in incentive and empowerment-based promotions. They offer unique strategies to motivate individuals and empower them to reach their goals. With a focus on positivity and personal growth, Positive Mind','Canada','Ontario','','2023-03-03','2026-06-07',1,'',NULL,'43.90077597','-78.86552811',0,'2024-03-25 22:25:06',0,'00:00:00','00:00:00',NULL,NULL,1,1,20,1000,NULL,'L1G 8C60',1,36,'',NULL,NULL,1,NULL,NULL,NULL,0,0.0,NULL),
(139,4,26,'Unbeatable Wholesale Prices on Print and Poster Services!','<p>Are you a community hero looking for high-quality wholesale printing services for your prints and posters? Look no further! Our printing services are perfect for those who go above and beyond to serve their communities. We offer competitive prices and fast turnaround times to meet all your printing needs. Whether you need promotional materials for your community events or custom prints to showcase your heroic deeds, we\'ve got you covered. Contact us today to learn more about our wholesale printing services and let us help you continue making a difference in your community.</p>','Wholesale Printing Services for Community Heroes | Competitive Prices & Fast Turnaround','Looking for high-quality wholesale printing services for your prints and posters? Our services are perfect for community heroes who go above and beyond. Competitive prices and fast turnaround times for all your printing needs. Contact us today to learn more and continue making a difference in your community.','#ERROR!',0.00,0.00,0.00,'',0.00,'',0,'2023-03-04','2026-06-08',1,1,0,2626,'2024-03-25-22-25-56','Richmond Street East','50','Oshawa','Looking for high-quality wholesale printing services for your prints and posters? Look no further! Our printing services offer competitive prices and fast turnaround times to meet all your printing needs. Whether you need promotional materials for your bu','Canada','Ontario','','2023-03-04','2026-06-08',1,'',NULL,'43.90077597','-78.86552811',0,'2024-03-25 22:25:06',0,'00:00:00','00:00:00',NULL,141,1,1,20,1000,0,'L1G 8C61',1,36,'',NULL,'-11:00',1,NULL,NULL,'',0,0.0,NULL),
(140,-1,0,'Boost Your Business with Project Tree WiFi - Unlock the Power of WiFi Marketing Today!','Introducing Project Tree WiFi, the ultimate wifi marketing platform designed to empower Community Heroes in engaging with their customers like never before. With Project Tree WiFi, businesses can easily collect valuable customer data, send personalized messages, and track the success of their marketing campaigns. By utilizing this innovative platform, Community Heroes can increase customer loyalty, drive sales, and create meaningful connections with their customers. Say goodbye to traditional marketing methods and hello to a new era of strategic wifi marketing strategies with Project Tree WiFi. Join the community of heroes today and revolutionize the way you engage with your customers!','Revolutionize Customer Engagement with Project Tree WiFi: The Ultimate WiFi Marketing Platform for C','Discover Project Tree WiFi, the leading wifi marketing platform for Community Heroes. Easily collect customer data, send personalized messages, and track campaign success. Increase loyalty, drive sales, and create connections with customers. Say goodbye to traditional marketing and hello to strategic wifi marketing with Project Tree WiFi. Join the community of heroes today!','Loading...',0.00,0.00,0.00,'',0.00,'',0,'2023-03-05','2026-06-09',1,1,0,332,'2024-03-25-22-25-57','Richmond Street East','50','Oshawa','Project Tree WiFi is a wifi marketing platform that helps businesses engage with customers through targeted marketing campaigns and analytics. With Project Tree WiFi, businesses can collect customer data, send personalized messages, and track the effectiv','Canada','Ontario','','2023-03-05','2026-06-09',1,'',NULL,'43.90077597','-78.86552811',0,'2024-03-25 22:25:06',0,'00:00:00','00:00:00',NULL,NULL,1,1,20,1000,NULL,'L1G 8C62',1,36,'',NULL,NULL,1,NULL,NULL,NULL,0,0.0,NULL),
(141,-1,0,'Unlock the Healing Power of Psychedelics: Discover the Benefits of Psychedelics as Medicine Today!','Join us for a special screening of \"Psychedelics as Medicine,\" a groundbreaking documentary that sheds light on the use of psychedelic substances for therapeutic purposes. This thought-provoking film delves into the potential benefits and risks of using substances like psilocybin, LSD, and MDMA to treat mental health conditions such as depression, anxiety, and PTSD.\n\nAs a thank you to our community heroes, we are offering a discounted ticket price for first responders, healthcare workers, and other essential workers who have been on the front lines during these challenging times. Your dedication and sacrifice have not gone unnoticed, and we want to show our appreciation by providing you with an opportunity to learn more about this innovative approach to mental health treatment.\n\nJoin us for a night of education, discussion, and inspiration as we explore the healing effects of psychedelics in a clinical setting. Hear from researchers, therapists, and patients who have experienced firsthand the transformative power of these substances. Don\'t miss this chance to be a part of the conversation and support our community heroes. Get your tickets now and be a part of this important discussion.','Special Screening of \"Psychedelics as Medicine\" | Discounted Tickets for Community Heroes','Join us for a special screening of \"Psychedelics as Medicine,\" a groundbreaking documentary exploring the use of psychedelic substances for mental health treatment. Discounted tickets available for community heroes like first responders and healthcare workers. Learn about the potential benefits and risks of using substances like psilocybin, LSD, and MDMA. Don\'t miss this opportunity to be part of the conversation and support our essential workers. Get your tickets now!','#ERROR!',0.00,0.00,0.00,'',0.00,'',0,'2023-03-06','2026-06-10',1,1,0,380,'2024-03-25-22-25-58','Richmond Street East','50','Oshawa','Psychedelics as Medicine explores the growing trend of using psychedelic substances such as psilocybin, LSD, and MDMA for therapeutic purposes. This controversial topic delves into the potential benefits and risks of using these substances to treat mental','Canada','Ontario','','2023-03-06','2026-06-10',1,'',NULL,'43.90077597','-78.86552811',0,'2024-03-25 22:25:06',0,'00:00:00','00:00:00',NULL,NULL,1,1,20,1000,NULL,'L1G 8C63',1,36,'',NULL,NULL,1,NULL,NULL,NULL,0,0.0,NULL),
(142,70,26,'Unwind with Rhythm and Wines: Experience Wine Tasting, Music, and Networking at our Events and Podca','<p>Calling all Community Heros! Are you ready to indulge in a unique sensory experience that combines the love of wine with the enjoyment of music? Look no further than Rhythm and Wines! Join us for our exclusive wine tasting events, network gatherings, and engaging podcasts that explore the intersection of these two passions. As a Community Hero, you\'ll have the opportunity to connect with like-minded individuals, expand your knowledge of wine and music, and enjoy a truly unforgettable experience. Don\'t miss out on this opportunity to delight your taste buds and your ears with Rhythm and Wines. Become a part of our community today and elevate your wine and music experience to new heights!</p>','Rhythm and Wines: Elevate Your Wine and Music Experience with Our Exclusive Events and Podcasts','Indulge in a unique sensory experience with Rhythm and Wines! Join us for exclusive wine tasting events, network gatherings, and engaging podcasts that explore the intersection of wine and music. Connect with like-minded individuals, expand your knowledge, and elevate your experience. Become a part of our community of Community Heros today!','#ERROR!',0.00,0.00,0.00,'',0.00,'',0,'2023-03-07','2026-06-11',1,1,0,2599,'2024-03-25-22-25-59','Richmond Street East','50','Oshawa','Rhythm and Wines is a unique platform that combines the love of wine with the enjoyment of music. They host wine tasting events, network gatherings, and produce podcasts that explore the intersection of these two passions. Join them for a sensory experien','Canada','Ontario','','2023-03-07','2026-06-11',1,'',NULL,'43.90077597','-78.86552811',0,'2024-03-25 22:25:06',0,'00:00:00','00:00:00',NULL,87,1,1,20,1000,0,'L1G 8C64',1,36,'',NULL,'-11:00',1,NULL,NULL,'',0,0.0,NULL),
(143,7,26,'Boost Your Brand with Rich Prince Media\'s Expert Digital Media Marketing Services!','<p>Introducing our exclusive offer for Community Heroes! At Rich Prince Media, we understand the importance of supporting those who make a positive impact in our communities. That\'s why we are excited to offer our top-notch digital media marketing services to Community Heroes at a discounted rate. Our team of experienced professionals will work closely with Community Heroes to create customized digital marketing strategies that will help increase their online presence and reach their target audience. From social media management to search engine optimization and content creation, we have the tools and expertise to help Community Heroes grow and succeed in the digital world. Whether you are a non-profit organization, a local charity, or an individual making a difference in your community, we are here to support you. Let us help you amplify your message and expand your reach so you can continue to make a positive impact in the world. Contact us today to learn more about our special offer for Community Heroes and how we can help you achieve your digital marketing goals. Together, we can make a difference!</p>','Exclusive Offer for Community Heroes: Discounted Digital Marketing Services at Rich Prince Media','Rich Prince Media is offering an exclusive discount on digital media marketing services for Community Heroes. Our experienced team will work with you to create customized strategies to increase your online presence and reach your target audience. Whether you\'re a non-profit organization or an individual making a difference, we\'re here to support you. Contact us today to learn more about our special offer and how we can help you achieve your digital marketing goals.','Loading...',0.00,0.00,0.00,'',0.00,'',0,'2023-03-08','2026-06-12',1,1,0,2763,'2024-03-25-22-25-60','Richmond Street East','50','Oshawa','Rich Prince Media is a digital media marketing company that specializes in helping businesses increase their online presence and reach their target audience through various digital marketing strategies. With a team of experienced professionals, they offer','Canada','Ontario','','2023-03-08','2026-06-12',1,'',NULL,'43.90063959287193','-78.86195052192333',0,'2024-03-25 22:25:06',0,'00:00:00','00:00:00',NULL,243,1,1,20,1000,0,'L1G 8C65',1,36,'',NULL,'-11:00',1,NULL,NULL,'',1,0.0,NULL),
(144,-1,0,'Join Royal Canadian Legion Branch 43 and Support Our Veterans Today!','Join us at Royal Canadian Legion Branch 43, where we honor and support our community heroes - our veterans and their families. Our organization is dedicated to providing a range of programs and services to ensure that those who have served in the Canadian Armed Forces are recognized and supported. From social events to advocacy and support for veterans in need, we are committed to promoting remembrance and commemoration of our brave servicemen and women. Become a part of our community and help us continue to support our heroes.','Royal Canadian Legion Branch 43: Honoring and Supporting Our Community Heroes','Join us at Royal Canadian Legion Branch 43 to honor and support our community heroes - veterans and their families. Our organization offers programs and services to recognize and support those who have served in the Canadian Armed Forces. From social events to advocacy and support for veterans in need, we are dedicated to promoting remembrance and commemoration. Join our community and help us continue to support our heroes.','Loading...',0.00,0.00,0.00,'',0.00,'',0,'2023-03-09','2026-06-13',0,-1,0,331,'2024-03-25-22-25-61','Richmond Street East','50','Oshawa','Royal Canadian Legion Branch 43 is a community organization dedicated to supporting veterans and their families, as well as promoting remembrance and commemoration of those who have served in the Canadian Armed Forces. They offer a variety of programs and','Canada','Ontario','','2023-03-09','2026-06-13',1,'',NULL,'43.90077597','-78.86552811',0,'2024-03-25 22:25:06',0,'00:00:00','00:00:00',NULL,NULL,1,1,20,1000,NULL,'L1G 8C66',1,36,'',NULL,NULL,1,NULL,NULL,NULL,0,0.0,NULL),
(145,7,26,'Revitalize Your Ride with Our Spotless Auto Services!','<p>Spotless Auto Services is proud to offer a special discount to our community heroes! Our professional car detailing and cleaning service is perfect for those who go above and beyond to serve and protect our community. Our team of experienced technicians use top-of-the-line products and equipment to ensure that every vehicle leaves looking spotless and refreshed. Whether you need a basic wash or a full detailing service, Spotless Auto Services is dedicated to providing exceptional results and customer satisfaction. As a token of our appreciation, we are offering a special discount to all community heroes who trust us with their vehicle cleaning needs. Thank you for all that you do, and let us help you keep your vehicle looking its best!</p>','Special Discount for Community Heroes at Spotless Auto Services: Professional Car Detailing and Clea','Spotless Auto Services offers a special discount to community heroes for professional car detailing and cleaning services. Our experienced technicians use top-of-the-line products to ensure every vehicle leaves looking spotless. Whether you need a basic wash or full detailing, we are dedicated to exceptional results and customer satisfaction. Thank you for your service, let us help keep your vehicle looking its best!','Loading...',0.00,0.00,0.00,'',0.00,'',0,'2023-03-10','2026-06-14',1,1,0,2596,'2024-03-25-22-25-62','Richmond Street East','50','Oshawa','Spotless Auto Services is a professional car detailing and cleaning service that specializes in providing high-quality cleaning and maintenance for vehicles. Their team of experienced technicians use top-of-the-line products and equipment to ensure that e','Canada','Ontario','','2023-03-10','2026-06-14',1,'',NULL,'43.90077597','-78.86552811',0,'2024-03-25 22:25:07',0,'00:00:00','00:00:00',NULL,138,1,1,20,1000,0,'L1G 8C67',1,36,'',NULL,'-11:00',1,NULL,NULL,'',0,0.0,NULL),
(146,-1,0,'Unbeatable Offer: Enjoy Happy Hour Specials at Stags Head Bar and Grill!','Calling all Community Heros! Stags Head Bar and Grill wants to show our appreciation for all that you do by offering an exclusive discount just for you. Come enjoy our cozy and inviting atmosphere while indulging in our delicious food and extensive drink menu. Whether you\'re looking to unwind after a long day of serving others or simply want to relax with friends, Stags Head Bar and Grill is the perfect spot for you. Join us and let us treat you like the hero you are.','Exclusive Discount for Community Heros at Stags Head Bar and Grill - Unwind and Indulge in Delicious','Calling all Community Heros! Enjoy an exclusive discount at Stags Head Bar and Grill as a token of our appreciation for all that you do. Relax in our cozy atmosphere, indulge in delicious food, and choose from our extensive drink menu. Whether unwinding after a long day or catching up with friends, let us treat you like the hero you are. Join us today!','#ERROR!',0.00,0.00,0.00,'',0.00,'',0,'2023-03-11','2026-06-15',0,-1,0,331,'2024-03-25-22-25-63','Richmond Street East','50','Oshawa','Stags Head Bar and Grill is a cozy and inviting restaurant located in the heart of town. Known for its delicious food, friendly atmosphere, and extensive drink menu, it is a popular spot for locals and visitors alike. Whether you\'re looking for a casual m','Canada','Ontario','','2023-03-11','2026-06-15',1,'',NULL,'43.90077597','-78.86552811',0,'2024-03-25 22:25:07',0,'00:00:00','00:00:00',NULL,NULL,1,1,20,1000,NULL,'L1G 8C68',1,36,'',NULL,NULL,1,NULL,NULL,NULL,0,0.0,NULL),
(147,-1,0,'Join Strong Mind Promotions: Your Online Community for Positive Mental Health','Join Strong Mind Promotions, an online community dedicated to supporting and promoting positive mental health. Our platform offers a variety of resources, support, and discussions to help members strengthen their mental well-being and support others on their journey towards a healthier mind. Become a part of our community of heroes who are committed to fostering positivity and mental wellness for all. Join us today and make a difference in the lives of others.','Join Strong Mind Promotions: A Community for Positive Mental Health Support and Resources','Join Strong Mind Promotions, an online community focused on promoting positive mental health. Access resources, support, and discussions to strengthen your mental well-being and support others. Join our community of heroes dedicated to fostering positivity and mental wellness. Make a difference in the lives of others - join us today!','#ERROR!',0.00,0.00,0.00,'',0.00,'',0,'2023-03-12','2026-06-16',0,-1,0,331,'2024-03-25-22-25-64','Richmond Street East','50','Oshawa','Strong Mind Promotions is an online community dedicated to promoting positive mental health. Through various resources, support, and discussions, members are encouraged to strengthen their mental well-being and support others in their journey towards a he','Canada','Ontario','','2023-03-12','2026-06-16',1,'',NULL,'43.90077597','-78.86552811',0,'2024-03-25 22:25:07',0,'00:00:00','00:00:00',NULL,NULL,1,1,20,1000,NULL,'L1G 8C69',1,36,'',NULL,NULL,1,NULL,NULL,NULL,0,0.0,NULL),
(148,-1,0,'Escape to Summers Mountain House - Your Family Farmhouse Retreat!','Calling all Community Heros! Summers Mountain House is a charming family farmhouse available for rent on Airbnb, offering a peaceful retreat in the countryside. This cozy accommodation is the perfect place for those who work tirelessly to serve and support their communities to unwind and recharge. With spacious rooms, a fully equipped kitchen, and beautiful views of the surrounding mountains, Summers Mountain House provides a serene backdrop for Community Heros to relax and rejuvenate with their loved ones. Book your stay now and treat yourself to a well-deserved break at this idyllic getaway.','Escape to Summers Mountain House: A Peaceful Retreat for Community Heros on Airbnb','Escape to the peaceful countryside at Summers Mountain House, a charming family farmhouse available for rent on Airbnb. Perfect for Community Heros looking to unwind and recharge, this cozy accommodation offers spacious rooms, a fully equipped kitchen, and stunning mountain views. Treat yourself to a well-deserved break and book your stay now at this idyllic retreat.','Loading...',0.00,0.00,0.00,'',0.00,'',0,'2023-03-13','2026-06-17',0,-1,0,331,'2024-03-25-22-25-65','Richmond Street East','50','Oshawa','Summers Mountain House is a charming family farmhouse available for rent on Airbnb. Nestled in the countryside, this cozy accommodation offers a peaceful retreat for guests looking to escape the hustle and bustle of city life. With spacious rooms, a fully','Canada','Ontario','','2023-03-13','2026-06-17',1,'',NULL,'43.90077597','-78.86552811',0,'2024-03-25 22:25:07',0,'00:00:00','00:00:00',NULL,NULL,1,1,20,1000,NULL,'L1G 8C70',1,36,'',NULL,NULL,1,NULL,NULL,NULL,0,0.0,NULL),
(149,49,26,'Experience the Difference with Sure Clean Company - Your Premier Commercial Cleaning Partner with Cu','<p>Introducing our exclusive offer for Community Heroes! Sure Clean Company is proud to offer our specialized commercial cleaning services to those who go above and beyond to serve our community. With our Clean Air Technology, we guarantee a safe and healthy environment for all those who work tirelessly to keep our community safe and thriving. Our innovative approach not only ensures that all surfaces are thoroughly cleaned and sanitized, but also improves air quality for a more comfortable and productive workspace. Trust Sure Clean Company to keep your commercial space clean and healthy, so you can focus on what matters most - serving our community. Contact us today to learn more about our special offer for Community Heroes and let us take care of the cleaning, so you can continue to be the hero our community needs.</p>','Special Offer for Community Heroes: Commercial Cleaning Services with Clean Air Technology | Sure Cl','Sure Clean Company is offering an exclusive commercial cleaning service for Community Heroes. Our Clean Air Technology guarantees a safe and healthy environment for those who serve our community. Trust us to keep your workspace clean and healthy so you can focus on what matters most. Contact us today to learn more about our special offer.','#ERROR!',0.00,0.00,0.00,'',0.00,'',0,'2023-03-14','2026-06-18',1,1,0,2657,'2024-03-25-22-25-66','Richmond Street East','50','Oshawa','Sure Clean Company is a commercial cleaning company that specializes in using Clean Air Technology to provide a safe and healthy environment for their clients. Their innovative approach ensures that all surfaces are thoroughly cleaned and sanitized, while','Canada','Ontario','','2023-03-14','2026-06-18',1,'',NULL,'43.90077597','-78.86552811',0,'2024-03-25 22:25:07',0,'00:00:00','00:00:00',NULL,93,1,1,20,1000,49,'L1G 8C71',1,36,'',1,'-11:00',1,NULL,NULL,'',0,0.0,NULL),
(150,-1,0,'Indulge in Sweet Delights with The Bakers Box - Your Favorite Treats Await!','Introducing The Bakers Box, a specially curated selection of delightful treats designed to bring joy to your day. Each box is filled with your favorite sweets, perfect for satisfying your sweet tooth or gifting to a loved one. But what makes The Bakers Box truly special is our focus on community heroes. \n\nWe believe that those who go above and beyond to make a difference in their communities deserve to be recognized and celebrated. That\'s why a portion of every purchase of The Bakers Box goes towards supporting local community heroes who are making a positive impact in their neighborhoods. \n\nSo not only will you be indulging in delicious treats, but you\'ll also be supporting those who are working tirelessly to make the world a better place. Treat yourself or someone special to a box of happiness with The Bakers Box and join us in honoring our community heroes.','Introducing The Bakers Box: Delicious Treats Supporting Community Heroes','Indulge in delicious treats while supporting local community heroes with The Bakers Box. Each curated box is filled with delightful sweets and a portion of every purchase goes towards recognizing those making a positive impact in their neighborhoods. Treat yourself or a loved one to a box of happiness and join us in honoring our community heroes.','#ERROR!',0.00,0.00,0.00,'',0.00,'',0,'2023-03-15','2026-06-19',0,-1,0,331,'2024-03-25-22-25-67','Richmond Street East','50','Oshawa','The Bakers Box is a curated selection of delightful treats featuring your most favorite sweets. Perfect for satisfying your sweet tooth or gifting to a loved one, each box is filled with a variety of delicious goodies that are sure to bring joy to any occ','Canada','Ontario','','2023-03-15','2026-06-19',1,'',NULL,'43.90077597','-78.86552811',0,'2024-03-25 22:25:07',0,'00:00:00','00:00:00',NULL,NULL,1,1,20,1000,NULL,'L1G 8C72',1,36,'',NULL,NULL,1,NULL,NULL,NULL,0,0.0,NULL),
(151,-1,0,'Unbeatable Deals on Wholesale Cannabis Supplies for Growers at The Cannabis Depot','Calling all Community Heros in the cannabis cultivation world! The Cannabis Depot is your go-to wholesale supplier for all your growing needs. From top-notch supplies to high-quality equipment, we have everything you need to support your growing operations and help you thrive as a hero in your community. Join us and let\'s work together to cultivate success and make a positive impact in the cannabis industry. Shop now and become a true Community Hero with The Cannabis Depot!','The Cannabis Depot: Your Wholesale Supplier for Cannabis Cultivation Heroes','Become a Community Hero in the cannabis cultivation world with The Cannabis Depot! Your go-to wholesale supplier for top-notch supplies and high-quality equipment. Join us to cultivate success and make a positive impact in the industry. Shop now and become a true hero in your community!','Loading...',0.00,0.00,0.00,'',0.00,'',0,'2023-03-16','2026-06-20',0,-1,0,331,'2024-03-25-22-25-68','Richmond Street East','50','Oshawa','The Cannabis Depot is a wholesale supplier that caters to growers looking for high-quality products for their cannabis cultivation needs. With a wide range of supplies and equipment available, growers can find everything they need to support their growing','Canada','Ontario','','2023-03-16','2026-06-20',1,'',NULL,'43.90077597','-78.86552811',0,'2024-03-25 22:25:07',0,'00:00:00','00:00:00',NULL,NULL,1,1,20,1000,NULL,'L1G 8C73',1,36,'',NULL,NULL,1,NULL,NULL,NULL,0,0.0,NULL),
(152,-1,0,'Invest in Your Future with The Great Life Investment Fund - Assisted Living Opportunity','Introducing the Community Heroes Investment Fund, a specialized fund dedicated to supporting and investing in businesses that cater to the needs of our aging population. As our seniors continue to be the backbone of our communities, it is crucial to provide them with high-quality care and services in assisted living facilities.\n\nBy investing in the Community Heroes Investment Fund, you are not only supporting the growth of businesses in the assisted living sector but also contributing to the well-being and comfort of our beloved seniors. With a focus on providing top-notch care and services, this fund aims to make a positive impact on the lives of our community heroes.\n\nInvestors can expect to see returns from a growing market as the demand for assisted living facilities continues to rise. Join us in honoring and supporting our seniors by investing in the Community Heroes Investment Fund today. Together, we can make a difference in the lives of those who have dedicated so much to our communities.','Invest in the Community Heroes Investment Fund to Support Businesses Catering to Seniors','Invest in the Community Heroes Investment Fund to support businesses catering to the needs of our aging population. By investing, you contribute to the well-being of seniors in assisted living facilities and help make a positive impact on their lives. Expect returns from a growing market as the demand for assisted living facilities rises. Join us in honoring and supporting our community heroes today.','Loading...',0.00,0.00,0.00,'',0.00,'',0,'2023-03-17','2026-06-21',0,-1,0,331,'2024-03-25-22-25-69','Richmond Street East','50','Oshawa','The Great Life Investment Fund is a specialized fund that focuses on investments in the assisted living sector. With a focus on providing high-quality care and services for seniors, this fund seeks to support and grow businesses that cater to the needs of','Canada','Ontario','','2023-03-17','2026-06-21',1,'',NULL,'43.90077597','-78.86552811',0,'2024-03-25 22:25:07',0,'00:00:00','00:00:00',NULL,NULL,1,1,20,1000,NULL,'L1G 8C74',1,36,'',NULL,NULL,1,NULL,NULL,NULL,0,0.0,NULL),
(153,7,26,'Stay Connected with Your Community - Join Our Neighbourhoods and Condo Communities Today!','<p>Are you a Community Hero looking to make a difference in your neighborhood? Look no further than Your Community Connected! Our platform is designed to bring residents together, share information about local events and services, and build a strong sense of community within your area. Whether you\'re organizing a community clean-up, hosting a neighborhood watch program, or simply looking to connect with your neighbors, Your Community Connected is the perfect place to do it. Join today and become a Community Hero in your neighborhood by building stronger connections with those around you. Together, we can make a positive impact in our community.</p>','Become a Community Hero with Your Community Connected: Building Stronger Connections in Your Neighbo','Become a Community Hero in your neighborhood with Your Community Connected! Join our platform to connect with residents, share local events and services, and build a strong sense of community. Whether you\'re organizing a clean-up or hosting a neighborhood watch program, we\'re here to help you make a positive impact. Join us today and start building stronger connections with your neighbors.','Loading...',0.00,0.00,0.00,'',0.00,'',0,'2023-03-18','2026-06-22',1,1,0,2844,'2024-03-25-22-25-70','Richmond Street East','50','Oshawa','Your Community Connected is a platform that aims to bring together residents of neighbourhoods and condo communities. Through this platform, residents can connect with their neighbors, share information about local events and services, and build a sense o','Canada','Ontario','','2023-03-18','2026-06-22',1,'',NULL,'43.90077597','-78.86552811',0,'2024-03-25 22:25:07',0,'00:00:00','00:00:00',NULL,252,1,1,20,1000,49,'L1G 8C75',1,36,'',NULL,'-11:00',1,NULL,NULL,'',0,0.0,NULL),
(154,-1,0,'Unbeatable Deal: Save Big on Your Next Purchase!','Are you a community hero looking for a way to give back and make a difference in your neighborhood? Look no further! Our offer is specifically designed for individuals who go above and beyond to support and uplift their community. As a community hero, you will receive exclusive benefits and rewards for your selfless acts of kindness and service. Join us in our mission to create a stronger, more connected community where everyone thrives. Together, we can make a real impact and inspire others to follow in your footsteps. Thank you for all that you do - you truly are a hero in our eyes.','Become a Community Hero and Make a Difference in Your Neighborhood - Exclusive Benefits and Rewards ','Calling all community heroes! Join us in our mission to make a difference in your neighborhood. Receive exclusive benefits and rewards for your selfless acts of kindness. Together, we can create a stronger, more connected community where everyone thrives. Thank you for all that you do - you truly are a hero in our eyes.','#ERROR!',0.00,0.00,0.00,'',0.00,'',0,'2023-03-19','2026-06-23',0,-1,0,331,'2024-03-25-22-25-71','Richmond Street East','50','Oshawa','A short description is a brief summary or explanation of something, typically providing key details or highlights in a concise manner. It is used to give readers a quick overview of a topic or subject without going into extensive detail.','Canada','Ontario','','2023-03-19','2026-06-23',1,'',NULL,'43.90077597','-78.86552811',0,'2024-03-25 22:25:07',0,'00:00:00','00:00:00',NULL,NULL,1,1,20,1000,NULL,'L1G 8C76',1,36,'',NULL,NULL,1,NULL,NULL,NULL,0,0.0,NULL),
(155,52,26,'$100 Gift CARD : Zeus Demolition and Disposal Professionals','<p>Zeus Demolitions is the premier demolition and disposal company that specializes in safely and efficiently tearing down structures and removing debris. Our team of experienced professionals and top-of-the-line equipment ensure that every project is completed with precision and care. Whether you\'re a firefighter, police officer, healthcare worker, or any other essential worker, Zeus Demolitions is here to support you in your mission to improve your community. From small residential demolitions to large commercial projects, we are dedicated to providing high-quality services to meet your needs. Join forces with Zeus Demolitions and let us help you make a difference in your community. Contact us today to learn more about our services and how we can support your heroic efforts.</p>','Zeus Demolitions: Your Partner in Community Impact and Heroic Efforts','Looking to make a positive impact in your neighborhood? Zeus Demolitions is the premier demolition and disposal company for community heroes like you. Our experienced professionals and top-of-the-line equipment ensure safe and efficient projects, from small residential demolitions to large commercial projects. Let us support your mission to improve your community - contact us today to learn more.','',100.00,75.00,0.00,'',0.00,'',1000,'2023-03-20','2026-06-24',1,1,0,3104,'2024-03-25-22-25-72','Richmond Street East','50','','Zeus Demolitions is a professional demolition and disposal company that specializes in safely and efficiently tearing down structures and removing debris. With a team of experienced professionals and top-of-the-line equipment, Zeus Demolitions ensures tha','','Ontario','','2023-03-20','2026-06-24',1,'',NULL,'43.899684736349286','-78.86149245154508',1,'2024-03-25 22:25:07',0,'00:00:00','00:00:00',NULL,141,1,1,5,1000,49,'L1G 8C7',1,36,'',3,'-05:00',1,100,NULL,'quote@zeusdemolition.com',1,0.0,NULL),
(157,7,26,'Up to 40% off your next car rental and Discounted prices on Budget Trucks','','','','',0.00,0.00,0.00,'',0.00,'',0,'2024-04-18','2024-04-18',1,1,0,2506,'up-to-40-off-your-next-car-rental-and-discounted-prices-on-budget-trucks','','','','Up to 40% off your next car rental and Discounted prices on Budget Trucks (valid at certain locations – please call the specific location before booking to find out if they accept BCD numbers for truck rentals).','','','',NULL,NULL,1,NULL,NULL,'','',0,'2024-04-18 23:32:51',0,'00:00:00','00:00:00',NULL,252,2,NULL,NULL,NULL,49,'',1,NULL,'',NULL,'-05:00',1,NULL,NULL,'',0,0.0,NULL),
(158,7,26,'Save up to 10% on PODS services.','<p>Save up to 10% on PODS services.</p>','','','',0.00,0.00,0.00,'',0.00,'',0,'2024-04-18','2024-04-18',0,1,0,0,'save-up-to-10-on-pods-services','50 Richmnd St E Suite #112, McLaughlin Square','50','','Save up to 10% on PODS services.','','','',NULL,NULL,1,NULL,NULL,'','',0,'2024-04-18 23:40:40',0,'00:00:00','00:00:00',NULL,252,2,NULL,NULL,NULL,49,'',1,NULL,'',NULL,'-05:00',1,NULL,NULL,'',1,0.0,NULL),
(159,49,26,'Professional Moving Servicea','<p>Introducing All Season Solutions, your go-to property maintenance company for all your needs. Our team of skilled professionals is dedicated to keeping your property in top condition year-round with our innovative technology-based solutions. But what sets us apart is our focus on community heroes. At All Season Solutions, we believe in giving back to those who give so much to our communities. That\'s why we offer special discounts and priority scheduling to all first responders, healthcare workers, teachers, and military personnel. We understand the sacrifices you make every day to keep our communities safe and thriving, and we want to show our appreciation by providing top-notch maintenance services for your property. Whether you need lawn care, snow removal, landscaping, or any other property maintenance service, All Season Solutions is here to help. Let us take care of your property so you can focus on what matters most - serving your community. Contact us today to learn more about our special offers for community heroes.</p>','All Season Solutions: Property Maintenance Company with a Focus on Community Heroes','All Season Solutions is your premier property maintenance company, offering innovative technology-based solutions to keep your property in top condition year-round. What sets us apart is our focus on community heroes - first responders, healthcare workers, teachers, and military personnel receive special discounts and priority scheduling. Let us take care of your lawn care, snow removal, landscaping, and more so you can focus on serving your community. Contact us today to learn more about our special offers for community heroes.','All Season Solutions, property maintenance, skilled professionals, innovative technology, community heroes, first responders, healthcare workers, teachers, military personnel, special discounts, priority scheduling, lawn care, snow removal, landscaping, top-notch maintenance services, serving your community, special offers.',199.00,159.00,0.00,'',0.00,'',100,'2024-03-07','2026-04-16',1,1,0,2640,'2024-03-25-22-25-73','Richmond Street East','50','Oshawa','logy-based property maintenance company that offers a wide range of services to keep your property in top condition year-round. With innovative solutions and a team of skilled professionals, they provide efficient and effective maintenance services to ens','Durham Region','Ontario','','2024-03-07','2026-04-16',1,NULL,NULL,'43.90077597','-78.86552811',1,'2024-04-18 23:59:17',0,'00:00:00','00:00:00',NULL,109,1,1,20,1000,49,'L1G 8C8',1,36,'',NULL,'-11:00',1,NULL,NULL,'Quotes@AllSeasonSolutions.com',0,0.0,NULL),
(160,68,26,'Commercial Energy Audit','<p>Commercial Energy Audit</p>','','','',2500.00,1250.00,0.00,'',0.00,'',0,'2024-10-14','2025-10-17',1,1,0,2606,'commercial-energy-audit','Richmond Street East','50','Oshawa','','ON','','',NULL,NULL,1,NULL,NULL,'43.88830524355175','-78.8554515422837',0,'2024-04-19 00:33:15',0,'00:00:00','00:00:00',NULL,141,1,1,NULL,NULL,49,'L1G 8C9',1,36,'',1,'-05:00',1,NULL,NULL,'Studio@icanhero.com',1,0.0,NULL),
(168,59,26,'GIVE-BACK MAGAZINE - Delivered  to 5K Local Dinner Tables - FULL PAGE AD SPONSORSHIP','<p>Community Give Back Magazine strengthens communities by delivering exclusive discounts, deals, and Give-Back Give-Aways directly to local dinner tables. Featuring local sponsors dedicated to giving back, the magazine helps businesses connect meaningfully with their neighbors. Advertising sponsors receive Give-Back Gifts in the form of local gift cards provided by participating partners. These cards can be enjoyed personally or used to boost engagement through promotional social contests. Our Give-Back promotion professionals can assist in launching tailored social connect campaigns to maximize your community impact. Join the movement with Community Give Back Magazine. Let’s keep it local, build connections, and give back where it matters most.</p>','Exploring the Business Landscape: CMP Magazine Oshawa Sheds Light on Oshawa\'s Thriving Industries','Community Give Back Magazine is your ultimate guide to local discounts, deals, and Give-Back Give-Aways. Sponsored by local businesses, every advertiser receives special local gift cards to enjoy or use in social contests. Connect with a Give-Back profess','Discover, thriving industries, Oshawa, CMP Magazine, sheds light, business landscape, insightful exploration,Canada\'s Marketplace',1200.00,950.00,900.00,'',0.00,'',10,'2006-07-18','2006-07-18',1,1,0,1094,'give-back-magazine-delivered-to-5k-local-dinner-tables-full-page-ad-sponsorship','Simcoe St N Suite 206','111','','Community Give Back Magazine delivers local discounts, deals, and Give-Back Give-Aways straight to local dinner tables. Sponsors receive gift cards for personal use or social contests. Connect with a Give-Back professional to support your community.','','Ontario','',NULL,NULL,1,NULL,NULL,'43.889148046632336','-78.85778993670314',1,'2025-01-20 21:02:30',0,'00:00:00','00:00:00',NULL,243,1,1,10,10000,4831,'L1G 2C4',1,36,'Gift Cards are included for promotion. Social campaign management are available but not included.',2,'-05:00',1,NULL,NULL,'Oshawa@communitymarketplace.ca',1,0.0,NULL),
(165,76,26,'Oak and Ale MONDAY','	<p>Kick off your week with flavor at <strong>OAK and ALE</strong> on Mondays! Enjoy a <strong>25% discount on all appetizers</strong>—perfect for sharing with friends or indulging solo. From crispy wings to loaded nachos, every bite is crafted to pair perfectly with your favorite drink. Whether you\'re coming in after a game or just looking to unwind, OAK and ALE\'s Monday offer makes it easy to treat yourself while supporting local businesses. Don’t miss out on this delicious deal every Monday!</p>','','','',0.00,0.00,0.00,'',0.00,'',0,'2009-04-15','2009-04-20',0,-1,0,26,'oak-and-ale-monday','','Suite 601','oshawa','OAK and ALE Mondays - 25% Off All Appetizers','Durham Region','ON','','2009-04-15','2024-04-20',1,NULL,NULL,'43.9180785816879','-78.94667107032532',0,'2024-10-03 21:35:55',0,'00:00:00','00:00:00',NULL,256,1,NULL,NULL,NULL,49,'L1G 7C9',1,36,'',1,'-05:00',1,NULL,NULL,'OakandAle@OrderEats.ca',1,0.0,NULL),
(166,59,26,'GIVE-BACK MAGAZINE, Oshawa - Delivered  to 5K Local Dinner Tables - BIZ CARD AD SPONSORSHIP','		Community Give Back Magazine strengthens communities by delivering exclusive discounts, deals, and Give-Back Give-Aways directly to local dinner tables. Featuring local sponsors dedicated to giving back, the magazine helps businesses connect meaningfully with their neighbors.\r\n\r\nAdvertising sponsors receive Give-Back Gifts in the form of local gift cards provided by participating partners. These cards can be enjoyed personally or used to boost engagement through promotional social contests.\r\n\r\nOur Give-Back promotion professionals can assist in launching tailored social connect campaigns to maximize your community impact.\r\n\r\nJoin the movement with Community Give Back Magazine. Let’s keep it local, build connections, and give back where it matters most.','Exploring the Business Landscape: CMP Magazine Oshawa Sheds Light on Oshawa\'s Thriving Industries','Community Give Back Magazine is your ultimate guide to local discounts, deals, and Give-Back Give-Aways. Sponsored by local businesses, every advertiser receives special local gift cards to enjoy or use in social contests. Connect with a Give-Back profess','Discover, thriving industries, Oshawa, CMP Magazine, sheds light, business landscape, insightful exploration,Canada\'s Marketplace',350.00,250.00,400.00,'',0.00,'',10,'2025-01-01','2025-12-31',1,-1,0,231,'give-back-magazine-oshawa-delivered-to-5k-local-dinner-tables-business-card-ad-sponsorship','Simcoe St N Suite 206','111','Oshawa','Community Give Back Magazine delivers local discounts, deals, and Give-Back Give-Aways straight to local dinner tables. Sponsors receive gift cards for personal use or social contests. Connect with a Give-Back professional to support your community.','Canada','Ontario','',NULL,NULL,1,NULL,NULL,'43.889148046632336','-78.85778993670314',1,'2025-01-20 18:59:02',0,'00:00:00','00:00:00',NULL,243,0,1,10,10000,4831,'L1G 2C4',1,36,'Gift Cards are included for promotion. Social campaign management are available but not included.',2,'-05:00',1,NULL,NULL,'Oshawa@communitymarketplace.ca',1,0.0,NULL),
(169,84,26,'MOMS GIVE-BACK MAGAZINE,  Oshawa - Delivered  to 5K Local MOM\'s - BIZCARD AD.','<p><span style=\"font-family: var(--bs-body-font-family); font-size: var(--bs-body-font-size); font-weight: var(--bs-body-font-weight); text-align: var(--bs-body-text-align); caret-color: auto;\">tention Local Business Owners! Looking for a chance to connect with the most influential shoppers in your community? The Give Back Moms Magazine is your opportunity to reach 5,000 local moms through a full-color publication packed with discounts, deals, and fundraising support.</span></p>\r\n<p>Moms make nearly 80% of purchasing decisions, lead over 80% of community fundraisers, and volunteer in schools more than 90% of the time. If you want to engage the heart of your community, there’s no better audience.</p>\r\n<p>Here’s the best part—our goal isn’t to profit from your ads. It’s to provide moms with meaningful savings while supporting local businesses and community fundraisers. For an affordable price, your business will gain access to an influential network of moms who will promote your brand through social posts and shout-outs, thanking you for giving back to the community.</p>\r\n<p>As an advertising sponsor, you’ll also receive Give-Back Gifts in the form of local gift cards provided by participating partners. You can use these cards for personal enjoyment or boost engagement by offering them in social media promotions and contests. Our Give-Back promotion professionals can even help you launch customized social campaigns to maximize your community impact.</p>\r\n<p>Join the movement with Give Back Moms Magazine. Let’s keep it local, build strong connections, and give back where it matters most—right here in y</p>\r\n<p>our community.</p>\r\n<p> </p>','Exploring the Business Landscape: CMP Magazine Oshawa Sheds Light on Oshawa\'s Thriving Industries','Community Give Back Magazine is your ultimate guide to local discounts, deals, and Give-Back Give-Aways. Sponsored by local businesses, every advertiser receives special local gift cards to enjoy or use in social contests. Connect with a Give-Back profess','Discover, thriving industries, Oshawa, CMP Magazine, sheds light, business landscape, insightful exploration,Canada\'s Marketplace',299.00,199.00,0.00,'',0.00,'',10,'2025-01-01','2025-12-31',1,1,0,1518,'moms-give-back-magazine-oshawa-delivered-to-5k-local-moms','Simcoe St N Suite 206','111','Oshawa','Short Description:\r\nAttention Local Business Owners! Reach 5,000 local moms—the most influential shoppers in the community—through the Give Back Moms Magazine! Showcase your business with exclusive offers and fundraising support.','Canada','Ontario','',NULL,NULL,1,NULL,NULL,'43.90128207405018','-78.85844966507247',1,'2025-02-08 05:53:07',0,'00:00:00','00:00:00',NULL,243,1,1,10,10000,246162,'L1G 2C4',1,36,'Gift Cards are included for promotion. Social campaign management are available but not included.',2,'-05:00',1,NULL,NULL,'Oshawa@communitymarketplace.ca',1,0.0,NULL),
(170,84,26,'MOMS GIVE-BACK MAGAZINE,  Oshawa - Delivered  to 5K Local MOM\'s -  1/4 PAGE AD','<p><span style=\"font-family: var(--bs-body-font-family); font-size: var(--bs-body-font-size); font-weight: var(--bs-body-font-weight); text-align: var(--bs-body-text-align); caret-color: auto;\">tention Local Business Owners! Looking for a chance to connect with the most influential shoppers in your community? The Give Back Moms Magazine is your opportunity to reach 5,000 local moms through a full-color publication packed with discounts, deals, and fundraising support.</span></p>\r\n<p>Moms make nearly 80% of purchasing decisions, lead over 80% of community fundraisers, and volunteer in schools more than 90% of the time. If you want to engage the heart of your community, there’s no better audience.</p>\r\n<p>Here’s the best part—our goal isn’t to profit from your ads. It’s to provide moms with meaningful savings while supporting local businesses and community fundraisers. For an affordable price, your business will gain access to an influential network of moms who will promote your brand through social posts and shout-outs, thanking you for giving back to the community.</p>\r\n<p>As an advertising sponsor, you’ll also receive Give-Back Gifts in the form of local gift cards provided by participating partners. You can use these cards for personal enjoyment or boost engagement by offering them in social media promotions and contests. Our Give-Back promotion professionals can even help you launch customized social campaigns to maximize your community impact.</p>\r\n<p>Join the movement with Give Back Moms Magazine. Let’s keep it local, build strong connections, and give back where it matters most—right here in y</p>\r\n<p>our community.</p>\r\n<p> </p>','Exploring the Business Landscape: CMP Magazine Oshawa Sheds Light on Oshawa\'s Thriving Industries','Community Give Back Magazine is your ultimate guide to local discounts, deals, and Give-Back Give-Aways. Sponsored by local businesses, every advertiser receives special local gift cards to enjoy or use in social contests. Connect with a Give-Back profess','Discover, thriving industries, Oshawa, CMP Magazine, sheds light, business landscape, insightful exploration,Canada\'s Marketplace,/companies/0/Give_Back_Mom_Marketing_1739045299.jpeg',449.00,299.00,0.00,'',0.00,'',10,'2025-01-01','2025-12-31',1,1,0,1649,'moms-give-back-magazine-oshawa-delivered-to-5k-local-moms-1-4-page-ad','Simcoe St N Suite 206','111','Oshawa','Short Description:\r\nAttention Local Business Owners! Reach 5,000 local moms—the most influential shoppers in the community—through the Give Back Moms Magazine! Showcase your business with exclusive offers and fundraising support.','Canada','Ontario','',NULL,NULL,1,NULL,NULL,'43.9013052655705','-78.85838582406448',1,'2025-02-08 21:04:19',0,'00:00:00','00:00:00',NULL,243,1,1,10,10000,246162,'L1G 2C4',1,36,'Gift Cards are included for promotion. Social campaign management are available but not included.',2,'-05:00',1,NULL,NULL,'sales@givebackmom.com',1,0.0,NULL),
(171,84,26,'MOMS GIVE-BACK MAGAZINE,  Oshawa - Delivered  to 5K Local MOM\'s - 1/2 PAGE AD','<p><span style=\"font-family: var(--bs-body-font-family); font-size: var(--bs-body-font-size); font-weight: var(--bs-body-font-weight); text-align: var(--bs-body-text-align); caret-color: auto;\">tention Local Business Owners! Looking for a chance to connect with the most influential shoppers in your community? The Give Back Moms Magazine is your opportunity to reach 5,000 local moms through a full-color publication packed with discounts, deals, and fundraising support.</span></p>\r\n<p>Moms make nearly 80% of purchasing decisions, lead over 80% of community fundraisers, and volunteer in schools more than 90% of the time. If you want to engage the heart of your community, there’s no better audience.</p>\r\n<p>Here’s the best part—our goal isn’t to profit from your ads. It’s to provide moms with meaningful savings while supporting local businesses and community fundraisers. For an affordable price, your business will gain access to an influential network of moms who will promote your brand through social posts and shout-outs, thanking you for giving back to the community.</p>\r\n<p>As an advertising sponsor, you’ll also receive Give-Back Gifts in the form of local gift cards provided by participating partners. You can use these cards for personal enjoyment or boost engagement by offering them in social media promotions and contests. Our Give-Back promotion professionals can even help you launch customized social campaigns to maximize your community impact.</p>\r\n<p>Join the movement with Give Back Moms Magazine. Let’s keep it local, build strong connections, and give back where it matters most—right here in y</p>\r\n<p>our community.</p>\r\n<p> </p>','Exploring the Business Landscape: CMP Magazine Oshawa Sheds Light on Oshawa\'s Thriving Industries','Community Give Back Magazine is your ultimate guide to local discounts, deals, and Give-Back Give-Aways. Sponsored by local businesses, every advertiser receives special local gift cards to enjoy or use in social contests. Connect with a Give-Back profess','Discover, thriving industries, Oshawa, CMP Magazine, sheds light, business landscape, insightful exploration,Canada\'s Marketplace,/companies/0/Give_Back_Mom_Marketing_1739045299.jpeg',599.00,399.00,0.00,'',0.00,'',10,'2025-01-01','2025-12-31',1,1,0,1584,'moms-give-back-magazine-oshawa-delivered-to-5k-local-moms-3','Simcoe St N Suite 206','111','Oshawa','Short Description:\r\nAttention Local Business Owners! Reach 5,000 local moms—the most influential shoppers in the community—through the Give Back Moms Magazine! Showcase your business with exclusive offers and fundraising support.','Canada','Ontario','',NULL,NULL,1,NULL,NULL,'43.9013052655705','-78.85838582406448',1,'2025-02-08 21:04:32',0,'00:00:00','00:00:00',NULL,243,1,1,10,100000,246162,'L1G 2C4',1,36,'Gift Cards are included for promotion. Social campaign management are available but not included.',2,'-05:00',1,NULL,NULL,'sales@givebackmom.com',1,0.0,NULL),
(172,84,26,'MOMS GIVE-BACK MAGAZINE,  Oshawa - Delivered  to 5K Local MOM\'s - FULL PAGE AD','<p><span style=\"font-family: var(--bs-body-font-family); font-size: var(--bs-body-font-size); font-weight: var(--bs-body-font-weight); text-align: var(--bs-body-text-align); caret-color: auto;\">tention Local Business Owners! Looking for a chance to connect with the most influential shoppers in your community? The Give Back Moms Magazine is your opportunity to reach 5,000 local moms through a full-color publication packed with discounts, deals, and fundraising support.</span></p>\r\n<p>Moms make nearly 80% of purchasing decisions, lead over 80% of community fundraisers, and volunteer in schools more than 90% of the time. If you want to engage the heart of your community, there’s no better audience.</p>\r\n<p>Here’s the best part—our goal isn’t to profit from your ads. It’s to provide moms with meaningful savings while supporting local businesses and community fundraisers. For an affordable price, your business will gain access to an influential network of moms who will promote your brand through social posts and shout-outs, thanking you for giving back to the community.</p>\r\n<p>As an advertising sponsor, you’ll also receive Give-Back Gifts in the form of local gift cards provided by participating partners. You can use these cards for personal enjoyment or boost engagement by offering them in social media promotions and contests. Our Give-Back promotion professionals can even help you launch customized social campaigns to maximize your community impact.</p>\r\n<p>Join the movement with Give Back Moms Magazine. Let’s keep it local, build strong connections, and give back where it matters most—right here in y</p>\r\n<p>our community.</p>\r\n<p> </p>','Exploring the Business Landscape: CMP Magazine Oshawa Sheds Light on Oshawa\'s Thriving Industries','Community Give Back Magazine is your ultimate guide to local discounts, deals, and Give-Back Give-Aways. Sponsored by local businesses, every advertiser receives special local gift cards to enjoy or use in social contests. Connect with a Give-Back profess','Discover, thriving industries, Oshawa, CMP Magazine, sheds light, business landscape, insightful exploration,Canada\'s Marketplace,/companies/0/Give_Back_Mom_Marketing_1739045299.jpeg',1200.00,699.00,0.00,'',0.00,'',10,'2025-01-01','2025-12-31',1,1,0,1589,'moms-give-back-magazine-oshawa-delivered-to-5k-local-moms-4','Simcoe St N Suite 206','111','','Short Description:\r\nAttention Local Business Owners! Reach 5,000 local moms—the most influential shoppers in the community—through the Give Back Moms Magazine! Showcase your business with exclusive offers and fundraising support.','','Ontario','',NULL,NULL,1,NULL,NULL,'43.9013052655705','-78.85838582406448',1,'2025-02-08 21:05:32',0,'00:00:00','00:00:00',NULL,243,1,1,10,10000,246162,'L1G 2C4',1,36,'Gift Cards are included for promotion. Social campaign management are available but not included.',2,'-05:00',1,NULL,NULL,'sales@givebackmom.com',1,0.0,NULL),
(174,81,26,'HEALTH & WEALTH GIVE BACK ADVERT - Premium Memberships','<p data-start=\"0\" data-end=\"187\"><strong data-start=\"0\" data-end=\"62\">LA Fitness Juice Bar – Health &amp; Wealth Give Back Promotion</strong><br data-start=\"62\" data-end=\"65\" /> Advertise your business at the <em data-start=\"96\" data-end=\"118\">LA Fitness Juice Bar</em> and fuel more than just workouts—fuel your brand and your community!</p>\r\n<p data-start=\"189\" data-end=\"548\">As a <em data-start=\"194\" data-end=\"219\">Health &amp; Wealth Sponsor</em>, your business will be featured in our vibrant Juice Bar area, gaining direct exposure to health-conscious members. But this isn’t just about advertising—it’s about giving back. With every sponsorship, you\'ll receive <strong data-start=\"437\" data-end=\"480\">Advertiser Rewards Give-Back Gift Cards</strong> that we use to <strong data-start=\"496\" data-end=\"547\">donate and fundraise for local community causes</strong>.</p>\r\n<p data-start=\"550\" data-end=\"583\"><strong data-start=\"553\" data-end=\"583\">Sponsorship Perks Include:</strong></p>\r\n<ul data-start=\"584\" data-end=\"813\">\r\n<li data-start=\"584\" data-end=\"634\">\r\n<p data-start=\"586\" data-end=\"634\">Premium ad placement at the LA Fitness Juice Bar</p>\r\n</li>\r\n<li data-start=\"635\" data-end=\"679\">\r\n<p data-start=\"637\" data-end=\"679\">Give-Back Gift Cards showcasing your brand</p>\r\n</li>\r\n<li data-start=\"680\" data-end=\"739\">\r\n<p data-start=\"682\" data-end=\"739\">Participation in local donation and fundraising campaigns</p>\r\n</li>\r\n<li data-start=\"740\" data-end=\"813\">\r\n<p data-start=\"742\" data-end=\"813\">Positive brand association with health, wellness, and community support</p>\r\n</li>\r\n</ul>\r\n<p data-start=\"815\" data-end=\"964\" data-is-last-node data-is-only-node><strong data-start=\"815\" data-end=\"879\">Promote your business. Give back. Strengthen your community.</strong><br data-start=\"879\" data-end=\"882\" /> Sponsor the LA Fitness Juice Bar and become a local champion of health and giving.</p>','Health & Wealth Sponsor – LA Fitness Juice Bar Advertising Opportunity','Promote your business as a Health & Wealth Sponsor at LA Fitness Juice Bar. Gain local exposure and support community fundraising with Give-Back Gift Cards included in every sponsorship.','LA Fitness Juice Bar, Health and Wealth Sponsor, local advertising, community fundraising, give back gift cards, fitness sponsorship, business promotion, wellness marketing, local business support, fundraising partnership',99.00,79.00,0.00,'',0.00,'',0,'2020-05-20','2020-05-20',1,1,0,710,'health-wealth-give-back-advert-premium-memberships','1189 Ritson Rd N #4a','1189','Oshawa, Ontario','Health & Wealth Sponsor – LA Fitness Juice Bar\r\nGet visibility and do good. Your ad includes gift cards used for community fundraising.','Durham Region','Ontario','',NULL,NULL,1,NULL,NULL,'43.93141602941493','-78.86567293205357',1,'2025-05-23 23:25:05',0,'00:00:00','00:00:00',NULL,268,1,1,1,100,49,'L1G 8B9',1,36,'Health & Wealth Sponsor Ad - Give Back Gift Card Donation for Fundraising.',4,'-05:00',1,NULL,NULL,'lafitnessoshawa@givebackpromotions.org',1,0.0,NULL),
(175,85,26,'18 HOLES OF GOLF FOR 2, CART RENTAL & WINGS','<p>Established in 1992, Harmony Creek Golf Centre is an 18 hole executive, yet challenging course that is open to the public. It represents an excellent test of your target golf skills. You’ll experience a great workout for your irons as you navigate our 18 superbly crafted holes. All holes require you to deal with either water, sand or both, so danger is always lurking if you are off target from the tee. Our expertly manicured greens are also a place where caution is advised. Although modest in size, most holes possess tricky undulations making them some of the tightest, most difficult par threes around.</p>','HALF PRICE GOLF! Harmony Creek Golf Center - $160 for $99 Give Back Gift Card','Discover premium Golf & Recreation experiences designed for active lifestyles and immersive entertainment. Whether you\'re enjoying a day on the green, participating in indoor virtual golf tournaments, or joining a live video coaching session, our listings','golf, recreation, outdoor sports, indoor sports, virtual golf, golf simulator, live video golf lessons, recreation centers, family recreation, virtual live events, giveback golf offers, indoor putting, community golf',160.00,99.00,0.00,'',0.00,'',0,'2025-06-02','2025-11-01',1,1,0,620,'18-holes-of-golf-for-2-cart-rental-wings','Bloor Street East','1000','Bowmanville, Ontario','Whether it’s playing an enjoyable round of golf, hitting a basket of balls or a fun game of mini putt, Harmony Creek Golf Centre is your ace in the hole!','Durham Region','Ontario','',NULL,NULL,1,NULL,NULL,'43.8906585','-78.8236128',1,'2025-06-02 00:33:39',0,'00:00:00','00:00:00',NULL,267,1,1,6,499,246184,'L1H 8S1',1,36,'Discounts and Donations, when we level up for local, we can give back -  savings for fundraising.',3,'-05:00',1,25,NULL,'HarmonyCreek@givebackpromotions.org',1,0.0,NULL);

--
