-- Table structure for table `n36ic_kart_cartitemattributes`
--

CREATE TABLE `n36ic_kart_cartitemattributes` (
  `cartitemattribute_id` int(11) NOT NULL AUTO_INCREMENT,
  `cart_item_id` int(11) NOT NULL DEFAULT 0,
  `itemattributeoption_id` int(11) NOT NULL DEFAULT 0,
  `cartitemattribute_name` varchar(255) NOT NULL DEFAULT '',
  `cartitemattribute_price` float(10,2) NOT NULL DEFAULT 0.00,
  `cartitemattribute_prefix` varchar(1) NOT NULL DEFAULT '',
  PRIMARY KEY (`cartitemattribute_id`),
  KEY `itemattribute_id` (`itemattributeoption_id`)
) ENGINE=InnoDB AUTO_INCREMENT=28 DEFAULT CHARSET=utf8mb4 COLLATE=utf8mb4_unicode_ci;

--
-- Dumping data for table `n36ic_kart_cartitemattributes`
--

INSERT INTO `n36ic_kart_cartitemattributes` VALUES
(1,10,2,'$50 CASH GIVE-BACK GIFT CARD',50.00,'+'),
(10,16,5,'$25 GIFT CARD for only',18.50,'+'),
(13,21,8,'$5 GIFT CARD free Download',0.00,'+'),
(26,136,6,'$75 GIFT CARD - SAVE 25%',18.50,'-'),
(27,138,8,'$5 GIFT CARD free Download',5.00,'-');

--
-- Table structure for table `n36ic_kart_cartitems`
--

CREATE TABLE `n36ic_kart_cartitems` (
  `cart_item_id` int(11) NOT NULL AUTO_INCREMENT,
  `cart_id` int(11) NOT NULL DEFAULT 0,
  `store_id` int(11) NOT NULL DEFAULT 0,
  `user_info_id` varchar(32) DEFAULT '',
  `item_id` int(11) NOT NULL DEFAULT 0,
  `variant_item_id` int(11) NOT NULL DEFAULT 0,
  `currency` varchar(16) NOT NULL DEFAULT '',
  `product_attributes` text DEFAULT NULL COMMENT 'A CSV of itemattributeoption_id values, always in numerical order',
  `product_attribute_names` text DEFAULT NULL COMMENT 'A CSV of itemattributeoption_name values',
  `order_item_name` varchar(255) NOT NULL DEFAULT '',
  `product_quantity` int(11) NOT NULL DEFAULT 0,
  `product_item_price` float(10,2) NOT NULL DEFAULT 0.00,
  `product_attributes_price` varchar(64) NOT NULL DEFAULT '' COMMENT 'The increase or decrease in price per item as a result of attributes. Includes + or - sign',
  `product_final_price` float(10,2) NOT NULL DEFAULT 0.00,
  `original_price` float(10,2) NOT NULL DEFAULT 0.00,
  `cdate` datetime DEFAULT NULL,
  `mdate` datetime DEFAULT NULL,
  `params` text DEFAULT NULL,
  PRIMARY KEY (`cart_item_id`)
) ENGINE=InnoDB AUTO_INCREMENT=139 DEFAULT CHARSET=utf8mb4 COLLATE=utf8mb4_unicode_ci;

--
-- Dumping data for table `n36ic_kart_cartitems`
--

INSERT INTO `n36ic_kart_cartitems` VALUES
(1,1,38,'',1,0,'CDN','','','PuraFlex OmniRelief Spray for Deep or Advanced Pain Relief',1,24.99,'0',24.99,0.00,'2025-03-10 11:11:09','2025-03-10 11:11:09',NULL),
(3,2,39,'',2,0,'CDN','','','DEMO Product - Local Meals that Heal',1,7.50,'0',7.50,0.00,'2025-05-10 05:36:49','2025-05-10 05:36:49',NULL),
(4,3,40,'',3,0,'CDN','','','FULL PG. AD : GIVE-BACK MOM MAGAZINE - Sharing savings for fundraising, offerings of discounts and donations',1,1200.00,'0',1200.00,0.00,'2025-05-25 04:30:18','2025-05-25 04:30:18',NULL),
(8,6,38,'',1,0,'CDN','','','PuraFlex OmniRelief Spray for Deep or Advanced Pain Relief',1,24.99,'0',24.99,0.00,'2025-06-04 03:41:57','2025-06-04 03:41:57',NULL),
(9,7,38,'',8,0,'CDN','','','GIVE-BACK GIFT CARD FreshBLENDZ Juice Bar',1,75.00,'0',75.00,0.00,'2025-06-04 05:54:26','2025-06-04 05:54:26',NULL),
(10,8,38,'',8,0,'CDN','2,','GIVE-BACK GIFT CARD - Discounts and Donations : $50 CASH GIVE-BACK GIFT CARD,','GIVE-BACK GIFT CARD FreshBLENDZ Juice Bar',1,75.00,'50',125.00,0.00,'2025-06-04 22:54:03','2025-06-04 22:54:03',NULL),
(11,9,38,'',8,0,'CDN','','','GIVE-BACK GIFT CARD FreshBLENDZ Juice Bar',1,75.00,'0',75.00,0.00,'2025-06-12 17:43:56','2025-06-12 17:43:56',NULL),
(18,10,38,'',10,0,'CDN','','','LA FITNESS - 2 x PREMIUM PASSES',2,150.00,'0',300.00,0.00,'2025-06-15 03:20:27','2025-06-15 03:29:25',NULL),
(21,12,42,'',9,15,'CDN','8,','GIFT CARD VALUE OPTIONS: $5 GIFT CARD free Download,','DEMO Give-Back Gift Card',1,0.00,'0',0.00,0.00,'2025-06-16 16:39:20','2025-06-16 16:39:20',NULL),
(22,13,38,'',8,0,'CDN','','','GIVE-BACK GIFT CARD FreshBLENDZ Juice Bar',1,75.00,'0',75.00,0.00,'2025-06-17 15:24:13','2025-06-17 15:24:13',NULL),
(23,13,38,'',10,0,'CDN','','','2 x PREMIUM MEMBER PASSES and Juice Bar Gift Card (Value $258.00 ) Sponsored Price $150 Limited Qty.',1,150.00,'0',150.00,0.00,'2025-06-17 15:24:16','2025-06-17 15:24:16',NULL),
(24,14,41,'',5,0,'CDN','','','QRT. PAGE ADVERTISEMENT - 5 K GIVE-BACK MEANINGFUL SAVINGS FOR MOM MAGAZINE',1,700.00,'0',700.00,0.00,'2025-06-25 20:17:33','2025-06-25 20:17:33',NULL),
(25,15,38,'',1,0,'CDN','','','PuraFlex OmniRelief Spray for Deep or Advanced Pain Relief',1,24.99,'0',24.99,0.00,'2025-06-26 14:30:44','2025-06-26 14:30:44',NULL),
(26,15,38,'',8,0,'CDN','','','GIVE-BACK GIFT CARD FreshBLENDZ Juice Bar',1,75.00,'0',75.00,0.00,'2025-06-26 14:30:58','2025-06-26 14:30:58',NULL),
(31,18,41,'',4,0,'CDN','','','HALF PAGE ADVERTISEMENT - 5 K GIVE-BACK MEANINGFUL SAVINGS FOR MOM MAGAZINE ',1,900.00,'0',900.00,0.00,'2025-06-29 14:54:17','2025-06-29 14:54:17',NULL),
(32,19,38,'',8,0,'CDN','','','GIVE-BACK GIFT CARD FreshBLENDZ Juice Bar',1,75.00,'0',75.00,0.00,'2025-06-29 14:56:07','2025-06-29 14:56:07',NULL),
(33,20,38,'',10,0,'CDN','','','2 x PREMIUM MEMBER PASSES and Juice Bar Gift Card (Value $258.00 ) Sponsored Price $150 Limited Qty.',1,150.00,'0',150.00,0.00,'2025-06-29 15:03:01','2025-06-29 15:03:01',NULL),
(53,30,38,'',10,0,'CDN','','','2 x PREMIUM MEMBER PASSES and Juice Bar Gift Card Sponsored Price $150 Limited Qty - Value $258.00',2,150.00,'0',300.00,0.00,'2025-07-02 16:42:02','2025-07-02 17:34:57',NULL),
(54,30,38,'',8,0,'CDN','','','GIVE-BACK GIFT CARD FreshBLENDZ Juice Bar',1,75.00,'0',75.00,0.00,'2025-07-02 16:43:24','2025-07-02 16:43:24',NULL),
(58,30,38,'',1,0,'CDN','','','PuraFlex OmniRelief Spray for Deep or Advanced Pain Relief',1,24.99,'0',24.99,0.00,'2025-07-02 17:53:12','2025-07-02 17:53:12',NULL),
(60,33,38,'',10,0,'CDN','','','2 x PREMIUM MEMBER PASSES and Juice Bar Gift Card Sponsored Price $150 Limited Qty - Value $258.00',1,150.00,'0',150.00,0.00,'2025-07-03 13:57:49','2025-07-03 13:57:49',NULL),
(61,34,38,'',10,0,'CDN','','','2 x PREMIUM MEMBER PASSES and Juice Bar Gift Card Sponsored Price $150 Limited Qty - Value $258.00',1,150.00,'0',150.00,0.00,'2025-07-03 14:11:17','2025-07-03 14:11:17',NULL),
(64,37,38,'',10,0,'CDN','','','2 x PREMIUM MEMBER PASSES and Juice Bar Gift Card Sponsored Price $150 Limited Qty - Value $258.00',1,150.00,'0',150.00,0.00,'2025-07-06 15:06:36','2025-07-06 15:06:36',NULL),
(66,39,41,'',6,0,'CDN','','','BIZ CARD ADVERTISEMENT - 5 K GIVE-BACK MEANINGFUL SAVINGS TO MOM MAGAZINES',1,250.00,'0',250.00,0.00,'2025-07-08 21:47:12','2025-07-08 21:47:12',NULL),
(67,39,41,'',3,0,'CDN','','','FULL PAGE ADVERTISEMENT - 5 K GIVE-BACK MEANINGFUL SAVINGS FOR MOM MAGAZINE',1,1200.00,'0',1200.00,0.00,'2025-07-08 22:09:35','2025-07-08 22:09:35',NULL),
(68,40,46,'',16,0,'CDN','','','18 Holes of Golf for Two, a Power Cart Rental & Lunch',1,99.00,'0',99.00,0.00,'2025-07-08 23:14:33','2025-07-08 23:14:33',NULL),
(69,41,39,'',2,0,'CDN','','','DEMO Product - Local Meals that Heal',4,7.50,'0',30.00,0.00,'2025-07-09 05:23:41','2025-07-09 05:24:11',NULL),
(101,55,38,'',10,0,'CDN','','','2 x PREMIUM 30 Day MEMBER PASSES and Juice Bar Gift Card Sponsored Price $150 Limited Qty - Value $258.00',1,150.00,'0',150.00,0.00,'2025-07-31 19:26:55','2025-07-31 19:26:55',NULL),
(116,61,38,'',10,0,'CDN','','','2 x PREMIUM 30 Day MEMBER PASSES and Juice Bar Gift Card Sponsored Price $150 Limited Qty - Value $258.00',1,150.00,'0',150.00,0.00,'2025-08-03 22:53:03','2025-08-03 22:53:03',NULL),
(124,64,38,'',10,0,'CDN','','','2 x PREMIUM 30 Day MEMBER PASSES and Juice Bar Gift Card Sponsored Price $150 Limited Qty - Value $258.00',1,150.00,'0',150.00,0.00,'2025-08-06 18:35:06','2025-08-06 18:35:06',NULL),
(125,65,41,'',6,0,'CDN','','','BIZ CARD ADVERTISEMENT - 5 K GIVE-BACK MEANINGFUL SAVINGS TO MOM MAGAZINES',1,250.00,'0',250.00,0.00,'2025-08-11 13:17:04','2025-08-11 13:17:04',NULL),
(130,67,38,'',10,0,'CDN','','','2 x PREMIUM 30 Day MEMBER PASSES and Juice Bar Gift Card Sponsored Price $150 Limited Qty - Value $258.00',1,150.00,'0',150.00,0.00,'2025-08-13 13:46:36','2025-08-13 13:46:36',NULL),
(134,68,38,'',10,0,'CDN','','','2 x PREMIUM 30 Day MEMBER PASSES and Juice Bar Gift Card Sponsored Price $150 Limited Qty - Value $258.00',1,150.00,'0',150.00,0.00,'2025-08-13 16:26:59','2025-08-13 16:26:59',NULL),
(136,69,42,'',9,12,'CDN','6,','GIFT CARD VALUE OPTIONS: $75 GIFT CARD - SAVE 25%,','DEMO Give-Back Gift Card',1,100.00,'-18.5',81.50,0.00,'2025-08-22 18:01:28','2025-08-22 18:01:28',NULL),
(137,70,41,'',3,0,'CDN','','','FULL PAGE ADVERTISEMENT - 5 K GIVE-BACK MEANINGFUL SAVINGS FOR MOM MAGAZINE',1,1200.00,'0',1200.00,0.00,'2025-08-26 07:17:33','2025-08-26 07:17:33',NULL),
(138,71,42,'',9,15,'CDN','8,','GIFT CARD VALUE OPTIONS: $5 GIFT CARD free Download,','DEMO Give-Back Gift Card',1,100.00,'-5',95.00,0.00,'2025-08-29 08:14:41','2025-08-29 08:14:41',NULL);

--
-- Table structure for table `n36ic_kart_category_attribute_set`
--

CREATE TABLE `n36ic_kart_category_attribute_set` (
  `id` int(11) NOT NULL AUTO_INCREMENT,
  `category_id` int(11) NOT NULL DEFAULT 0,
  `attribute_set_id` int(11) NOT NULL DEFAULT 0,
  PRIMARY KEY (`id`)
) ENGINE=InnoDB DEFAULT CHARSET=utf8mb4 COLLATE=utf8mb4_unicode_ci;

--
-- Dumping data for table `n36ic_kart_category_attribute_set`
--


--
-- Table structure for table `n36ic_kart_coupon`
--

CREATE TABLE `n36ic_kart_coupon` (
  `id` int(11) NOT NULL AUTO_INCREMENT,
  `store_id` int(11) NOT NULL DEFAULT 0,
  `item_id` varchar(50) NOT NULL DEFAULT '',
  `user_id` varchar(50) NOT NULL DEFAULT '',
  `published` tinyint(4) NOT NULL DEFAULT 1,
  `name` varchar(100) NOT NULL DEFAULT '',
  `code` varchar(100) NOT NULL DEFAULT '',
  `value` float(10,2) NOT NULL DEFAULT 0.00,
  `val_type` tinyint(4) NOT NULL DEFAULT 1,
  `max_use` int(11) NOT NULL DEFAULT 0,
  `max_per_user` int(11) NOT NULL DEFAULT 0,
  `description` text DEFAULT NULL,
  `extra_params` text DEFAULT NULL,
  `from_date` datetime DEFAULT NULL,
  `exp_date` datetime DEFAULT NULL,
  PRIMARY KEY (`id`)
) ENGINE=InnoDB DEFAULT CHARSET=utf8mb4 COLLATE=utf8mb4_unicode_ci;

--
-- Dumping data for table `n36ic_kart_coupon`
--


--
-- Table structure for table `n36ic_kart_customer_address`
--

CREATE TABLE `n36ic_kart_customer_address` (
  `id` int(11) NOT NULL AUTO_INCREMENT,
  `user_id` int(11) NOT NULL DEFAULT 0,
  `firstname` varchar(150) NOT NULL DEFAULT '',
  `middlename` varchar(250) NOT NULL DEFAULT '',
  `lastname` varchar(150) NOT NULL DEFAULT '',
  `vat_number` varchar(50) NOT NULL DEFAULT '',
  `phone` varchar(15) NOT NULL DEFAULT '',
  `address_title` varchar(250) NOT NULL DEFAULT '',
  `user_email` varchar(250) NOT NULL DEFAULT '',
  `address` varchar(250) NOT NULL DEFAULT '',
  `land_mark` varchar(250) NOT NULL DEFAULT '',
  `zipcode` varchar(255) NOT NULL DEFAULT '',
  `country_code` int(11) NOT NULL DEFAULT 0,
  `state_code` int(11) NOT NULL DEFAULT 0,
  `city` varchar(150) NOT NULL DEFAULT '',
  `last_used_for_billing` tinyint(4) NOT NULL DEFAULT 0,
  `last_used_for_shipping` tinyint(4) NOT NULL DEFAULT 0,
  PRIMARY KEY (`id`)
) ENGINE=InnoDB AUTO_INCREMENT=15 DEFAULT CHARSET=utf8mb4 COLLATE=utf8mb4_unicode_ci;

--
-- Dumping data for table `n36ic_kart_customer_address`
--

INSERT INTO `n36ic_kart_customer_address` VALUES
(1,49,'Canada\'s Marketplace','','Parkinson','','2899288468','','canadasmarketplace@gmail.com','111 Simcoe St. N.','','L1G 7C9',38,557,'Oshawa',1,1),
(2,49,'Canada\'s Marketplace','','Parkinson','','2899288468','','canadasmarketplace@gmail.com','111 Simcoe St. N.','','L1G 7C9',38,557,'Oshawa',0,0),
(3,49,'Chris Parkinson','','Parkinson','','2899288741','','canadasmarketplace@gmail.com','601 - 55 William St E\r\nSuite 601','','L1G 7C9',38,557,'Oshawa',0,0),
(4,49,'Canada\'s Marketplace','','Parkinson','','2899288468','','canadasmarketplace@gmail.com','111 Simcoe St. N.','','L1G 7C9',38,557,'Oshawa',0,0),
(5,246186,'FreshBLENDZ Juice Bar - Oshawa','','HERO','','9056201009','','canadasmarketplace@gmail.com','111 Simcoe St N','','L1G 7C9',38,557,'Oshawa',0,0),
(6,246186,'FreshBLENDZ Juice Bar - Oshawa','','HERO','','9056201009','','canadasmarketplace@gmail.com','111 Simcoe St N','','L1G 7C9',38,557,'Oshawa',0,0),
(7,246184,'Christopher','','Parkinson','','2899288468','','canadasmarketplace@gmail.com','111 Simcoe St. N.','','L1G 7C9',38,557,'Oshawa',0,0),
(8,246184,'Christopher','','Parkinson','','2899288468','','canadasmarketplace@gmail.com','111 Simcoe St. N.','','L1G 7C9',38,557,'Oshawa',0,0),
(9,49,'Christopher','','Parkinson','','2899288468','','canadasmarketplace@gmail.com','111 Simcoe St. N.','','L1G 7C9',38,557,'Oshawa',0,0),
(10,246204,'test','','vishalcustomer','','9988776655','','vishalcustomer@test.com','vishalcustomer','','1234456',38,551,'vishalcustomer',1,0),
(11,246198,'Christopher','','Parkinson','','2899288468','','canadasmarketplace@gmail.com','111 Simcoe St. N.','','L1G 7C9',38,557,'Oshawa',1,0),
(12,246199,'Christopher','','Parkinson','','2899288468','','canadasmarketplace@gmail.com','111 Simcoe St. N.','','L1G 7C9',38,557,'Oshawa',1,0),
(13,246201,'Christopher','','Parkinson','','2899288468','','canadasmarketplace@gmail.com','111 Simcoe St. N.','','L1G 7C9',38,557,'Oshawa',1,0),
(14,246159,'Christopher','','Parkinson','','2899288468','','canadasmarketplace@gmail.com','111 Simcoe St. N.','','L1G 7C9',38,557,'Oshawa',1,0);

--
-- Table structure for table `n36ic_kart_favourite`
--

CREATE TABLE `n36ic_kart_favourite` (
  `id` int(11) NOT NULL AUTO_INCREMENT,
  `item_id` int(11) NOT NULL,
  `user_id` int(11) NOT NULL,
  `created_at` datetime NOT NULL DEFAULT current_timestamp(),
  `updated_at` datetime NOT NULL DEFAULT current_timestamp(),
  PRIMARY KEY (`id`)
) ENGINE=InnoDB AUTO_INCREMENT=5 DEFAULT CHARSET=utf8mb4 COLLATE=utf8mb4_unicode_ci;

--
-- Dumping data for table `n36ic_kart_favourite`
--

INSERT INTO `n36ic_kart_favourite` VALUES
(1,16,49,'2025-07-23 00:06:33','2025-07-23 00:06:33'),
(2,6,246204,'2025-08-11 13:18:57','2025-08-11 13:18:57'),
(3,6,246204,'2025-08-11 13:22:17','2025-08-11 13:22:17'),
(4,6,49,'2025-08-24 03:59:56','2025-08-24 03:59:56');

--
-- Table structure for table `n36ic_kart_global_attribute`
--

CREATE TABLE `n36ic_kart_global_attribute` (
  `id` int(11) NOT NULL AUTO_INCREMENT,
  `attribute_name` varchar(255) NOT NULL DEFAULT '',
  `display_name` varchar(255) NOT NULL DEFAULT '',
  `renderer` varchar(255) NOT NULL DEFAULT 'filters_checkbox',
  `state` tinyint(3) NOT NULL DEFAULT 1,
  PRIMARY KEY (`id`)
) ENGINE=InnoDB DEFAULT CHARSET=utf8mb4 COLLATE=utf8mb4_unicode_ci;

--
-- Dumping data for table `n36ic_kart_global_attribute`
--


--
-- Table structure for table `n36ic_kart_global_attribute_option`
--

CREATE TABLE `n36ic_kart_global_attribute_option` (
  `id` int(11) NOT NULL AUTO_INCREMENT,
  `option_name` varchar(255) NOT NULL DEFAULT '',
  `attribute_id` int(11) NOT NULL DEFAULT 0,
  `ordering` int(11) NOT NULL DEFAULT 0,
  PRIMARY KEY (`id`)
) ENGINE=InnoDB DEFAULT CHARSET=utf8mb4 COLLATE=utf8mb4_unicode_ci;

--
-- Dumping data for table `n36ic_kart_global_attribute_option`
--


--
-- Table structure for table `n36ic_kart_global_attribute_set`
--

CREATE TABLE `n36ic_kart_global_attribute_set` (
  `id` int(11) NOT NULL AUTO_INCREMENT,
  `global_attribute_set_name` varchar(255) NOT NULL DEFAULT '',
  `global_attribute_ids` text DEFAULT NULL,
  `state` tinyint(3) NOT NULL DEFAULT 1,
  PRIMARY KEY (`id`)
) ENGINE=InnoDB DEFAULT CHARSET=utf8mb4 COLLATE=utf8mb4_unicode_ci;

--
-- Dumping data for table `n36ic_kart_global_attribute_set`
--


--
-- Table structure for table `n36ic_kart_itemattributeoptions`
--

CREATE TABLE `n36ic_kart_itemattributeoptions` (
  `itemattributeoption_id` int(11) NOT NULL AUTO_INCREMENT,
  `global_option_id` int(11) NOT NULL DEFAULT 0,
  `itemattribute_id` int(11) NOT NULL DEFAULT 0,
  `child_product_item_id` int(11) NOT NULL DEFAULT 0,
  `itemattributeoption_name` varchar(255) NOT NULL DEFAULT '',
  `itemattributeoption_price` float(10,2) NOT NULL DEFAULT 0.00,
  `itemattributeoption_code` varchar(255) NOT NULL DEFAULT '',
  `itemattributeoption_prefix` varchar(1) NOT NULL DEFAULT '',
  `ordering` int(11) NOT NULL DEFAULT 0,
  `state` tinyint(3) NOT NULL DEFAULT 1,
  PRIMARY KEY (`itemattributeoption_id`),
  KEY `itemattribute_id` (`itemattribute_id`)
) ENGINE=InnoDB AUTO_INCREMENT=9 DEFAULT CHARSET=utf8mb4 COLLATE=utf8mb4_unicode_ci;

--
-- Dumping data for table `n36ic_kart_itemattributeoptions`
--

INSERT INTO `n36ic_kart_itemattributeoptions` VALUES
(1,0,1,0,'$25 CASH GIVE-BACK GIFT CARD',25.00,'','+',1,1),
(2,0,1,0,'$50 CASH GIVE-BACK GIFT CARD',50.00,'','+',2,1),
(3,0,1,0,'$100 $25 CASH GIVE-BACK GIFT CARD',100.00,'','+',3,1),
(4,0,2,11,'$100 GIFT CARD - SAVE 25%',25.00,'','-',1,1),
(5,0,2,14,'$25 GIFT CARD - SAVE 25%',6.25,'','-',2,1),
(6,0,2,12,'$75 GIFT CARD - SAVE 25%',18.50,'','-',1,1),
(7,0,2,13,'$50 GIFT CARD - SAVE 25%',12.50,'','-',1,1),
(8,0,2,15,'$5 GIFT CARD free Download',5.00,'','-',2,1);

--
-- Table structure for table `n36ic_kart_itemattributes`
--

CREATE TABLE `n36ic_kart_itemattributes` (
  `itemattribute_id` int(11) NOT NULL AUTO_INCREMENT,
  `item_id` int(11) NOT NULL DEFAULT 0,
  `store_id` int(11) NOT NULL DEFAULT 0,
  `itemattribute_name` varchar(255) NOT NULL DEFAULT '',
  `ordering` int(11) NOT NULL DEFAULT 0,
  `attribute_compulsary` tinyint(1) NOT NULL,
  `attributeFieldType` varchar(20) NOT NULL DEFAULT '',
  `global_attribute_id` int(11) NOT NULL DEFAULT 0,
  `is_stock_keeping` tinyint(3) NOT NULL DEFAULT 0,
  PRIMARY KEY (`itemattribute_id`)
) ENGINE=InnoDB AUTO_INCREMENT=3 DEFAULT CHARSET=utf8mb4 COLLATE=utf8mb4_unicode_ci;

--
-- Dumping data for table `n36ic_kart_itemattributes`
--

INSERT INTO `n36ic_kart_itemattributes` VALUES
(1,8,0,'GIVE-BACK GIFT CARD - Discounts and Donations ',0,0,'Select',0,0),
(2,9,0,'GIFT CARD VALUE OPTIONS',0,1,'Select',0,1);

--
-- Table structure for table `n36ic_kart_itemfiles`
--

CREATE TABLE `n36ic_kart_itemfiles` (
  `file_id` int(11) NOT NULL AUTO_INCREMENT,
  `file_display_name` varchar(255) NOT NULL DEFAULT '',
  `item_id` int(11) NOT NULL DEFAULT 0,
  `purchase_required` tinyint(1) NOT NULL DEFAULT 1,
  `state` tinyint(1) NOT NULL DEFAULT 1,
  `download_limit` int(11) NOT NULL DEFAULT 0,
  `filePath` varchar(255) NOT NULL DEFAULT '',
  `version` varchar(16) NOT NULL DEFAULT '',
  `expiry_mode` tinyint(1) NOT NULL DEFAULT 1 COMMENT '1 for months',
  `expiry_in` int(11) NOT NULL DEFAULT 0,
  `cdate` datetime DEFAULT NULL,
  `mdate` datetime DEFAULT NULL,
  PRIMARY KEY (`file_id`)
) ENGINE=InnoDB AUTO_INCREMENT=3 DEFAULT CHARSET=utf8mb4 COLLATE=utf8mb4_unicode_ci;

--
-- Dumping data for table `n36ic_kart_itemfiles`
--

INSERT INTO `n36ic_kart_itemfiles` VALUES
(2,'2 Premium Passes',10,1,1,-1,'49_2_x_la_fitness_1_mo__premiujm_unlimited_passes_0_50708100_1753987135.pdf','',0,30,'2025-07-31 00:00:00','2025-07-31 18:39:45');

--
-- Table structure for table `n36ic_kart_items`
--

CREATE TABLE `n36ic_kart_items` (
  `item_id` int(11) NOT NULL AUTO_INCREMENT,
  `asset_id` int(10) unsigned NOT NULL DEFAULT 0,
  `parent` varchar(255) NOT NULL DEFAULT '',
  `parent_id` int(11) NOT NULL DEFAULT 0,
  `product_id` int(11) NOT NULL DEFAULT 0,
  `product_type` int(11) NOT NULL DEFAULT 1,
  `store_id` int(11) NOT NULL DEFAULT 0,
  `name` varchar(255) NOT NULL DEFAULT '',
  `alias` varchar(255) NOT NULL DEFAULT '',
  `price` float(10,2) NOT NULL DEFAULT 0.00,
  `stock` int(11) NOT NULL DEFAULT 0,
  `min_quantity` int(5) NOT NULL DEFAULT 0,
  `max_quantity` int(5) NOT NULL DEFAULT 0,
  `slab` int(11) NOT NULL DEFAULT 1,
  `category` varchar(200) DEFAULT NULL,
  `sku` varchar(200) DEFAULT NULL,
  `images` text DEFAULT NULL,
  `description` text DEFAULT NULL,
  `video_link` varchar(200) NOT NULL DEFAULT '',
  `cdate` datetime DEFAULT NULL,
  `mdate` datetime DEFAULT NULL,
  `state` tinyint(3) NOT NULL DEFAULT 1,
  `featured` tinyint(3) NOT NULL DEFAULT 0,
  `metakey` text DEFAULT NULL,
  `metadesc` text DEFAULT NULL,
  `item_length` decimal(15,8) NOT NULL DEFAULT 0.00000000,
  `item_width` decimal(15,8) NOT NULL DEFAULT 0.00000000,
  `item_height` decimal(15,8) NOT NULL DEFAULT 0.00000000,
  `item_length_class_id` int(11) NOT NULL DEFAULT 0,
  `item_weight` decimal(15,8) NOT NULL DEFAULT 0.00000000,
  `item_weight_class_id` int(11) NOT NULL DEFAULT 0,
  `taxprofile_id` int(11) NOT NULL DEFAULT 0,
  `shipProfileId` int(11) NOT NULL DEFAULT 0,
  `display_in_product_catlog` tinyint(3) NOT NULL DEFAULT 1,
  `ordering` int(11) NOT NULL DEFAULT 0,
  `params` text DEFAULT NULL COMMENT 'Store extra data in json format. In key value pair',
  PRIMARY KEY (`item_id`)
) ENGINE=InnoDB AUTO_INCREMENT=17 DEFAULT CHARSET=utf8mb4 COLLATE=utf8mb4_unicode_ci;

--
-- Dumping data for table `n36ic_kart_items`
--

INSERT INTO `n36ic_kart_items` VALUES
(1,393,'com_quick2cart',0,1,1,38,'PuraFlex OmniRelief Spray for Deep or Advanced Pain Relief','puraflex-omnirelief-spray-for-deep-or-advanced-pain-relief',24.99,50,1,999,1,'31','PuraFlex OmniRelief Spray','[\"1000009478_1740970946.jpg\"]',' Effective Usage of PuraFlex OmniRelief Spray for Deep or Advanced Pain Relief ✨\r\n\r\nFor individuals suffering from deep or advanced pain, it’s essential to follow a specialized routine to maximize the benefits of PuraFlex OmniRelief Spray. This guide provides step-by-step instructions for using the spray effectively:\r\n\r\n???? Step 1: Extended Application on Affected Areas\r\nWhen addressing advanced pain, start by spraying the affected area generously with 5 to 10 sprays. Massage the area gently but thoroughly for 5 to 10 minutes. This extended massage helps the active ingredients penetrate deeper into the tissues, promoting better blood circulation and toxin release.\r\n\r\n???? Step 2: Sublingual Application for Systemic Relief\r\nTo target toxins present in the bloodstream, apply 5 to 10 sprays under your tongue. Hold the liquid there for about 5 to 10 seconds to allow quick absorption into the bloodstream, then swallow. This method supports systemic detoxification and enhances overall relief.\r\n\r\n⏰ Step 3: Frequency of Use\r\nRepeat the above steps three times daily: once in the morning, again at noon, and finally before bed. Consistent usage ensures the active ingredients work continuously to alleviate pain and address the root cause.\r\n\r\n???? Step 4: Maintain Usage for a Month\r\nFor the best results, continue using PuraFlex OmniRelief Spray for at least one month. This duration allows the spray to work comprehensively on both surface-level and deeper issues, helping you evaluate its effectiveness.\r\n\r\n???? Optional: Boost Results with Ancient Wisdom Essentia Elixir\r\nTo amplify the spray’s effects, consider combining it with Ancient Wisdom Essentia Elixir. This powerful elixir complements the spray’s action, further supporting the detoxification process and enhancing overall recovery.\r\n\r\n???? Why PuraFlex OmniRelief Spray is Ideal for Deep Pain Relief\r\n???? Targets both local and systemic pain sources\r\n???? Penetrates deeply into tissues\r\n???? Natural, fast-acting formula\r\n✅ Easy to use with no harsh side effects\r\nBy following this tailored approach, PuraFlex OmniRelief Spray provides effective and lasting relief for deep or advanced pain. Start your journey to recovery today and feel the difference! ????','','2025-03-03 03:03:26','2025-03-03 03:03:36',1,0,'Pain relief',' Effective Usage of PuraFlex OmniRelief Spray for Deep or Advanced Pain Relief ✨\r\n',0.00000000,0.00000000,0.00000000,1,0.00000000,1,0,0,1,2,NULL),
(2,395,'com_quick2cart',0,2,1,39,'DEMO Product - Local Meals that Heal','demo-product-local-meals-that-heal',10.00,0,1,999,1,'31','Demo-LMTH',NULL,'','','2025-05-08 19:05:28','2025-07-11 20:07:29',1,0,'','',0.00000000,0.00000000,0.00000000,0,0.00000000,0,0,0,1,116,NULL),
(3,398,'com_quick2cart',0,3,2,41,'FULL PAGE ADVERTISEMENT - 5 K GIVE-BACK MEANINGFUL SAVINGS FOR MOM MAGAZINE','full-pg-ad-give-back-mom-magazine',1500.00,20,1,999,1,'33','GBM-MAG-FULLPG','{\"2\":\"add_a_subheading_1_1752516684.png\",\"3\":\"fresh_life_for_business_-_la_fitness_4x6__3_1752516801.png\"}','FULL.PAGE ADVERTISEMENT \r\nAD SIZE 3.5 x 2\" FULL COLOR (CMYK)\r\nBOOKLET- 5.5 x 8.5 Color Booklets Delivered\r\nQty 5 K - GIVE-BACK SAVINGS TO MOM MAGAZINES\r\nQR Code linked to web listing and offers.\r\nWebsite Directory Listing Included.\r\n\r\nGive-Back Mom Magazine delivers meaningful savings and fundraising opportunities straight to local families — right where it matters most: the dinner table. Designed for moms, powered by community, and fueled by local businesses, each issue features exclusive discounts, fundraising promotions, and give-back offers from trusted neighborhood sponsors. Every ad space supports a greater cause — connecting advertisers with local schools, teams, and charities through high-impact fundraisers. \r\nSponsors receive Give-Back Gifts in the form of local gift cards, which can be used personally, donated, or leveraged in social media contests to spark local engagement. More than a magazine, this is a movement. Let Give-Back Mom Magazine help you build loyal customers, strengthen your community presence, and champion the families who make local matter. Save More. Fund More. Give Back.','https://www.youtube.com/watch?v=pbvkB-c6I0c&t=1s','2025-05-23 22:05:17','2025-07-14 18:07:21',1,0,'give-back mom magazine, community fundraising, local deals, mom discounts, fundraising magazine, local gift cards, support local, family savings, mom-driven marketing, give-back advertising, fundraising promotions, community sponsors','Support local fundraising while saving money with Give-Back Mom Magazine — a community-powered publication filled with exclusive discounts, local deals, and Give-Back rewards delivered straight to your dinner table.',0.00000000,0.00000000,0.00000000,0,0.00000000,0,0,0,1,132,NULL),
(4,400,'com_quick2cart',0,4,2,41,'HALF PAGE ADVERTISEMENT - 5 K GIVE-BACK MEANINGFUL SAVINGS FOR MOM MAGAZINE ','half-page-advertisement-give-back-mom',1200.00,40,1,999,1,'33','GBM-MAG','[\"add_a_subheading_3_1752516933.png\",\"half-page_ad_example_1752516933.png\"]','HALF PAGE ADVERTISEMENT \r\nAD SIZE 3.5 x 2\" FULL COLOR (CMYK)\r\nBOOKLET- 5.5 x 8.5 Color Booklets Delivered\r\nQty 5 K - GIVE-BACK SAVINGS TO MOM MAGAZINES\r\nQR Code linked to web listing and offers.\r\nWebsite Directory Listing Included.\r\n\r\nGive-Back Mom Magazine delivers meaningful savings and fundraising opportunities straight to local families — right where it matters most: the dinner table. Designed for moms, powered by community, and fueled by local businesses, each issue features exclusive discounts, fundraising promotions, and give-back offers from trusted neighborhood sponsors. Every ad space supports a greater cause — connecting advertisers with local schools, teams, and charities through high-impact fundraisers. \r\nSponsors receive Give-Back Gifts in the form of local gift cards, which can be used personally, donated, or leveraged in social media contests to spark local engagement. More than a magazine, this is a movement. Let Give-Back Mom Magazine help you build loyal customers, strengthen your community presence, and champion the families who make local matter. Save More. Fund More. Give Back.\r\n\r\nGive-Back Mom Magazine delivers meaningful savings and fundraising opportunities straight to local families — right where it matters most: the dinner table. Designed for moms, powered by community, and fueled by local businesses, each issue features exclusive discounts, fundraising promotions, and give-back offers from trusted neighborhood sponsors.\r\n\r\nEvery ad space supports a greater cause — connecting advertisers with local schools, teams, and charities through high-impact fundraisers. Sponsors receive Give-Back Gifts in the form of local gift cards, which can be used personally, donated, or leveraged in social media contests to spark local engagement.\r\n\r\nMore than a magazine, this is a movement. Let Give-Back Mom Magazine help you build loyal customers, strengthen your community presence, and champion the families who make local matter.\r\nSave More. Fund More. Give Back.','https://www.youtube.com/watch?v=pbvkB-c6I0c&t=1s','2025-05-25 05:05:02','2025-07-14 18:07:33',1,0,'','',0.00000000,0.00000000,0.00000000,0,0.00000000,0,0,0,1,134,NULL),
(5,403,'com_quick2cart',0,5,2,41,'QRT. PAGE ADVERTISEMENT - 5 K GIVE-BACK MEANINGFUL SAVINGS FOR MOM MAGAZINE','qrt-page-advertisement-give-back-mom-magazine',1000.00,40,1,999,1,'33','GBM-MAG-OSH-QRTPG','[\"add_a_subheading_2_1752516847.png\",\"qtr-page_ad_example_1752516847.png\"]','QTR PAGE ADVERTISEMENT \r\nAD SIZE 3.5 x 2\" FULL COLOR (CMYK)\r\nBOOKLET- 5.5 x 8.5 Color Booklets Delivered\r\nQty 5 K - GIVE-BACK SAVINGS TO MOM MAGAZINES\r\nQR Code linked to web listing and offers.\r\nWebsite Directory Listing Included.\r\n\r\nGive-Back Mom Magazine delivers meaningful savings and fundraising opportunities straight to local families — right where it matters most: the dinner table. Designed for moms, powered by community, and fueled by local businesses, each issue features exclusive discounts, fundraising promotions, and give-back offers from trusted neighborhood sponsors. Every ad space supports a greater cause — connecting advertisers with local schools, teams, and charities through high-impact fundraisers. \r\nSponsors receive Give-Back Gifts in the form of local gift cards, which can be used personally, donated, or leveraged in social media contests to spark local engagement. More than a magazine, this is a movement. Let Give-Back Mom Magazine help you build loyal customers, strengthen your community presence, and champion the families who make local matter. Save More. Fund More. Give Back.\r\n','https://www.youtube.com/watch?v=pbvkB-c6I0c&t=1s','2025-05-25 05:05:19','2025-07-14 18:07:07',1,0,'','',0.00000000,0.00000000,0.00000000,0,0.00000000,0,0,0,1,133,NULL),
(6,404,'com_quick2cart',0,6,2,41,'BIZ CARD ADVERTISEMENT - 5 K GIVE-BACK MEANINGFUL SAVINGS TO MOM MAGAZINES','biz-card-advertisement-5-k-give-back-meaningful-savings-to-mom-magazine',400.00,0,1,999,1,'33','MOMMAG-OSH-BIZCRD','{\"4\":\"1000013430_1756007495.png\",\"6\":\"1000013431_1756007544.png\"}','<p>BIZ CARD ADVERTISEMENT AD SIZE 3.5 x 2\" FULL COLOR (CMYK) BOOKLET- 5.5 x 8.5 Color Booklets Delivered Qty 5 K - GIVE-BACK SAVINGS TO MOM MAGAZINES QR Code linked to web listing and offers. Website Directory Listing Included. Give-Back Mom Magazine delivers meaningful savings and fundraising opportunities straight to local families — right where it matters most: the dinner table. Designed for moms, powered by community, and fueled by local businesses, each issue features exclusive discounts, fundraising promotions, and give-back offers from trusted neighborhood sponsors. Every ad space supports a greater cause — connecting advertisers with local schools, teams, and charities through high-impact fundraisers. Sponsors receive Give-Back Gifts in the form of local gift cards, which can be used personally, donated, or leveraged in social media contests to spark local engagement. More than a magazine, this is a movement. Let Give-Back Mom Magazine help you build loyal customers, strengthen your community presence, and champion the families who make local matter. Save More. Fund More. Give Back.</p>','https://www.youtube.com/watch?v=pbvkB-c6I0c&t=1s','2025-05-25 12:05:13','2025-08-24 03:08:11',1,0,'biz card ad, 3.5x2 ad, full color CMYK ad, fundraising advertisement, give-back mom magazine, booklet ad, QR code ad, local business promotion, community fundraising, discount advertising, school fundraiser, team sponsorship, charity support, local savings, mom magazine ad, directory listing, print advertising, small business marketing, community outreach','Promote your business with a full-color 3.5x2\" Biz Card Ad in Give-Back Mom Magazine. Includes booklet delivery, QR code to web listing, and exclusive fundraising tie-ins. Reach 5,000+ families with savings that give back!\r\n\r\n',0.00000000,0.00000000,0.00000000,0,0.00000000,0,0,0,1,144,NULL),
(7,406,'com_quick2cart',0,7,2,41,'FUNDRAISING GIVE-BACK SPONSOR ADVERTISEMENT SPONSOR : Discounts • Donations • Contest Rewards - Check Presentations','fundraising-give-back-sponsor-advertisement-sponsor-discounts-o-donations-o-contest-rewards-check-presentations',2500.00,0,1,5,1,'33','GBGC-MOM-REWARDSPONSOR','[\"1000010387_1748329330.png\",\"1000010441_1748416519.jpg\",\"1000010439_1748416520.jpg\",\"1000010440_1748416520.jpg\",\"1000010442_1748416521.jpg\"]','<p>FUNDRAISING GIVE-BACK SPONSOR ADVERTISEMENT SPONSOR : Discounts • Donations • Contest Rewards. Sponsor a full-page ad that saves buyers money, supports a local cause, and enters them into a contest to win your branded gift card. Every purchase triggers a donation and builds your brand as a trusted community supporter. The true gift? Check presentations and winner reveals become content gold — powerful, emotional moments captured and shared across social media. Your ad becomes the spark for authentic stories that connect with families and spread your brand with purpose. Includes: Full-page CMYK ad in Give-Back Mom Magazine QR code to web listing and offer Directory placement on GiveBackMom.com Sponsored gift card reward + contest entry Feature in Give-Back Campaign Funds check presentations shared as viral, meaning community content.</p>','https://www.youtube.com/watch?v=pbvkB-c6I0c&t=1s','2025-05-27 06:05:21','2025-08-03 04:08:58',1,1,'','',0.00000000,0.00000000,0.00000000,0,0.00000000,0,0,0,1,140,NULL),
(8,413,'com_quick2cart',0,8,1,38,'GIVE-BACK GIFT CARD FreshBLENDZ Juice Bar','give-back-gift-card',100.00,-2,1,999,1,'31','GBGIFTCARD-FRSHBLNDZ','[\"1000011753_1749016019.png\"]','<p>FreshBLENDZ Give Back Gift Card Fuel your day with fresh, delicious nutrition—and give back while you do it! This FreshBLENDZ Juice Bar Gift Card is your ticket to premium smoothies, protein shakes, wellness shots, and healthy eats. Whether you\'re on the go, post-workout, or just craving clean energy, FreshBLENDZ has you covered. Here’s the best part: Every gift card you buy supports our Level Up for Local Give Back Campaign. A portion of this purchase goes directly to local causes that uplift our community. ✅ What\'s included: GIVE-BACK GIFT CARDS, Discounts & Donations Available in $25, $50, or $100 values Easy QR code redemption at the counter Support local while enjoying the best in clean, blended nutrition</p>','','2025-06-04 05:06:28','2025-07-02 15:07:21',1,1,'','',0.00000000,0.00000000,0.00000000,1,0.00000000,1,0,0,1,95,NULL),
(9,415,'com_quick2cart',0,9,2,42,'DEMO Give-Back Gift Card','demo-give-back-gift-card',100.00,100,1,999,1,'35','G-B_GC','[\"1000011951_1749956306.png\"]','<p>Give Back Gift Card (Demo) $100 Value – Only $75! Support local fundraising while saving big!</p>\r\n<p>With this exclusive Give Back Gift Card, you get $100 to spend — but you only pay $75!</p>\r\n<p>You Save 25%  - We Donate 25% to a Local Cause ?</p>\r\n<p><strong>Share and Earn</strong>: Become an Affiliate and earn commissions! Whether you\'re buying for yourself or as a gift, every purchase makes a difference. — Keep it local & give back!</p>','https://www.youtube.com/watch?v=UHrLdVLts1M','2025-06-13 02:06:15','2025-07-14 17:07:54',1,1,'','',0.00000000,0.00000000,0.00000000,0,0.00000000,0,0,0,1,124,NULL),
(10,417,'com_quick2cart',0,10,2,38,'2 x PREMIUM 30 Day MEMBER PASSES and Juice Bar Gift Card Sponsored Price $150 Limited Qty - Value $258.00','2-x-premium-member-passes-and-juice-bar-gift-card-sponsored-price-150-limited-qty-value-258-00',258.00,0,1,4,1,'35','FRSH_BLND_LAFIT','[\"gym_fitness_strong_facebook_post_1749943570.png\"]','<p data-start=\"101\" data-end=\"299\">Make this summer your healthiest yet with the <strong data-start=\"174\" data-end=\"214\">Student Summer Savings at LA Fitness</strong>, brought to you by <strong data-start=\"234\" data-end=\"260\">Fresh BLENDZ Juice Bar</strong>. This <strong data-start=\"267\" data-end=\"289\">limited-time offer</strong> includes:</p>\r\n<ul data-start=\"301\" data-end=\"505\">\r\n<li data-start=\"301\" data-end=\"396\"><strong data-start=\"310\" data-end=\"359\">Two (2) Full Access Premium 30 Day Membership Passes</strong> to LA Fitness — a $158/month value</li>\r\n<li data-start=\"397\" data-end=\"505\"><strong data-start=\"402\" data-end=\"436\">$100 Gift Card to Fresh BLENDZ</strong> – fuel up with nutritious smoothies, protein bowls, and fresh juices</li>\r\n</ul>\r\n<p data-start=\"507\" data-end=\"718\">Whether you\'re working on your fitness goals or just staying active over the break, this summer bundle is your pass to <strong data-start=\"626\" data-end=\"665\">health, energy, and serious savings</strong>. Perfect for students who want to level up together.</p>\r\n<p data-start=\"720\" data-end=\"837\"><strong data-start=\"723\" data-end=\"771\">Healthy choices. Big value. All summer long.</strong><br data-start=\"771\" data-end=\"774\" /> <em data-start=\"774\" data-end=\"837\">Hurry—quantities are limited and summer doesn’t last forever!</em></p>\r\n<p data-start=\"839\" data-end=\"942\" data-is-last-node data-is-only-node><strong data-start=\"839\" data-end=\"942\" data-is-last-node>Join the Level Up for Local Affiliate Movement and get paid to share local savings for fundraising.</strong></p>','https://www.youtube.com/watch?v=fQTZ_LFUmVA','2025-06-14 21:06:08','2025-07-31 18:07:45',1,0,'','2 x PREMIUM 30 Day MEMBER PASSES and Juice Bar Gift Card Sponsored Price $150 Limited Qty - Value $258.00',0.00000000,0.00000000,0.00000000,0,0.00000000,0,0,0,1,139,NULL),
(11,427,'com_quick2cart',9,11,1,42,'9-GIFT CARD VALUE OPTIONS-$100 GIFT CARD - SAVE 25%','',0.00,10000,1,999,1,'35','9-GIFT CARD VALUE OPTIONS-$100 GIFT CARD for only-4',NULL,'','','2025-06-15 03:06:23','2025-07-14 17:07:54',1,0,NULL,NULL,0.00000000,0.00000000,0.00000000,0,0.00000000,0,0,0,0,0,NULL),
(12,428,'com_quick2cart',9,12,1,42,'9-GIFT CARD VALUE OPTIONS-$75 GIFT CARD - SAVE 25%','',0.00,10000,1,999,1,'35','9-GIFT CARD VALUE OPTIONS-$75 GIFT CARD for only-6',NULL,'','','2025-06-15 03:06:23','2025-07-14 17:07:54',1,0,NULL,NULL,0.00000000,0.00000000,0.00000000,0,0.00000000,0,0,0,0,0,NULL),
(13,429,'com_quick2cart',9,13,1,42,'9-GIFT CARD VALUE OPTIONS-$50 GIFT CARD - SAVE 25%','',0.00,10000,1,999,1,'35','9-GIFT CARD VALUE OPTIONS-$50 GIFT CARD for only-7',NULL,'','','2025-06-15 03:06:23','2025-07-14 17:07:54',1,0,NULL,NULL,0.00000000,0.00000000,0.00000000,0,0.00000000,0,0,0,0,0,NULL),
(14,430,'com_quick2cart',9,14,1,42,'9-GIFT CARD VALUE OPTIONS-$25 GIFT CARD - SAVE 25%','',0.00,10000,1,999,1,'35','9-GIFT CARD VALUE OPTIONS-$25 GIFT CARD for only-5',NULL,'','','2025-06-15 03:06:23','2025-07-14 17:07:54',1,0,NULL,NULL,0.00000000,0.00000000,0.00000000,0,0.00000000,0,0,0,0,0,NULL),
(15,431,'com_quick2cart',9,15,1,42,'9-GIFT CARD VALUE OPTIONS-$5 GIFT CARD free Download','',0.00,10000,1,999,1,'35','9-GIFT CARD VALUE OPTIONS-$5 GIFT CARD for only-8',NULL,'','','2025-06-15 03:06:23','2025-07-14 17:07:54',1,0,NULL,NULL,0.00000000,0.00000000,0.00000000,0,0.00000000,0,0,0,0,0,NULL),
(16,426,'com_quick2cart',0,16,1,46,'18 Holes of Golf for Two, a Power Cart Rental & Lunch','18-holes-of-golf-for-two-a-power-cart-rental-lunch',168.00,200,1,100,1,'35','GLF','[\"i20240906232218inshot_20240906_191927945_1_1752016042.jpg\"]','18 HOLES OF GOLF FOR 2, POWER CART RENTAL & WINGS OR TWO FOOT LONG HOTDOGS with DRINKS\r\n\r\nExpires on November 1, or when season closes.\r\nSince its fairways opened in 1992, Harmony Creek Golf Centre has welcomed golfers of all stripes to challenge their skills on the 18-hole executive-length course. Water, sand or a combination of both await errant shots on every single hole of the executive course, demanding accuracy over distance with irons and wedges. The driving range, where 50 tee stations are evenly split between artificial turf and natural grass, gives players ample space to calibrate approaches with their short irons and engage in couples therapy with their drivers.\r\n\r\nLimit 1 per person, may buy 2 additional as gifts\r\nReservation is recommended at least 5 days in advance and with a 24-hour notice minimum. Wings or foot-long hotdogs are valid for dine-in only; beverages must be purchased\r\nThe driver of the cart must have a valid G or G2 license. No rain checks. The voucher must be used in full in one visit.\r\nMust use the full voucher in one visit\r\nCannot be combined with any other offers or specials\r\nDoes not include tax. No cash value. No cash back.\r\nPromotional value expires 120 days after purchase. The amount paid never expires. A 24-hour cancellation notice is required. Appointment required, contact by phone at +1 905 433 0211. Not valid with other offers or promotions. Reservation is recommended at least 5 days in advance. The driver of the cart must have a valid G or G2 license. Wings or foot longs are applicable with the purchase of a drink per player. Dine-in or take-out out available. Must use promotional value in 1 visit. No rain checks. No cash back. Merchants are solely responsible to purchasers for the care and quality of the advertised goods and services.','','2025-07-08 23:07:22','2025-07-08 23:07:29',1,0,'golf deal, 18 holes of golf, golf for two, cart rental, golf and wings, golf hotdogs, golf outing, golf package, golf special offer, golf course deals','Enjoy 18 holes of golf for two, including cart rental, plus a delicious meal choice of wings or two foot-long hotdogs. Perfect golf outing deal for friends or couples!',0.00000000,0.00000000,0.00000000,0,0.00000000,0,0,0,1,112,NULL);

--
-- Table structure for table `n36ic_kart_lengths`
--

CREATE TABLE `n36ic_kart_lengths` (
  `id` int(11) NOT NULL AUTO_INCREMENT,
  `title` varchar(255) NOT NULL DEFAULT '',
  `unit` varchar(4) NOT NULL DEFAULT '',
  `value` decimal(15,8) NOT NULL DEFAULT 0.00000000,
  `state` tinyint(1) NOT NULL DEFAULT 1,
  `store_id` int(11) NOT NULL DEFAULT 0,
  `ordering` int(10) NOT NULL DEFAULT 0,
  `created_by` int(11) NOT NULL DEFAULT 0,
  `checked_out` int(11) NOT NULL DEFAULT 0,
  `checked_out_time` datetime DEFAULT NULL,
  `id_default` tinyint(2) NOT NULL DEFAULT 0,
  PRIMARY KEY (`id`)
) ENGINE=MyISAM AUTO_INCREMENT=4 DEFAULT CHARSET=utf8mb3 COLLATE=utf8mb3_general_ci;

--
-- Dumping data for table `n36ic_kart_lengths`
--

INSERT INTO `n36ic_kart_lengths` VALUES
(1,'Centimeter','cm',1.00000000,1,0,0,0,0,'0000-00-00 00:00:00',1),
(2,'Inch','in',0.39370000,1,0,0,0,0,'0000-00-00 00:00:00',0),
(3,'Millimetre','mm',10.00000000,1,0,0,0,0,'0000-00-00 00:00:00',0);

--
-- Table structure for table `n36ic_kart_option_currency`
--

CREATE TABLE `n36ic_kart_option_currency` (
  `id` int(11) NOT NULL AUTO_INCREMENT,
  `itemattributeoption_id` int(11) NOT NULL DEFAULT 0,
  `currency` varchar(16) NOT NULL DEFAULT '',
  `price` float(10,2) NOT NULL DEFAULT 0.00,
  PRIMARY KEY (`id`)
) ENGINE=InnoDB AUTO_INCREMENT=9 DEFAULT CHARSET=utf8mb4 COLLATE=utf8mb4_unicode_ci;

--
-- Dumping data for table `n36ic_kart_option_currency`
--

INSERT INTO `n36ic_kart_option_currency` VALUES
(1,1,'CDN',25.00),
(2,2,'CDN',50.00),
(3,3,'CDN',100.00),
(4,4,'CDN',25.00),
(5,5,'CDN',6.25),
(6,6,'CDN',18.50),
(7,7,'CDN',12.50),
(8,8,'CDN',5.00);

--
-- Table structure for table `n36ic_kart_orderItemFiles`
--

CREATE TABLE `n36ic_kart_orderItemFiles` (
  `id` int(11) NOT NULL AUTO_INCREMENT,
  `product_file_id` int(11) NOT NULL DEFAULT 0,
  `order_item_id` int(11) NOT NULL DEFAULT 0,
  `download_count` int(11) NOT NULL DEFAULT 0,
  `cdate` datetime DEFAULT NULL,
  `expirary_date` timestamp NOT NULL DEFAULT current_timestamp(),
  `download_limit` int(11) NOT NULL DEFAULT 0,
  `expiration_mode` varchar(50) NOT NULL DEFAULT '' COMMENT 'This is component option value for expiration mode eg Max Download, Date Expirary or both',
  PRIMARY KEY (`id`)
) ENGINE=InnoDB AUTO_INCREMENT=5 DEFAULT CHARSET=utf8mb4 COLLATE=utf8mb4_unicode_ci;

--
-- Dumping data for table `n36ic_kart_orderItemFiles`
--

INSERT INTO `n36ic_kart_orderItemFiles` VALUES
(1,2,29,0,'2025-08-03 01:27:28','2025-09-02 01:27:28',-1,'epboth'),
(2,2,30,0,'2025-08-03 03:58:12','2025-09-02 03:58:12',-1,'epboth'),
(3,2,33,0,'2025-08-03 04:26:34','2025-09-02 04:26:34',-1,'epboth'),
(4,2,36,0,'2025-08-03 22:38:47','2025-09-02 22:38:47',-1,'epboth');

--
-- Table structure for table `n36ic_kart_order_item`
--

CREATE TABLE `n36ic_kart_order_item` (
  `order_item_id` int(11) NOT NULL AUTO_INCREMENT,
  `store_id` int(11) NOT NULL DEFAULT 0,
  `order_id` int(11) NOT NULL DEFAULT 0,
  `user_info_id` varchar(32) DEFAULT NULL,
  `item_id` int(11) NOT NULL DEFAULT 0,
  `variant_item_id` int(11) NOT NULL DEFAULT 0,
  `product_attributes` text DEFAULT NULL COMMENT 'A CSV of itemattributeoption_id values, always in numerical order',
  `product_attribute_names` text DEFAULT NULL COMMENT 'A CSV of itemattributeoption_name values',
  `order_item_name` varchar(255) NOT NULL DEFAULT '',
  `product_quantity` int(11) NOT NULL DEFAULT 0,
  `product_item_price` float(10,2) NOT NULL DEFAULT 0.00,
  `product_attributes_price` varchar(64) NOT NULL DEFAULT '' COMMENT 'The increase or decrease in price per item as a result of attributes. Includes + or - sign',
  `product_final_price` float(10,2) NOT NULL DEFAULT 0.00 COMMENT 'Amount after applying the coupon code + item shipping charges + item tax charges - discount',
  `original_price` float(10,2) NOT NULL DEFAULT 0.00 COMMENT '(product_item_price + product_attributes_price) * product_quantity ',
  `discount` decimal(15,5) NOT NULL DEFAULT 0.00000,
  `discount_detail` text DEFAULT NULL,
  `coupon_code` varchar(100) NOT NULL DEFAULT '',
  `originalBasePrice` float(10,2) NOT NULL DEFAULT 0.00 COMMENT 'Product price without field discount',
  `item_tax` decimal(15,5) NOT NULL DEFAULT 0.00000,
  `item_tax_detail` text DEFAULT NULL,
  `item_shipcharges` decimal(15,5) NOT NULL DEFAULT 0.00000,
  `item_shipDetail` text DEFAULT NULL COMMENT 'store item shipping changes detail',
  `cdate` datetime DEFAULT NULL,
  `mdate` datetime DEFAULT NULL,
  `params` text DEFAULT NULL COMMENT 'Coupon code and all is stored',
  `status` varchar(100) NOT NULL DEFAULT '',
  PRIMARY KEY (`order_item_id`)
) ENGINE=InnoDB AUTO_INCREMENT=50 DEFAULT CHARSET=utf8mb4 COLLATE=utf8mb4_unicode_ci;

--
-- Dumping data for table `n36ic_kart_order_item`
--

INSERT INTO `n36ic_kart_order_item` VALUES
(1,38,1,NULL,1,0,NULL,NULL,'PuraFlex OmniRelief Spray for Deep or Advanced Pain Relief',1,24.99,'0',24.99,24.99,0.00000,NULL,'',0.00,0.00000,NULL,0.00000,NULL,'2025-07-01 16:07:07','2025-07-01 16:07:07',NULL,'P'),
(2,41,2,NULL,5,0,NULL,NULL,'QRT. PAGE ADVERTISEMENT - 5 K GIVE-BACK MEANINGFUL SAVINGS FOR MOM MAGAZINE',1,700.00,'0',700.00,700.00,0.00000,NULL,'',0.00,0.00000,NULL,0.00000,NULL,'2025-07-01 16:08:23','2025-07-01 16:08:23',NULL,'P'),
(3,41,3,NULL,5,0,NULL,NULL,'QRT. PAGE ADVERTISEMENT - 5 K GIVE-BACK MEANINGFUL SAVINGS FOR MOM MAGAZINE',1,700.00,'0',700.00,700.00,0.00000,NULL,'',0.00,0.00000,NULL,0.00000,NULL,'2025-07-01 16:09:41','2025-07-01 16:09:41',NULL,'P'),
(4,41,3,NULL,4,0,NULL,NULL,'HALF PAGE ADVERTISEMENT - 5 K GIVE-BACK MEANINGFUL SAVINGS FOR MOM MAGAZINE ',1,900.00,'0',900.00,900.00,0.00000,NULL,'',0.00,0.00000,NULL,0.00000,NULL,'2025-07-01 16:09:41','2025-07-01 16:09:41',NULL,'P'),
(5,41,4,NULL,5,0,NULL,NULL,'QRT. PAGE ADVERTISEMENT - 5 K GIVE-BACK MEANINGFUL SAVINGS FOR MOM MAGAZINE',1,700.00,'0',700.00,700.00,0.00000,NULL,'',0.00,0.00000,NULL,0.00000,NULL,'2025-07-01 16:11:28','2025-07-01 16:11:28',NULL,'P'),
(6,41,5,NULL,5,0,NULL,NULL,'QRT. PAGE ADVERTISEMENT - 5 K GIVE-BACK MEANINGFUL SAVINGS FOR MOM MAGAZINE',1,700.00,'0',700.00,700.00,0.00000,NULL,'',0.00,0.00000,NULL,0.00000,NULL,'2025-07-01 16:20:14','2025-07-01 16:20:14',NULL,'P'),
(7,41,6,NULL,5,0,NULL,NULL,'QRT. PAGE ADVERTISEMENT - 5 K GIVE-BACK MEANINGFUL SAVINGS FOR MOM MAGAZINE',1,700.00,'0',700.00,700.00,0.00000,NULL,'',0.00,0.00000,NULL,0.00000,NULL,'2025-07-01 16:21:29','2025-07-01 16:21:29',NULL,'P'),
(8,41,7,NULL,4,0,NULL,NULL,'HALF PAGE ADVERTISEMENT - 5 K GIVE-BACK MEANINGFUL SAVINGS FOR MOM MAGAZINE ',1,900.00,'0',900.00,900.00,0.00000,NULL,'',0.00,0.00000,NULL,0.00000,NULL,'2025-07-01 17:19:52','2025-07-01 17:19:52',NULL,'P'),
(9,38,8,NULL,8,0,'1','GIVE-BACK GIFT CARD - Discounts and Donations :$25 CASH GIVE-BACK GIFT CARD','GIVE-BACK GIFT CARD FreshBLENDZ Juice Bar',1,75.00,'25',100.00,100.00,0.00000,NULL,'',0.00,0.00000,NULL,0.00000,NULL,'2025-07-01 17:26:08','2025-07-01 17:26:08',NULL,'P'),
(10,41,9,NULL,4,0,NULL,NULL,'HALF PAGE ADVERTISEMENT - 5 K GIVE-BACK MEANINGFUL SAVINGS FOR MOM MAGAZINE ',1,900.00,'0',900.00,900.00,0.00000,NULL,'',0.00,0.00000,NULL,0.00000,NULL,'2025-07-01 17:36:46','2025-07-01 17:36:46',NULL,'P'),
(11,38,10,NULL,8,0,'1','GIVE-BACK GIFT CARD - Discounts and Donations :$25 CASH GIVE-BACK GIFT CARD','GIVE-BACK GIFT CARD FreshBLENDZ Juice Bar',1,75.00,'25',100.00,100.00,0.00000,NULL,'',0.00,0.00000,NULL,0.00000,NULL,'2025-07-01 17:54:24','2025-07-01 17:54:24',NULL,'P'),
(12,38,11,NULL,1,0,NULL,NULL,'PuraFlex OmniRelief Spray for Deep or Advanced Pain Relief',1,24.99,'0',24.99,24.99,0.00000,NULL,'',0.00,0.00000,NULL,0.00000,NULL,'2025-07-02 14:07:07','2025-07-02 14:07:07',NULL,'P'),
(13,38,12,NULL,8,0,NULL,NULL,'GIVE-BACK GIFT CARD FreshBLENDZ Juice Bar',1,75.00,'0',75.00,75.00,0.00000,NULL,'',0.00,0.00000,NULL,0.00000,NULL,'2025-07-02 14:51:39','2025-07-02 14:51:39',NULL,'P'),
(14,38,12,NULL,1,0,NULL,NULL,'PuraFlex OmniRelief Spray for Deep or Advanced Pain Relief',1,24.99,'0',24.99,24.99,0.00000,NULL,'',0.00,0.00000,NULL,0.00000,NULL,'2025-07-02 14:51:39','2025-07-02 14:51:39',NULL,'P'),
(15,41,13,NULL,5,0,NULL,NULL,'QRT. PAGE ADVERTISEMENT - 5 K GIVE-BACK MEANINGFUL SAVINGS FOR MOM MAGAZINE',1,700.00,'0',700.00,700.00,0.00000,NULL,'',0.00,0.00000,NULL,0.00000,NULL,'2025-07-02 14:56:15','2025-07-02 14:56:15',NULL,'P'),
(16,38,14,NULL,8,0,'1','GIVE-BACK GIFT CARD - Discounts and Donations :$25 CASH GIVE-BACK GIFT CARD','GIVE-BACK GIFT CARD FreshBLENDZ Juice Bar',1,75.00,'25',100.00,100.00,0.00000,NULL,'',0.00,0.00000,NULL,0.00000,NULL,'2025-07-02 15:05:29','2025-07-02 15:05:29',NULL,'C'),
(17,39,15,NULL,2,0,NULL,NULL,'DEMO Product - Local Meals that Heal',1,7.50,'0',7.50,7.50,0.00000,NULL,'',0.00,0.00000,NULL,0.00000,NULL,'2025-07-02 15:08:53','2025-07-02 15:08:53',NULL,'P'),
(18,38,16,NULL,10,0,NULL,NULL,'2 x PREMIUM 30 Day MEMBER PASSES and Juice Bar Gift Card Sponsored Price $150 Limited Qty - Value $258.00',1,150.00,'0',150.00,150.00,0.00000,NULL,'',0.00,0.00000,NULL,0.00000,NULL,'2025-07-16 17:29:03','2025-07-16 17:29:03',NULL,'P'),
(19,46,16,NULL,16,0,NULL,NULL,'18 Holes of Golf for Two, a Power Cart Rental & Lunch',1,99.00,'0',99.00,99.00,0.00000,NULL,'',0.00,0.00000,NULL,0.00000,NULL,'2025-07-16 17:29:03','2025-07-16 17:29:03',NULL,'P'),
(20,38,17,NULL,10,0,NULL,NULL,'2 x PREMIUM 30 Day MEMBER PASSES and Juice Bar Gift Card Sponsored Price $150 Limited Qty - Value $258.00',1,150.00,'0',150.00,150.00,0.00000,NULL,'',0.00,0.00000,NULL,0.00000,NULL,'2025-07-23 00:10:02','2025-07-23 00:10:02',NULL,'P'),
(21,46,17,NULL,16,0,NULL,NULL,'18 Holes of Golf for Two, a Power Cart Rental & Lunch',1,99.00,'0',99.00,99.00,0.00000,NULL,'',0.00,0.00000,NULL,0.00000,NULL,'2025-07-23 00:10:02','2025-07-23 00:10:02',NULL,'P'),
(22,41,18,NULL,6,0,NULL,NULL,'BIZ CARD ADVERTISEMENT - 5 K GIVE-BACK MEANINGFUL SAVINGS TO MOM MAGAZINES',1,250.00,'0',250.00,250.00,0.00000,NULL,'',0.00,0.00000,NULL,0.00000,NULL,'2025-07-23 02:02:34','2025-07-23 02:02:34',NULL,'P'),
(23,46,19,NULL,16,0,NULL,NULL,'18 Holes of Golf for Two, a Power Cart Rental & Lunch',1,99.00,'0',99.00,99.00,0.00000,NULL,'',0.00,0.00000,NULL,0.00000,NULL,'2025-07-23 02:03:18','2025-07-23 02:03:18',NULL,'P'),
(24,38,20,NULL,10,0,NULL,NULL,'2 x PREMIUM 30 Day MEMBER PASSES and Juice Bar Gift Card Sponsored Price $150 Limited Qty - Value $258.00',1,150.00,'0',150.00,150.00,0.00000,NULL,'',0.00,0.00000,NULL,0.00000,NULL,'2025-07-23 02:05:22','2025-07-23 02:05:22',NULL,'P'),
(25,38,21,NULL,10,0,NULL,NULL,'2 x PREMIUM 30 Day MEMBER PASSES and Juice Bar Gift Card Sponsored Price $150 Limited Qty - Value $258.00',1,150.00,'0',150.00,150.00,0.00000,NULL,'',0.00,0.00000,NULL,0.00000,NULL,'2025-08-03 00:07:11','2025-08-03 00:07:11',NULL,'P'),
(26,46,21,NULL,16,0,NULL,NULL,'18 Holes of Golf for Two, a Power Cart Rental & Lunch',1,99.00,'0',99.00,99.00,0.00000,NULL,'',0.00,0.00000,NULL,0.00000,NULL,'2025-08-03 00:07:11','2025-08-03 00:07:11',NULL,'P'),
(27,38,22,NULL,10,0,NULL,NULL,'2 x PREMIUM 30 Day MEMBER PASSES and Juice Bar Gift Card Sponsored Price $150 Limited Qty - Value $258.00',1,150.00,'0',150.00,150.00,0.00000,NULL,'',0.00,0.00000,NULL,0.00000,NULL,'2025-08-03 01:25:03','2025-08-03 01:25:03',NULL,'P'),
(28,46,22,NULL,16,0,NULL,NULL,'18 Holes of Golf for Two, a Power Cart Rental & Lunch',1,99.00,'0',99.00,99.00,0.00000,NULL,'',0.00,0.00000,NULL,0.00000,NULL,'2025-08-03 01:25:03','2025-08-03 01:25:03',NULL,'P'),
(29,38,23,NULL,10,0,NULL,NULL,'2 x PREMIUM 30 Day MEMBER PASSES and Juice Bar Gift Card Sponsored Price $150 Limited Qty - Value $258.00',1,150.00,'0',150.00,150.00,0.00000,NULL,'',0.00,0.00000,NULL,0.00000,NULL,'2025-08-03 01:25:48','2025-08-03 01:25:48',NULL,'C'),
(30,38,24,NULL,10,0,NULL,NULL,'2 x PREMIUM 30 Day MEMBER PASSES and Juice Bar Gift Card Sponsored Price $150 Limited Qty - Value $258.00',1,150.00,'0',150.00,150.00,0.00000,NULL,'',0.00,0.00000,NULL,0.00000,NULL,'2025-08-03 03:56:37','2025-08-03 03:56:37',NULL,'C'),
(31,42,25,NULL,9,11,'4','GIFT CARD VALUE OPTIONS:$100 GIFT CARD - SAVE 25%','DEMO Give-Back Gift Card',2,100.00,'-25',150.00,150.00,0.00000,NULL,'',0.00,0.00000,NULL,0.00000,NULL,'2025-08-03 04:07:34','2025-08-03 04:07:34',NULL,'P'),
(32,41,26,NULL,7,0,NULL,NULL,'FUNDRAISING GIVE-BACK SPONSOR ADVERTISEMENT SPONSOR : Discounts • Donations • Contest Rewards - Check Presentations',1,1999.00,'0',1999.00,1999.00,0.00000,NULL,'',0.00,0.00000,NULL,0.00000,NULL,'2025-08-03 04:21:25','2025-08-03 04:21:25',NULL,'C'),
(33,38,27,NULL,10,0,NULL,NULL,'2 x PREMIUM 30 Day MEMBER PASSES and Juice Bar Gift Card Sponsored Price $150 Limited Qty - Value $258.00',1,150.00,'0',150.00,150.00,0.00000,NULL,'',0.00,0.00000,NULL,0.00000,NULL,'2025-08-03 04:25:40','2025-08-03 04:25:40',NULL,'C'),
(34,38,28,NULL,10,0,NULL,NULL,'2 x PREMIUM 30 Day MEMBER PASSES and Juice Bar Gift Card Sponsored Price $150 Limited Qty - Value $258.00',1,150.00,'0',150.00,150.00,0.00000,NULL,'',0.00,0.00000,NULL,0.00000,NULL,'2025-08-03 19:18:56','2025-08-03 19:18:56',NULL,'P'),
(35,46,28,NULL,16,0,NULL,NULL,'18 Holes of Golf for Two, a Power Cart Rental & Lunch',1,99.00,'0',99.00,99.00,0.00000,NULL,'',0.00,0.00000,NULL,0.00000,NULL,'2025-08-03 19:18:56','2025-08-03 19:18:56',NULL,'P'),
(36,38,29,NULL,10,0,NULL,NULL,'2 x PREMIUM 30 Day MEMBER PASSES and Juice Bar Gift Card Sponsored Price $150 Limited Qty - Value $258.00',1,150.00,'0',150.00,150.00,0.00000,NULL,'',0.00,0.00000,NULL,0.00000,NULL,'2025-08-03 22:37:18','2025-08-03 22:37:18',NULL,'C'),
(37,46,30,NULL,16,0,NULL,NULL,'18 Holes of Golf for Two, a Power Cart Rental & Lunch',1,99.00,'0',99.00,99.00,0.00000,NULL,'',0.00,0.00000,NULL,0.00000,NULL,'2025-08-04 01:45:09','2025-08-04 01:45:09',NULL,'C'),
(38,38,31,NULL,10,0,NULL,NULL,'2 x PREMIUM 30 Day MEMBER PASSES and Juice Bar Gift Card Sponsored Price $150 Limited Qty - Value $258.00',1,150.00,'0',150.00,150.00,0.00000,NULL,'',0.00,0.00000,NULL,0.00000,NULL,'2025-08-04 02:05:04','2025-08-04 02:05:04',NULL,'P'),
(39,46,32,NULL,16,0,NULL,NULL,'18 Holes of Golf for Two, a Power Cart Rental & Lunch',1,99.00,'0',99.00,99.00,0.00000,NULL,'',0.00,0.00000,NULL,0.00000,NULL,'2025-08-05 05:06:24','2025-08-05 05:06:24',NULL,'P'),
(40,38,33,NULL,10,0,NULL,NULL,'2 x PREMIUM 30 Day MEMBER PASSES and Juice Bar Gift Card Sponsored Price $150 Limited Qty - Value $258.00',1,150.00,'0',150.00,150.00,0.00000,NULL,'',0.00,0.00000,NULL,0.00000,NULL,'2025-08-05 15:46:53','2025-08-05 15:46:53',NULL,'P'),
(41,42,33,NULL,9,11,'4','GIFT CARD VALUE OPTIONS:$100 GIFT CARD - SAVE 25%','DEMO Give-Back Gift Card',1,100.00,'-25',75.00,75.00,0.00000,NULL,'',0.00,0.00000,NULL,0.00000,NULL,'2025-08-05 15:46:53','2025-08-05 15:46:53',NULL,'P'),
(42,38,34,NULL,8,0,'1','GIVE-BACK GIFT CARD - Discounts and Donations :$25 CASH GIVE-BACK GIFT CARD','GIVE-BACK GIFT CARD FreshBLENDZ Juice Bar',1,75.00,'25',100.00,100.00,0.00000,NULL,'',0.00,0.00000,NULL,0.00000,NULL,'2025-08-11 15:42:16','2025-08-11 15:42:16',NULL,'P'),
(43,38,34,NULL,10,0,NULL,NULL,'2 x PREMIUM 30 Day MEMBER PASSES and Juice Bar Gift Card Sponsored Price $150 Limited Qty - Value $258.00',1,150.00,'0',150.00,150.00,0.00000,NULL,'',0.00,0.00000,NULL,0.00000,NULL,'2025-08-11 15:42:16','2025-08-11 15:42:16',NULL,'P'),
(44,38,35,NULL,10,0,NULL,NULL,'2 x PREMIUM 30 Day MEMBER PASSES and Juice Bar Gift Card Sponsored Price $150 Limited Qty - Value $258.00',1,150.00,'0',150.00,150.00,0.00000,NULL,'',0.00,0.00000,NULL,0.00000,NULL,'2025-08-11 15:52:17','2025-08-11 15:52:17',NULL,'P'),
(45,42,35,NULL,9,11,'4','GIFT CARD VALUE OPTIONS:$100 GIFT CARD - SAVE 25%','DEMO Give-Back Gift Card',1,100.00,'-25',75.00,75.00,0.00000,NULL,'',0.00,0.00000,NULL,0.00000,NULL,'2025-08-11 15:52:17','2025-08-11 15:52:17',NULL,'P'),
(46,38,36,NULL,10,0,NULL,NULL,'2 x PREMIUM 30 Day MEMBER PASSES and Juice Bar Gift Card Sponsored Price $150 Limited Qty - Value $258.00',1,150.00,'0',150.00,150.00,0.00000,NULL,'',0.00,0.00000,NULL,0.00000,NULL,'2025-08-11 15:59:10','2025-08-11 15:59:10',NULL,'P'),
(47,38,37,NULL,10,0,NULL,NULL,'2 x PREMIUM 30 Day MEMBER PASSES and Juice Bar Gift Card Sponsored Price $150 Limited Qty - Value $258.00',1,150.00,'0',150.00,150.00,0.00000,NULL,'',0.00,0.00000,NULL,0.00000,NULL,'2025-08-13 16:15:37','2025-08-13 16:15:37',NULL,'P'),
(48,46,37,NULL,16,0,NULL,NULL,'18 Holes of Golf for Two, a Power Cart Rental & Lunch',1,99.00,'0',99.00,99.00,0.00000,NULL,'',0.00,0.00000,NULL,0.00000,NULL,'2025-08-13 16:15:37','2025-08-13 16:15:37',NULL,'P'),
(49,38,38,NULL,10,0,NULL,NULL,'2 x PREMIUM 30 Day MEMBER PASSES and Juice Bar Gift Card Sponsored Price $150 Limited Qty - Value $258.00',1,150.00,'0',150.00,150.00,0.00000,NULL,'',0.00,0.00000,NULL,0.00000,NULL,'2025-08-13 16:18:00','2025-08-13 16:18:00',NULL,'P');

--
-- Table structure for table `n36ic_kart_order_itemattributes`
--

CREATE TABLE `n36ic_kart_order_itemattributes` (
  `orderitemattribute_id` int(11) NOT NULL AUTO_INCREMENT,
  `order_item_id` int(11) NOT NULL DEFAULT 0,
  `itemattributeoption_id` int(11) NOT NULL DEFAULT 0,
  `orderitemattribute_name` varchar(255) NOT NULL DEFAULT '',
  `orderitemattribute_price` float(10,2) NOT NULL DEFAULT 0.00,
  `orderitemattribute_prefix` varchar(1) NOT NULL DEFAULT '',
  PRIMARY KEY (`orderitemattribute_id`),
  KEY `itemattribute_id` (`itemattributeoption_id`)
) ENGINE=InnoDB AUTO_INCREMENT=8 DEFAULT CHARSET=utf8mb4 COLLATE=utf8mb4_unicode_ci;

--
-- Dumping data for table `n36ic_kart_order_itemattributes`
--

INSERT INTO `n36ic_kart_order_itemattributes` VALUES
(1,9,1,'$25 CASH GIVE-BACK GIFT CARD',25.00,'+'),
(2,11,1,'$25 CASH GIVE-BACK GIFT CARD',25.00,'+'),
(3,16,1,'$25 CASH GIVE-BACK GIFT CARD',25.00,'+'),
(4,31,4,'$100 GIFT CARD - SAVE 25%',25.00,'-'),
(5,41,4,'$100 GIFT CARD - SAVE 25%',25.00,'-'),
(6,42,1,'$25 CASH GIVE-BACK GIFT CARD',25.00,'+'),
(7,45,4,'$100 GIFT CARD - SAVE 25%',25.00,'-');

--
-- Table structure for table `n36ic_kart_orders`
--

CREATE TABLE `n36ic_kart_orders` (
  `id` int(11) NOT NULL AUTO_INCREMENT,
  `prefix` varchar(23) NOT NULL DEFAULT '',
  `user_info_id` int(11) NOT NULL DEFAULT 0,
  `created_by` int(11) NOT NULL DEFAULT 0 COMMENT 'user id of vendor who have created manual order for customer',
  `name` varchar(255) NOT NULL DEFAULT '',
  `email` varchar(100) NOT NULL DEFAULT '',
  `cdate` datetime DEFAULT NULL,
  `mdate` datetime DEFAULT NULL,
  `transaction_id` varchar(100) NOT NULL DEFAULT '',
  `payee_id` varchar(100) NOT NULL DEFAULT '',
  `original_amount` float(10,2) NOT NULL DEFAULT 0.00,
  `amount` float(10,2) NOT NULL DEFAULT 0.00,
  `coupon_discount` float(10,2) NOT NULL DEFAULT 0.00,
  `coupon_code` varchar(100) NOT NULL DEFAULT '',
  `couponDetails` text DEFAULT NULL COMMENT 'Coupon price and used price flag- MRP price or field price etc is stored',
  `payment_note` text CHARACTER SET utf8mb3 COLLATE utf8mb3_general_ci DEFAULT NULL COMMENT 'Payment gateway form comment detail goes here',
  `order_tax` float(10,2) NOT NULL DEFAULT 0.00,
  `order_tax_details` text DEFAULT NULL,
  `order_shipping` float(10,2) NOT NULL DEFAULT 0.00,
  `order_shipping_details` text DEFAULT NULL,
  `orderRuleDetails` text DEFAULT NULL,
  `fee` float(10,2) NOT NULL DEFAULT 0.00,
  `customer_note` text DEFAULT NULL,
  `status` varchar(100) NOT NULL DEFAULT '',
  `processor` varchar(100) NOT NULL DEFAULT '',
  `ip_address` varchar(50) NOT NULL DEFAULT '',
  `ticketscount` int(11) NOT NULL DEFAULT 0,
  `currency` varchar(16) NOT NULL DEFAULT '',
  `extra` text DEFAULT NULL,
  `itemTaxShipIncluded` tinyint(1) NOT NULL DEFAULT 0,
  `migrateto28version` tinyint(3) NOT NULL DEFAULT 0,
  `params` text DEFAULT NULL,
  `deliveryfromdate` datetime DEFAULT NULL,
  `deliverytodate` datetime DEFAULT NULL,
  `feedbackemail_sent` int(11) NOT NULL DEFAULT 0,
  PRIMARY KEY (`id`)
) ENGINE=InnoDB AUTO_INCREMENT=39 DEFAULT CHARSET=utf8mb4 COLLATE=utf8mb4_unicode_ci;

--
-- Dumping data for table `n36ic_kart_orders`
--

INSERT INTO `n36ic_kart_orders` VALUES
(1,'OID-GXRHB-0000',0,0,'Christopher','canadasmarketplace@gmail.com','2025-07-01 16:07:07','2025-07-01 16:07:07','','0',24.99,24.99,0.00,'',NULL,'null',0.00,NULL,0.00,NULL,NULL,0.00,'','P','','142.186.103.70',0,'CDN',NULL,0,0,NULL,NULL,NULL,0),
(2,'OID-MF1N5-0000',0,0,'Christopher','canadasmarketplace@gmail.com','2025-07-01 16:08:23','2025-07-01 16:08:23','','0',700.00,700.00,0.00,'',NULL,'null',0.00,NULL,0.00,NULL,NULL,0.00,'','P','','142.186.103.70',0,'CDN',NULL,0,0,NULL,NULL,NULL,0),
(3,'OID-SMI6D-0000',0,0,'Marius','support@cmsjunkie.com','2025-07-01 16:09:41','2025-07-01 16:09:41','','0',1600.00,1600.00,0.00,'',NULL,'null',0.00,NULL,0.00,NULL,NULL,0.00,'','P','','70.53.25.176',0,'CDN',NULL,0,0,NULL,NULL,NULL,0),
(4,'OID-L8II2-0000',49,0,'Canada\'s Marketplace','canadasmarketplace@gmail.com','2025-07-01 16:11:28','2025-07-01 16:11:28','','49',700.00,700.00,0.00,'',NULL,'null',0.00,NULL,0.00,NULL,NULL,0.00,'','P','','70.53.25.176',0,'CDN',NULL,0,0,NULL,NULL,NULL,0),
(5,'OID-7Z77P-0000',49,0,'Canada\'s Marketplace','canadasmarketplace@gmail.com','2025-07-01 16:20:14','2025-07-01 16:20:14','','49',700.00,700.00,0.00,'',NULL,'null',0.00,NULL,0.00,NULL,NULL,0.00,'','P','','70.53.25.176',0,'CDN',NULL,0,0,NULL,NULL,NULL,0),
(6,'OID-4PV7Q-0000',49,0,'Canada\'s Marketplace','canadasmarketplace@gmail.com','2025-07-01 16:21:29','2025-07-01 16:21:29','','49',700.00,700.00,0.00,'',NULL,'null',0.00,NULL,0.00,NULL,NULL,0.00,'','P','','70.53.25.176',0,'CDN',NULL,0,0,NULL,NULL,NULL,0),
(7,'OID-ONCHX-0000',49,0,'Canada\'s Marketplace','canadasmarketplace@gmail.com','2025-07-01 17:19:52','2025-07-01 17:19:52','','49',900.00,900.00,0.00,'',NULL,'null',0.00,NULL,0.00,NULL,NULL,0.00,'','P','paypal','70.53.25.176',0,'CDN',NULL,0,0,NULL,NULL,NULL,0),
(8,'OID-VS1OP-0000',0,0,'Paint','canadasmarketplace@gmail.com','2025-07-01 17:26:08','2025-07-01 17:26:08','','0',100.00,100.00,0.00,'',NULL,'null',0.00,NULL,0.00,NULL,NULL,0.00,'','P','paypal','142.186.103.70',0,'CDN',NULL,0,0,NULL,NULL,NULL,0),
(9,'OID-REWO5-0000',49,0,'Canada\'s Marketplace','canadasmarketplace@gmail.com','2025-07-01 17:36:46','2025-07-01 17:36:46','','49',900.00,900.00,0.00,'',NULL,'null',0.00,NULL,0.00,NULL,NULL,0.00,'','P','paypal','70.53.25.176',0,'CDN',NULL,0,0,NULL,NULL,NULL,0),
(10,'OID-26KUF-0000',0,0,'Christopher','canadasmarketplace@gmail.com','2025-07-01 17:54:24','2025-07-01 17:54:31','','0',100.00,100.00,0.00,'',NULL,'',0.00,NULL,0.00,NULL,NULL,0.00,'','P','bycheck','142.186.103.70',0,'CDN','{\"payment_response\":\"{\\\"comment\\\":\\\"\\\",\\\"mail_addr\\\":\\\"No Address provided\\\",\\\"order_id\\\":\\\"OID-26KUF-000010\\\",\\\"total\\\":\\\"100.00\\\",\\\"user_id\\\":\\\"0\\\",\\\"return\\\":\\\"https:\\\\\\/\\\\\\/lafitnesswhitby.givebackpromotions.org\\\\\\/component\\\\\\/quick2cart\\\\\\/orders\\\\\\/order\\\\\\/10\\\\\\/93d8038f421cdc9c8f994454d776eff7\\\",\\\"plugin_payment_method\\\":\\\"onsite\\\",\\\"btn_check\\\":\\\"Confirm Order\\\",\\\"payment_status\\\":\\\"P\\\"}\"}',0,0,NULL,NULL,NULL,0),
(11,'OID-WYU2H-0000',49,0,'Canada\'s Marketplace','canadasmarketplace@gmail.com','2025-07-02 14:07:07','2025-07-02 14:07:10','','49',24.99,24.99,0.00,'',NULL,'',0.00,NULL,0.00,NULL,NULL,0.00,'','P','bycheck','142.186.103.70',0,'CDN','{\"payment_response\":\"{\\\"comment\\\":\\\"\\\",\\\"mail_addr\\\":\\\"No Address provided\\\",\\\"order_id\\\":\\\"OID-WYU2H-000011\\\",\\\"total\\\":\\\"24.99\\\",\\\"user_id\\\":\\\"49\\\",\\\"return\\\":\\\"https:\\\\\\/\\\\\\/lafitnesswhitby.givebackpromotions.org\\\\\\/component\\\\\\/quick2cart\\\\\\/orders\\\\\\/order\\\\\\/11\\\",\\\"plugin_payment_method\\\":\\\"onsite\\\",\\\"btn_check\\\":\\\"Confirm Order\\\",\\\"payment_status\\\":\\\"P\\\"}\"}',0,0,NULL,NULL,NULL,0),
(12,'OID-1V3BR-0000',0,0,'iCAN','info@theoakandale.com','2025-07-02 14:51:39','2025-07-02 14:51:44','','0',99.99,99.99,0.00,'',NULL,'',0.00,NULL,0.00,NULL,NULL,0.00,'','P','bycheck','142.186.103.70',0,'CDN','{\"payment_response\":\"{\\\"comment\\\":\\\"\\\",\\\"mail_addr\\\":\\\"No Address provided\\\",\\\"order_id\\\":\\\"OID-1V3BR-000012\\\",\\\"total\\\":\\\"99.99\\\",\\\"user_id\\\":\\\"0\\\",\\\"return\\\":\\\"https:\\\\\\/\\\\\\/freshblendz.givebackpromotions.org\\\\\\/orders\\\\\\/order\\\\\\/12\\\\\\/d2889f77d62ebbf02733b551a7d5424b\\\",\\\"plugin_payment_method\\\":\\\"onsite\\\",\\\"btn_check\\\":\\\"Confirm Order\\\",\\\"payment_status\\\":\\\"P\\\"}\"}',0,0,NULL,NULL,NULL,0),
(13,'OID-FATZS-0000',0,0,'iCAN','canadasmarketplace@gmail.com','2025-07-02 14:56:15','2025-07-02 14:56:19','','0',700.00,700.00,0.00,'',NULL,'',0.00,NULL,0.00,NULL,NULL,0.00,'','P','bycheck','142.186.103.70',0,'CDN','{\"payment_response\":\"{\\\"comment\\\":\\\"\\\",\\\"mail_addr\\\":\\\"No Address provided\\\",\\\"order_id\\\":\\\"OID-FATZS-000013\\\",\\\"total\\\":\\\"700.00\\\",\\\"user_id\\\":\\\"0\\\",\\\"return\\\":\\\"https:\\\\\\/\\\\\\/lafitnessoshawa.givebackpromotions.org\\\\\\/component\\\\\\/quick2cart\\\\\\/orders\\\\\\/order\\\\\\/13\\\\\\/93d8038f421cdc9c8f994454d776eff7\\\",\\\"plugin_payment_method\\\":\\\"onsite\\\",\\\"btn_check\\\":\\\"Confirm Order\\\",\\\"payment_status\\\":\\\"P\\\"}\"}',0,0,NULL,NULL,NULL,0),
(14,'OID-8JIGE-0000',0,0,'iCAN','canadasmarketplace@gmail.com','2025-07-02 15:05:29','2025-07-02 15:05:40','','0',100.00,100.00,0.00,'',NULL,'',0.00,NULL,0.00,NULL,NULL,0.00,'','C','bycheck','142.186.103.70',0,'CDN','{\"payment_response\":\"{\\\"comment\\\":\\\"\\\",\\\"mail_addr\\\":\\\"No Address provided\\\",\\\"order_id\\\":\\\"OID-8JIGE-000014\\\",\\\"total\\\":\\\"100.00\\\",\\\"user_id\\\":\\\"0\\\",\\\"return\\\":\\\"https:\\\\\\/\\\\\\/freshblendz.givebackpromotions.org\\\\\\/orders\\\\\\/order\\\\\\/14\\\\\\/93d8038f421cdc9c8f994454d776eff7\\\",\\\"plugin_payment_method\\\":\\\"onsite\\\",\\\"btn_check\\\":\\\"Confirm Order\\\",\\\"payment_status\\\":\\\"P\\\"}\"}',0,0,'[{\"store_id\":38,\"vendor_id\":45,\"order_percent_fee\":\"5\",\"order_flat_fee\":0,\"fee_amount\":5}]',NULL,NULL,0),
(15,'OID-E01AR-0000',49,0,'Canada\'s Marketplace','canadasmarketplace@gmail.com','2025-07-02 15:08:53','2025-07-02 15:08:57','','49',7.50,7.50,0.00,'',NULL,'',0.00,NULL,0.00,NULL,NULL,0.00,'','P','bycheck','142.186.103.70',0,'CDN','{\"payment_response\":\"{\\\"comment\\\":\\\"\\\",\\\"mail_addr\\\":\\\"No Address provided\\\",\\\"order_id\\\":\\\"OID-E01AR-000015\\\",\\\"total\\\":\\\"7.50\\\",\\\"user_id\\\":\\\"49\\\",\\\"return\\\":\\\"https:\\\\\\/\\\\\\/lafitnesswhitby.givebackpromotions.org\\\\\\/component\\\\\\/quick2cart\\\\\\/orders\\\\\\/order\\\\\\/15\\\",\\\"plugin_payment_method\\\":\\\"onsite\\\",\\\"btn_check\\\":\\\"Confirm Order\\\",\\\"payment_status\\\":\\\"P\\\"}\"}',0,0,NULL,NULL,NULL,0),
(16,'OID-DQ2AO-0000',49,0,'Canada\'s Marketplace','canadasmarketplace@gmail.com','2025-07-16 17:29:03','2025-07-16 17:29:03','','49',249.00,249.00,0.00,'',NULL,'null',0.00,NULL,0.00,NULL,NULL,0.00,'','P','bycheck','142.186.103.70',0,'CDN',NULL,0,0,NULL,NULL,NULL,0),
(17,'OID-5GC9B-0000',49,0,'Canada\'s Marketplace','canadasmarketplace@gmail.com','2025-07-23 00:10:02','2025-07-23 00:10:02','','49',249.00,249.00,0.00,'',NULL,'null',0.00,NULL,0.00,NULL,NULL,0.00,'','P','jomsocialpoints','142.186.103.70',0,'CDN',NULL,0,0,NULL,NULL,NULL,0),
(18,'OID-4WSZS-0000',49,0,'Canada\'s Marketplace','canadasmarketplace@gmail.com','2025-07-23 02:02:34','2025-07-23 02:02:43','','49',250.00,250.00,0.00,'',NULL,'',0.00,NULL,0.00,NULL,NULL,0.00,'','P','bycheck','142.186.103.70',0,'CDN','{\"payment_response\":\"{\\\"comment\\\":\\\"\\\",\\\"mail_addr\\\":\\\"No Address provided\\\",\\\"order_id\\\":\\\"OID-4WSZS-000018\\\",\\\"total\\\":\\\"250.00\\\",\\\"user_id\\\":\\\"49\\\",\\\"return\\\":\\\"https:\\\\\\/\\\\\\/givebackmom.com\\\\\\/component\\\\\\/quick2cart\\\\\\/orders\\\\\\/order\\\\\\/18\\\",\\\"plugin_payment_method\\\":\\\"onsite\\\",\\\"btn_check\\\":\\\"Confirm Order\\\",\\\"payment_status\\\":\\\"P\\\"}\"}',0,0,NULL,NULL,NULL,0),
(19,'OID-ENLTS-0000',49,0,'Canada\'s Marketplace','canadasmarketplace@gmail.com','2025-07-23 02:03:18','2025-07-23 02:03:18','','49',99.00,99.00,0.00,'',NULL,'null',0.00,NULL,0.00,NULL,NULL,0.00,'','P','byorder','142.186.103.70',0,'CDN',NULL,0,0,NULL,NULL,NULL,0),
(20,'OID-OHCVJ-0000',49,0,'Canada\'s Marketplace','canadasmarketplace@gmail.com','2025-07-23 02:05:22','2025-07-23 02:05:59','','49',150.00,150.00,0.00,'',NULL,'',0.00,NULL,0.00,NULL,NULL,0.00,'','P','bycheck','142.186.103.70',0,'CDN','{\"payment_response\":\"{\\\"comment\\\":\\\"\\\",\\\"mail_addr\\\":\\\"No Address provided\\\",\\\"order_id\\\":\\\"OID-OHCVJ-000020\\\",\\\"total\\\":\\\"150.00\\\",\\\"user_id\\\":\\\"49\\\",\\\"return\\\":\\\"https:\\\\\\/\\\\\\/givebackmom.com\\\\\\/component\\\\\\/quick2cart\\\\\\/orders\\\\\\/order\\\\\\/20\\\",\\\"plugin_payment_method\\\":\\\"onsite\\\",\\\"btn_check\\\":\\\"Confirm Order\\\",\\\"payment_status\\\":\\\"P\\\"}\"}',0,0,NULL,NULL,NULL,0),
(21,'OID-HKVHZ-000',49,0,'Canada\'s Marketplace','canadasmarketplace@gmail.com','2025-08-03 00:07:11','2025-08-03 00:07:11','','49',249.00,249.00,0.00,'',NULL,'null',0.00,NULL,0.00,NULL,NULL,0.00,'','P','bycheck','142.186.103.70',0,'CDN',NULL,0,0,NULL,NULL,NULL,0),
(22,'OID-4EC37-000',49,0,'Canada\'s Marketplace','canadasmarketplace@gmail.com','2025-08-03 01:25:03','2025-08-03 01:25:03','','49',249.00,249.00,0.00,'',NULL,'null',0.00,NULL,0.00,NULL,NULL,0.00,'','P','bycheck','142.186.103.70',0,'CDN',NULL,0,0,NULL,NULL,NULL,0),
(23,'OID-53OAE-000',49,0,'Canada\'s Marketplace','canadasmarketplace@gmail.com','2025-08-03 01:25:48','2025-08-03 01:26:26','','49',150.00,150.00,0.00,'',NULL,'',0.00,NULL,0.00,NULL,NULL,0.00,'','C','bycheck','142.186.103.70',0,'CDN','{\"payment_response\":\"{\\\"comment\\\":\\\"\\\",\\\"mail_addr\\\":\\\"No Address provided\\\",\\\"order_id\\\":\\\"OID-53OAE-00023\\\",\\\"total\\\":\\\"150.00\\\",\\\"user_id\\\":\\\"49\\\",\\\"return\\\":\\\"https:\\\\\\/\\\\\\/givebackmom.com\\\\\\/component\\\\\\/quick2cart\\\\\\/orders\\\\\\/order\\\\\\/23\\\",\\\"plugin_payment_method\\\":\\\"onsite\\\",\\\"btn_check\\\":\\\"Confirm Order\\\",\\\"payment_status\\\":\\\"P\\\"}\"}',0,0,'[{\"store_id\":38,\"vendor_id\":45,\"order_percent_fee\":\"6.5\",\"order_flat_fee\":0,\"fee_amount\":9.75}]',NULL,NULL,0),
(24,'OID-T0CYR-000',246198,0,'Christopher','canadasmarketplace@gmail.com','2025-08-03 03:56:37','2025-08-03 03:57:14','','246198',150.00,150.00,0.00,'',NULL,'',0.00,NULL,0.00,NULL,NULL,0.00,'','C','bycheck','142.186.103.70',0,'CDN','{\"payment_response\":\"{\\\"comment\\\":\\\"\\\",\\\"mail_addr\\\":\\\"No Address provided\\\",\\\"order_id\\\":\\\"OID-T0CYR-00024\\\",\\\"total\\\":\\\"150.00\\\",\\\"user_id\\\":\\\"246198\\\",\\\"return\\\":\\\"https:\\\\\\/\\\\\\/communitymarketplace.ca\\\\\\/component\\\\\\/quick2cart\\\\\\/orders\\\\\\/order\\\\\\/24\\\",\\\"plugin_payment_method\\\":\\\"onsite\\\",\\\"btn_check\\\":\\\"Confirm Order\\\",\\\"payment_status\\\":\\\"P\\\"}\"}',0,0,'[{\"store_id\":38,\"vendor_id\":45,\"order_percent_fee\":\"6.5\",\"order_flat_fee\":0,\"fee_amount\":9.75}]',NULL,NULL,0),
(25,'OID-CZY3W-000',246199,0,'Christopher','canadasmarketplace@gmail.com','2025-08-03 04:07:34','2025-08-03 04:07:46','','246199',150.00,150.00,0.00,'',NULL,'',0.00,NULL,0.00,NULL,NULL,0.00,'','P','bycheck','142.186.103.70',0,'CDN','{\"payment_response\":\"{\\\"comment\\\":\\\"\\\",\\\"mail_addr\\\":\\\"No Address provided\\\",\\\"order_id\\\":\\\"OID-CZY3W-00025\\\",\\\"total\\\":\\\"150.00\\\",\\\"user_id\\\":\\\"246199\\\",\\\"return\\\":\\\"https:\\\\\\/\\\\\\/givebackmom.com\\\\\\/component\\\\\\/quick2cart\\\\\\/orders\\\\\\/order\\\\\\/25\\\",\\\"plugin_payment_method\\\":\\\"onsite\\\",\\\"btn_check\\\":\\\"Confirm Order\\\",\\\"payment_status\\\":\\\"P\\\"}\"}',0,0,NULL,NULL,NULL,0),
(26,'OID-TDMX5-000',246199,0,'Christopher','canadasmarketplace@gmail.com','2025-08-03 04:21:25','2025-08-03 04:21:42','','246199',1999.00,1999.00,0.00,'',NULL,'',0.00,NULL,0.00,NULL,NULL,0.00,'','C','byorder','142.186.103.70',0,'CDN','{\"payment_response\":\"{\\\"comment\\\":\\\"\\\",\\\"mail_addr\\\":\\\"No Address provided\\\",\\\"order_id\\\":\\\"OID-TDMX5-00026\\\",\\\"total\\\":\\\"1999.00\\\",\\\"user_id\\\":\\\"246199\\\",\\\"return\\\":\\\"https:\\\\\\/\\\\\\/givebackmom.com\\\\\\/component\\\\\\/quick2cart\\\\\\/orders\\\\\\/order\\\\\\/26\\\",\\\"plugin_payment_method\\\":\\\"onsite\\\",\\\"btn_check\\\":\\\"Confirm Order\\\",\\\"payment_status\\\":\\\"P\\\"}\"}',0,0,'[{\"store_id\":41,\"vendor_id\":41,\"order_percent_fee\":\"6.5\",\"order_flat_fee\":0,\"fee_amount\":129.935}]',NULL,NULL,0),
(27,'OID-TARCE-000',246199,0,'Christopher','canadasmarketplace@gmail.com','2025-08-03 04:25:40','2025-08-03 04:25:47','','246199',150.00,150.00,0.00,'',NULL,'',0.00,NULL,0.00,NULL,NULL,0.00,'','C','bycheck','142.186.103.70',0,'CDN','{\"payment_response\":\"{\\\"comment\\\":\\\"\\\",\\\"mail_addr\\\":\\\"No Address provided\\\",\\\"order_id\\\":\\\"OID-TARCE-00027\\\",\\\"total\\\":\\\"150.00\\\",\\\"user_id\\\":\\\"246199\\\",\\\"return\\\":\\\"https:\\\\\\/\\\\\\/givebackmom.com\\\\\\/component\\\\\\/quick2cart\\\\\\/orders\\\\\\/order\\\\\\/27\\\",\\\"plugin_payment_method\\\":\\\"onsite\\\",\\\"btn_check\\\":\\\"Confirm Order\\\",\\\"payment_status\\\":\\\"P\\\"}\"}',0,0,'[{\"store_id\":38,\"vendor_id\":45,\"order_percent_fee\":\"6.5\",\"order_flat_fee\":0,\"fee_amount\":9.75}]',NULL,NULL,0),
(28,'OID-VVQH1-000',49,0,'Canada\'s Marketplace','canadasmarketplace@gmail.com','2025-08-03 19:18:56','2025-08-03 19:18:56','','49',249.00,249.00,0.00,'',NULL,'null',0.00,NULL,0.00,NULL,NULL,0.00,'','P','bycheck','142.186.103.70',0,'CDN',NULL,0,0,NULL,NULL,NULL,0),
(29,'OID-43ULU-000',246199,0,'Christopher','canadasmarketplace@gmail.com','2025-08-03 22:37:18','2025-08-03 22:37:22','','246199',150.00,150.00,0.00,'',NULL,'',0.00,NULL,0.00,NULL,NULL,0.00,'','C','bycheck','142.186.103.70',0,'CDN','{\"payment_response\":\"{\\\"comment\\\":\\\"\\\",\\\"mail_addr\\\":\\\"No Address provided\\\",\\\"order_id\\\":\\\"OID-43ULU-00029\\\",\\\"total\\\":\\\"150.00\\\",\\\"user_id\\\":\\\"246199\\\",\\\"return\\\":\\\"https:\\\\\\/\\\\\\/givebackgiftcards.org\\\\\\/component\\\\\\/quick2cart\\\\\\/orders\\\\\\/order\\\\\\/29\\\",\\\"plugin_payment_method\\\":\\\"onsite\\\",\\\"btn_check\\\":\\\"Confirm Order\\\",\\\"payment_status\\\":\\\"P\\\"}\"}',0,0,'[{\"store_id\":38,\"vendor_id\":45,\"order_percent_fee\":\"6.5\",\"order_flat_fee\":0,\"fee_amount\":9.75}]',NULL,NULL,0),
(30,'OID-P5CIL-000',246201,0,'Christopher','canadasmarketplace@gmail.com','2025-08-04 01:45:09','2025-08-04 01:45:09','','246201',99.00,99.00,0.00,'',NULL,'null',0.00,NULL,0.00,NULL,NULL,0.00,'','C','bycheck','142.186.103.70',0,'CDN',NULL,0,0,'[{\"store_id\":46,\"vendor_id\":46,\"order_percent_fee\":\"6.5\",\"order_flat_fee\":0,\"fee_amount\":6.435}]',NULL,NULL,0),
(31,'OID-6PKMN-000',246201,0,'Christopher','canadasmarketplace@gmail.com','2025-08-04 02:05:04','2025-08-04 02:05:14','','246201',150.00,150.00,0.00,'',NULL,'',0.00,NULL,0.00,NULL,NULL,0.00,'','P','byorder','142.186.103.70',0,'CDN','{\"payment_response\":\"{\\\"comment\\\":\\\"\\\",\\\"mail_addr\\\":\\\"No Address provided\\\",\\\"order_id\\\":\\\"OID-6PKMN-00031\\\",\\\"total\\\":\\\"150.00\\\",\\\"user_id\\\":\\\"246201\\\",\\\"return\\\":\\\"https:\\\\\\/\\\\\\/givebackgiftcards.org\\\\\\/component\\\\\\/quick2cart\\\\\\/orders\\\\\\/order\\\\\\/31\\\",\\\"plugin_payment_method\\\":\\\"onsite\\\",\\\"btn_check\\\":\\\"Confirm Order\\\",\\\"payment_status\\\":\\\"P\\\"}\"}',0,0,NULL,NULL,NULL,0),
(32,'OID-LYX12-000',246204,0,'test','vishalcustomer@test.com','2025-08-05 05:06:24','2025-08-05 05:06:24','','246204',99.00,99.00,0.00,'',NULL,'null',0.00,NULL,0.00,NULL,NULL,0.00,'','P','paypal','103.117.208.14',0,'CDN',NULL,0,0,NULL,NULL,NULL,0),
(33,'OID-QOUMK-000',246199,0,'Christopher','canadasmarketplace@gmail.com','2025-08-05 15:46:53','2025-08-05 15:46:58','','246199',225.00,225.00,0.00,'',NULL,'',0.00,NULL,0.00,NULL,NULL,0.00,'','P','bycheck','142.186.103.70',0,'CDN','{\"payment_response\":\"{\\\"comment\\\":\\\"\\\",\\\"mail_addr\\\":\\\"No Address provided\\\",\\\"order_id\\\":\\\"OID-QOUMK-00033\\\",\\\"total\\\":\\\"225.00\\\",\\\"user_id\\\":\\\"246199\\\",\\\"return\\\":\\\"https:\\\\\\/\\\\\\/givebackmom.com\\\\\\/component\\\\\\/quick2cart\\\\\\/orders\\\\\\/order\\\\\\/33\\\",\\\"plugin_payment_method\\\":\\\"onsite\\\",\\\"btn_check\\\":\\\"Confirm Order\\\",\\\"payment_status\\\":\\\"P\\\"}\"}',0,0,NULL,NULL,NULL,0),
(34,'OID-6OAMS-000',246159,0,'Christopher','canadasmarketplace@gmail.com','2025-08-11 15:42:16','2025-08-11 15:42:16','','246159',250.00,250.00,0.00,'',NULL,'null',0.00,NULL,0.00,NULL,NULL,0.00,'','P','bycheck','64.231.99.120',0,'CDN',NULL,0,0,NULL,NULL,NULL,0),
(35,'OID-M16OI-000',49,0,'Canada\'s Marketplace','canadasmarketplace@gmail.com','2025-08-11 15:52:17','2025-08-11 15:52:17','','49',225.00,225.00,0.00,'',NULL,'null',0.00,NULL,0.00,NULL,NULL,0.00,'','P','bycheck','64.231.99.120',0,'CDN',NULL,0,0,NULL,NULL,NULL,0),
(36,'OID-FBL2X-000',246159,0,'Christopher','canadasmarketplace@gmail.com','2025-08-11 15:59:10','2025-08-11 15:59:10','','246159',150.00,150.00,0.00,'',NULL,'null',0.00,NULL,0.00,NULL,NULL,0.00,'','P','bycheck','64.231.99.120',0,'CDN',NULL,0,0,NULL,NULL,NULL,0),
(37,'OID-VF3Z9-000',49,0,'Canada\'s Marketplace','canadasmarketplace@gmail.com','2025-08-13 16:15:37','2025-08-13 16:15:37','','49',249.00,249.00,0.00,'',NULL,'null',0.00,NULL,0.00,NULL,NULL,0.00,'','P','2checkout','184.146.171.162',0,'CDN',NULL,0,0,NULL,NULL,NULL,0),
(38,'OID-21ETC-000',49,0,'Canada\'s Marketplace','canadasmarketplace@gmail.com','2025-08-13 16:18:00','2025-08-13 16:18:00','','49',150.00,150.00,0.00,'',NULL,'null',0.00,NULL,0.00,NULL,NULL,0.00,'','P','bycheck','184.146.171.162',0,'CDN',NULL,0,0,NULL,NULL,NULL,0);

--
-- Table structure for table `n36ic_kart_orders_history`
--

CREATE TABLE `n36ic_kart_orders_history` (
  `id` int(11) NOT NULL AUTO_INCREMENT,
  `order_id` int(11) NOT NULL DEFAULT 0,
  `order_item_id` int(11) NOT NULL DEFAULT 0,
  `creater_id` int(11) NOT NULL DEFAULT 0,
  `mdate` timestamp NOT NULL DEFAULT current_timestamp(),
  `customer_notified` tinyint(1) NOT NULL DEFAULT 0,
  `order_item_status` varchar(100) NOT NULL DEFAULT '',
  `note` text DEFAULT NULL,
  PRIMARY KEY (`id`)
) ENGINE=InnoDB AUTO_INCREMENT=9 DEFAULT CHARSET=utf8mb4 COLLATE=utf8mb4_unicode_ci;

--
-- Dumping data for table `n36ic_kart_orders_history`
--

INSERT INTO `n36ic_kart_orders_history` VALUES
(1,14,16,246186,'2025-07-02 16:31:31',1,'C',''),
(2,23,29,49,'2025-08-03 01:27:28',1,'C',''),
(3,24,30,49,'2025-08-03 03:58:13',1,'C',''),
(4,25,31,49,'2025-08-03 04:09:01',1,'P',''),
(5,26,32,49,'2025-08-03 04:23:02',1,'C',''),
(6,27,33,49,'2025-08-03 04:26:34',1,'C',''),
(7,29,36,49,'2025-08-03 22:38:48',1,'C',''),
(8,30,37,49,'2025-08-04 01:47:35',1,'C','');

--
-- Table structure for table `n36ic_kart_orders_xref`
--

CREATE TABLE `n36ic_kart_orders_xref` (
  `id` int(11) NOT NULL AUTO_INCREMENT,
  `order_id` int(11) NOT NULL DEFAULT 0,
  `mdate` timestamp NOT NULL DEFAULT current_timestamp(),
  `extra` text DEFAULT NULL,
  PRIMARY KEY (`id`)
) ENGINE=InnoDB DEFAULT CHARSET=utf8mb4 COLLATE=utf8mb4_unicode_ci;

--
-- Dumping data for table `n36ic_kart_orders_xref`
--


--
-- Table structure for table `n36ic_kart_payouts`
--

CREATE TABLE `n36ic_kart_payouts` (
  `id` int(11) NOT NULL AUTO_INCREMENT,
  `user_id` varchar(20) NOT NULL DEFAULT '',
  `payee_name` varchar(20) NOT NULL DEFAULT '',
  `ad_id` int(11) NOT NULL DEFAULT 0,
  `transaction_id` varchar(20) NOT NULL DEFAULT '',
  `date` datetime DEFAULT NULL,
  `email_id` varchar(50) NOT NULL DEFAULT '',
  `amount` double(11,2) NOT NULL DEFAULT 0.00,
  `status` int(11) NOT NULL DEFAULT 0,
  `comment` varchar(50) DEFAULT NULL,
  PRIMARY KEY (`id`)
) ENGINE=InnoDB DEFAULT CHARSET=utf8mb4 COLLATE=utf8mb4_unicode_ci;

--
-- Dumping data for table `n36ic_kart_payouts`
--


--
-- Table structure for table `n36ic_kart_promotion_discount`
--

CREATE TABLE `n36ic_kart_promotion_discount` (
  `id` int(11) NOT NULL AUTO_INCREMENT,
  `promotion_id` int(11) NOT NULL DEFAULT 0,
  `discount` float(10,2) DEFAULT NULL,
  `max_discount` float(10,2) DEFAULT NULL,
  `currency` varchar(16) NOT NULL DEFAULT '',
  `discount_type` varchar(60) NOT NULL DEFAULT '' COMMENT 'flat, percentage, quanity_discount',
  PRIMARY KEY (`id`),
  KEY `id` (`id`)
) ENGINE=InnoDB DEFAULT CHARSET=utf8mb4 COLLATE=utf8mb4_unicode_ci;

--
-- Dumping data for table `n36ic_kart_promotion_discount`
--


--
-- Table structure for table `n36ic_kart_promotions`
--

CREATE TABLE `n36ic_kart_promotions` (
  `id` int(11) NOT NULL AUTO_INCREMENT,
  `store_id` int(11) NOT NULL DEFAULT 0 COMMENT 'store id',
  `state` tinyint(3) NOT NULL DEFAULT 1,
  `name` varchar(225) NOT NULL DEFAULT '',
  `description` varchar(500) NOT NULL DEFAULT '',
  `from_date` datetime DEFAULT NULL,
  `exp_date` datetime DEFAULT NULL,
  `coupon_required` tinyint(4) NOT NULL DEFAULT 0,
  `coupon_code` varchar(100) NOT NULL DEFAULT '',
  `discount_type` varchar(100) NOT NULL DEFAULT '' COMMENT 'flat, percentage, quanity_discount',
  `max_use` int(11) NOT NULL DEFAULT 0,
  `max_per_user` int(11) NOT NULL DEFAULT 0,
  `terms_and_conditions` varchar(700) DEFAULT '',
  `extra_params` text DEFAULT NULL,
  `catlog_promotion` tinyint(4) NOT NULL DEFAULT 0,
  `allowspecificuserpromotion` tinyint(4) NOT NULL DEFAULT 0,
  `orderamount` int(11) NOT NULL DEFAULT 0,
  `couponmailsent` tinyint(4) NOT NULL DEFAULT 0,
  PRIMARY KEY (`id`)
) ENGINE=InnoDB DEFAULT CHARSET=utf8mb4 COLLATE=utf8mb4_unicode_ci;

--
-- Dumping data for table `n36ic_kart_promotions`
--


--
-- Table structure for table `n36ic_kart_promotions_rules`
--

CREATE TABLE `n36ic_kart_promotions_rules` (
  `id` int(11) NOT NULL AUTO_INCREMENT,
  `promotion_id` int(11) NOT NULL DEFAULT 0,
  `condition_on` varchar(255) NOT NULL DEFAULT '',
  `condition_on_attribute` varchar(255) NOT NULL DEFAULT '' COMMENT 'Used for where condition (Key,value). Eg key = category',
  `condition_attribute_value` varchar(255) NOT NULL DEFAULT '' COMMENT 'Used for  where condition (Key,value).  Eg value = T-shirt category',
  `quantity` int(11) NOT NULL DEFAULT 0,
  `is_compulsary` varchar(127) NOT NULL DEFAULT '',
  `operation` varchar(255) NOT NULL DEFAULT '',
  PRIMARY KEY (`id`)
) ENGINE=InnoDB DEFAULT CHARSET=utf8mb4 COLLATE=utf8mb4_unicode_ci;

--
-- Dumping data for table `n36ic_kart_promotions_rules`
--


--
-- Table structure for table `n36ic_kart_role`
--

CREATE TABLE `n36ic_kart_role` (
  `id` int(11) NOT NULL AUTO_INCREMENT,
  `store_id` int(11) NOT NULL DEFAULT 0,
  `vendor_id` int(11) NOT NULL DEFAULT 0,
  `user_id` int(11) NOT NULL DEFAULT 0,
  `role` varchar(100) NOT NULL DEFAULT '',
  PRIMARY KEY (`id`)
) ENGINE=InnoDB AUTO_INCREMENT=47 DEFAULT CHARSET=utf8mb4 COLLATE=utf8mb4_unicode_ci;

--
-- Dumping data for table `n36ic_kart_role`
--

INSERT INTO `n36ic_kart_role` VALUES
(1,1,1,49,'1'),
(37,37,37,246080,'1'),
(38,38,45,246186,'1'),
(39,39,40,246177,'1'),
(40,40,44,246162,'1'),
(41,41,41,246179,'1'),
(42,42,1,49,'1'),
(43,43,1,49,'1'),
(45,45,1,49,'1'),
(46,46,46,246184,'1');

--
-- Table structure for table `n36ic_kart_shipProfileMethods`
--

CREATE TABLE `n36ic_kart_shipProfileMethods` (
  `id` int(11) NOT NULL AUTO_INCREMENT,
  `shipprofile_id` int(11) NOT NULL DEFAULT 0,
  `client` varchar(255) NOT NULL DEFAULT '' COMMENT 'Shipping Plugin Name',
  `methodId` int(11) NOT NULL DEFAULT 0 COMMENT 'Extension specific, Shipping Plugin Method id.',
  `ordering` int(11) NOT NULL DEFAULT 0,
  PRIMARY KEY (`id`)
) ENGINE=InnoDB DEFAULT CHARSET=utf8mb4 COLLATE=utf8mb4_unicode_ci;

--
-- Dumping data for table `n36ic_kart_shipProfileMethods`
--


--
-- Table structure for table `n36ic_kart_ship_manager`
--

CREATE TABLE `n36ic_kart_ship_manager` (
  `id` int(11) NOT NULL AUTO_INCREMENT,
  `key` varchar(64) NOT NULL DEFAULT '',
  `value` varchar(64) NOT NULL DEFAULT '',
  PRIMARY KEY (`id`)
) ENGINE=InnoDB DEFAULT CHARSET=utf8mb4 COLLATE=utf8mb4_unicode_ci;

--
-- Dumping data for table `n36ic_kart_ship_manager`
--


--
-- Table structure for table `n36ic_kart_ship_manager_currency`
--

CREATE TABLE `n36ic_kart_ship_manager_currency` (
  `id` int(11) NOT NULL AUTO_INCREMENT,
  `ship_manager_id` int(11) NOT NULL DEFAULT 0,
  `shipvalue` float(10,2) NOT NULL DEFAULT 0.00,
  `currency` varchar(16) NOT NULL DEFAULT '',
  PRIMARY KEY (`id`)
) ENGINE=InnoDB DEFAULT CHARSET=utf8mb4 COLLATE=utf8mb4_unicode_ci;

--
-- Dumping data for table `n36ic_kart_ship_manager_currency`
--


--
-- Table structure for table `n36ic_kart_shipprofile`
--

CREATE TABLE `n36ic_kart_shipprofile` (
  `id` int(11) NOT NULL AUTO_INCREMENT,
  `name` varchar(255) NOT NULL DEFAULT '',
  `store_id` int(11) NOT NULL DEFAULT 0,
  `state` tinyint(1) NOT NULL DEFAULT 1,
  `ordering` int(11) NOT NULL DEFAULT 0,
  PRIMARY KEY (`id`)
) ENGINE=InnoDB DEFAULT CHARSET=utf8mb4 COLLATE=utf8mb4_unicode_ci;

--
-- Dumping data for table `n36ic_kart_shipprofile`
--


--
-- Table structure for table `n36ic_kart_store`
--

CREATE TABLE `n36ic_kart_store` (
  `id` int(11) NOT NULL AUTO_INCREMENT,
  `vendor_id` int(11) NOT NULL DEFAULT 0,
  `owner` int(11) NOT NULL DEFAULT 0,
  `title` varchar(255) NOT NULL DEFAULT '',
  `description` text DEFAULT NULL,
  `address` varchar(200) NOT NULL DEFAULT '',
  `pincode` varchar(50) NOT NULL DEFAULT '',
  `city` varchar(200) NOT NULL DEFAULT '',
  `land_mark` varchar(200) NOT NULL DEFAULT '',
  `country` int(11) NOT NULL DEFAULT 0,
  `region` int(11) NOT NULL DEFAULT 0,
  `phone` varchar(50) NOT NULL DEFAULT '',
  `store_email` varchar(100) NOT NULL DEFAULT '',
  `store_avatar` varchar(125) NOT NULL DEFAULT '',
  `fee` float(10,2) NOT NULL DEFAULT 0.00,
  `live` tinyint(1) NOT NULL DEFAULT 1,
  `cdate` datetime DEFAULT NULL,
  `mdate` datetime DEFAULT NULL,
  `extra` text DEFAULT NULL,
  `company_name` varchar(100) NOT NULL DEFAULT '',
  `payment_mode` tinyint(1) NOT NULL DEFAULT 0,
  `pay_detail` varchar(225) NOT NULL DEFAULT '',
  `vanityurl` varchar(255) NOT NULL DEFAULT '',
  `header` varchar(255) NOT NULL DEFAULT '',
  `length_id` int(11) NOT NULL DEFAULT 1 COMMENT 'This will be default length unite for store. Primary key of kart_lengths table',
  `weight_id` int(11) NOT NULL DEFAULT 0 COMMENT 'This will be default weight unite for store. Primary key of kart_weights table',
  `taxprofile_id` int(11) NOT NULL DEFAULT 0 COMMENT 'This will be default tax profile id for store. Primary key of kart_shipprofile table table',
  `shipprofile_id` int(11) NOT NULL DEFAULT 0 COMMENT 'This will be default ship profile id for store. Primary key of _kart_shipprofile table table',
  PRIMARY KEY (`id`)
) ENGINE=InnoDB AUTO_INCREMENT=47 DEFAULT CHARSET=utf8mb4 COLLATE=utf8mb4_unicode_ci;

--
-- Dumping data for table `n36ic_kart_store`
--

INSERT INTO `n36ic_kart_store` VALUES
(1,1,49,'Community Marketplace','','World wide Community','L1G 7C9','Oshawa','',38,557,'55555555','store@communitymarketplace.ca','components/com_quick2cart/images/no_user.png',0.00,1,'2023-06-23 00:00:00','2025-06-14 00:00:00','{\"default\":1}','Canada\'s Marketplace',0,'','community-market-place','',1,0,0,0),
(37,37,246080,'CampX Hero Store','CampX Hero Store: Your Ultimate Source for High-Level Media Tools.\r\nDiscover the cutting-edge tools you need to dominate the digital media battlefield at CampX Hero Store. Our exclusive collection includes advanced spy tools designed for high-stakes media operations, just like the ones used in covert black ops missions. Whether you\'re an aspiring media mogul or a digital strategist, our top-tier equipment will help you complete any mission with precision and success. Equip yourself with the best and stay ahead in the digital media war at CampX Hero Store.','111 Simcoe St. N.','L1G 7C9','Oshawa','',38,0,'2899288468','store@richprincemedia.com','oo-camp-x-frc-red-gold-green-logo2-1-_1719871984.png',0.00,0,'2024-07-01 00:00:00','2024-07-01 00:00:00',NULL,'Rich Prince Media',0,'','campx-hero-store','',0,0,0,0),
(38,45,246186,'Fresh BLENDZ Juice Bar - LA Fitness Oshawa ','<p>Fresh BLENDZ Juice Bar offers refreshing, wholesome drinks made with high-quality, natural ingredients. Our menu features smoothies, juices, protein shakes, and specialty coffee blends designed to fuel your day. We prioritize health-conscious options with natural sweeteners and customizable add-ons. Whether you\'re craving a nutrient-packed smoothie or a revitalizing juice, Fresh BLENDZ has something for everyone.</p>','LA FITNESS OSHAWA CLUB\r\n1189 RITSON RD. N.\r\nOSHAWA, ONT.\r\nL1G 8B9\r\n\r\n','L1G 7C9','Oshawa','LA Fitness Club Oshawa ',38,557,'9054333737','store@freshlife.givebackpromotions.org','1000009734_1748152053.png',0.00,1,'2025-03-03 00:00:00','2025-07-02 00:00:00',NULL,'Fresh Life Juice Bar - Oshawa',0,'','fresh-life-juice-bar-oshawa','',0,0,0,0),
(39,40,246177,'Local Meals that Heal','<p class=\"\" data-start=\"406\" data-end=\"929\"><strong data-start=\"406\" data-end=\"431\">Local Meals that Heal</strong> is a compassionate community initiative focused on delivering healthy, healing meals to those in need—especially our most beloved seniors. We partner with local food service and catering companies to tap into their meal prep capacity, working alongside nutrition experts to craft affordable, nutritious meals tailored for wellness. By bridging community need with professional food expertise, we create sustainable local food delivery networks that prioritize healing, dignity, and community care.</p>','111 Simcoe St. N.','L1G 7C9','Oshawa','',38,557,'9059148112','store@localmealsthatheal.com','untitled_design_1_1746730348.png',0.00,1,'2025-05-08 00:00:00','2025-05-14 00:00:00',NULL,'LOCAL MEALS THAT HEAL',0,'','local-meals-that-heal','',0,0,0,0),
(40,44,246162,'Give Back Moms Magazine','Give Back Mom Magazine – Meaningful Savings for Moms\r\nGive Back Mom Magazine is a purpose-driven publication that empowers moms with meaningful local savings while supporting community fundraising efforts. Packed with exclusive deals from local businesses, each issue helps families stretch their budgets and fuels causes that matter most—schools, charities, and local initiatives. It’s more than a coupon book—it’s a movement to Keep it Local and Give Back. When businesses level up with Give Back Mom, everyone wins: moms save, communities grow, and giving back becomes a lifestyle.\r\n\r\n','111 Simcoe St N.','L1G 7C9','Oshawa','',38,557,'55555555','store@givebackmom.com','1000009736_1746922798.jpg',0.00,1,'2025-05-11 00:00:00','2025-06-04 00:00:00',NULL,'Give Back Mom Magazine',0,'','give-back-moms-magazine','',0,0,0,0),
(41,41,246179,'Give Back Mom Magazine - Oshawa Savings for Fundraising','Oshawa Give-Back Mom -hub for family savings and community fundraising. The Oshawa Give-Back Mom store connects moms, local businesses, and community causes through meaningful advertising in our regional magazine — delivered directly to dinner tables through our Mag in the Bag program and school fundraisers.\r\n\r\nEvery purchase supports local teams, schools, and charities while offering exclusive discounts and give-back rewards from trusted Oshawa-area businesses. Whether you\'re promoting your brand or supporting a cause, this store helps you give back where it matters most — right here at home.\r\n\r\nLet’s keep it local. Let’s give back, Oshawa.\r\n','111 Simcoe St.','L1G 7C9','Oshawa','',38,557,'555555555','Oshawa@GiveBackMom.com','1000009736_1748148528.jpg',0.00,1,'2025-05-25 00:00:00','2025-06-04 00:00:00',NULL,'Oshawa - Give Back Mom Magazine ',0,'','oshawa-give-back-mom-magazine-savings-for-fundraising','',0,0,0,0),
(42,1,49,'GIVE BACK GIFT CARDS','<p>Welcome to the Give Back Gift Cards Store, where discounts meet donations. Every purchase here supports community-driven causes like school programs, youth teams, senior centers, and local charities. We\'ve partnered with local businesses who are proud to give back, offering great deals that fund great missions.</p>\r\n<p>✔️ Save up to 50% on gift cards</p>\r\n<p>✔️ Automatically support a fundraiser with each purchase</p>\r\n<p>✔️ Shop local. Give back. Feel good.</p>\r\n<p>Thank you for being part of a movement that keeps it local and gives it back.</p>','57 Simcoe St S. ','L1G 7C9','Oshawa','',38,557,'5555555555','store@givebackgiftcards.org','community_give-back__booklet_5.5_x_8.5_in_6_1_1751469460.png',0.00,1,'2025-06-12 00:00:00','2025-07-02 00:00:00',NULL,'GIVE BACK GIFT CARDS',0,'','give-back-gift-cards-savings-for-fundraising','',0,0,0,0),
(43,1,49,'All Seasons Solutions','','601 - 55 William St E\r\nSuite 601','L1G 7C9','Oshawa','',38,0,'2899288741','store@allseasonssolutions.ca','1000011948_1749953067.jpg',0.00,1,'2025-06-15 00:00:00','2025-06-15 00:00:00',NULL,'All Seasons Solutions Property Maintenance',0,'','all-seasons-solutions','',0,0,0,0),
(45,1,49,'LEVEL UP FOR LOCAL','<p data-start=\"53\" data-end=\"140\"><strong data-start=\"53\" data-end=\"140\">LEVEL UP FOR LOCAL: Local Affiliates Marketing Local Business for Local Fundraising</strong></p>\r\n<p data-start=\"142\" data-end=\"482\">Level Up for Local is a powerful community-driven initiative where local affiliates champion local businesses while fueling local fundraising efforts. Instead of relying on distant advertising platforms, businesses collaborate directly with passionate local promoters who share authentic recommendations and drive neighborhood engagement.</p>\r\n<p data-start=\"484\" data-end=\"804\">Through Level Up for Local, every purchase and promotion generates real support for schools, charities, and community projects, transforming everyday shopping into meaningful giving. It’s a win-win-win: businesses gain loyal customers, affiliates earn rewards, and communities thrive with new funding for vital causes.</p>\r\n<p data-start=\"806\" data-end=\"940\">Join the movement that proves keeping it local isn’t just good business—it’s the key to building stronger, more connected communities.</p>','111 Simcoe St N','L1G 7C9','Oshawa','',38,557,'9056201009','store@levelupforlocal.com','blue_and_orange_modern_affiliate_program_twitter_post_5_1751486032.png',0.00,1,'2025-07-02 00:00:00','2025-07-02 00:00:00',NULL,'LEVEL UP FOR LOCAL',0,'','level-up-for-local','',0,0,0,0),
(46,46,246184,'Harmony Creek Golf & Events Center','Harmony Creek Golf Centre is a public golf facility featuring an executive-style 9-hole course, well-maintained fairways, and a popular driving range. It’s known for its friendly atmosphere and is ideal for golfers of all skill levels looking for a quick and enjoyable round.','1000 Bloor Street East\r\n',' L1H 8S1','Oshawa','Harmony Creek Golf Centre',38,0,'9054330211','HarmonyCreek@givebackpromotions.org','harmony-creek-logo1_1751934754.png',0.00,1,'2025-07-08 00:00:00','2025-07-08 00:00:00',NULL,'Harmony Creek Golf & Events Center',0,'','harmonycreekgolfstore','',0,0,0,0);

--
-- Table structure for table `n36ic_kart_taxprofiles`
--

CREATE TABLE `n36ic_kart_taxprofiles` (
  `id` int(11) NOT NULL AUTO_INCREMENT,
  `name` varchar(255) NOT NULL DEFAULT '',
  `store_id` int(11) NOT NULL DEFAULT 0,
  `state` tinyint(1) NOT NULL DEFAULT 1,
  `ordering` int(11) NOT NULL DEFAULT 0,
  PRIMARY KEY (`id`)
) ENGINE=InnoDB AUTO_INCREMENT=2 DEFAULT CHARSET=utf8mb4 COLLATE=utf8mb4_unicode_ci;

--
-- Dumping data for table `n36ic_kart_taxprofiles`
--

INSERT INTO `n36ic_kart_taxprofiles` VALUES
(1,'Not for Profit ONTARIO, CANADA',42,1,1);

--
-- Table structure for table `n36ic_kart_taxrates`
--

CREATE TABLE `n36ic_kart_taxrates` (
  `id` int(11) NOT NULL AUTO_INCREMENT,
  `name` varchar(255) NOT NULL DEFAULT '',
  `percentage` int(10) unsigned NOT NULL DEFAULT 0,
  `zone_id` int(11) NOT NULL DEFAULT 0,
  `state` tinyint(1) NOT NULL DEFAULT 1,
  `ordering` int(11) NOT NULL DEFAULT 0,
  `created_by` int(11) NOT NULL DEFAULT 0,
  PRIMARY KEY (`id`)
) ENGINE=InnoDB AUTO_INCREMENT=2 DEFAULT CHARSET=utf8mb4 COLLATE=utf8mb4_unicode_ci;

--
-- Dumping data for table `n36ic_kart_taxrates`
--

INSERT INTO `n36ic_kart_taxrates` VALUES
(1,'HST',13,1,1,1,0);

--
-- Table structure for table `n36ic_kart_taxrules`
--

CREATE TABLE `n36ic_kart_taxrules` (
  `taxrule_id` int(11) NOT NULL AUTO_INCREMENT,
  `taxprofile_id` int(11) NOT NULL DEFAULT 0,
  `taxrate_id` int(11) NOT NULL DEFAULT 0,
  `address` varchar(255) NOT NULL DEFAULT '' COMMENT 'Which address should be used to apply taxrates. Eg billin, shipping or store address',
  `ordering` int(11) NOT NULL DEFAULT 0,
  `state` int(11) NOT NULL DEFAULT 1,
  PRIMARY KEY (`taxrule_id`)
) ENGINE=InnoDB DEFAULT CHARSET=utf8mb4 COLLATE=utf8mb4_unicode_ci;

--
-- Dumping data for table `n36ic_kart_taxrules`
--


--
-- Table structure for table `n36ic_kart_users`
--

CREATE TABLE `n36ic_kart_users` (
  `id` int(11) NOT NULL AUTO_INCREMENT,
  `user_id` int(11) NOT NULL DEFAULT 0,
  `order_id` int(11) NOT NULL DEFAULT 0,
  `user_email` varchar(255) NOT NULL DEFAULT '',
  `address_type` varchar(11) NOT NULL DEFAULT '',
  `firstname` varchar(250) NOT NULL DEFAULT '',
  `middlename` varchar(250) NOT NULL DEFAULT '',
  `lastname` varchar(250) NOT NULL DEFAULT '',
  `vat_number` varchar(250) NOT NULL DEFAULT '',
  `tax_exempt` tinyint(4) NOT NULL DEFAULT 1,
  `country_code` varchar(50) NOT NULL DEFAULT '',
  `address` varchar(255) NOT NULL DEFAULT '',
  `city` varchar(50) NOT NULL DEFAULT '',
  `land_mark` varchar(50) NOT NULL DEFAULT '',
  `state_code` varchar(50) NOT NULL DEFAULT '',
  `zipcode` varchar(255) NOT NULL DEFAULT '',
  `phone` varchar(50) NOT NULL DEFAULT '',
  `approved` tinyint(1) NOT NULL DEFAULT 1,
  PRIMARY KEY (`id`),
  KEY `user_id` (`user_id`)
) ENGINE=InnoDB AUTO_INCREMENT=54 DEFAULT CHARSET=utf8mb4 COLLATE=utf8mb4_unicode_ci;

--
-- Dumping data for table `n36ic_kart_users`
--

INSERT INTO `n36ic_kart_users` VALUES
(1,0,1,'canadasmarketplace@gmail.com','BT','Christopher','','Parkinson','',0,'38','111 Simcoe St. N.','Oshawa','','557','L1G 7C9','2899288468',1),
(2,0,1,'canadasmarketplace@gmail.com','ST','Christopher','','Parkinson','',0,'38','111 Simcoe St. N.','Oshawa','','557','L1G 7C9','2899288468',1),
(3,0,2,'canadasmarketplace@gmail.com','BT','Christopher','','Parkinson','',0,'38','111 Simcoe St. N.','Oshawa','','557','L1G 7C9','2899288468',1),
(4,0,2,'canadasmarketplace@gmail.com','ST','Christopher','','Parkinson','',0,'38','111 Simcoe St. N.','Oshawa','','557','L1G 7C9','2899288468',1),
(5,0,3,'support@cmsjunkie.com','BT','Marius','','Bara','',0,'38','9035 N 43rd Ave','Phoenix','SHP119055','','14132','46546465645',1),
(6,0,3,'support@cmsjunkie.com','ST','Marius','','Bara','',0,'38','9035 N 43rd Ave','Phoenix','SHP119055','','14132','46546465645',1),
(7,49,4,'canadasmarketplace@gmail.com','BT','Canada\'s Marketplace','','Parkinson','',0,'38','111 Simcoe St. N.','Oshawa','','557','L1G 7C9','2899288468',1),
(8,49,4,'canadasmarketplace@gmail.com','ST','Canada\'s Marketplace','','Parkinson','',0,'38','111 Simcoe St. N.','Oshawa','','557','L1G 7C9','2899288468',1),
(9,49,5,'canadasmarketplace@gmail.com','BT','Canada\'s Marketplace','','Parkinson','',0,'38','111 Simcoe St. N.','Oshawa','','557','L1G 7C9','2899288468',1),
(10,49,5,'canadasmarketplace@gmail.com','ST','Canada\'s Marketplace','','Parkinson','',0,'38','111 Simcoe St. N.','Oshawa','','557','L1G 7C9','2899288468',1),
(11,49,6,'canadasmarketplace@gmail.com','BT','Canada\'s Marketplace','','Parkinson','',0,'38','111 Simcoe St. N.','Oshawa','','557','L1G 7C9','2899288468',1),
(12,49,6,'canadasmarketplace@gmail.com','ST','Canada\'s Marketplace','','Parkinson','',0,'38','111 Simcoe St. N.','Oshawa','','557','L1G 7C9','2899288468',1),
(13,49,7,'canadasmarketplace@gmail.com','BT','Canada\'s Marketplace','','Parkinson','',0,'38','111 Simcoe St. N.','Oshawa','','557','L1G 7C9','2899288468',1),
(14,49,7,'canadasmarketplace@gmail.com','ST','Canada\'s Marketplace','','Parkinson','',0,'38','111 Simcoe St. N.','Oshawa','','557','L1G 7C9','2899288468',1),
(15,0,8,'canadasmarketplace@gmail.com','BT','Paint','','Love','',0,'38','111, Simcoe Street North, Downtown Oshawa, Oshawa, Durham Region, Golden Horseshoe, Ontario, L1G 1J8, Canada\r\n111\r\nSimcoe Street North','Oshawa','','557','L1G 1J8','4164562410',1),
(16,0,8,'canadasmarketplace@gmail.com','ST','Paint','','Love','',0,'38','111, Simcoe Street North, Downtown Oshawa, Oshawa, Durham Region, Golden Horseshoe, Ontario, L1G 1J8, Canada\r\n111\r\nSimcoe Street North','Oshawa','','557','L1G 1J8','4164562410',1),
(17,49,9,'canadasmarketplace@gmail.com','BT','Canada\'s Marketplace','','Parkinson','',0,'38','111 Simcoe St. N.','Oshawa','','557','L1G 7C9','2899288468',1),
(18,49,9,'canadasmarketplace@gmail.com','ST','Canada\'s Marketplace','','Parkinson','',0,'38','111 Simcoe St. N.','Oshawa','','557','L1G 7C9','2899288468',1),
(19,0,10,'canadasmarketplace@gmail.com','BT','Christopher','','Parkinson','',0,'38','111 Simcoe St. N.','Oshawa','','557','L1G 7C9','2899288468',1),
(20,0,10,'canadasmarketplace@gmail.com','ST','Christopher','','Parkinson','',0,'38','111 Simcoe St. N.','Oshawa','','557','L1G 7C9','2899288468',1),
(21,49,11,'canadasmarketplace@gmail.com','BT','Canada\'s Marketplace','','Parkinson','',0,'38','111 Simcoe St. N.','Oshawa','','557','L1G 7C9','2899288468',1),
(22,49,11,'canadasmarketplace@gmail.com','ST','Canada\'s Marketplace','','Parkinson','',0,'38','111 Simcoe St. N.','Oshawa','','557','L1G 7C9','2899288468',1),
(23,0,12,'info@theoakandale.com','BT','iCAN','','HERO','',0,'38','111 Simcoe St N','Oshawa','','557','L1G 7C9','9056201009',1),
(24,0,12,'info@theoakandale.com','ST','iCAN','','HERO','',0,'38','111 Simcoe St N','Oshawa','','557','L1G 7C9','9056201009',1),
(25,0,13,'canadasmarketplace@gmail.com','BT','iCAN','','HERO','',0,'38','111 Simcoe St N','Oshawa','','557','L1G 7C9','9056201009',1),
(26,0,13,'canadasmarketplace@gmail.com','ST','iCAN','','HERO','',0,'38','111 Simcoe St N','Oshawa','','557','L1G 7C9','9056201009',1),
(27,0,14,'canadasmarketplace@gmail.com','BT','iCAN','','HERO','',0,'38','111 Simcoe St N','Oshawa','','557','L1G 7C9','9056201009',1),
(28,0,14,'canadasmarketplace@gmail.com','ST','iCAN','','HERO','',0,'38','111 Simcoe St N','Oshawa','','557','L1G 7C9','9056201009',1),
(29,49,15,'canadasmarketplace@gmail.com','BT','Canada\'s Marketplace','','Parkinson','',0,'38','111 Simcoe St. N.','Oshawa','','557','L1G 7C9','2899288468',1),
(30,49,15,'canadasmarketplace@gmail.com','ST','Canada\'s Marketplace','','Parkinson','',0,'38','111 Simcoe St. N.','Oshawa','','557','L1G 7C9','2899288468',1),
(31,49,16,'canadasmarketplace@gmail.com','BT','Canada\'s Marketplace','','Parkinson','',0,'38','111 Simcoe St. N.','Oshawa','','557','L1G 7C9','2899288468',1),
(32,49,17,'canadasmarketplace@gmail.com','BT','Canada\'s Marketplace','','Parkinson','',0,'38','111 Simcoe St. N.','Oshawa','','557','L1G 7C9','2899288468',1),
(33,49,18,'canadasmarketplace@gmail.com','BT','Canada\'s Marketplace','','Parkinson','',0,'38','111 Simcoe St. N.','Oshawa','','557','L1G 7C9','2899288468',1),
(34,49,19,'canadasmarketplace@gmail.com','BT','Canada\'s Marketplace','','Parkinson','',0,'38','111 Simcoe St. N.','Oshawa','','557','L1G 7C9','2899288468',1),
(35,49,20,'canadasmarketplace@gmail.com','BT','Canada\'s Marketplace','','Parkinson','',0,'38','111 Simcoe St. N.','Oshawa','','557','L1G 7C9','2899288468',1),
(36,49,21,'canadasmarketplace@gmail.com','BT','Canada\'s Marketplace','','Parkinson','',0,'38','111 Simcoe St. N.','Oshawa','','557','L1G 7C9','2899288468',1),
(37,49,22,'canadasmarketplace@gmail.com','BT','Canada\'s Marketplace','','Parkinson','',0,'38','111 Simcoe St. N.','Oshawa','','557','L1G 7C9','2899288468',1),
(38,49,23,'canadasmarketplace@gmail.com','BT','Canada\'s Marketplace','','Parkinson','',0,'38','111 Simcoe St. N.','Oshawa','','557','L1G 7C9','2899288468',1),
(39,246198,24,'canadasmarketplace@gmail.com','BT','Christopher','','Parkinson','',0,'38','111 Simcoe St. N.','Oshawa','','557','L1G 7C9','2899288468',1),
(40,246199,25,'canadasmarketplace@gmail.com','BT','Christopher','','Parkinson','',0,'38','111 Simcoe St. N.','Oshawa','','557','L1G 7C9','2899288468',1),
(41,246199,26,'canadasmarketplace@gmail.com','BT','Christopher','','Parkinson','',0,'38','111 Simcoe St. N.','Oshawa','','557','L1G 7C9','2899288468',1),
(42,246199,27,'canadasmarketplace@gmail.com','BT','Christopher','','Parkinson','',0,'38','111 Simcoe St. N.','Oshawa','','557','L1G 7C9','2899288468',1),
(43,49,28,'canadasmarketplace@gmail.com','BT','Canada\'s Marketplace','','Parkinson','',0,'38','111 Simcoe St. N.','Oshawa','','557','L1G 7C9','2899288468',1),
(44,246199,29,'canadasmarketplace@gmail.com','BT','Christopher','','Parkinson','',0,'38','111 Simcoe St. N.','Oshawa','','557','L1G 7C9','2899288468',1),
(45,246201,30,'canadasmarketplace@gmail.com','BT','Christopher','','Parkinson','',0,'38','111 Simcoe St. N.','Oshawa','','557','L1G 7C9','2899288468',1),
(46,246201,31,'canadasmarketplace@gmail.com','BT','Christopher','','Parkinson','',0,'38','111 Simcoe St. N.','Oshawa','','557','L1G 7C9','2899288468',1),
(47,246204,32,'vishalcustomer@test.com','BT','test','','vishalcustomer','',0,'38','vishalcustomer','vishalcustomer','','551','1234456','9988776655',1),
(48,246199,33,'canadasmarketplace@gmail.com','BT','Christopher','','Parkinson','',0,'38','111 Simcoe St. N.','Oshawa','','557','L1G 7C9','2899288468',1),
(49,246159,34,'canadasmarketplace@gmail.com','BT','Christopher','','Parkinson','',0,'38','111 Simcoe St. N.','Oshawa','','557','L1G 7C9','2899288468',1),
(50,49,35,'canadasmarketplace@gmail.com','BT','Canada\'s Marketplace','','Parkinson','',0,'38','111 Simcoe St. N.','Oshawa','','557','L1G 7C9','2899288468',1),
(51,246159,36,'canadasmarketplace@gmail.com','BT','Christopher','','Parkinson','',0,'38','111 Simcoe St. N.','Oshawa','','557','L1G 7C9','2899288468',1),
(52,49,37,'canadasmarketplace@gmail.com','BT','Canada\'s Marketplace','','Parkinson','',0,'38','111 Simcoe St. N.','Oshawa','','557','L1G 7C9','2899288468',1),
(53,49,38,'canadasmarketplace@gmail.com','BT','Canada\'s Marketplace','','Parkinson','',0,'38','111 Simcoe St. N.','Oshawa','','557','L1G 7C9','2899288468',1);

--
-- Table structure for table `n36ic_kart_weights`
--

CREATE TABLE `n36ic_kart_weights` (
  `id` int(11) NOT NULL AUTO_INCREMENT,
  `title` varchar(255) NOT NULL DEFAULT '',
  `unit` varchar(4) NOT NULL DEFAULT '',
  `value` decimal(15,8) NOT NULL DEFAULT 0.00000000,
  `state` tinyint(1) NOT NULL DEFAULT 1,
  `store_id` int(11) NOT NULL DEFAULT 0,
  `ordering` int(10) NOT NULL DEFAULT 0,
  `created_by` int(11) NOT NULL DEFAULT 0,
  `checked_out` int(11) NOT NULL DEFAULT 0,
  `checked_out_time` datetime DEFAULT NULL,
  `id_default` tinyint(2) NOT NULL DEFAULT 0,
  PRIMARY KEY (`id`)
) ENGINE=InnoDB AUTO_INCREMENT=4 DEFAULT CHARSET=utf8mb3 COLLATE=utf8mb3_general_ci;

--
-- Dumping data for table `n36ic_kart_weights`
--

INSERT INTO `n36ic_kart_weights` VALUES
(1,'Kilogram','kg',1.00000000,1,0,0,0,0,'0000-00-00 00:00:00',1),
(2,'Gram','g',1000.00000000,1,0,0,0,0,'0000-00-00 00:00:00',0),
(3,'Ounce','oz',35.27400000,1,0,0,0,0,'0000-00-00 00:00:00',0);

--
-- Table structure for table `n36ic_kart_zepo_avn_method`
--

CREATE TABLE `n36ic_kart_zepo_avn_method` (
  `id` int(11) NOT NULL AUTO_INCREMENT,
  `name` varchar(255) NOT NULL DEFAULT '',
  `store_id` int(11) NOT NULL DEFAULT 0,
  `shipping_type` text DEFAULT NULL,
  `state` tinyint(3) NOT NULL DEFAULT 0,
  `payment_mode` varchar(255) NOT NULL DEFAULT '',
  `request_url` text DEFAULT NULL,
  PRIMARY KEY (`id`)
) ENGINE=InnoDB DEFAULT CHARSET=utf8mb4 COLLATE=utf8mb4_unicode_ci;

--
-- Dumping data for table `n36ic_kart_zepo_avn_method`
--


--
-- Table structure for table `n36ic_kart_zone`
--

CREATE TABLE `n36ic_kart_zone` (
  `id` int(11) NOT NULL AUTO_INCREMENT,
  `name` varchar(255) NOT NULL DEFAULT '',
  `store_id` int(11) NOT NULL DEFAULT 0,
  `state` tinyint(1) NOT NULL DEFAULT 1,
  `ordering` int(11) NOT NULL DEFAULT 0,
  PRIMARY KEY (`id`)
) ENGINE=InnoDB AUTO_INCREMENT=2 DEFAULT CHARSET=utf8mb4 COLLATE=utf8mb4_unicode_ci;

--
-- Dumping data for table `n36ic_kart_zone`
--

INSERT INTO `n36ic_kart_zone` VALUES
(1,'ONTARIO',42,1,1);

--
-- Table structure for table `n36ic_kart_zoneShipMethodCurr`
--

CREATE TABLE `n36ic_kart_zoneShipMethodCurr` (
  `id` int(11) NOT NULL AUTO_INCREMENT,
  `methodId` int(11) NOT NULL DEFAULT 0,
  `currency` varchar(16) NOT NULL DEFAULT '',
  `min_value` decimal(15,5) NOT NULL DEFAULT 0.00000,
  `max_value` decimal(15,5) NOT NULL DEFAULT 0.00000,
  PRIMARY KEY (`id`)
) ENGINE=InnoDB DEFAULT CHARSET=utf8mb4 COLLATE=utf8mb4_unicode_ci;

--
-- Dumping data for table `n36ic_kart_zoneShipMethodCurr`
--


--
-- Table structure for table `n36ic_kart_zoneShipMethodRateCurr`
--

CREATE TABLE `n36ic_kart_zoneShipMethodRateCurr` (
  `id` int(11) NOT NULL AUTO_INCREMENT,
  `rateId` int(11) NOT NULL DEFAULT 0 COMMENT 'This is primary key of #__kart_zoneShipMethodRates table.',
  `shipCost` float(15,8) NOT NULL DEFAULT 0.00000000,
  `handleCost` float(15,8) NOT NULL DEFAULT 0.00000000,
  `currency` varchar(16) NOT NULL DEFAULT '',
  PRIMARY KEY (`id`)
) ENGINE=InnoDB DEFAULT CHARSET=utf8mb4 COLLATE=utf8mb4_unicode_ci;

--
-- Dumping data for table `n36ic_kart_zoneShipMethodRateCurr`
--


--
-- Table structure for table `n36ic_kart_zoneShipMethodRates`
--

CREATE TABLE `n36ic_kart_zoneShipMethodRates` (
  `id` int(11) NOT NULL AUTO_INCREMENT,
  `methodId` int(11) NOT NULL DEFAULT 0 COMMENT 'This is primary key of #__kart_shipMethods table',
  `zone_id` int(11) NOT NULL DEFAULT 0 COMMENT 'This is primary key of #__kart_zones table.',
  `rangeFrom` float(11,4) NOT NULL DEFAULT 0.0000,
  `rangeTo` float(11,4) NOT NULL DEFAULT 99999.0000,
  PRIMARY KEY (`id`)
) ENGINE=InnoDB DEFAULT CHARSET=utf8mb4 COLLATE=utf8mb4_unicode_ci;

--
-- Dumping data for table `n36ic_kart_zoneShipMethodRates`
--


--
-- Table structure for table `n36ic_kart_zoneShipMethods`
--

CREATE TABLE `n36ic_kart_zoneShipMethods` (
  `id` int(11) NOT NULL AUTO_INCREMENT,
  `name` varchar(255) NOT NULL DEFAULT '',
  `store_id` int(11) NOT NULL DEFAULT 0,
  `taxprofileId` int(11) NOT NULL DEFAULT 0,
  `state` tinyint(3) NOT NULL DEFAULT 1,
  `shipping_type` int(11) NOT NULL DEFAULT 0 COMMENT 'It is type of shipping method eg. weight based, quantity based etc',
  `min_value` decimal(15,5) NOT NULL DEFAULT 0.00000,
  `max_value` decimal(15,5) NOT NULL DEFAULT 0.00000,
  PRIMARY KEY (`id`)
) ENGINE=InnoDB DEFAULT CHARSET=utf8mb4 COLLATE=utf8mb4_unicode_ci;

--
-- Dumping data for table `n36ic_kart_zoneShipMethods`
--


--
-- Table structure for table `n36ic_kart_zonerules`
--

CREATE TABLE `n36ic_kart_zonerules` (
  `zonerule_id` int(11) NOT NULL AUTO_INCREMENT,
  `zone_id` int(11) NOT NULL DEFAULT 0,
  `country_id` int(11) NOT NULL DEFAULT 0,
  `region_id` int(11) NOT NULL DEFAULT 0,
  `ordering` int(11) NOT NULL DEFAULT 0,
  PRIMARY KEY (`zonerule_id`)
) ENGINE=InnoDB DEFAULT CHARSET=utf8mb4 COLLATE=utf8mb4_unicode_ci;

--
-- Dumping data for table `n36ic_kart_zonerules`
--


--
-- Table structure for table `n36ic_languages`
--

CREATE TABLE `n36ic_languages` (
  `lang_id` int(11) unsigned NOT NULL AUTO_INCREMENT,
  `asset_id` int(10) unsigned NOT NULL DEFAULT 0,
  `lang_code` char(7) CHARACTER SET utf8mb4 COLLATE utf8mb4_bin NOT NULL,
  `title` varchar(50) NOT NULL,
  `title_native` varchar(50) NOT NULL,
  `sef` varchar(50) NOT NULL,
  `image` varchar(50) NOT NULL,
  `description` varchar(512) NOT NULL,
  `metakey` text DEFAULT NULL,
  `metadesc` text NOT NULL,
  `sitename` varchar(1024) NOT NULL DEFAULT '',
  `published` int(11) NOT NULL DEFAULT 0,
  `access` int(10) unsigned NOT NULL DEFAULT 0,
  `ordering` int(11) NOT NULL DEFAULT 0,
  PRIMARY KEY (`lang_id`),
  UNIQUE KEY `idx_sef` (`sef`),
  UNIQUE KEY `idx_langcode` (`lang_code`),
  KEY `idx_access` (`access`),
  KEY `idx_ordering` (`ordering`)
) ENGINE=MyISAM AUTO_INCREMENT=2 DEFAULT CHARSET=utf8mb4 COLLATE=utf8mb4_unicode_ci;

--
-- Dumping data for table `n36ic_languages`
--

INSERT INTO `n36ic_languages` VALUES
(1,0,'en-GB','English (en-GB)','English (United Kingdom)','en','en_gb','','','','',1,1,1);

--
-- Table structure for table `n36ic_mail_templates`
--

CREATE TABLE `n36ic_mail_templates` (
  `template_id` varchar(127) NOT NULL DEFAULT '',
  `extension` varchar(127) NOT NULL DEFAULT '',
  `language` char(7) NOT NULL DEFAULT '',
  `subject` varchar(255) NOT NULL DEFAULT '',
  `body` text NOT NULL,
  `htmlbody` mediumtext NOT NULL,
  `attachments` text NOT NULL,
  `params` text NOT NULL,
  PRIMARY KEY (`template_id`,`language`)
) ENGINE=InnoDB DEFAULT CHARSET=utf8mb4 COLLATE=utf8mb4_unicode_ci;

--
-- Dumping data for table `n36ic_mail_templates`
--

INSERT INTO `n36ic_mail_templates` VALUES
('com_actionlogs.notification','com_actionlogs','','COM_ACTIONLOGS_EMAIL_SUBJECT','COM_ACTIONLOGS_EMAIL_BODY','COM_ACTIONLOGS_EMAIL_HTMLBODY','','{\"tags\":[\"message\",\"date\",\"extension\",\"username\"]}'),
('com_admintools.adminloginfail','com_admintools','','COM_ADMINTOOLS_EMAIL_ADMINLOGINFAIL_SUBJECT','COM_ADMINTOOLS_EMAIL_ADMINLOGINFAIL_BODY','COM_ADMINTOOLS_EMAIL_ADMINLOGINFAIL_BODY_HTML','','{\"tags\":[\"USER\",\"SITENAME\",\"DATE\",\"IP\",\"URL\",\"LOOKUP\",\"UA\",\"RESCUEINFO\",\"RESCUE_TRIGGER_URL\"]}'),
('com_admintools.adminloginsuccess','com_admintools','','COM_ADMINTOOLS_EMAIL_ADMINLOGINSUCCESS_SUBJECT','COM_ADMINTOOLS_EMAIL_ADMINLOGINSUCCESS_BODY','COM_ADMINTOOLS_EMAIL_ADMINLOGINSUCCESS_BODY_HTML','','{\"tags\":[\"USER\",\"SITENAME\",\"DATE\",\"IP\",\"URL\",\"LOOKUP\",\"UA\",\"RESCUEINFO\",\"RESCUE_TRIGGER_URL\"]}'),
('com_admintools.blockedrequest','com_admintools','','COM_ADMINTOOLS_EMAIL_BLOCKEDREQUEST_SUBJECT','COM_ADMINTOOLS_EMAIL_BLOCKEDREQUEST_BODY','COM_ADMINTOOLS_EMAIL_BLOCKEDREQUEST_BODY_HTML','','{\"tags\":[\"INFO_HTML\",\"USER\",\"SITENAME\",\"DATE\",\"IP\",\"URL\",\"LOOKUP\",\"UA\",\"RESCUEINFO\",\"RESCUE_TRIGGER_URL\"]}'),
('com_admintools.configmonitor','com_admintools','','COM_ADMINTOOLS_EMAIL_CONFIGMONITOR_SUBJECT','COM_ADMINTOOLS_EMAIL_CONFIGMONITOR_BODY','COM_ADMINTOOLS_EMAIL_CONFIGMONITOR_BODY_HTML','','{\"tags\":[\"AREA\",\"USER\",\"SITENAME\",\"DATE\",\"IP\",\"URL\",\"LOOKUP\",\"UA\",\"RESCUEINFO\",\"RESCUE_TRIGGER_URL\"]}'),
('com_admintools.criticalfiles','com_admintools','','COM_ADMINTOOLS_EMAIL_CRITICALFILES_SUBJECT','COM_ADMINTOOLS_EMAIL_CRITICALFILES_BODY','COM_ADMINTOOLS_EMAIL_CRITICALFILES_BODY_HTML','','{\"tags\":[\"INFO\",\"INFO_HTML\",\"USER\",\"SITENAME\",\"DATE\",\"IP\",\"URL\",\"LOOKUP\",\"UA\",\"RESCUEINFO\",\"RESCUE_TRIGGER_URL\"]}'),
('com_admintools.criticalfiles_global','com_admintools','','COM_ADMINTOOLS_EMAIL_CRITICALFILES_GLOBAL_SUBJECT','COM_ADMINTOOLS_EMAIL_CRITICALFILES_GLOBAL_BODY','COM_ADMINTOOLS_EMAIL_CRITICALFILES_GLOBAL_BODY_HTML','','{\"tags\":[\"INFO\",\"INFO_HTML\",\"USER\",\"SITENAME\",\"DATE\",\"IP\",\"URL\",\"LOOKUP\",\"UA\",\"RESCUEINFO\",\"RESCUE_TRIGGER_URL\"]}'),
('com_admintools.delugerequests','com_admintools','','COM_ADMINTOOLS_EMAIL_DELUGEREQUESTS_SUBJECT','COM_ADMINTOOLS_EMAIL_DELUGEREQUESTS_BODY','COM_ADMINTOOLS_EMAIL_DELUGEREQUESTS_BODY_HTML','','{\"tags\":[\"SITENAME\",\"DATE\",\"NUM\"]}'),
('com_admintools.ipautoban','com_admintools','','COM_ADMINTOOLS_EMAIL_IPAUTOBAN_SUBJECT','COM_ADMINTOOLS_EMAIL_IPAUTOBAN_BODY','COM_ADMINTOOLS_EMAIL_IPAUTOBAN_BODY_HTML','','{\"tags\":[\"UNTIL\",\"USER\",\"SITENAME\",\"DATE\",\"IP\",\"URL\",\"LOOKUP\",\"UA\",\"RESCUEINFO\",\"RESCUE_TRIGGER_URL\"]}'),
('com_admintools.rescueurl','com_admintools','','COM_ADMINTOOLS_EMAIL_RESCUEURL_SUBJECT','COM_ADMINTOOLS_EMAIL_RESCUEURL_BODY','COM_ADMINTOOLS_EMAIL_RESCUEURL_BODY_HTML','','{\"tags\":[\"RESCUEURL\",\"INFO_HTML\",\"USER\",\"SITENAME\",\"DATE\",\"IP\",\"URL\",\"LOOKUP\",\"UA\"]}'),
('com_admintools.superuserslist','com_admintools','','COM_ADMINTOOLS_EMAIL_SUPERUSERSLIST_SUBJECT','COM_ADMINTOOLS_EMAIL_SUPERUSERSLIST_BODY','COM_ADMINTOOLS_EMAIL_SUPERUSERSLIST_BODY_HTML','','{\"tags\":[\"INFO\",\"INFO_HTML\",\"USER\",\"SITENAME\",\"DATE\",\"IP\",\"URL\",\"LOOKUP\",\"UA\",\"RESCUEINFO\",\"RESCUE_TRIGGER_URL\"]}'),
('com_admintools.troubleshooting','com_admintools','','COM_ADMINTOOLS_EMAIL_TROUBLESHOOTING_SUBJECT','COM_ADMINTOOLS_EMAIL_TROUBLESHOOTING_BODY','COM_ADMINTOOLS_EMAIL_TROUBLESHOOTING_BODY_HTML','','{\"tags\":[\"USERNAME\",\"ACTION\",\"SITENAME\",\"TROUBLESHOOTING_URLS\",\"TROUBLESHOOTING_URLS_HTML\"]}'),
('com_admintools.userreactivate','com_admintools','','COM_ADMINTOOLS_EMAIL_USER_REACTIVATE_SUBJECT','COM_ADMINTOOLS_EMAIL_USER_REACTIVATE_BODY','COM_ADMINTOOLS_EMAIL_USER_REACTIVATE_BODY_HTML','','{\"tags\":[\"ACTIVATE\",\"USER\",\"SITENAME\",\"DATE\",\"IP\",\"URL\",\"LOOKUP\",\"UA\",\"RESCUEINFO\",\"RESCUE_TRIGGER_URL\"]}'),
('com_config.test_mail','com_config','','COM_CONFIG_SENDMAIL_SUBJECT','COM_CONFIG_SENDMAIL_BODY','','','{\"tags\":[\"sitename\",\"method\"]}'),
('com_contact.mail','com_contact','','COM_CONTACT_ENQUIRY_SUBJECT','COM_CONTACT_ENQUIRY_TEXT','','','{\"tags\":[\"sitename\",\"name\",\"email\",\"subject\",\"body\",\"url\",\"customfields\"]}'),
('com_contact.mail.copy','com_contact','','COM_CONTACT_COPYSUBJECT_OF','COM_CONTACT_COPYTEXT_OF','','','{\"tags\":[\"sitename\",\"name\",\"email\",\"subject\",\"body\",\"url\",\"customfields\",\"contactname\"]}'),
('com_messages.new_message','com_messages','','COM_MESSAGES_NEW_MESSAGE','COM_MESSAGES_NEW_MESSAGE_BODY','','','{\"tags\":[\"subject\",\"message\",\"fromname\",\"sitename\",\"siteurl\",\"fromemail\",\"toname\",\"toemail\"]}'),
('com_privacy.notification.admin.export','com_privacy','','COM_PRIVACY_EMAIL_ADMIN_REQUEST_SUBJECT_EXPORT_REQUEST','COM_PRIVACY_EMAIL_ADMIN_REQUEST_BODY_EXPORT_REQUEST','','','{\"tags\":[\"sitename\",\"url\",\"tokenurl\",\"formurl\",\"token\"]}'),
('com_privacy.notification.admin.remove','com_privacy','','COM_PRIVACY_EMAIL_ADMIN_REQUEST_SUBJECT_REMOVE_REQUEST','COM_PRIVACY_EMAIL_ADMIN_REQUEST_BODY_REMOVE_REQUEST','','','{\"tags\":[\"sitename\",\"url\",\"tokenurl\",\"formurl\",\"token\"]}'),
('com_privacy.notification.export','com_privacy','','COM_PRIVACY_EMAIL_REQUEST_SUBJECT_EXPORT_REQUEST','COM_PRIVACY_EMAIL_REQUEST_BODY_EXPORT_REQUEST','','','{\"tags\":[\"sitename\",\"url\",\"tokenurl\",\"formurl\",\"token\"]}'),
('com_privacy.notification.remove','com_privacy','','COM_PRIVACY_EMAIL_REQUEST_SUBJECT_REMOVE_REQUEST','COM_PRIVACY_EMAIL_REQUEST_BODY_REMOVE_REQUEST','','','{\"tags\":[\"sitename\",\"url\",\"tokenurl\",\"formurl\",\"token\"]}'),
('com_privacy.userdataexport','com_privacy','','COM_PRIVACY_EMAIL_DATA_EXPORT_COMPLETED_SUBJECT','COM_PRIVACY_EMAIL_DATA_EXPORT_COMPLETED_BODY','','','{\"tags\":[\"sitename\",\"url\"]}'),
('com_users.massmail.mail','com_users','','COM_USERS_MASSMAIL_MAIL_SUBJECT','COM_USERS_MASSMAIL_MAIL_BODY','','','{\"tags\":[\"subject\",\"body\",\"subjectprefix\",\"bodysuffix\"]}'),
('com_users.password_reset','com_users','','COM_USERS_EMAIL_PASSWORD_RESET_SUBJECT','COM_USERS_EMAIL_PASSWORD_RESET_BODY','','','{\"tags\":[\"name\",\"email\",\"sitename\",\"link_text\",\"link_html\",\"token\"]}'),
('com_users.registration.admin.new_notification','com_users','','COM_USERS_EMAIL_ACCOUNT_DETAILS','COM_USERS_EMAIL_REGISTERED_NOTIFICATION_TO_ADMIN_BODY','','','{\"tags\":[\"name\",\"sitename\",\"siteurl\",\"username\"]}'),
('com_users.registration.admin.verification_request','com_users','','COM_USERS_EMAIL_ACTIVATE_WITH_ADMIN_ACTIVATION_SUBJECT','COM_USERS_EMAIL_ACTIVATE_WITH_ADMIN_ACTIVATION_BODY','','','{\"tags\":[\"name\",\"sitename\",\"email\",\"username\",\"activate\"]}'),
('com_users.registration.user.admin_activated','com_users','','COM_USERS_EMAIL_ACTIVATED_BY_ADMIN_ACTIVATION_SUBJECT','COM_USERS_EMAIL_ACTIVATED_BY_ADMIN_ACTIVATION_BODY','','','{\"tags\":[\"name\",\"sitename\",\"siteurl\",\"username\"]}'),
('com_users.registration.user.admin_activation','com_users','','COM_USERS_EMAIL_ACCOUNT_DETAILS','COM_USERS_EMAIL_REGISTERED_WITH_ADMIN_ACTIVATION_BODY_NOPW','','','{\"tags\":[\"name\",\"sitename\",\"activate\",\"siteurl\",\"username\"]}'),
('com_users.registration.user.admin_activation_w_pw','com_users','','COM_USERS_EMAIL_ACCOUNT_DETAILS','COM_USERS_EMAIL_REGISTERED_WITH_ADMIN_ACTIVATION_BODY','','','{\"tags\":[\"name\",\"sitename\",\"activate\",\"siteurl\",\"username\",\"password_clear\"]}'),
('com_users.registration.user.registration_mail','com_users','','COM_USERS_EMAIL_ACCOUNT_DETAILS','COM_USERS_EMAIL_REGISTERED_BODY_NOPW','','','{\"tags\":[\"name\",\"sitename\",\"activate\",\"siteurl\",\"username\"]}'),
('com_users.registration.user.registration_mail_w_pw','com_users','','COM_USERS_EMAIL_ACCOUNT_DETAILS','COM_USERS_EMAIL_REGISTERED_BODY','','','{\"tags\":[\"name\",\"sitename\",\"activate\",\"siteurl\",\"username\",\"password_clear\"]}'),
('com_users.registration.user.self_activation','com_users','','COM_USERS_EMAIL_ACCOUNT_DETAILS','COM_USERS_EMAIL_REGISTERED_WITH_ACTIVATION_BODY_NOPW','','','{\"tags\":[\"name\",\"sitename\",\"activate\",\"siteurl\",\"username\"]}'),
('com_users.registration.user.self_activation_w_pw','com_users','','COM_USERS_EMAIL_ACCOUNT_DETAILS','COM_USERS_EMAIL_REGISTERED_WITH_ACTIVATION_BODY','','','{\"tags\":[\"name\",\"sitename\",\"activate\",\"siteurl\",\"username\",\"password_clear\"]}'),
('com_users.reminder','com_users','','COM_USERS_EMAIL_USERNAME_REMINDER_SUBJECT','COM_USERS_EMAIL_USERNAME_REMINDER_BODY','','','{\"tags\":[\"name\",\"username\",\"sitename\",\"email\",\"link_text\",\"link_html\"]}'),
('plg_system_privacyconsent.request.reminder','plg_system_privacyconsent','','PLG_SYSTEM_PRIVACYCONSENT_EMAIL_REMIND_SUBJECT','PLG_SYSTEM_PRIVACYCONSENT_EMAIL_REMIND_BODY','','','{\"tags\":[\"sitename\",\"url\",\"tokenurl\",\"formurl\",\"token\"]}'),
('plg_system_tasknotification.failure_mail','plg_system_tasknotification','','PLG_SYSTEM_TASK_NOTIFICATION_FAILURE_MAIL_SUBJECT','PLG_SYSTEM_TASK_NOTIFICATION_FAILURE_MAIL_BODY','','','{\"tags\": [\"task_id\", \"task_title\", \"exit_code\", \"exec_data_time\", \"task_output\"]}'),
('plg_system_tasknotification.fatal_recovery_mail','plg_system_tasknotification','','PLG_SYSTEM_TASK_NOTIFICATION_FATAL_MAIL_SUBJECT','PLG_SYSTEM_TASK_NOTIFICATION_FATAL_MAIL_BODY','','','{\"tags\": [\"task_id\", \"task_title\"]}'),
('plg_system_tasknotification.orphan_mail','plg_system_tasknotification','','PLG_SYSTEM_TASK_NOTIFICATION_ORPHAN_MAIL_SUBJECT','PLG_SYSTEM_TASK_NOTIFICATION_ORPHAN_MAIL_BODY','','','{\"tags\": [\"task_id\", \"task_title\"]}'),
('plg_system_tasknotification.success_mail','plg_system_tasknotification','','PLG_SYSTEM_TASK_NOTIFICATION_SUCCESS_MAIL_SUBJECT','PLG_SYSTEM_TASK_NOTIFICATION_SUCCESS_MAIL_BODY','','','{\"tags\":[\"task_id\", \"task_title\", \"exec_data_time\", \"task_output\"]}'),
('plg_system_updatenotification.mail','plg_system_updatenotification','','PLG_SYSTEM_UPDATENOTIFICATION_EMAIL_SUBJECT','PLG_SYSTEM_UPDATENOTIFICATION_EMAIL_BODY','','','{\"tags\":[\"newversion\",\"curversion\",\"sitename\",\"url\",\"link\",\"releasenews\"]}'),
('plg_user_joomla.mail','plg_user_joomla','','PLG_USER_JOOMLA_NEW_USER_EMAIL_SUBJECT','PLG_USER_JOOMLA_NEW_USER_EMAIL_BODY','','','{\"tags\":[\"name\",\"sitename\",\"url\",\"username\",\"password\",\"email\"]}');

--
-- Table structure for table `n36ic_menu`
--

CREATE TABLE `n36ic_menu` (
  `id` int(11) NOT NULL AUTO_INCREMENT,
  `menutype` varchar(24) NOT NULL COMMENT 'The type of menu this item belongs to. FK to #__menu_types.menutype',
  `title` varchar(255) NOT NULL COMMENT 'The display title of the menu item.',
  `alias` varchar(400) CHARACTER SET utf8mb4 COLLATE utf8mb4_bin NOT NULL COMMENT 'The SEF alias of the menu item.',
  `note` varchar(255) NOT NULL DEFAULT '',
  `path` varchar(1024) NOT NULL COMMENT 'The computed path of the menu item based on the alias field.',
  `link` varchar(1024) NOT NULL COMMENT 'The actually link the menu item refers to.',
  `type` varchar(16) NOT NULL COMMENT 'The type of link: Component, URL, Alias, Separator',
  `published` tinyint(4) NOT NULL DEFAULT 0 COMMENT 'The published state of the menu link.',
  `parent_id` int(10) unsigned NOT NULL DEFAULT 1 COMMENT 'The parent menu item in the menu tree.',
  `level` int(10) unsigned NOT NULL DEFAULT 0 COMMENT 'The relative level in the tree.',
  `component_id` int(10) unsigned NOT NULL DEFAULT 0 COMMENT 'FK to #__extensions.id',
  `checked_out` int(10) unsigned DEFAULT NULL,
  `checked_out_time` datetime DEFAULT NULL,
  `browserNav` tinyint(4) NOT NULL DEFAULT 0 COMMENT 'The click behaviour of the link.',
  `access` int(10) unsigned NOT NULL DEFAULT 0 COMMENT 'The access level required to view the menu item.',
  `img` varchar(255) NOT NULL COMMENT 'The image of the menu item.',
  `template_style_id` int(10) unsigned NOT NULL DEFAULT 0,
  `params` text NOT NULL COMMENT 'JSON encoded data for the menu item.',
  `lft` int(11) NOT NULL DEFAULT 0 COMMENT 'Nested set lft.',
  `rgt` int(11) NOT NULL DEFAULT 0 COMMENT 'Nested set rgt.',
  `home` tinyint(3) unsigned NOT NULL DEFAULT 0 COMMENT 'Indicates if this menu item is the home or default page.',
  `language` char(7) NOT NULL DEFAULT '',
  `client_id` tinyint(4) NOT NULL DEFAULT 0,
  `publish_up` datetime DEFAULT NULL,
  `publish_down` datetime DEFAULT NULL,
  PRIMARY KEY (`id`),
  UNIQUE KEY `idx_client_id_parent_id_alias_language` (`client_id`,`parent_id`,`alias`(100),`language`),
  KEY `idx_componentid` (`component_id`,`menutype`,`published`,`access`),
  KEY `idx_menutype` (`menutype`),
  KEY `idx_left_right` (`lft`,`rgt`),
  KEY `idx_alias` (`alias`(100)),
  KEY `idx_path` (`path`(100)),
  KEY `idx_language` (`language`)
) ENGINE=MyISAM AUTO_INCREMENT=1835 DEFAULT CHARSET=utf8mb4 COLLATE=utf8mb4_unicode_ci;

--
-- Dumping data for table `n36ic_menu`
--

INSERT INTO `n36ic_menu` VALUES
(1,'','Menu_Item_Root','root','','','','',1,0,0,0,NULL,NULL,0,0,'',0,'',0,1003,0,'*',0,NULL,NULL),
(2,'main','com_banners','Banners','','Banners','index.php?option=com_banners','component',1,1,1,4,NULL,NULL,0,0,'class:bookmark',0,'',1,10,0,'*',1,NULL,NULL),
(3,'main','com_banners','Banners','','Banners/Banners','index.php?option=com_banners&view=banners','component',1,2,2,4,NULL,NULL,0,0,'class:banners',0,'',2,3,0,'*',1,NULL,NULL),
(4,'main','com_banners_categories','Categories','','Banners/Categories','index.php?option=com_categories&view=categories&extension=com_banners','component',1,2,2,6,NULL,NULL,0,0,'class:banners-cat',0,'',4,5,0,'*',1,NULL,NULL),
(5,'main','com_banners_clients','Clients','','Banners/Clients','index.php?option=com_banners&view=clients','component',1,2,2,4,NULL,NULL,0,0,'class:banners-clients',0,'',6,7,0,'*',1,NULL,NULL),
(6,'main','com_banners_tracks','Tracks','','Banners/Tracks','index.php?option=com_banners&view=tracks','component',1,2,2,4,NULL,NULL,0,0,'class:banners-tracks',0,'',8,9,0,'*',1,NULL,NULL),
(7,'main','com_contact','Contacts','','Contacts','index.php?option=com_contact','component',1,1,1,8,NULL,NULL,0,0,'class:address-book',0,'',277,288,0,'*',1,NULL,NULL),
(8,'main','com_contact_contacts','Contacts','','Contacts/Contacts','index.php?option=com_contact&view=contacts','component',1,7,2,8,NULL,NULL,0,0,'class:contact',0,'',278,279,0,'*',1,NULL,NULL),
(9,'main','com_contact_categories','Categories','','Contacts/Categories','index.php?option=com_categories&view=categories&extension=com_contact','component',1,7,2,6,NULL,NULL,0,0,'class:contact-cat',0,'',280,281,0,'*',1,NULL,NULL),
(13,'main','com_newsfeeds','News Feeds','','News Feeds','index.php?option=com_newsfeeds','component',1,1,1,17,NULL,NULL,0,0,'class:rss',0,'',289,294,0,'*',1,NULL,NULL),
(14,'main','com_newsfeeds_feeds','Feeds','','News Feeds/Feeds','index.php?option=com_newsfeeds&view=newsfeeds','component',1,13,2,17,NULL,NULL,0,0,'class:newsfeeds',0,'',290,291,0,'*',1,NULL,NULL),
(15,'main','com_newsfeeds_categories','Categories','','News Feeds/Categories','index.php?option=com_categories&view=categories&extension=com_newsfeeds','component',1,13,2,6,NULL,NULL,0,0,'class:newsfeeds-cat',0,'',292,293,0,'*',1,NULL,NULL),
(529,'main','Search','search','','search','index.php?option=com_search','component',1,1,1,19,NULL,NULL,0,1,'class:search',0,'{}',321,322,0,'',1,NULL,NULL),
(18,'main','com_finder','Smart Search','','Smart Search','index.php?option=com_finder','component',1,1,1,27,NULL,NULL,0,0,'class:search-plus',0,'',295,306,0,'*',1,NULL,NULL),
(20,'main','com_tags','Tags','','Tags','index.php?option=com_tags&view=tags','component',1,1,1,29,NULL,NULL,0,1,'class:tags',0,'',307,308,0,'',1,NULL,NULL),
(22,'main','com_associations','Multilingual Associations','','Multilingual Associations','index.php?option=com_associations&view=associations','component',1,1,1,34,NULL,NULL,0,0,'class:language',0,'',309,310,0,'*',1,NULL,NULL),
(101,'mainmenu','AFFILIATE SYSTEMS','affiliate','','affiliate','index.php?option=com_sppagebuilder&view=page&id=70','component',1,1,1,10000,NULL,NULL,0,1,' ',0,'{\"menu-anchor_title\":\"\",\"menu-anchor_css\":\"\",\"menu_icon_css\":\"\",\"menu_image\":\"\",\"menu_image_css\":\"\",\"menu_text\":1,\"menu_show\":1,\"page_title\":\"\",\"show_page_heading\":\"0\",\"page_heading\":\"\",\"pageclass_sfx\":\"home-page\",\"menu-meta_description\":\"\",\"robots\":\"\",\"helixultimatemenulayout\":\"{\\\"width\\\":600,\\\"menualign\\\":\\\"right\\\",\\\"megamenu\\\":0,\\\"showtitle\\\":1,\\\"faicon\\\":\\\"\\\",\\\"customclass\\\":\\\"\\\",\\\"dropdown\\\":\\\"right\\\",\\\"badge\\\":\\\"\\\",\\\"badge_position\\\":\\\"\\\",\\\"badge_bg_color\\\":\\\"\\\",\\\"badge_text_color\\\":\\\"\\\",\\\"layout\\\":[]}\",\"helixultimate_enable_page_title\":\"0\",\"helixultimate_page_title_alt\":\"\",\"helixultimate_page_subtitle\":\"\",\"helixultimate_page_title_heading\":\"h2\",\"helixultimate_page_title_bg_color\":\"\",\"helixultimate_page_title_bg_image\":\"\",\"menulayout\":\"{\\\"width\\\":600,\\\"menuItem\\\":1,\\\"menuAlign\\\":\\\"right\\\",\\\"layout\\\":[{\\\"type\\\":\\\"row\\\",\\\"attr\\\":[{\\\"type\\\":\\\"column\\\",\\\"colGrid\\\":12,\\\"menuParentId\\\":\\\"101\\\",\\\"moduleId\\\":\\\"\\\"}]}]}\",\"megamenu\":\"0\",\"showmenutitle\":\"1\",\"icon\":\"\",\"class\":\"\",\"enable_page_title\":\"0\",\"page_title_alt\":\"\",\"page_subtitle\":\"\",\"page_title_bg_color\":\"\",\"page_title_bg_image\":\"\",\"menu-meta_keywords\":\"\"}',27,68,0,'*',0,NULL,NULL),
(1748,'main','COM_SPSIMPLEPORTFOLIO_TAGS','com-spsimpleportfolio-tags','','com-spsimpleportfolio/com-spsimpleportfolio-tags','index.php?option=com_spsimpleportfolio&view=tags','component',1,1745,2,10007,NULL,NULL,0,1,'class:component',0,'{}',910,911,0,'',1,NULL,NULL),
(105,'mainmenu','Portfolio','portfolio','','portfolio','index.php?option=com_spsimpleportfolio&view=items','component',-2,1,1,10007,NULL,NULL,0,1,' ',0,'{\"show_filter\":\"1\",\"catid\":\"\",\"layout_type\":\"default\",\"columns\":\"3\",\"thumbnail_type\":\"masonry\",\"popup_image\":\"default\",\"limit\":\"12\",\"menu-anchor_title\":\"\",\"menu-anchor_css\":\"\",\"menu_image\":\"\",\"menu_image_css\":\"\",\"menu_text\":1,\"menu_show\":1,\"page_title\":\"\",\"show_page_heading\":\"\",\"page_heading\":\"\",\"pageclass_sfx\":\"\",\"menu-meta_description\":\"\",\"menu-meta_keywords\":\"\",\"robots\":\"\",\"secure\":0,\"helixultimatemenulayout\":\"{\\\"width\\\":600,\\\"menualign\\\":\\\"right\\\",\\\"megamenu\\\":0,\\\"showtitle\\\":1,\\\"faicon\\\":\\\"\\\",\\\"customclass\\\":\\\"\\\",\\\"dropdown\\\":\\\"right\\\",\\\"badge\\\":\\\"\\\",\\\"badge_position\\\":\\\"\\\",\\\"badge_bg_color\\\":\\\"\\\",\\\"badge_text_color\\\":\\\"\\\",\\\"layout\\\":[]}\",\"helixultimate_enable_page_title\":\"1\",\"helixultimate_page_title_alt\":\"\",\"helixultimate_page_subtitle\":\"\",\"helixultimate_page_title_bg_color\":\"\",\"helixultimate_page_title_bg_image\":\"\"}',147,148,0,'*',0,NULL,NULL),
(106,'mainmenu','Gallery','gallery','','gallery','index.php?option=com_speasyimagegallery&view=album&id=1','component',-2,1,1,10008,NULL,NULL,0,1,' ',0,'{\"layout\":\"default\",\"column\":\"4\",\"column_sm\":\"6\",\"column_xs\":\"6\",\"gutter\":\"30\",\"gutter_sm\":\"20\",\"gutter_xs\":\"10\",\"show_title\":\"1\",\"show_desc\":\"1\",\"show_count\":\"1\",\"menu-anchor_title\":\"\",\"menu-anchor_css\":\"\",\"menu_image\":\"\",\"menu_image_css\":\"\",\"menu_text\":1,\"menu_show\":1,\"page_title\":\"\",\"show_page_heading\":\"\",\"page_heading\":\"\",\"pageclass_sfx\":\"\",\"menu-meta_description\":\"\",\"menu-meta_keywords\":\"\",\"robots\":\"\",\"secure\":0,\"helixultimatemenulayout\":\"{\\\"width\\\":600,\\\"menualign\\\":\\\"right\\\",\\\"megamenu\\\":0,\\\"showtitle\\\":1,\\\"faicon\\\":\\\"\\\",\\\"customclass\\\":\\\"\\\",\\\"dropdown\\\":\\\"right\\\",\\\"badge\\\":\\\"\\\",\\\"badge_position\\\":\\\"\\\",\\\"badge_bg_color\\\":\\\"\\\",\\\"badge_text_color\\\":\\\"\\\",\\\"layout\\\":[]}\",\"helixultimate_enable_page_title\":\"1\",\"helixultimate_page_title_alt\":\"\",\"helixultimate_page_subtitle\":\"\",\"helixultimate_page_title_bg_color\":\"\",\"helixultimate_page_title_bg_image\":\"\"}',145,146,0,'*',0,NULL,NULL),
(107,'mainmenu','About','about','','affiliate/about','index.php?option=com_sppagebuilder&view=page&id=2','component',-2,101,2,10000,NULL,NULL,0,1,' ',0,'{\"menu-anchor_title\":\"\",\"menu-anchor_css\":\"\",\"menu_icon_css\":\"\",\"menu_image\":\"\",\"menu_image_css\":\"\",\"menu_text\":1,\"menu_show\":1,\"page_title\":\"\",\"show_page_heading\":\"\",\"page_heading\":\"\",\"pageclass_sfx\":\"\",\"menu-meta_description\":\"\",\"robots\":\"\",\"helixultimatemenulayout\":\"{\\\"width\\\":600,\\\"menualign\\\":\\\"right\\\",\\\"megamenu\\\":0,\\\"showtitle\\\":1,\\\"faicon\\\":\\\"\\\",\\\"customclass\\\":\\\"\\\",\\\"dropdown\\\":\\\"right\\\",\\\"badge\\\":\\\"\\\",\\\"badge_position\\\":\\\"\\\",\\\"badge_bg_color\\\":\\\"\\\",\\\"badge_text_color\\\":\\\"\\\",\\\"layout\\\":[]}\",\"helixultimate_enable_page_title\":\"1\",\"helixultimate_page_title_alt\":\"\",\"helixultimate_page_subtitle\":\"\",\"helixultimate_page_title_heading\":\"h2\",\"helixultimate_page_title_bg_color\":\"\",\"helixultimate_page_title_bg_image\":\"\",\"dropdown_position\":\"right\",\"showmenutitle\":\"1\",\"icon\":\"\",\"class\":\"\",\"enable_page_title\":\"0\",\"page_title_alt\":\"\",\"page_subtitle\":\"\",\"page_title_bg_color\":\"\",\"page_title_bg_image\":\"\"}',30,31,0,'*',0,NULL,NULL),
(108,'mainmenu','Events','cmpevents','','community/cmpevents','index.php?option=com_jbusinessdirectory&view=events&resetSearch=1','component',0,936,2,10102,NULL,NULL,0,1,' ',0,'{\"menu-anchor_title\":\"\",\"menu-anchor_css\":\"\",\"menu_icon_css\":\"\",\"menu_image\":\"\",\"menu_image_css\":\"\",\"menu_text\":1,\"menu_show\":1,\"page_title\":\"\",\"show_page_heading\":\"\",\"page_heading\":\"\",\"pageclass_sfx\":\"\",\"menu-meta_description\":\"\",\"robots\":\"\",\"helixultimatemenulayout\":\"{\\\"width\\\":600,\\\"menualign\\\":\\\"right\\\",\\\"megamenu\\\":0,\\\"showtitle\\\":1,\\\"faicon\\\":\\\"\\\",\\\"customclass\\\":\\\"\\\",\\\"dropdown\\\":\\\"right\\\",\\\"badge\\\":\\\"New\\\",\\\"badge_position\\\":\\\"right\\\",\\\"badge_bg_color\\\":\\\"#2ba84a\\\",\\\"badge_text_color\\\":\\\"\\\",\\\"layout\\\":[]}\",\"helixultimate_enable_page_title\":\"0\",\"helixultimate_page_title_alt\":\"\",\"helixultimate_page_subtitle\":\"\",\"helixultimate_page_title_heading\":\"h2\",\"helixultimate_page_title_bg_color\":\"\",\"helixultimate_page_title_bg_image\":\"\",\"menulayout\":\"{\\\"width\\\":600,\\\"menuItem\\\":1,\\\"menuAlign\\\":\\\"right\\\",\\\"layout\\\":[{\\\"type\\\":\\\"row\\\",\\\"attr\\\":[{\\\"type\\\":\\\"column\\\",\\\"colGrid\\\":12,\\\"menuParentId\\\":\\\"108\\\",\\\"moduleId\\\":\\\"\\\"}]}]}\",\"megamenu\":\"0\",\"showmenutitle\":\"1\",\"icon\":\"\",\"class\":\"\",\"enable_page_title\":\"0\",\"page_title_alt\":\"\",\"page_subtitle\":\"\",\"page_title_bg_color\":\"\",\"page_title_bg_image\":\"\"}',74,89,0,'*',0,NULL,NULL),
(109,'mainmenu','Login','login','','community/cmpevents/login','index.php?option=com_users&view=login','component',-2,108,3,25,NULL,NULL,0,1,' ',0,'{\"loginredirectchoice\":\"1\",\"login_redirect_url\":\"\",\"login_redirect_menuitem\":\"\",\"logindescription_show\":\"1\",\"login_description\":\"\",\"login_image\":\"\",\"logoutredirectchoice\":\"1\",\"logout_redirect_url\":\"\",\"logout_redirect_menuitem\":\"\",\"logoutdescription_show\":\"1\",\"logout_description\":\"\",\"logout_image\":\"\",\"menu-anchor_title\":\"\",\"menu-anchor_css\":\"\",\"menu_image\":\"\",\"menu_image_css\":\"\",\"menu_text\":1,\"menu_show\":1,\"page_title\":\"\",\"show_page_heading\":\"\",\"page_heading\":\"\",\"pageclass_sfx\":\"\",\"menu-meta_description\":\"\",\"menu-meta_keywords\":\"\",\"robots\":\"\",\"secure\":0,\"helixultimatemenulayout\":\"{\\\"width\\\":600,\\\"menualign\\\":\\\"right\\\",\\\"megamenu\\\":0,\\\"showtitle\\\":1,\\\"faicon\\\":\\\"\\\",\\\"customclass\\\":\\\"\\\",\\\"dropdown\\\":\\\"right\\\",\\\"badge\\\":\\\"\\\",\\\"badge_position\\\":\\\"\\\",\\\"badge_bg_color\\\":\\\"\\\",\\\"badge_text_color\\\":\\\"\\\",\\\"layout\\\":[]}\",\"helixultimate_enable_page_title\":\"1\",\"helixultimate_page_title_alt\":\"\",\"helixultimate_page_subtitle\":\"\",\"helixultimate_page_title_bg_color\":\"\",\"helixultimate_page_title_bg_image\":\"\"}',77,78,0,'*',0,NULL,NULL),
(110,'mainmenu','Registration','registration','','community/registration','index.php?option=com_users&view=registration','component',0,936,2,25,NULL,NULL,0,1,' ',0,'{\"menu-anchor_title\":\"\",\"menu-anchor_css\":\"\",\"menu_icon_css\":\"\",\"menu_image\":\"\",\"menu_image_css\":\"\",\"menu_text\":1,\"menu_show\":1,\"page_title\":\"\",\"show_page_heading\":\"\",\"page_heading\":\"\",\"pageclass_sfx\":\"\",\"menu-meta_description\":\"\",\"robots\":\"\",\"helixultimatemenulayout\":\"{\\\"width\\\":600,\\\"menualign\\\":\\\"right\\\",\\\"megamenu\\\":0,\\\"showtitle\\\":1,\\\"faicon\\\":\\\"\\\",\\\"customclass\\\":\\\"\\\",\\\"dropdown\\\":\\\"right\\\",\\\"badge\\\":\\\"\\\",\\\"badge_position\\\":\\\"\\\",\\\"badge_bg_color\\\":\\\"\\\",\\\"badge_text_color\\\":\\\"\\\",\\\"layout\\\":[]}\",\"helixultimate_enable_page_title\":\"1\",\"helixultimate_page_title_alt\":\"\",\"helixultimate_page_subtitle\":\"\",\"helixultimate_page_title_heading\":\"h2\",\"helixultimate_page_title_bg_color\":\"\",\"helixultimate_page_title_bg_image\":\"\",\"dropdown_position\":\"right\",\"showmenutitle\":\"1\",\"icon\":\"\",\"class\":\"\",\"enable_page_title\":\"0\",\"page_title_alt\":\"\",\"page_subtitle\":\"\",\"page_title_bg_color\":\"\",\"page_title_bg_image\":\"\"}',98,99,0,'*',0,NULL,NULL),
(111,'mainmenu','404','404','','community/cmpevents/404','index.php?Itemid=404','url',-2,108,3,0,NULL,NULL,0,1,' ',0,'{\"menu-anchor_title\":\"\",\"menu-anchor_css\":\"\",\"menu-anchor_rel\":\"\",\"menu_image\":\"\",\"menu_image_css\":\"\",\"menu_text\":1,\"menu_show\":1,\"helixultimatemenulayout\":\"{\\\"width\\\":600,\\\"menualign\\\":\\\"right\\\",\\\"megamenu\\\":0,\\\"showtitle\\\":1,\\\"faicon\\\":\\\"\\\",\\\"customclass\\\":\\\"\\\",\\\"dropdown\\\":\\\"right\\\",\\\"badge\\\":\\\"\\\",\\\"badge_position\\\":\\\"\\\",\\\"badge_bg_color\\\":\\\"\\\",\\\"badge_text_color\\\":\\\"\\\",\\\"layout\\\":[]}\",\"helixultimate_enable_page_title\":\"0\",\"helixultimate_page_title_alt\":\"\",\"helixultimate_page_subtitle\":\"\",\"helixultimate_page_title_bg_color\":\"\",\"helixultimate_page_title_bg_image\":\"\"}',79,80,0,'*',0,NULL,NULL),
(112,'mainmenu','Coming Soon','coming-soon','','community/cmpevents/coming-soon','?tmpl=comingsoon','url',-2,108,3,0,NULL,NULL,0,1,' ',0,'{\"menu-anchor_title\":\"\",\"menu-anchor_css\":\"\",\"menu-anchor_rel\":\"\",\"menu_image\":\"\",\"menu_image_css\":\"\",\"menu_text\":1,\"menu_show\":1,\"helixultimatemenulayout\":\"{\\\"width\\\":600,\\\"menualign\\\":\\\"right\\\",\\\"megamenu\\\":0,\\\"showtitle\\\":1,\\\"faicon\\\":\\\"\\\",\\\"customclass\\\":\\\"\\\",\\\"dropdown\\\":\\\"right\\\",\\\"badge\\\":\\\"\\\",\\\"badge_position\\\":\\\"\\\",\\\"badge_bg_color\\\":\\\"\\\",\\\"badge_text_color\\\":\\\"\\\",\\\"layout\\\":[]}\",\"helixultimate_enable_page_title\":\"0\",\"helixultimate_page_title_alt\":\"\",\"helixultimate_page_subtitle\":\"\",\"helixultimate_page_title_bg_color\":\"\",\"helixultimate_page_title_bg_image\":\"\"}',81,82,0,'*',0,NULL,NULL),
(113,'mainmenu','Contact','contact','','community/cmpevents/contact','index.php?option=com_contact&view=contact&id=1','component',-2,108,3,8,NULL,NULL,0,1,' ',0,'{\"presentation_style\":\"plain\",\"show_contact_category\":\"\",\"show_contact_list\":\"\",\"show_tags\":\"\",\"show_info\":\"\",\"show_name\":\"\",\"show_position\":\"\",\"show_email\":\"\",\"add_mailto_link\":\"\",\"show_street_address\":\"\",\"show_suburb\":\"\",\"show_state\":\"\",\"show_postcode\":\"\",\"show_country\":\"\",\"show_telephone\":\"\",\"show_mobile\":\"\",\"show_fax\":\"\",\"show_webpage\":\"\",\"show_image\":\"\",\"allow_vcard\":\"\",\"show_misc\":\"\",\"show_articles\":\"\",\"articles_display_num\":\"\",\"show_links\":\"\",\"linka_name\":\"\",\"linkb_name\":\"\",\"linkc_name\":\"\",\"linkd_name\":\"\",\"linke_name\":\"\",\"show_email_form\":\"\",\"show_email_copy\":\"\",\"banned_email\":\"\",\"banned_subject\":\"\",\"banned_text\":\"\",\"validate_session\":\"\",\"custom_reply\":\"\",\"redirect\":\"\",\"menu-anchor_title\":\"\",\"menu-anchor_css\":\"\",\"menu_image\":\"\",\"menu_image_css\":\"\",\"menu_text\":1,\"menu_show\":1,\"page_title\":\"\",\"show_page_heading\":\"\",\"page_heading\":\"\",\"pageclass_sfx\":\"\",\"menu-meta_description\":\"\",\"menu-meta_keywords\":\"\",\"robots\":\"\",\"secure\":0,\"helixultimatemenulayout\":\"{\\\"width\\\":600,\\\"menualign\\\":\\\"right\\\",\\\"megamenu\\\":0,\\\"showtitle\\\":1,\\\"faicon\\\":\\\"\\\",\\\"customclass\\\":\\\"\\\",\\\"dropdown\\\":\\\"right\\\",\\\"badge\\\":\\\"\\\",\\\"badge_position\\\":\\\"\\\",\\\"badge_bg_color\\\":\\\"\\\",\\\"badge_text_color\\\":\\\"\\\",\\\"layout\\\":[]}\",\"helixultimate_enable_page_title\":\"1\",\"helixultimate_page_title_alt\":\"\",\"helixultimate_page_subtitle\":\"\",\"helixultimate_page_title_bg_color\":\"\",\"helixultimate_page_title_bg_image\":\"\"}',75,76,0,'*',0,NULL,NULL),
(114,'mainmenu','Services','our-services','','affiliate/our-services','index.php?option=com_sppagebuilder&view=page&id=4','component',-2,101,2,10000,NULL,NULL,0,1,' ',0,'{\"menu-anchor_title\":\"\",\"menu-anchor_css\":\"\",\"menu_icon_css\":\"\",\"menu_image\":\"\",\"menu_image_css\":\"\",\"menu_text\":1,\"menu_show\":1,\"page_title\":\"\",\"show_page_heading\":\"\",\"page_heading\":\"\",\"pageclass_sfx\":\"\",\"menu-meta_description\":\"\",\"robots\":\"\",\"helixultimatemenulayout\":\"{\\\"width\\\":600,\\\"menualign\\\":\\\"right\\\",\\\"megamenu\\\":0,\\\"showtitle\\\":1,\\\"faicon\\\":\\\"\\\",\\\"customclass\\\":\\\"\\\",\\\"dropdown\\\":\\\"right\\\",\\\"badge\\\":\\\"\\\",\\\"badge_position\\\":\\\"\\\",\\\"badge_bg_color\\\":\\\"\\\",\\\"badge_text_color\\\":\\\"\\\",\\\"layout\\\":[]}\",\"helixultimate_enable_page_title\":\"1\",\"helixultimate_page_title_alt\":\"\",\"helixultimate_page_subtitle\":\"\",\"helixultimate_page_title_heading\":\"h2\",\"helixultimate_page_title_bg_color\":\"\",\"helixultimate_page_title_bg_image\":\"\",\"dropdown_position\":\"right\",\"showmenutitle\":\"1\",\"icon\":\"\",\"class\":\"\",\"enable_page_title\":\"0\",\"page_title_alt\":\"\",\"page_subtitle\":\"\",\"page_title_bg_color\":\"\",\"page_title_bg_image\":\"\"}',28,29,0,'*',0,NULL,NULL),
(115,'mainmenu','News','news','','news','index.php?option=com_content&view=category&layout=blog&id=8','component',-2,1,1,22,NULL,NULL,0,1,' ',0,'{\"layout_type\":\"blog\",\"show_category_title\":\"\",\"show_description\":\"\",\"show_description_image\":\"\",\"maxLevel\":\"\",\"show_empty_categories\":\"\",\"show_no_articles\":\"\",\"show_category_heading_title_text\":\"\",\"show_subcat_desc\":\"\",\"show_cat_num_articles\":\"\",\"show_cat_tags\":\"\",\"num_leading_articles\":0,\"blog_class_leading\":\"\",\"num_intro_articles\":9,\"blog_class\":\"\",\"num_columns\":3,\"multi_column_order\":\"1\",\"num_links\":0,\"show_featured\":\"\",\"link_intro_image\":\"\",\"show_subcategory_content\":\"\",\"orderby_pri\":\"none\",\"orderby_sec\":\"rdate\",\"order_date\":\"created\",\"show_pagination\":\"\",\"show_pagination_results\":\"\",\"article_layout\":\"_:default\",\"show_title\":\"\",\"link_titles\":\"\",\"show_intro\":\"\",\"info_block_position\":\"\",\"info_block_show_title\":\"\",\"show_category\":\"\",\"link_category\":\"\",\"show_parent_category\":\"\",\"link_parent_category\":\"\",\"show_author\":\"\",\"link_author\":\"\",\"show_create_date\":\"\",\"show_modify_date\":\"\",\"show_publish_date\":\"\",\"show_item_navigation\":\"\",\"show_vote\":\"\",\"show_readmore\":\"\",\"show_readmore_title\":\"0\",\"show_hits\":\"\",\"show_tags\":\"\",\"show_noauth\":\"\",\"show_feed_link\":\"\",\"feed_summary\":\"\",\"menu-anchor_title\":\"\",\"menu-anchor_css\":\"\",\"menu_icon_css\":\"\",\"menu_image\":\"\",\"menu_image_css\":\"\",\"menu_text\":1,\"menu_show\":1,\"page_title\":\"\",\"show_page_heading\":\"\",\"page_heading\":\"\",\"pageclass_sfx\":\"\",\"menu-meta_description\":\"\",\"robots\":\"\",\"helixultimatemenulayout\":\"{\\\"width\\\":600,\\\"menualign\\\":\\\"right\\\",\\\"megamenu\\\":0,\\\"showtitle\\\":1,\\\"faicon\\\":\\\"\\\",\\\"customclass\\\":\\\"\\\",\\\"dropdown\\\":\\\"right\\\",\\\"badge\\\":\\\"\\\",\\\"badge_position\\\":\\\"\\\",\\\"badge_bg_color\\\":\\\"\\\",\\\"badge_text_color\\\":\\\"\\\",\\\"layout\\\":[]}\",\"helixultimate_enable_page_title\":\"1\",\"helixultimate_page_title_alt\":\"\",\"helixultimate_page_subtitle\":\"\",\"helixultimate_page_title_heading\":\"h2\",\"helixultimate_page_title_bg_color\":\"\",\"helixultimate_page_title_bg_image\":\"\"}',143,144,0,'*',0,NULL,NULL),
(116,'company','About','about-us','','about-us','index.php?Itemid=','alias',0,1,1,0,NULL,NULL,0,1,' ',0,'{\"aliasoptions\":\"107\",\"menu-anchor_title\":\"\",\"menu-anchor_css\":\"\",\"menu_image\":\"\",\"menu_image_css\":\"\",\"menu_text\":1,\"menu_show\":1,\"helixultimatemenulayout\":\"{\\\"width\\\":600,\\\"menualign\\\":\\\"right\\\",\\\"megamenu\\\":0,\\\"showtitle\\\":1,\\\"faicon\\\":\\\"\\\",\\\"customclass\\\":\\\"\\\",\\\"dropdown\\\":\\\"right\\\",\\\"badge\\\":\\\"\\\",\\\"badge_position\\\":\\\"\\\",\\\"badge_bg_color\\\":\\\"\\\",\\\"badge_text_color\\\":\\\"\\\",\\\"layout\\\":[]}\",\"helixultimate_enable_page_title\":\"0\",\"helixultimate_page_title_alt\":\"\",\"helixultimate_page_subtitle\":\"\",\"helixultimate_page_title_bg_color\":\"\",\"helixultimate_page_title_bg_image\":\"\"}',311,312,0,'*',0,NULL,NULL),
(117,'company','Services','our-services','','our-services','index.php?Itemid=','alias',0,1,1,0,NULL,NULL,0,1,' ',0,'{\"aliasoptions\":\"114\",\"menu-anchor_title\":\"\",\"menu-anchor_css\":\"\",\"menu_image\":\"\",\"menu_image_css\":\"\",\"menu_text\":1,\"menu_show\":1,\"helixultimatemenulayout\":\"{\\\"width\\\":600,\\\"menualign\\\":\\\"right\\\",\\\"megamenu\\\":0,\\\"showtitle\\\":1,\\\"faicon\\\":\\\"\\\",\\\"customclass\\\":\\\"\\\",\\\"dropdown\\\":\\\"right\\\",\\\"badge\\\":\\\"\\\",\\\"badge_position\\\":\\\"\\\",\\\"badge_bg_color\\\":\\\"\\\",\\\"badge_text_color\\\":\\\"\\\",\\\"layout\\\":[]}\",\"helixultimate_enable_page_title\":\"0\",\"helixultimate_page_title_alt\":\"\",\"helixultimate_page_subtitle\":\"\",\"helixultimate_page_title_bg_color\":\"\",\"helixultimate_page_title_bg_image\":\"\"}',313,314,0,'*',0,NULL,NULL),
(118,'company','Portfolio','our-portfolio','','our-portfolio','index.php?Itemid=','alias',0,1,1,0,NULL,NULL,0,1,' ',0,'{\"aliasoptions\":\"105\",\"menu-anchor_title\":\"\",\"menu-anchor_css\":\"\",\"menu_image\":\"\",\"menu_image_css\":\"\",\"menu_text\":1,\"menu_show\":1,\"helixultimatemenulayout\":\"{\\\"width\\\":600,\\\"menualign\\\":\\\"right\\\",\\\"megamenu\\\":0,\\\"showtitle\\\":1,\\\"faicon\\\":\\\"\\\",\\\"customclass\\\":\\\"\\\",\\\"dropdown\\\":\\\"right\\\",\\\"badge\\\":\\\"\\\",\\\"badge_position\\\":\\\"\\\",\\\"badge_bg_color\\\":\\\"\\\",\\\"badge_text_color\\\":\\\"\\\",\\\"layout\\\":[]}\",\"helixultimate_enable_page_title\":\"0\",\"helixultimate_page_title_alt\":\"\",\"helixultimate_page_subtitle\":\"\",\"helixultimate_page_title_bg_color\":\"\",\"helixultimate_page_title_bg_image\":\"\"}',315,316,0,'*',0,NULL,NULL),
(119,'company','Gallery','photo-gallery','','photo-gallery','index.php?Itemid=','alias',0,1,1,0,NULL,NULL,0,1,' ',0,'{\"aliasoptions\":\"106\",\"menu-anchor_title\":\"\",\"menu-anchor_css\":\"\",\"menu_image\":\"\",\"menu_image_css\":\"\",\"menu_text\":1,\"menu_show\":1,\"helixultimatemenulayout\":\"{\\\"width\\\":600,\\\"menualign\\\":\\\"right\\\",\\\"megamenu\\\":0,\\\"showtitle\\\":1,\\\"faicon\\\":\\\"\\\",\\\"customclass\\\":\\\"\\\",\\\"dropdown\\\":\\\"right\\\",\\\"badge\\\":\\\"\\\",\\\"badge_position\\\":\\\"\\\",\\\"badge_bg_color\\\":\\\"\\\",\\\"badge_text_color\\\":\\\"\\\",\\\"layout\\\":[]}\",\"helixultimate_enable_page_title\":\"0\",\"helixultimate_page_title_alt\":\"\",\"helixultimate_page_subtitle\":\"\",\"helixultimate_page_title_bg_color\":\"\",\"helixultimate_page_title_bg_image\":\"\"}',317,318,0,'*',0,NULL,NULL),
(120,'company','Blog','blogs','','blogs','index.php?Itemid=','alias',0,1,1,0,NULL,NULL,0,1,' ',0,'{\"aliasoptions\":\"115\",\"menu-anchor_title\":\"\",\"menu-anchor_css\":\"\",\"menu_image\":\"\",\"menu_image_css\":\"\",\"menu_text\":1,\"menu_show\":1,\"helixultimatemenulayout\":\"{\\\"width\\\":600,\\\"menualign\\\":\\\"right\\\",\\\"megamenu\\\":0,\\\"showtitle\\\":1,\\\"faicon\\\":\\\"\\\",\\\"customclass\\\":\\\"\\\",\\\"dropdown\\\":\\\"right\\\",\\\"badge\\\":\\\"\\\",\\\"badge_position\\\":\\\"\\\",\\\"badge_bg_color\\\":\\\"\\\",\\\"badge_text_color\\\":\\\"\\\",\\\"layout\\\":[]}\",\"helixultimate_enable_page_title\":\"0\",\"helixultimate_page_title_alt\":\"\",\"helixultimate_page_subtitle\":\"\",\"helixultimate_page_title_bg_color\":\"\",\"helixultimate_page_title_bg_image\":\"\"}',319,320,0,'*',0,NULL,NULL),
(121,'mainmenu','Mega','mega','','mega','#','url',-2,1,1,0,NULL,NULL,0,1,' ',0,'{\"menu-anchor_title\":\"\",\"menu-anchor_css\":\"\",\"menu-anchor_rel\":\"\",\"menu_image\":\"\",\"menu_image_css\":\"\",\"menu_text\":1,\"menu_show\":1,\"helixultimatemenulayout\":\"{\\\"badge\\\":\\\"\\\",\\\"badge_bg_color\\\":\\\"\\\",\\\"badge_position\\\":\\\"\\\",\\\"badge_text_color\\\":\\\"\\\",\\\"customclass\\\":\\\"\\\",\\\"dropdown\\\":\\\"right\\\",\\\"faicon\\\":\\\"fab fa-codepen\\\",\\\"layout\\\":[{\\\"type\\\":\\\"row\\\",\\\"attr\\\":[{\\\"type\\\":\\\"column\\\",\\\"colGrid\\\":\\\"3\\\",\\\"menuParentId\\\":\\\"\\\",\\\"moduleId\\\":\\\"122\\\",\\\"items\\\":[{\\\"type\\\":\\\"menu_item\\\",\\\"item_id\\\":\\\"122\\\"}]},{\\\"type\\\":\\\"column\\\",\\\"colGrid\\\":\\\"3\\\",\\\"menuParentId\\\":\\\"\\\",\\\"moduleId\\\":\\\"125\\\",\\\"items\\\":[{\\\"type\\\":\\\"menu_item\\\",\\\"item_id\\\":\\\"125\\\"}]},{\\\"type\\\":\\\"column\\\",\\\"colGrid\\\":\\\"3\\\",\\\"menuParentId\\\":\\\"\\\",\\\"moduleId\\\":\\\"124\\\",\\\"items\\\":[{\\\"type\\\":\\\"menu_item\\\",\\\"item_id\\\":\\\"124\\\"}]},{\\\"type\\\":\\\"column\\\",\\\"colGrid\\\":\\\"3\\\",\\\"menuParentId\\\":\\\"\\\",\\\"moduleId\\\":\\\"123\\\",\\\"items\\\":[{\\\"type\\\":\\\"menu_item\\\",\\\"item_id\\\":\\\"123\\\"}]}]},{\\\"type\\\":\\\"row\\\",\\\"attr\\\":[{\\\"type\\\":\\\"column\\\",\\\"colGrid\\\":\\\"3\\\",\\\"menuParentId\\\":\\\"\\\",\\\"moduleId\\\":\\\"96\\\",\\\"items\\\":[{\\\"type\\\":\\\"module\\\",\\\"item_id\\\":\\\"96\\\"}]},{\\\"type\\\":\\\"column\\\",\\\"colGrid\\\":\\\"3\\\",\\\"menuParentId\\\":\\\"\\\",\\\"moduleId\\\":\\\"98\\\",\\\"items\\\":[{\\\"type\\\":\\\"module\\\",\\\"item_id\\\":\\\"98\\\"}]},{\\\"type\\\":\\\"column\\\",\\\"colGrid\\\":\\\"3\\\",\\\"menuParentId\\\":\\\"\\\",\\\"moduleId\\\":\\\"147\\\",\\\"items\\\":[{\\\"type\\\":\\\"menu_item\\\",\\\"item_id\\\":\\\"147\\\"}]},{\\\"type\\\":\\\"column\\\",\\\"colGrid\\\":\\\"3\\\",\\\"menuParentId\\\":\\\"\\\",\\\"moduleId\\\":\\\"148\\\",\\\"items\\\":[{\\\"type\\\":\\\"menu_item\\\",\\\"item_id\\\":\\\"148\\\"}]}]}],\\\"megamenu\\\":\\\"1\\\",\\\"menualign\\\":\\\"center\\\",\\\"showtitle\\\":\\\"1\\\",\\\"width\\\":\\\"1170\\\"}\",\"helixultimate_enable_page_title\":\"0\",\"helixultimate_page_title_alt\":\"\",\"helixultimate_page_subtitle\":\"\",\"helixultimate_page_title_heading\":\"h2\",\"helixultimate_page_title_bg_color\":\"\",\"helixultimate_page_title_bg_image\":\"\"}',223,276,0,'*',0,NULL,NULL),
(122,'mainmenu','Core Features','core-features','','mega/core-features','#','url',-2,121,2,0,NULL,NULL,0,1,' ',0,'{\"menu-anchor_title\":\"\",\"menu-anchor_css\":\"\",\"menu-anchor_rel\":\"\",\"menu_image\":\"\",\"menu_image_css\":\"\",\"menu_text\":1,\"menu_show\":1,\"helixultimatemenulayout\":\"{\\\"width\\\":600,\\\"menualign\\\":\\\"right\\\",\\\"megamenu\\\":0,\\\"showtitle\\\":1,\\\"faicon\\\":\\\"\\\",\\\"customclass\\\":\\\"\\\",\\\"dropdown\\\":\\\"right\\\",\\\"badge\\\":\\\"\\\",\\\"badge_position\\\":\\\"\\\",\\\"badge_bg_color\\\":\\\"\\\",\\\"badge_text_color\\\":\\\"\\\",\\\"layout\\\":[]}\",\"helixultimate_enable_page_title\":\"0\",\"helixultimate_page_title_alt\":\"\",\"helixultimate_page_subtitle\":\"\",\"helixultimate_page_title_bg_color\":\"\",\"helixultimate_page_title_bg_image\":\"\"}',224,231,0,'*',0,NULL,NULL),
(123,'mainmenu','Powerful Features','powerful-features','','mega/powerful-features','#','url',-2,121,2,0,NULL,NULL,0,1,' ',0,'{\"menu-anchor_title\":\"\",\"menu-anchor_css\":\"\",\"menu-anchor_rel\":\"\",\"menu_image\":\"\",\"menu_image_css\":\"\",\"menu_text\":1,\"menu_show\":1,\"helixultimatemenulayout\":\"{\\\"width\\\":600,\\\"menualign\\\":\\\"right\\\",\\\"megamenu\\\":0,\\\"showtitle\\\":1,\\\"faicon\\\":\\\"\\\",\\\"customclass\\\":\\\"\\\",\\\"dropdown\\\":\\\"right\\\",\\\"badge\\\":\\\"\\\",\\\"badge_position\\\":\\\"\\\",\\\"badge_bg_color\\\":\\\"\\\",\\\"badge_text_color\\\":\\\"\\\",\\\"layout\\\":[]}\",\"helixultimate_enable_page_title\":\"0\",\"helixultimate_page_title_alt\":\"\",\"helixultimate_page_subtitle\":\"\",\"helixultimate_page_title_bg_color\":\"\",\"helixultimate_page_title_bg_image\":\"\"}',248,255,0,'*',0,NULL,NULL),
(124,'mainmenu','Easy Customization','easy-customization','','mega/easy-customization','#','url',-2,121,2,0,NULL,NULL,0,1,' ',0,'{\"menu-anchor_title\":\"\",\"menu-anchor_css\":\"\",\"menu-anchor_rel\":\"\",\"menu_image\":\"\",\"menu_image_css\":\"\",\"menu_text\":1,\"menu_show\":1,\"helixultimatemenulayout\":\"{\\\"width\\\":600,\\\"menualign\\\":\\\"right\\\",\\\"megamenu\\\":0,\\\"showtitle\\\":1,\\\"faicon\\\":\\\"\\\",\\\"customclass\\\":\\\"\\\",\\\"dropdown\\\":\\\"right\\\",\\\"badge\\\":\\\"\\\",\\\"badge_position\\\":\\\"\\\",\\\"badge_bg_color\\\":\\\"\\\",\\\"badge_text_color\\\":\\\"\\\",\\\"layout\\\":[]}\",\"helixultimate_enable_page_title\":\"0\",\"helixultimate_page_title_alt\":\"\",\"helixultimate_page_subtitle\":\"\",\"helixultimate_page_title_bg_color\":\"\",\"helixultimate_page_title_bg_image\":\"\"}',240,247,0,'*',0,NULL,NULL),
(125,'mainmenu','Layout Builder','layout-builder','','mega/layout-builder','#','url',-2,121,2,0,NULL,NULL,0,1,' ',0,'{\"menu-anchor_title\":\"\",\"menu-anchor_css\":\"\",\"menu-anchor_rel\":\"\",\"menu_image\":\"\",\"menu_image_css\":\"\",\"menu_text\":1,\"menu_show\":1,\"helixultimatemenulayout\":\"{\\\"width\\\":600,\\\"menualign\\\":\\\"right\\\",\\\"megamenu\\\":0,\\\"showtitle\\\":1,\\\"faicon\\\":\\\"\\\",\\\"customclass\\\":\\\"\\\",\\\"dropdown\\\":\\\"right\\\",\\\"badge\\\":\\\"\\\",\\\"badge_position\\\":\\\"\\\",\\\"badge_bg_color\\\":\\\"\\\",\\\"badge_text_color\\\":\\\"\\\",\\\"layout\\\":[]}\",\"helixultimate_enable_page_title\":\"0\",\"helixultimate_page_title_alt\":\"\",\"helixultimate_page_subtitle\":\"\",\"helixultimate_page_title_bg_color\":\"\",\"helixultimate_page_title_bg_image\":\"\"}',232,239,0,'*',0,NULL,NULL),
(130,'mainmenu','Modern Design','modern-design','','mega/core-features/modern-design','#','url',-2,122,3,0,NULL,NULL,0,1,' ',0,'{\"menu-anchor_title\":\"\",\"menu-anchor_css\":\"\",\"menu-anchor_rel\":\"\",\"menu_image\":\"\",\"menu_image_css\":\"\",\"menu_text\":1,\"menu_show\":1,\"helixultimatemenulayout\":\"{\\\"width\\\":600,\\\"menualign\\\":\\\"right\\\",\\\"megamenu\\\":0,\\\"showtitle\\\":1,\\\"faicon\\\":\\\"\\\",\\\"customclass\\\":\\\"\\\",\\\"dropdown\\\":\\\"right\\\",\\\"badge\\\":\\\"\\\",\\\"badge_position\\\":\\\"\\\",\\\"badge_bg_color\\\":\\\"\\\",\\\"badge_text_color\\\":\\\"\\\",\\\"layout\\\":[]}\",\"helixultimate_enable_page_title\":\"0\",\"helixultimate_page_title_alt\":\"\",\"helixultimate_page_subtitle\":\"\",\"helixultimate_page_title_bg_color\":\"\",\"helixultimate_page_title_bg_image\":\"\"}',225,226,0,'*',0,NULL,NULL),
(131,'mainmenu','Responsive Layout','responsive-layout','','mega/core-features/responsive-layout','#','url',-2,122,3,0,NULL,NULL,0,1,' ',0,'{\"menu-anchor_title\":\"\",\"menu-anchor_css\":\"\",\"menu-anchor_rel\":\"\",\"menu_image\":\"\",\"menu_image_css\":\"\",\"menu_text\":1,\"menu_show\":1,\"helixultimatemenulayout\":\"{\\\"width\\\":600,\\\"menualign\\\":\\\"right\\\",\\\"megamenu\\\":0,\\\"showtitle\\\":1,\\\"faicon\\\":\\\"\\\",\\\"customclass\\\":\\\"\\\",\\\"dropdown\\\":\\\"right\\\",\\\"badge\\\":\\\"\\\",\\\"badge_position\\\":\\\"\\\",\\\"badge_bg_color\\\":\\\"\\\",\\\"badge_text_color\\\":\\\"\\\",\\\"layout\\\":[]}\",\"helixultimate_enable_page_title\":\"0\",\"helixultimate_page_title_alt\":\"\",\"helixultimate_page_subtitle\":\"\",\"helixultimate_page_title_bg_color\":\"\",\"helixultimate_page_title_bg_image\":\"\"}',227,228,0,'*',0,NULL,NULL),
(133,'mainmenu','Layout Builder','layout-builder','','mega/core-features/layout-builder','#','url',-2,122,3,0,NULL,NULL,0,1,' ',0,'{\"menu-anchor_title\":\"\",\"menu-anchor_css\":\"\",\"menu-anchor_rel\":\"\",\"menu_image\":\"\",\"menu_image_css\":\"\",\"menu_text\":1,\"menu_show\":1,\"helixultimatemenulayout\":\"{\\\"width\\\":600,\\\"menualign\\\":\\\"right\\\",\\\"megamenu\\\":0,\\\"showtitle\\\":1,\\\"faicon\\\":\\\"\\\",\\\"customclass\\\":\\\"\\\",\\\"dropdown\\\":\\\"right\\\",\\\"badge\\\":\\\"\\\",\\\"badge_position\\\":\\\"\\\",\\\"badge_bg_color\\\":\\\"\\\",\\\"badge_text_color\\\":\\\"\\\",\\\"layout\\\":[]}\",\"helixultimate_enable_page_title\":\"0\",\"helixultimate_page_title_alt\":\"\",\"helixultimate_page_subtitle\":\"\",\"helixultimate_page_title_bg_color\":\"\",\"helixultimate_page_title_bg_image\":\"\"}',229,230,0,'*',0,NULL,NULL),
(135,'mainmenu','Font Awesome','font-awesome','','mega/powerful-features/font-awesome','#','url',-2,123,3,0,NULL,NULL,0,1,' ',0,'{\"menu-anchor_title\":\"\",\"menu-anchor_css\":\"\",\"menu-anchor_rel\":\"\",\"menu_image\":\"\",\"menu_image_css\":\"\",\"menu_text\":1,\"menu_show\":1,\"helixultimatemenulayout\":\"{\\\"width\\\":600,\\\"menualign\\\":\\\"right\\\",\\\"megamenu\\\":0,\\\"showtitle\\\":1,\\\"faicon\\\":\\\"\\\",\\\"customclass\\\":\\\"\\\",\\\"dropdown\\\":\\\"right\\\",\\\"badge\\\":\\\"\\\",\\\"badge_position\\\":\\\"\\\",\\\"badge_bg_color\\\":\\\"\\\",\\\"badge_text_color\\\":\\\"\\\",\\\"layout\\\":[]}\",\"helixultimate_enable_page_title\":\"0\",\"helixultimate_page_title_alt\":\"\",\"helixultimate_page_subtitle\":\"\",\"helixultimate_page_title_bg_color\":\"\",\"helixultimate_page_title_bg_image\":\"\"}',249,250,0,'*',0,NULL,NULL),
(136,'mainmenu','Off-Canvas Menu','off-canvas-menu','','mega/powerful-features/off-canvas-menu','#','url',-2,123,3,0,NULL,NULL,0,1,' ',0,'{\"menu-anchor_title\":\"\",\"menu-anchor_css\":\"\",\"menu-anchor_rel\":\"\",\"menu_image\":\"\",\"menu_image_css\":\"\",\"menu_text\":1,\"menu_show\":1,\"helixultimatemenulayout\":\"{\\\"width\\\":600,\\\"menualign\\\":\\\"right\\\",\\\"megamenu\\\":0,\\\"showtitle\\\":1,\\\"faicon\\\":\\\"\\\",\\\"customclass\\\":\\\"\\\",\\\"dropdown\\\":\\\"right\\\",\\\"badge\\\":\\\"\\\",\\\"badge_position\\\":\\\"\\\",\\\"badge_bg_color\\\":\\\"\\\",\\\"badge_text_color\\\":\\\"\\\",\\\"layout\\\":[]}\",\"helixultimate_enable_page_title\":\"0\",\"helixultimate_page_title_alt\":\"\",\"helixultimate_page_subtitle\":\"\",\"helixultimate_page_title_bg_color\":\"\",\"helixultimate_page_title_bg_image\":\"\"}',253,254,0,'*',0,NULL,NULL),
(137,'mainmenu','Bootstrap 5','bootstrap-4','','mega/powerful-features/bootstrap-4','#','url',-2,123,3,0,NULL,NULL,0,1,' ',0,'{\"menu-anchor_title\":\"\",\"menu-anchor_css\":\"\",\"menu_icon_css\":\"\",\"menu-anchor_rel\":\"\",\"menu_image\":\"\",\"menu_image_css\":\"\",\"menu_text\":1,\"menu_show\":1,\"helixultimatemenulayout\":\"{\\\"width\\\":600,\\\"menualign\\\":\\\"right\\\",\\\"megamenu\\\":0,\\\"showtitle\\\":1,\\\"faicon\\\":\\\"\\\",\\\"customclass\\\":\\\"\\\",\\\"dropdown\\\":\\\"right\\\",\\\"badge\\\":\\\"\\\",\\\"badge_position\\\":\\\"\\\",\\\"badge_bg_color\\\":\\\"\\\",\\\"badge_text_color\\\":\\\"\\\",\\\"layout\\\":[]}\",\"helixultimate_enable_page_title\":\"0\",\"helixultimate_page_title_alt\":\"\",\"helixultimate_page_subtitle\":\"\",\"helixultimate_page_title_heading\":\"h2\",\"helixultimate_page_title_bg_color\":\"\",\"helixultimate_page_title_bg_image\":\"\"}',251,252,0,'*',0,NULL,NULL),
(139,'mainmenu','Advanced Typography Options','advanced-typography-options','','mega/easy-customization/advanced-typography-options','#','url',-2,124,3,0,NULL,NULL,0,1,' ',0,'{\"menu-anchor_title\":\"\",\"menu-anchor_css\":\"\",\"menu-anchor_rel\":\"\",\"menu_image\":\"\",\"menu_image_css\":\"\",\"menu_text\":1,\"menu_show\":1,\"helixultimatemenulayout\":\"{\\\"width\\\":600,\\\"menualign\\\":\\\"right\\\",\\\"megamenu\\\":0,\\\"showtitle\\\":1,\\\"faicon\\\":\\\"\\\",\\\"customclass\\\":\\\"\\\",\\\"dropdown\\\":\\\"right\\\",\\\"badge\\\":\\\"\\\",\\\"badge_position\\\":\\\"\\\",\\\"badge_bg_color\\\":\\\"\\\",\\\"badge_text_color\\\":\\\"\\\",\\\"layout\\\":[]}\",\"helixultimate_enable_page_title\":\"0\",\"helixultimate_page_title_alt\":\"\",\"helixultimate_page_subtitle\":\"\",\"helixultimate_page_title_bg_color\":\"\",\"helixultimate_page_title_bg_image\":\"\"}',241,242,0,'*',0,NULL,NULL),
(140,'mainmenu','Custom 404 Page and Offline Page','custom-404-page-and-offline-page','','mega/easy-customization/custom-404-page-and-offline-page','#','url',-2,124,3,0,NULL,NULL,0,1,' ',0,'{\"menu-anchor_title\":\"\",\"menu-anchor_css\":\"\",\"menu-anchor_rel\":\"\",\"menu_image\":\"\",\"menu_image_css\":\"\",\"menu_text\":1,\"menu_show\":1,\"helixultimatemenulayout\":\"{\\\"width\\\":600,\\\"menualign\\\":\\\"right\\\",\\\"megamenu\\\":0,\\\"showtitle\\\":1,\\\"faicon\\\":\\\"\\\",\\\"customclass\\\":\\\"\\\",\\\"dropdown\\\":\\\"right\\\",\\\"badge\\\":\\\"\\\",\\\"badge_position\\\":\\\"\\\",\\\"badge_bg_color\\\":\\\"\\\",\\\"badge_text_color\\\":\\\"\\\",\\\"layout\\\":[]}\",\"helixultimate_enable_page_title\":\"0\",\"helixultimate_page_title_alt\":\"\",\"helixultimate_page_subtitle\":\"\",\"helixultimate_page_title_bg_color\":\"\",\"helixultimate_page_title_bg_image\":\"\"}',243,244,0,'*',0,NULL,NULL),
(141,'mainmenu','Custom CSS/JS Code fields','custom-css-js-code-fields','','mega/easy-customization/custom-css-js-code-fields','#','url',-2,124,3,0,NULL,NULL,0,1,' ',0,'{\"menu-anchor_title\":\"\",\"menu-anchor_css\":\"\",\"menu-anchor_rel\":\"\",\"menu_image\":\"\",\"menu_image_css\":\"\",\"menu_text\":1,\"menu_show\":1,\"helixultimatemenulayout\":\"{\\\"width\\\":600,\\\"menualign\\\":\\\"right\\\",\\\"megamenu\\\":0,\\\"showtitle\\\":1,\\\"faicon\\\":\\\"\\\",\\\"customclass\\\":\\\"\\\",\\\"dropdown\\\":\\\"right\\\",\\\"badge\\\":\\\"\\\",\\\"badge_position\\\":\\\"\\\",\\\"badge_bg_color\\\":\\\"\\\",\\\"badge_text_color\\\":\\\"\\\",\\\"layout\\\":[]}\",\"helixultimate_enable_page_title\":\"0\",\"helixultimate_page_title_alt\":\"\",\"helixultimate_page_subtitle\":\"\",\"helixultimate_page_title_bg_color\":\"\",\"helixultimate_page_title_bg_image\":\"\"}',245,246,0,'*',0,NULL,NULL),
(143,'mainmenu','Advanced Layout Manager','advanced-layout-manager','','mega/layout-builder/advanced-layout-manager','#','url',-2,125,3,0,NULL,NULL,0,1,' ',0,'{\"menu-anchor_title\":\"\",\"menu-anchor_css\":\"\",\"menu-anchor_rel\":\"\",\"menu_image\":\"\",\"menu_image_css\":\"\",\"menu_text\":1,\"menu_show\":1,\"helixultimatemenulayout\":\"{\\\"width\\\":600,\\\"menualign\\\":\\\"right\\\",\\\"megamenu\\\":0,\\\"showtitle\\\":1,\\\"faicon\\\":\\\"\\\",\\\"customclass\\\":\\\"\\\",\\\"dropdown\\\":\\\"right\\\",\\\"badge\\\":\\\"\\\",\\\"badge_position\\\":\\\"\\\",\\\"badge_bg_color\\\":\\\"\\\",\\\"badge_text_color\\\":\\\"\\\",\\\"layout\\\":[]}\",\"helixultimate_enable_page_title\":\"0\",\"helixultimate_page_title_alt\":\"\",\"helixultimate_page_subtitle\":\"\",\"helixultimate_page_title_bg_color\":\"\",\"helixultimate_page_title_bg_image\":\"\"}',233,234,0,'*',0,NULL,NULL),
(144,'mainmenu','Mega Menu Generator','mega-menu-generator','','mega/layout-builder/mega-menu-generator','#','url',-2,125,3,0,NULL,NULL,0,1,' ',0,'{\"menu-anchor_title\":\"\",\"menu-anchor_css\":\"\",\"menu-anchor_rel\":\"\",\"menu_image\":\"\",\"menu_image_css\":\"\",\"menu_text\":1,\"menu_show\":1,\"helixultimatemenulayout\":\"{\\\"width\\\":600,\\\"menualign\\\":\\\"right\\\",\\\"megamenu\\\":0,\\\"showtitle\\\":1,\\\"faicon\\\":\\\"\\\",\\\"customclass\\\":\\\"\\\",\\\"dropdown\\\":\\\"right\\\",\\\"badge\\\":\\\"\\\",\\\"badge_position\\\":\\\"\\\",\\\"badge_bg_color\\\":\\\"\\\",\\\"badge_text_color\\\":\\\"\\\",\\\"layout\\\":[]}\",\"helixultimate_enable_page_title\":\"0\",\"helixultimate_page_title_alt\":\"\",\"helixultimate_page_subtitle\":\"\",\"helixultimate_page_title_bg_color\":\"\",\"helixultimate_page_title_bg_image\":\"\"}',235,236,0,'*',0,NULL,NULL),
(145,'mainmenu','Easy Drag & Drop','easy-drag-drop','','mega/layout-builder/easy-drag-drop','#','url',-2,125,3,0,NULL,NULL,0,1,' ',0,'{\"menu-anchor_title\":\"\",\"menu-anchor_css\":\"\",\"menu-anchor_rel\":\"\",\"menu_image\":\"\",\"menu_image_css\":\"\",\"menu_text\":1,\"menu_show\":1,\"helixultimatemenulayout\":\"{\\\"width\\\":600,\\\"menualign\\\":\\\"right\\\",\\\"megamenu\\\":0,\\\"showtitle\\\":1,\\\"faicon\\\":\\\"\\\",\\\"customclass\\\":\\\"\\\",\\\"dropdown\\\":\\\"right\\\",\\\"badge\\\":\\\"\\\",\\\"badge_position\\\":\\\"\\\",\\\"badge_bg_color\\\":\\\"\\\",\\\"badge_text_color\\\":\\\"\\\",\\\"layout\\\":[]}\",\"helixultimate_enable_page_title\":\"0\",\"helixultimate_page_title_alt\":\"\",\"helixultimate_page_subtitle\":\"\",\"helixultimate_page_title_bg_color\":\"\",\"helixultimate_page_title_bg_image\":\"\"}',237,238,0,'*',0,NULL,NULL),
(147,'mainmenu','MegaMenu Options','megamenu-options','','mega/megamenu-options','#','url',-2,121,2,0,NULL,NULL,0,1,' ',0,'{\"menu-anchor_title\":\"\",\"menu-anchor_css\":\"\",\"menu-anchor_rel\":\"\",\"menu_image\":\"\",\"menu_image_css\":\"\",\"menu_text\":1,\"menu_show\":1,\"helixultimatemenulayout\":\"{\\\"width\\\":600,\\\"menualign\\\":\\\"right\\\",\\\"megamenu\\\":0,\\\"showtitle\\\":1,\\\"faicon\\\":\\\"\\\",\\\"customclass\\\":\\\"\\\",\\\"dropdown\\\":\\\"right\\\",\\\"badge\\\":\\\"\\\",\\\"badge_position\\\":\\\"\\\",\\\"badge_bg_color\\\":\\\"\\\",\\\"badge_text_color\\\":\\\"\\\",\\\"layout\\\":[]}\",\"helixultimate_enable_page_title\":\"0\",\"helixultimate_page_title_alt\":\"\",\"helixultimate_page_subtitle\":\"\",\"helixultimate_page_title_bg_color\":\"\",\"helixultimate_page_title_bg_image\":\"\"}',256,265,0,'*',0,NULL,NULL),
(148,'mainmenu','Others Features','others-features','','mega/others-features','#','url',-2,121,2,0,NULL,NULL,0,1,' ',0,'{\"menu-anchor_title\":\"\",\"menu-anchor_css\":\"\",\"menu-anchor_rel\":\"\",\"menu_image\":\"\",\"menu_image_css\":\"\",\"menu_text\":1,\"menu_show\":1,\"helixultimatemenulayout\":\"{\\\"width\\\":600,\\\"menualign\\\":\\\"right\\\",\\\"megamenu\\\":0,\\\"showtitle\\\":1,\\\"faicon\\\":\\\"\\\",\\\"customclass\\\":\\\"\\\",\\\"dropdown\\\":\\\"right\\\",\\\"badge\\\":\\\"\\\",\\\"badge_position\\\":\\\"\\\",\\\"badge_bg_color\\\":\\\"\\\",\\\"badge_text_color\\\":\\\"\\\",\\\"layout\\\":[]}\",\"helixultimate_enable_page_title\":\"0\",\"helixultimate_page_title_alt\":\"\",\"helixultimate_page_subtitle\":\"\",\"helixultimate_page_title_bg_color\":\"\",\"helixultimate_page_title_bg_image\":\"\"}',266,275,0,'*',0,NULL,NULL),
(149,'mainmenu','Styling Menus','styling-menus','','mega/megamenu-options/styling-menus','#','url',-2,147,3,0,NULL,NULL,0,1,' ',0,'{\"menu-anchor_title\":\"\",\"menu-anchor_css\":\"\",\"menu-anchor_rel\":\"\",\"menu_image\":\"\",\"menu_image_css\":\"\",\"menu_text\":1,\"menu_show\":1,\"helixultimatemenulayout\":\"{\\\"width\\\":600,\\\"menualign\\\":\\\"right\\\",\\\"megamenu\\\":0,\\\"showtitle\\\":1,\\\"faicon\\\":\\\"\\\",\\\"customclass\\\":\\\"\\\",\\\"dropdown\\\":\\\"right\\\",\\\"badge\\\":\\\"\\\",\\\"badge_position\\\":\\\"\\\",\\\"badge_bg_color\\\":\\\"\\\",\\\"badge_text_color\\\":\\\"\\\",\\\"layout\\\":[]}\",\"helixultimate_enable_page_title\":\"0\",\"helixultimate_page_title_alt\":\"\",\"helixultimate_page_subtitle\":\"\",\"helixultimate_page_title_bg_color\":\"\",\"helixultimate_page_title_bg_image\":\"\"}',257,258,0,'*',0,NULL,NULL),
(150,'mainmenu','Menu Animation','menu-animation','','mega/megamenu-options/menu-animation','#','url',-2,147,3,0,NULL,NULL,0,1,' ',0,'{\"menu-anchor_title\":\"\",\"menu-anchor_css\":\"\",\"menu-anchor_rel\":\"\",\"menu_image\":\"\",\"menu_image_css\":\"\",\"menu_text\":1,\"menu_show\":1,\"helixultimatemenulayout\":\"{\\\"width\\\":600,\\\"menualign\\\":\\\"right\\\",\\\"megamenu\\\":0,\\\"showtitle\\\":1,\\\"faicon\\\":\\\"\\\",\\\"customclass\\\":\\\"\\\",\\\"dropdown\\\":\\\"right\\\",\\\"badge\\\":\\\"\\\",\\\"badge_position\\\":\\\"\\\",\\\"badge_bg_color\\\":\\\"\\\",\\\"badge_text_color\\\":\\\"\\\",\\\"layout\\\":[]}\",\"helixultimate_enable_page_title\":\"0\",\"helixultimate_page_title_alt\":\"\",\"helixultimate_page_subtitle\":\"\",\"helixultimate_page_title_bg_color\":\"\",\"helixultimate_page_title_bg_image\":\"\"}',259,260,0,'*',0,NULL,NULL),
(151,'mainmenu','Drag & Drop Menu Builder','drag-drop-menu-builder','','mega/megamenu-options/drag-drop-menu-builder','#','url',-2,147,3,0,NULL,NULL,0,1,' ',0,'{\"menu-anchor_title\":\"\",\"menu-anchor_css\":\"\",\"menu-anchor_rel\":\"\",\"menu_image\":\"\",\"menu_image_css\":\"\",\"menu_text\":1,\"menu_show\":1,\"helixultimatemenulayout\":\"{\\\"width\\\":600,\\\"menualign\\\":\\\"right\\\",\\\"megamenu\\\":0,\\\"showtitle\\\":1,\\\"faicon\\\":\\\"\\\",\\\"customclass\\\":\\\"\\\",\\\"dropdown\\\":\\\"right\\\",\\\"badge\\\":\\\"\\\",\\\"badge_position\\\":\\\"\\\",\\\"badge_bg_color\\\":\\\"\\\",\\\"badge_text_color\\\":\\\"\\\",\\\"layout\\\":[]}\",\"helixultimate_enable_page_title\":\"0\",\"helixultimate_page_title_alt\":\"\",\"helixultimate_page_subtitle\":\"\",\"helixultimate_page_title_bg_color\":\"\",\"helixultimate_page_title_bg_image\":\"\"}',261,262,0,'*',0,NULL,NULL),
(152,'mainmenu','Styling Options','styling-options','','mega/megamenu-options/styling-options','#','url',-2,147,3,0,NULL,NULL,0,1,' ',0,'{\"menu-anchor_title\":\"\",\"menu-anchor_css\":\"\",\"menu-anchor_rel\":\"\",\"menu_image\":\"\",\"menu_image_css\":\"\",\"menu_text\":1,\"menu_show\":1,\"helixultimatemenulayout\":\"{\\\"width\\\":600,\\\"menualign\\\":\\\"right\\\",\\\"megamenu\\\":0,\\\"showtitle\\\":1,\\\"faicon\\\":\\\"\\\",\\\"customclass\\\":\\\"\\\",\\\"dropdown\\\":\\\"right\\\",\\\"badge\\\":\\\"\\\",\\\"badge_position\\\":\\\"\\\",\\\"badge_bg_color\\\":\\\"\\\",\\\"badge_text_color\\\":\\\"\\\",\\\"layout\\\":[]}\",\"helixultimate_enable_page_title\":\"0\",\"helixultimate_page_title_alt\":\"\",\"helixultimate_page_subtitle\":\"\",\"helixultimate_page_title_bg_color\":\"\",\"helixultimate_page_title_bg_image\":\"\"}',263,264,0,'*',0,NULL,NULL),
(153,'mainmenu','Article Formats','article-formats','','mega/others-features/article-formats','#','url',-2,148,3,0,NULL,NULL,0,1,' ',0,'{\"menu-anchor_title\":\"\",\"menu-anchor_css\":\"\",\"menu-anchor_rel\":\"\",\"menu_image\":\"\",\"menu_image_css\":\"\",\"menu_text\":1,\"menu_show\":1,\"helixultimatemenulayout\":\"{\\\"width\\\":600,\\\"menualign\\\":\\\"right\\\",\\\"megamenu\\\":0,\\\"showtitle\\\":1,\\\"faicon\\\":\\\"\\\",\\\"customclass\\\":\\\"\\\",\\\"dropdown\\\":\\\"right\\\",\\\"badge\\\":\\\"\\\",\\\"badge_position\\\":\\\"\\\",\\\"badge_bg_color\\\":\\\"\\\",\\\"badge_text_color\\\":\\\"\\\",\\\"layout\\\":[]}\",\"helixultimate_enable_page_title\":\"0\",\"helixultimate_page_title_alt\":\"\",\"helixultimate_page_subtitle\":\"\",\"helixultimate_page_title_bg_color\":\"\",\"helixultimate_page_title_bg_image\":\"\"}',267,268,0,'*',0,NULL,NULL),
(154,'mainmenu','Page Title Options','page-title-options','','mega/others-features/page-title-options','#','url',-2,148,3,0,NULL,NULL,0,1,' ',0,'{\"menu-anchor_title\":\"\",\"menu-anchor_css\":\"\",\"menu-anchor_rel\":\"\",\"menu_image\":\"\",\"menu_image_css\":\"\",\"menu_text\":1,\"menu_show\":1,\"helixultimatemenulayout\":\"{\\\"width\\\":600,\\\"menualign\\\":\\\"right\\\",\\\"megamenu\\\":0,\\\"showtitle\\\":1,\\\"faicon\\\":\\\"\\\",\\\"customclass\\\":\\\"\\\",\\\"dropdown\\\":\\\"right\\\",\\\"badge\\\":\\\"\\\",\\\"badge_position\\\":\\\"\\\",\\\"badge_bg_color\\\":\\\"\\\",\\\"badge_text_color\\\":\\\"\\\",\\\"layout\\\":[]}\",\"helixultimate_enable_page_title\":\"0\",\"helixultimate_page_title_alt\":\"\",\"helixultimate_page_subtitle\":\"\",\"helixultimate_page_title_bg_color\":\"\",\"helixultimate_page_title_bg_image\":\"\"}',269,270,0,'*',0,NULL,NULL),
(155,'mainmenu','Social Comments','social-comments','','mega/others-features/social-comments','#','url',-2,148,3,0,NULL,NULL,0,1,' ',0,'{\"menu-anchor_title\":\"\",\"menu-anchor_css\":\"\",\"menu-anchor_rel\":\"\",\"menu_image\":\"\",\"menu_image_css\":\"\",\"menu_text\":1,\"menu_show\":1,\"helixultimatemenulayout\":\"{\\\"width\\\":600,\\\"menualign\\\":\\\"right\\\",\\\"megamenu\\\":0,\\\"showtitle\\\":1,\\\"faicon\\\":\\\"\\\",\\\"customclass\\\":\\\"\\\",\\\"dropdown\\\":\\\"right\\\",\\\"badge\\\":\\\"\\\",\\\"badge_position\\\":\\\"\\\",\\\"badge_bg_color\\\":\\\"\\\",\\\"badge_text_color\\\":\\\"\\\",\\\"layout\\\":[]}\",\"helixultimate_enable_page_title\":\"0\",\"helixultimate_page_title_alt\":\"\",\"helixultimate_page_subtitle\":\"\",\"helixultimate_page_title_bg_color\":\"\",\"helixultimate_page_title_bg_image\":\"\"}',271,272,0,'*',0,NULL,NULL),
(156,'mainmenu','Cross-Browser Support','cross-browser-support','','mega/others-features/cross-browser-support','#','url',-2,148,3,0,NULL,NULL,0,1,' ',0,'{\"menu-anchor_title\":\"\",\"menu-anchor_css\":\"\",\"menu-anchor_rel\":\"\",\"menu_image\":\"\",\"menu_image_css\":\"\",\"menu_text\":1,\"menu_show\":1,\"helixultimatemenulayout\":\"{\\\"width\\\":600,\\\"menualign\\\":\\\"right\\\",\\\"megamenu\\\":0,\\\"showtitle\\\":1,\\\"faicon\\\":\\\"\\\",\\\"customclass\\\":\\\"\\\",\\\"dropdown\\\":\\\"right\\\",\\\"badge\\\":\\\"\\\",\\\"badge_position\\\":\\\"\\\",\\\"badge_bg_color\\\":\\\"\\\",\\\"badge_text_color\\\":\\\"\\\",\\\"layout\\\":[]}\",\"helixultimate_enable_page_title\":\"0\",\"helixultimate_page_title_alt\":\"\",\"helixultimate_page_subtitle\":\"\",\"helixultimate_page_title_bg_color\":\"\",\"helixultimate_page_title_bg_image\":\"\"}',273,274,0,'*',0,NULL,NULL),
(850,'main','Manage Venues','manage-venues','','os-services-booking/manage-venues','index.php?option=com_osservicesbooking&task=venue_list','component',1,847,2,10129,NULL,NULL,0,1,'components/com_osservicesbooking/asset/images/marker.png',0,'{}',330,331,0,'',1,NULL,NULL),
(198,'mainmenu','Directory','directory','','directory','index.php?option=com_jbusinessdirectory&view=search&resetSearch=1','component',-2,1,1,10102,NULL,NULL,0,1,' ',0,'{\"menu-anchor_title\":\"\",\"menu-anchor_css\":\"\",\"menu_icon_css\":\"\",\"menu_image\":\"\",\"menu_image_css\":\"\",\"menu_text\":1,\"menu_show\":1,\"page_title\":\"\",\"show_page_heading\":\"\",\"page_heading\":\"\",\"pageclass_sfx\":\"\",\"menu-meta_description\":\"\",\"robots\":\"\",\"helixultimatemenulayout\":\"{\\\"width\\\":950,\\\"menualign\\\":\\\"center\\\",\\\"megamenu\\\":1,\\\"showtitle\\\":1,\\\"faicon\\\":\\\"\\\",\\\"customclass\\\":\\\"\\\",\\\"dropdown\\\":\\\"right\\\",\\\"badge\\\":\\\"Hot\\\",\\\"badge_position\\\":\\\"\\\",\\\"badge_bg_color\\\":\\\"\\\",\\\"badge_text_color\\\":\\\"\\\",\\\"layout\\\":[{\\\"type\\\":\\\"row\\\",\\\"attr\\\":[{\\\"type\\\":\\\"column\\\",\\\"colGrid\\\":\\\"2\\\",\\\"menuParentId\\\":\\\"\\\",\\\"moduleId\\\":\\\"199\\\",\\\"items\\\":[{\\\"type\\\":\\\"menu_item\\\",\\\"item_id\\\":199}]},{\\\"type\\\":\\\"column\\\",\\\"colGrid\\\":\\\"2\\\",\\\"menuParentId\\\":\\\"\\\",\\\"moduleId\\\":\\\"200\\\",\\\"items\\\":[{\\\"type\\\":\\\"menu_item\\\",\\\"item_id\\\":200}]},{\\\"type\\\":\\\"column\\\",\\\"colGrid\\\":\\\"2\\\",\\\"menuParentId\\\":\\\"\\\",\\\"moduleId\\\":\\\"215\\\",\\\"items\\\":[{\\\"type\\\":\\\"menu_item\\\",\\\"item_id\\\":215}]},{\\\"type\\\":\\\"column\\\",\\\"colGrid\\\":\\\"2\\\",\\\"menuParentId\\\":\\\"\\\",\\\"moduleId\\\":\\\"222\\\",\\\"items\\\":[{\\\"type\\\":\\\"menu_item\\\",\\\"item_id\\\":222}]},{\\\"type\\\":\\\"column\\\",\\\"colGrid\\\":\\\"2\\\",\\\"menuParentId\\\":\\\"\\\",\\\"moduleId\\\":\\\"223\\\",\\\"items\\\":[{\\\"type\\\":\\\"menu_item\\\",\\\"item_id\\\":223}]},{\\\"type\\\":\\\"column\\\",\\\"colGrid\\\":\\\"2\\\",\\\"menuParentId\\\":\\\"\\\",\\\"moduleId\\\":\\\"224\\\",\\\"items\\\":[{\\\"type\\\":\\\"menu_item\\\",\\\"item_id\\\":224}]}]}]}\",\"helixultimate_enable_page_title\":\"0\",\"helixultimate_page_title_alt\":\"\",\"helixultimate_page_subtitle\":\"\",\"helixultimate_page_title_heading\":\"h2\",\"helixultimate_page_title_bg_color\":\"\",\"helixultimate_page_title_bg_image\":\"\",\"menulayout\":\"{\\\"width\\\":600,\\\"menuItem\\\":1,\\\"menuAlign\\\":\\\"right\\\",\\\"layout\\\":[{\\\"type\\\":\\\"row\\\",\\\"attr\\\":[{\\\"type\\\":\\\"column\\\",\\\"colGrid\\\":12,\\\"menuParentId\\\":\\\"199,994,208,210\\\",\\\"moduleId\\\":\\\"\\\"}]}]}\",\"megamenu\":\"0\",\"showmenutitle\":\"1\",\"icon\":\"\",\"class\":\"\",\"enable_page_title\":\"0\",\"page_title_alt\":\"\",\"page_subtitle\":\"\",\"page_title_bg_color\":\"\",\"page_title_bg_image\":\"\"}',159,222,0,'*',0,NULL,NULL),
(199,'mainmenu','Main features','main-features','','directory/main-features','#','url',-2,198,2,0,NULL,NULL,0,1,' ',0,'{\"menu-anchor_title\":\"\",\"menu-anchor_css\":\"\",\"menu-anchor_rel\":\"\",\"menu_image\":\"\",\"menu_image_css\":\"\",\"menu_text\":1,\"menu_show\":1,\"helixultimatemenulayout\":\"{\\\"width\\\":600,\\\"menualign\\\":\\\"right\\\",\\\"megamenu\\\":0,\\\"showtitle\\\":1,\\\"faicon\\\":\\\"\\\",\\\"customclass\\\":\\\"\\\",\\\"dropdown\\\":\\\"right\\\",\\\"badge\\\":\\\"\\\",\\\"badge_position\\\":\\\"\\\",\\\"badge_bg_color\\\":\\\"\\\",\\\"badge_text_color\\\":\\\"\\\",\\\"layout\\\":[]}\",\"helixultimate_enable_page_title\":\"0\",\"helixultimate_page_title_alt\":\"\",\"helixultimate_page_subtitle\":\"\",\"helixultimate_page_title_heading\":\"h2\",\"helixultimate_page_title_bg_color\":\"\",\"helixultimate_page_title_bg_image\":\"\"}',160,167,0,'*',0,NULL,NULL),
(200,'mainmenu','Listings','listings','','directory/listings','index.php?option=com_jbusinessdirectory&view=search&featured=0&geolocation=0&radius=100&resetSearch=1','component',-2,198,2,10102,NULL,NULL,0,1,' ',0,'{\"menu-anchor_title\":\"\",\"menu-anchor_css\":\"\",\"menu_image\":\"\",\"menu_image_css\":\"\",\"menu_text\":1,\"menu_show\":1,\"page_title\":\"\",\"show_page_heading\":\"\",\"page_heading\":\"\",\"pageclass_sfx\":\"\",\"menu-meta_description\":\"\",\"menu-meta_keywords\":\"\",\"robots\":\"\",\"secure\":0,\"helixultimatemenulayout\":\"{\\\"width\\\":600,\\\"menualign\\\":\\\"right\\\",\\\"megamenu\\\":0,\\\"showtitle\\\":1,\\\"faicon\\\":\\\"\\\",\\\"customclass\\\":\\\"\\\",\\\"dropdown\\\":\\\"right\\\",\\\"badge\\\":\\\"\\\",\\\"badge_position\\\":\\\"\\\",\\\"badge_bg_color\\\":\\\"\\\",\\\"badge_text_color\\\":\\\"\\\",\\\"layout\\\":[]}\",\"helixultimate_enable_page_title\":\"0\",\"helixultimate_page_title_alt\":\"\",\"helixultimate_page_subtitle\":\"\",\"helixultimate_page_title_heading\":\"h2\",\"helixultimate_page_title_bg_color\":\"\",\"helixultimate_page_title_bg_image\":\"\"}',168,187,0,'*',0,NULL,NULL),
(201,'mainmenu','List view style 1','list-view-style-1','','directory/listings/list-view-style-1','index.php?option=com_jbusinessdirectory&view=search&featured=0&geolocation=0&radius=100&resetSearch=1&list_layout=1','component',-2,200,3,10102,NULL,NULL,0,1,' ',0,'{\"menu-anchor_title\":\"\",\"menu-anchor_css\":\"\",\"menu_image\":\"\",\"menu_image_css\":\"\",\"menu_text\":1,\"menu_show\":1,\"page_title\":\"\",\"show_page_heading\":\"\",\"page_heading\":\"\",\"pageclass_sfx\":\"\",\"menu-meta_description\":\"\",\"menu-meta_keywords\":\"\",\"robots\":\"\",\"secure\":0,\"helixultimatemenulayout\":\"{\\\"width\\\":600,\\\"menualign\\\":\\\"right\\\",\\\"megamenu\\\":0,\\\"showtitle\\\":1,\\\"faicon\\\":\\\"\\\",\\\"customclass\\\":\\\"\\\",\\\"dropdown\\\":\\\"right\\\",\\\"badge\\\":\\\"\\\",\\\"badge_position\\\":\\\"\\\",\\\"badge_bg_color\\\":\\\"\\\",\\\"badge_text_color\\\":\\\"\\\",\\\"layout\\\":[]}\",\"helixultimate_enable_page_title\":\"0\",\"helixultimate_page_title_alt\":\"\",\"helixultimate_page_subtitle\":\"\",\"helixultimate_page_title_heading\":\"h2\",\"helixultimate_page_title_bg_color\":\"\",\"helixultimate_page_title_bg_image\":\"\"}',169,170,0,'*',0,NULL,NULL),
(202,'mainmenu','List view style 2','list-view-style-2','','directory/listings/list-view-style-2','index.php?option=com_jbusinessdirectory&view=search&featured=0&geolocation=0&radius=100&resetSearch=1&list_layout=2','component',-2,200,3,10102,NULL,NULL,0,1,' ',0,'{\"menu-anchor_title\":\"\",\"menu-anchor_css\":\"\",\"menu_image\":\"\",\"menu_image_css\":\"\",\"menu_text\":1,\"menu_show\":1,\"page_title\":\"\",\"show_page_heading\":\"\",\"page_heading\":\"\",\"pageclass_sfx\":\"\",\"menu-meta_description\":\"\",\"menu-meta_keywords\":\"\",\"robots\":\"\",\"secure\":0,\"helixultimatemenulayout\":\"{\\\"width\\\":600,\\\"menualign\\\":\\\"right\\\",\\\"megamenu\\\":0,\\\"showtitle\\\":1,\\\"faicon\\\":\\\"\\\",\\\"customclass\\\":\\\"\\\",\\\"dropdown\\\":\\\"right\\\",\\\"badge\\\":\\\"\\\",\\\"badge_position\\\":\\\"\\\",\\\"badge_bg_color\\\":\\\"\\\",\\\"badge_text_color\\\":\\\"\\\",\\\"layout\\\":[]}\",\"helixultimate_enable_page_title\":\"0\",\"helixultimate_page_title_alt\":\"\",\"helixultimate_page_subtitle\":\"\",\"helixultimate_page_title_heading\":\"h2\",\"helixultimate_page_title_bg_color\":\"\",\"helixultimate_page_title_bg_image\":\"\"}',171,172,0,'*',0,NULL,NULL),
(203,'mainmenu','List view style 3','list-view-style-3','','directory/listings/list-view-style-3','index.php?option=com_jbusinessdirectory&view=search&featured=0&geolocation=0&radius=100&resetSearch=1&list_layout=3','component',-2,200,3,10102,NULL,NULL,0,1,' ',0,'{\"menu-anchor_title\":\"\",\"menu-anchor_css\":\"\",\"menu_image\":\"\",\"menu_image_css\":\"\",\"menu_text\":1,\"menu_show\":1,\"page_title\":\"\",\"show_page_heading\":\"\",\"page_heading\":\"\",\"pageclass_sfx\":\"\",\"menu-meta_description\":\"\",\"menu-meta_keywords\":\"\",\"robots\":\"\",\"secure\":0,\"helixultimatemenulayout\":\"{\\\"width\\\":600,\\\"menualign\\\":\\\"right\\\",\\\"megamenu\\\":0,\\\"showtitle\\\":1,\\\"faicon\\\":\\\"\\\",\\\"customclass\\\":\\\"\\\",\\\"dropdown\\\":\\\"right\\\",\\\"badge\\\":\\\"\\\",\\\"badge_position\\\":\\\"\\\",\\\"badge_bg_color\\\":\\\"\\\",\\\"badge_text_color\\\":\\\"\\\",\\\"layout\\\":[]}\",\"helixultimate_enable_page_title\":\"0\",\"helixultimate_page_title_alt\":\"\",\"helixultimate_page_subtitle\":\"\",\"helixultimate_page_title_heading\":\"h2\",\"helixultimate_page_title_bg_color\":\"\",\"helixultimate_page_title_bg_image\":\"\"}',173,174,0,'*',0,NULL,NULL),
(204,'mainmenu','List view style 4','list-view-style-4','','directory/listings/list-view-style-4','index.php?option=com_jbusinessdirectory&view=search&featured=0&geolocation=0&radius=100&resetSearch=1&list_layout=4','component',-2,200,3,10102,NULL,NULL,0,1,' ',0,'{\"menu-anchor_title\":\"\",\"menu-anchor_css\":\"\",\"menu_image\":\"\",\"menu_image_css\":\"\",\"menu_text\":1,\"menu_show\":1,\"page_title\":\"\",\"show_page_heading\":\"\",\"page_heading\":\"\",\"pageclass_sfx\":\"\",\"menu-meta_description\":\"\",\"menu-meta_keywords\":\"\",\"robots\":\"\",\"secure\":0,\"helixultimatemenulayout\":\"{\\\"width\\\":600,\\\"menualign\\\":\\\"right\\\",\\\"megamenu\\\":0,\\\"showtitle\\\":1,\\\"faicon\\\":\\\"\\\",\\\"customclass\\\":\\\"\\\",\\\"dropdown\\\":\\\"right\\\",\\\"badge\\\":\\\"\\\",\\\"badge_position\\\":\\\"\\\",\\\"badge_bg_color\\\":\\\"\\\",\\\"badge_text_color\\\":\\\"\\\",\\\"layout\\\":[]}\",\"helixultimate_enable_page_title\":\"0\",\"helixultimate_page_title_alt\":\"\",\"helixultimate_page_subtitle\":\"\",\"helixultimate_page_title_heading\":\"h2\",\"helixultimate_page_title_bg_color\":\"\",\"helixultimate_page_title_bg_image\":\"\"}',175,176,0,'*',0,NULL,NULL),
(205,'mainmenu','List view style 5','list-view-style-5','','directory/listings/list-view-style-5','index.php?option=com_jbusinessdirectory&view=search&featured=0&geolocation=0&radius=100&resetSearch=1&list_layout=5','component',-2,200,3,10102,NULL,NULL,0,1,' ',0,'{\"menu-anchor_title\":\"\",\"menu-anchor_css\":\"\",\"menu_image\":\"\",\"menu_image_css\":\"\",\"menu_text\":1,\"menu_show\":1,\"page_title\":\"\",\"show_page_heading\":\"\",\"page_heading\":\"\",\"pageclass_sfx\":\"\",\"menu-meta_description\":\"\",\"menu-meta_keywords\":\"\",\"robots\":\"\",\"secure\":0,\"helixultimatemenulayout\":\"{\\\"width\\\":600,\\\"menualign\\\":\\\"right\\\",\\\"megamenu\\\":0,\\\"showtitle\\\":1,\\\"faicon\\\":\\\"\\\",\\\"customclass\\\":\\\"\\\",\\\"dropdown\\\":\\\"right\\\",\\\"badge\\\":\\\"\\\",\\\"badge_position\\\":\\\"\\\",\\\"badge_bg_color\\\":\\\"\\\",\\\"badge_text_color\\\":\\\"\\\",\\\"layout\\\":[]}\",\"helixultimate_enable_page_title\":\"0\",\"helixultimate_page_title_alt\":\"\",\"helixultimate_page_subtitle\":\"\",\"helixultimate_page_title_heading\":\"h2\",\"helixultimate_page_title_bg_color\":\"\",\"helixultimate_page_title_bg_image\":\"\"}',177,178,0,'*',0,NULL,NULL),
(206,'mainmenu','List view style 6','list-view-style-6','','directory/listings/list-view-style-6','index.php?option=com_jbusinessdirectory&view=search&featured=0&geolocation=0&radius=100&resetSearch=1&list_layout=6','component',-2,200,3,10102,NULL,NULL,0,1,' ',0,'{\"menu-anchor_title\":\"\",\"menu-anchor_css\":\"\",\"menu_image\":\"\",\"menu_image_css\":\"\",\"menu_text\":1,\"menu_show\":1,\"page_title\":\"\",\"show_page_heading\":\"\",\"page_heading\":\"\",\"pageclass_sfx\":\"\",\"menu-meta_description\":\"\",\"menu-meta_keywords\":\"\",\"robots\":\"\",\"secure\":0,\"helixultimatemenulayout\":\"{\\\"width\\\":600,\\\"menualign\\\":\\\"right\\\",\\\"megamenu\\\":0,\\\"showtitle\\\":1,\\\"faicon\\\":\\\"\\\",\\\"customclass\\\":\\\"\\\",\\\"dropdown\\\":\\\"right\\\",\\\"badge\\\":\\\"\\\",\\\"badge_position\\\":\\\"\\\",\\\"badge_bg_color\\\":\\\"\\\",\\\"badge_text_color\\\":\\\"\\\",\\\"layout\\\":[]}\",\"helixultimate_enable_page_title\":\"0\",\"helixultimate_page_title_alt\":\"\",\"helixultimate_page_subtitle\":\"\",\"helixultimate_page_title_heading\":\"h2\",\"helixultimate_page_title_bg_color\":\"\",\"helixultimate_page_title_bg_image\":\"\"}',179,180,0,'*',0,NULL,NULL),
(207,'mainmenu','List view style 7','list-view-style-7','','directory/listings/list-view-style-7','index.php?option=com_jbusinessdirectory&view=search&featured=0&geolocation=0&radius=100&resetSearch=1&list_layout=7','component',-2,200,3,10102,NULL,NULL,0,1,' ',0,'{\"menu-anchor_title\":\"\",\"menu-anchor_css\":\"\",\"menu_image\":\"\",\"menu_image_css\":\"\",\"menu_text\":1,\"menu_show\":1,\"page_title\":\"\",\"show_page_heading\":\"\",\"page_heading\":\"\",\"pageclass_sfx\":\"\",\"menu-meta_description\":\"\",\"menu-meta_keywords\":\"\",\"robots\":\"\",\"secure\":0,\"helixultimatemenulayout\":\"{\\\"width\\\":600,\\\"menualign\\\":\\\"right\\\",\\\"megamenu\\\":0,\\\"showtitle\\\":1,\\\"faicon\\\":\\\"\\\",\\\"customclass\\\":\\\"\\\",\\\"dropdown\\\":\\\"right\\\",\\\"badge\\\":\\\"\\\",\\\"badge_position\\\":\\\"\\\",\\\"badge_bg_color\\\":\\\"\\\",\\\"badge_text_color\\\":\\\"\\\",\\\"layout\\\":[]}\",\"helixultimate_enable_page_title\":\"0\",\"helixultimate_page_title_alt\":\"\",\"helixultimate_page_subtitle\":\"\",\"helixultimate_page_title_heading\":\"h2\",\"helixultimate_page_title_bg_color\":\"\",\"helixultimate_page_title_bg_image\":\"\"}',181,182,0,'*',0,NULL,NULL),
(208,'mainmenu','Catalog','catalog','','directory/catalog','index.php?option=com_jbusinessdirectory&view=catalog','component',-2,198,2,10102,NULL,NULL,0,1,' ',0,'{\"menu-anchor_title\":\"\",\"menu-anchor_css\":\"\",\"menu_icon_css\":\"\",\"menu_image\":\"\",\"menu_image_css\":\"\",\"menu_text\":1,\"menu_show\":1,\"page_title\":\"\",\"show_page_heading\":\"0\",\"page_heading\":\"\",\"pageclass_sfx\":\"\",\"menu-meta_description\":\"\",\"robots\":\"\",\"helixultimatemenulayout\":\"{\\\"width\\\":600,\\\"menualign\\\":\\\"right\\\",\\\"megamenu\\\":0,\\\"showtitle\\\":1,\\\"faicon\\\":\\\"\\\",\\\"customclass\\\":\\\"\\\",\\\"dropdown\\\":\\\"right\\\",\\\"badge\\\":\\\"\\\",\\\"badge_position\\\":\\\"\\\",\\\"badge_bg_color\\\":\\\"\\\",\\\"badge_text_color\\\":\\\"\\\",\\\"layout\\\":[]}\",\"helixultimate_enable_page_title\":\"0\",\"helixultimate_page_title_alt\":\"\",\"helixultimate_page_subtitle\":\"\",\"helixultimate_page_title_heading\":\"h2\",\"helixultimate_page_title_bg_color\":\"\",\"helixultimate_page_title_bg_image\":\"\"}',218,219,0,'*',0,NULL,NULL),
(209,'mainmenu','Business Plans','business-plans','','directory/main-features/business-plans','index.php?option=com_jbusinessdirectory&view=packages','component',-2,199,3,10102,NULL,NULL,0,1,' ',0,'{\"menu-anchor_title\":\"\",\"menu-anchor_css\":\"\",\"menu_image\":\"\",\"menu_image_css\":\"\",\"menu_text\":1,\"menu_show\":1,\"page_title\":\"\",\"show_page_heading\":\"\",\"page_heading\":\"\",\"pageclass_sfx\":\"\",\"menu-meta_description\":\"\",\"menu-meta_keywords\":\"\",\"robots\":\"\",\"secure\":0,\"helixultimatemenulayout\":\"{\\\"width\\\":600,\\\"menualign\\\":\\\"right\\\",\\\"megamenu\\\":0,\\\"showtitle\\\":1,\\\"faicon\\\":\\\"\\\",\\\"customclass\\\":\\\"\\\",\\\"dropdown\\\":\\\"right\\\",\\\"badge\\\":\\\"\\\",\\\"badge_position\\\":\\\"\\\",\\\"badge_bg_color\\\":\\\"\\\",\\\"badge_text_color\\\":\\\"\\\",\\\"layout\\\":[]}\",\"helixultimate_enable_page_title\":\"0\",\"helixultimate_page_title_alt\":\"\",\"helixultimate_page_subtitle\":\"\",\"helixultimate_page_title_heading\":\"h2\",\"helixultimate_page_title_bg_color\":\"\",\"helixultimate_page_title_bg_image\":\"\"}',161,162,0,'*',0,NULL,NULL),
(210,'mainmenu','Add a business','add-a-business','','directory/add-a-business','index.php?option=com_jbusinessdirectory&view=managecompany','component',-2,198,2,10102,NULL,NULL,0,1,' ',0,'{\"menu-anchor_title\":\"\",\"menu-anchor_css\":\"\",\"menu_icon_css\":\"\",\"menu_image\":\"\",\"menu_image_css\":\"\",\"menu_text\":1,\"menu_show\":1,\"page_title\":\"\",\"show_page_heading\":\"\",\"page_heading\":\"\",\"pageclass_sfx\":\"\",\"menu-meta_description\":\"\",\"robots\":\"\",\"helixultimatemenulayout\":\"{\\\"width\\\":600,\\\"menualign\\\":\\\"right\\\",\\\"megamenu\\\":0,\\\"showtitle\\\":1,\\\"faicon\\\":\\\"\\\",\\\"customclass\\\":\\\"\\\",\\\"dropdown\\\":\\\"right\\\",\\\"badge\\\":\\\"\\\",\\\"badge_position\\\":\\\"\\\",\\\"badge_bg_color\\\":\\\"\\\",\\\"badge_text_color\\\":\\\"\\\",\\\"layout\\\":[]}\",\"helixultimate_enable_page_title\":\"0\",\"helixultimate_page_title_alt\":\"\",\"helixultimate_page_subtitle\":\"\",\"helixultimate_page_title_heading\":\"h2\",\"helixultimate_page_title_bg_color\":\"\",\"helixultimate_page_title_bg_image\":\"\",\"dropdown_position\":\"right\",\"showmenutitle\":\"1\",\"icon\":\"\",\"class\":\"\",\"enable_page_title\":\"0\",\"page_title_alt\":\"\",\"page_subtitle\":\"\",\"page_title_bg_color\":\"\",\"page_title_bg_image\":\"\"}',220,221,0,'*',0,NULL,NULL),
(211,'mainmenu','Control Panel','control-panel','','directory/main-features/control-panel','index.php?option=com_jbusinessdirectory&view=useroptions','component',-2,199,3,10102,NULL,NULL,0,1,' ',0,'{\"menu-anchor_title\":\"\",\"menu-anchor_css\":\"\",\"menu_image\":\"\",\"menu_image_css\":\"\",\"menu_text\":1,\"menu_show\":1,\"page_title\":\"\",\"show_page_heading\":\"\",\"page_heading\":\"\",\"pageclass_sfx\":\"\",\"menu-meta_description\":\"\",\"menu-meta_keywords\":\"\",\"robots\":\"\",\"secure\":0,\"helixultimatemenulayout\":\"{\\\"width\\\":600,\\\"menualign\\\":\\\"right\\\",\\\"megamenu\\\":0,\\\"showtitle\\\":1,\\\"faicon\\\":\\\"\\\",\\\"customclass\\\":\\\"\\\",\\\"dropdown\\\":\\\"right\\\",\\\"badge\\\":\\\"\\\",\\\"badge_position\\\":\\\"\\\",\\\"badge_bg_color\\\":\\\"\\\",\\\"badge_text_color\\\":\\\"\\\",\\\"layout\\\":[]}\",\"helixultimate_enable_page_title\":\"0\",\"helixultimate_page_title_alt\":\"\",\"helixultimate_page_subtitle\":\"\",\"helixultimate_page_title_heading\":\"h2\",\"helixultimate_page_title_bg_color\":\"\",\"helixultimate_page_title_bg_image\":\"\"}',163,164,0,'*',0,NULL,NULL),
(212,'mainmenu','Admin Control Panel','admin-control-panel','','directory/main-features/admin-control-panel','administrator/','url',-2,199,3,0,NULL,NULL,0,1,' ',0,'{\"menu-anchor_title\":\"\",\"menu-anchor_css\":\"\",\"menu-anchor_rel\":\"\",\"menu_image\":\"\",\"menu_image_css\":\"\",\"menu_text\":1,\"menu_show\":1,\"helixultimatemenulayout\":\"{\\\"width\\\":600,\\\"menualign\\\":\\\"right\\\",\\\"megamenu\\\":0,\\\"showtitle\\\":1,\\\"faicon\\\":\\\"\\\",\\\"customclass\\\":\\\"\\\",\\\"dropdown\\\":\\\"right\\\",\\\"badge\\\":\\\"\\\",\\\"badge_position\\\":\\\"\\\",\\\"badge_bg_color\\\":\\\"\\\",\\\"badge_text_color\\\":\\\"\\\",\\\"layout\\\":[]}\",\"helixultimate_enable_page_title\":\"0\",\"helixultimate_page_title_alt\":\"\",\"helixultimate_page_subtitle\":\"\",\"helixultimate_page_title_heading\":\"h2\",\"helixultimate_page_title_bg_color\":\"\",\"helixultimate_page_title_bg_image\":\"\"}',165,166,0,'*',0,NULL,NULL),
(213,'mainmenu','Grid view 1','grid-view-1','','directory/listings/grid-view-1','index.php?option=com_jbusinessdirectory&view=search&featured=0&geolocation=0&radius=100&resetSearch=1&view_mode=1&grid_layout=1','component',-2,200,3,10102,NULL,NULL,0,1,' ',0,'{\"menu-anchor_title\":\"\",\"menu-anchor_css\":\"\",\"menu_image\":\"\",\"menu_image_css\":\"\",\"menu_text\":1,\"menu_show\":1,\"page_title\":\"\",\"show_page_heading\":\"\",\"page_heading\":\"\",\"pageclass_sfx\":\"\",\"menu-meta_description\":\"\",\"menu-meta_keywords\":\"\",\"robots\":\"\",\"secure\":0,\"helixultimatemenulayout\":\"{\\\"width\\\":600,\\\"menualign\\\":\\\"right\\\",\\\"megamenu\\\":0,\\\"showtitle\\\":1,\\\"faicon\\\":\\\"\\\",\\\"customclass\\\":\\\"\\\",\\\"dropdown\\\":\\\"right\\\",\\\"badge\\\":\\\"\\\",\\\"badge_position\\\":\\\"\\\",\\\"badge_bg_color\\\":\\\"\\\",\\\"badge_text_color\\\":\\\"\\\",\\\"layout\\\":[]}\",\"helixultimate_enable_page_title\":\"0\",\"helixultimate_page_title_alt\":\"\",\"helixultimate_page_subtitle\":\"\",\"helixultimate_page_title_heading\":\"h2\",\"helixultimate_page_title_bg_color\":\"\",\"helixultimate_page_title_bg_image\":\"\"}',185,186,0,'*',0,NULL,NULL),
(214,'mainmenu','Grid view 2','grid-view-2','','directory/listings/grid-view-2','index.php?option=com_jbusinessdirectory&view=search&featured=0&geolocation=0&radius=100&resetSearch=1&view_mode=1&grid_layout=2','component',-2,200,3,10102,NULL,NULL,0,1,' ',0,'{\"menu-anchor_title\":\"\",\"menu-anchor_css\":\"\",\"menu_image\":\"\",\"menu_image_css\":\"\",\"menu_text\":1,\"menu_show\":1,\"page_title\":\"\",\"show_page_heading\":\"\",\"page_heading\":\"\",\"pageclass_sfx\":\"\",\"menu-meta_description\":\"\",\"menu-meta_keywords\":\"\",\"robots\":\"\",\"secure\":0,\"helixultimatemenulayout\":\"{\\\"width\\\":600,\\\"menualign\\\":\\\"right\\\",\\\"megamenu\\\":0,\\\"showtitle\\\":1,\\\"faicon\\\":\\\"\\\",\\\"customclass\\\":\\\"\\\",\\\"dropdown\\\":\\\"right\\\",\\\"badge\\\":\\\"\\\",\\\"badge_position\\\":\\\"\\\",\\\"badge_bg_color\\\":\\\"\\\",\\\"badge_text_color\\\":\\\"\\\",\\\"layout\\\":[]}\",\"helixultimate_enable_page_title\":\"0\",\"helixultimate_page_title_alt\":\"\",\"helixultimate_page_subtitle\":\"\",\"helixultimate_page_title_heading\":\"h2\",\"helixultimate_page_title_bg_color\":\"\",\"helixultimate_page_title_bg_image\":\"\"}',183,184,0,'*',0,NULL,NULL),
(215,'mainmenu','Listing view','listing-view','','directory/listing-view','#','url',-2,198,2,0,NULL,NULL,0,1,' ',0,'{\"menu-anchor_title\":\"\",\"menu-anchor_css\":\"\",\"menu-anchor_rel\":\"\",\"menu_image\":\"\",\"menu_image_css\":\"\",\"menu_text\":1,\"menu_show\":1,\"helixultimatemenulayout\":\"{\\\"width\\\":600,\\\"menualign\\\":\\\"right\\\",\\\"megamenu\\\":0,\\\"showtitle\\\":1,\\\"faicon\\\":\\\"\\\",\\\"customclass\\\":\\\"\\\",\\\"dropdown\\\":\\\"right\\\",\\\"badge\\\":\\\"\\\",\\\"badge_position\\\":\\\"\\\",\\\"badge_bg_color\\\":\\\"\\\",\\\"badge_text_color\\\":\\\"\\\",\\\"layout\\\":[]}\",\"helixultimate_enable_page_title\":\"0\",\"helixultimate_page_title_alt\":\"\",\"helixultimate_page_subtitle\":\"\",\"helixultimate_page_title_heading\":\"h2\",\"helixultimate_page_title_bg_color\":\"\",\"helixultimate_page_title_bg_image\":\"\"}',188,203,0,'*',0,NULL,NULL),
(216,'mainmenu','Listing view style 1','listing-view-style-1','','directory/listing-view/listing-view-style-1','index.php?option=com_jbusinessdirectory&view=companies&companyId=8&listing_layout=1','component',-2,215,3,10102,NULL,NULL,0,1,' ',0,'{\"menu-anchor_title\":\"\",\"menu-anchor_css\":\"\",\"menu_image\":\"\",\"menu_image_css\":\"\",\"menu_text\":1,\"menu_show\":1,\"page_title\":\"\",\"show_page_heading\":\"\",\"page_heading\":\"\",\"pageclass_sfx\":\"\",\"menu-meta_description\":\"\",\"menu-meta_keywords\":\"\",\"robots\":\"\",\"secure\":0,\"helixultimatemenulayout\":\"{\\\"width\\\":600,\\\"menualign\\\":\\\"right\\\",\\\"megamenu\\\":0,\\\"showtitle\\\":1,\\\"faicon\\\":\\\"\\\",\\\"customclass\\\":\\\"\\\",\\\"dropdown\\\":\\\"right\\\",\\\"badge\\\":\\\"\\\",\\\"badge_position\\\":\\\"\\\",\\\"badge_bg_color\\\":\\\"\\\",\\\"badge_text_color\\\":\\\"\\\",\\\"layout\\\":[]}\",\"helixultimate_enable_page_title\":\"0\",\"helixultimate_page_title_alt\":\"\",\"helixultimate_page_subtitle\":\"\",\"helixultimate_page_title_heading\":\"h2\",\"helixultimate_page_title_bg_color\":\"\",\"helixultimate_page_title_bg_image\":\"\"}',189,190,0,'*',0,NULL,NULL),
(217,'mainmenu','Listing view style 2','listing-view-style-2','','directory/listing-view/listing-view-style-2','index.php?option=com_jbusinessdirectory&view=companies&companyId=8&listing_layout=2','component',-2,215,3,10102,NULL,NULL,0,1,' ',0,'{\"menu-anchor_title\":\"\",\"menu-anchor_css\":\"\",\"menu_image\":\"\",\"menu_image_css\":\"\",\"menu_text\":1,\"menu_show\":1,\"page_title\":\"\",\"show_page_heading\":\"\",\"page_heading\":\"\",\"pageclass_sfx\":\"\",\"menu-meta_description\":\"\",\"menu-meta_keywords\":\"\",\"robots\":\"\",\"secure\":0,\"helixultimatemenulayout\":\"{\\\"width\\\":600,\\\"menualign\\\":\\\"right\\\",\\\"megamenu\\\":0,\\\"showtitle\\\":1,\\\"faicon\\\":\\\"\\\",\\\"customclass\\\":\\\"\\\",\\\"dropdown\\\":\\\"right\\\",\\\"badge\\\":\\\"\\\",\\\"badge_position\\\":\\\"\\\",\\\"badge_bg_color\\\":\\\"\\\",\\\"badge_text_color\\\":\\\"\\\",\\\"layout\\\":[]}\",\"helixultimate_enable_page_title\":\"0\",\"helixultimate_page_title_alt\":\"\",\"helixultimate_page_subtitle\":\"\",\"helixultimate_page_title_heading\":\"h2\",\"helixultimate_page_title_bg_color\":\"\",\"helixultimate_page_title_bg_image\":\"\"}',191,192,0,'*',0,NULL,NULL),
(218,'mainmenu','Listing view style 3','listing-view-style-3','','directory/listing-view/listing-view-style-3','index.php?option=com_jbusinessdirectory&view=companies&companyId=8&listing_layout=3','component',-2,215,3,10102,NULL,NULL,0,1,' ',0,'{\"menu-anchor_title\":\"\",\"menu-anchor_css\":\"\",\"menu_image\":\"\",\"menu_image_css\":\"\",\"menu_text\":1,\"menu_show\":1,\"page_title\":\"\",\"show_page_heading\":\"\",\"page_heading\":\"\",\"pageclass_sfx\":\"\",\"menu-meta_description\":\"\",\"menu-meta_keywords\":\"\",\"robots\":\"\",\"secure\":0,\"helixultimatemenulayout\":\"{\\\"width\\\":600,\\\"menualign\\\":\\\"right\\\",\\\"megamenu\\\":0,\\\"showtitle\\\":1,\\\"faicon\\\":\\\"\\\",\\\"customclass\\\":\\\"\\\",\\\"dropdown\\\":\\\"right\\\",\\\"badge\\\":\\\"\\\",\\\"badge_position\\\":\\\"\\\",\\\"badge_bg_color\\\":\\\"\\\",\\\"badge_text_color\\\":\\\"\\\",\\\"layout\\\":[]}\",\"helixultimate_enable_page_title\":\"0\",\"helixultimate_page_title_alt\":\"\",\"helixultimate_page_subtitle\":\"\",\"helixultimate_page_title_heading\":\"h2\",\"helixultimate_page_title_bg_color\":\"\",\"helixultimate_page_title_bg_image\":\"\"}',193,194,0,'*',0,NULL,NULL),
(219,'mainmenu','Listing view style 4','listing-view-style-4','','directory/listing-view/listing-view-style-4','index.php?option=com_jbusinessdirectory&view=companies&companyId=8&listing_layout=4','component',-2,215,3,10102,NULL,NULL,0,1,' ',0,'{\"menu-anchor_title\":\"\",\"menu-anchor_css\":\"\",\"menu_image\":\"\",\"menu_image_css\":\"\",\"menu_text\":1,\"menu_show\":1,\"page_title\":\"\",\"show_page_heading\":\"\",\"page_heading\":\"\",\"pageclass_sfx\":\"\",\"menu-meta_description\":\"\",\"menu-meta_keywords\":\"\",\"robots\":\"\",\"secure\":0,\"helixultimatemenulayout\":\"{\\\"width\\\":600,\\\"menualign\\\":\\\"right\\\",\\\"megamenu\\\":0,\\\"showtitle\\\":1,\\\"faicon\\\":\\\"\\\",\\\"customclass\\\":\\\"\\\",\\\"dropdown\\\":\\\"right\\\",\\\"badge\\\":\\\"\\\",\\\"badge_position\\\":\\\"\\\",\\\"badge_bg_color\\\":\\\"\\\",\\\"badge_text_color\\\":\\\"\\\",\\\"layout\\\":[]}\",\"helixultimate_enable_page_title\":\"0\",\"helixultimate_page_title_alt\":\"\",\"helixultimate_page_subtitle\":\"\",\"helixultimate_page_title_heading\":\"h2\",\"helixultimate_page_title_bg_color\":\"\",\"helixultimate_page_title_bg_image\":\"\"}',195,196,0,'*',0,NULL,NULL),
(220,'mainmenu','Listing view style 5','listing-view-style-5','','directory/listing-view/listing-view-style-5','index.php?option=com_jbusinessdirectory&view=companies&companyId=8&listing_layout=5','component',-2,215,3,10102,NULL,NULL,0,1,' ',0,'{\"menu-anchor_title\":\"\",\"menu-anchor_css\":\"\",\"menu_image\":\"\",\"menu_image_css\":\"\",\"menu_text\":1,\"menu_show\":1,\"page_title\":\"\",\"show_page_heading\":\"\",\"page_heading\":\"\",\"pageclass_sfx\":\"\",\"menu-meta_description\":\"\",\"menu-meta_keywords\":\"\",\"robots\":\"\",\"secure\":0,\"helixultimatemenulayout\":\"{\\\"width\\\":600,\\\"menualign\\\":\\\"right\\\",\\\"megamenu\\\":0,\\\"showtitle\\\":1,\\\"faicon\\\":\\\"\\\",\\\"customclass\\\":\\\"\\\",\\\"dropdown\\\":\\\"right\\\",\\\"badge\\\":\\\"\\\",\\\"badge_position\\\":\\\"\\\",\\\"badge_bg_color\\\":\\\"\\\",\\\"badge_text_color\\\":\\\"\\\",\\\"layout\\\":[]}\",\"helixultimate_enable_page_title\":\"0\",\"helixultimate_page_title_alt\":\"\",\"helixultimate_page_subtitle\":\"\",\"helixultimate_page_title_heading\":\"h2\",\"helixultimate_page_title_bg_color\":\"\",\"helixultimate_page_title_bg_image\":\"\"}',197,198,0,'*',0,NULL,NULL),
(221,'mainmenu','Listing view style 6','listing-view-style-6','','directory/listing-view/listing-view-style-6','index.php?option=com_jbusinessdirectory&view=companies&companyId=8&listing_layout=6','component',-2,215,3,10102,NULL,NULL,0,1,' ',0,'{\"menu-anchor_title\":\"\",\"menu-anchor_css\":\"\",\"menu_image\":\"\",\"menu_image_css\":\"\",\"menu_text\":1,\"menu_show\":1,\"page_title\":\"\",\"show_page_heading\":\"\",\"page_heading\":\"\",\"pageclass_sfx\":\"\",\"menu-meta_description\":\"\",\"menu-meta_keywords\":\"\",\"robots\":\"\",\"secure\":0,\"helixultimatemenulayout\":\"{\\\"width\\\":600,\\\"menualign\\\":\\\"right\\\",\\\"megamenu\\\":0,\\\"showtitle\\\":1,\\\"faicon\\\":\\\"\\\",\\\"customclass\\\":\\\"\\\",\\\"dropdown\\\":\\\"right\\\",\\\"badge\\\":\\\"\\\",\\\"badge_position\\\":\\\"\\\",\\\"badge_bg_color\\\":\\\"\\\",\\\"badge_text_color\\\":\\\"\\\",\\\"layout\\\":[]}\",\"helixultimate_enable_page_title\":\"0\",\"helixultimate_page_title_alt\":\"\",\"helixultimate_page_subtitle\":\"\",\"helixultimate_page_title_heading\":\"h2\",\"helixultimate_page_title_bg_color\":\"\",\"helixultimate_page_title_bg_image\":\"\"}',199,200,0,'*',0,NULL,NULL),
(222,'mainmenu','Categories','categories','','directory/categories','#','url',-2,198,2,0,NULL,NULL,0,1,' ',0,'{\"menu-anchor_title\":\"\",\"menu-anchor_css\":\"\",\"menu-anchor_rel\":\"\",\"menu_image\":\"\",\"menu_image_css\":\"\",\"menu_text\":1,\"menu_show\":1,\"helixultimatemenulayout\":\"{\\\"width\\\":600,\\\"menualign\\\":\\\"right\\\",\\\"megamenu\\\":0,\\\"showtitle\\\":1,\\\"faicon\\\":\\\"\\\",\\\"customclass\\\":\\\"\\\",\\\"dropdown\\\":\\\"right\\\",\\\"badge\\\":\\\"\\\",\\\"badge_position\\\":\\\"\\\",\\\"badge_bg_color\\\":\\\"\\\",\\\"badge_text_color\\\":\\\"\\\",\\\"layout\\\":[]}\",\"helixultimate_enable_page_title\":\"0\",\"helixultimate_page_title_alt\":\"\",\"helixultimate_page_subtitle\":\"\",\"helixultimate_page_title_heading\":\"h2\",\"helixultimate_page_title_bg_color\":\"\",\"helixultimate_page_title_bg_image\":\"\"}',204,215,0,'*',0,NULL,NULL),
(223,'mainmenu','Offers','offers','','community/offers','index.php?option=com_jbusinessdirectory&view=offers&resetSearch=1&itemType=1','component',0,936,2,10102,NULL,NULL,0,1,' ',0,'{\"menu-anchor_title\":\"\",\"menu-anchor_css\":\"\",\"menu_icon_css\":\"\",\"menu_image\":\"\",\"menu_image_css\":\"\",\"menu_text\":1,\"menu_show\":1,\"page_title\":\"\",\"show_page_heading\":\"\",\"page_heading\":\"\",\"pageclass_sfx\":\"\",\"menu-meta_description\":\"\",\"robots\":\"\",\"helixultimatemenulayout\":\"{\\\"width\\\":600,\\\"menualign\\\":\\\"right\\\",\\\"megamenu\\\":0,\\\"showtitle\\\":1,\\\"faicon\\\":\\\"\\\",\\\"customclass\\\":\\\"\\\",\\\"dropdown\\\":\\\"right\\\",\\\"badge\\\":\\\"\\\",\\\"badge_position\\\":\\\"\\\",\\\"badge_bg_color\\\":\\\"\\\",\\\"badge_text_color\\\":\\\"\\\",\\\"layout\\\":[]}\",\"helixultimate_enable_page_title\":\"0\",\"helixultimate_page_title_alt\":\"\",\"helixultimate_page_subtitle\":\"\",\"helixultimate_page_title_heading\":\"h2\",\"helixultimate_page_title_bg_color\":\"\",\"helixultimate_page_title_bg_image\":\"\",\"menulayout\":\"{\\\"width\\\":600,\\\"menuItem\\\":1,\\\"menuAlign\\\":\\\"right\\\",\\\"layout\\\":[{\\\"type\\\":\\\"row\\\",\\\"attr\\\":[{\\\"type\\\":\\\"column\\\",\\\"colGrid\\\":12,\\\"menuParentId\\\":\\\"223\\\",\\\"moduleId\\\":\\\"\\\"}]}]}\",\"megamenu\":\"0\",\"showmenutitle\":\"1\",\"icon\":\"\",\"class\":\"\",\"enable_page_title\":\"0\",\"page_title_alt\":\"\",\"page_subtitle\":\"\",\"page_title_bg_color\":\"\",\"page_title_bg_image\":\"\"}',100,107,0,'*',0,NULL,NULL),
(224,'mainmenu','Events','events','','events','index.php?option=com_jbusinessdirectory&view=events&days=0&resetSearch=1','component',-2,1,1,10102,NULL,NULL,0,1,' ',0,'{\"menu-anchor_title\":\"\",\"menu-anchor_css\":\"\",\"menu_icon_css\":\"\",\"menu_image\":\"\",\"menu_image_css\":\"\",\"menu_text\":1,\"menu_show\":1,\"page_title\":\"\",\"show_page_heading\":\"\",\"page_heading\":\"\",\"pageclass_sfx\":\"\",\"menu-meta_description\":\"\",\"robots\":\"\",\"helixultimatemenulayout\":\"{\\\"width\\\":600,\\\"menualign\\\":\\\"right\\\",\\\"megamenu\\\":0,\\\"showtitle\\\":1,\\\"faicon\\\":\\\"\\\",\\\"customclass\\\":\\\"\\\",\\\"dropdown\\\":\\\"right\\\",\\\"badge\\\":\\\"\\\",\\\"badge_position\\\":\\\"\\\",\\\"badge_bg_color\\\":\\\"\\\",\\\"badge_text_color\\\":\\\"\\\",\\\"layout\\\":[]}\",\"helixultimate_enable_page_title\":\"0\",\"helixultimate_page_title_alt\":\"\",\"helixultimate_page_subtitle\":\"\",\"helixultimate_page_title_heading\":\"h2\",\"helixultimate_page_title_bg_color\":\"\",\"helixultimate_page_title_bg_image\":\"\"}',149,158,0,'*',0,NULL,NULL),
(225,'mainmenu','View style 1','view-style-1','','directory/categories/view-style-1','index.php?option=com_jbusinessdirectory&view=categories&categoryType=1&view_style=1','component',-2,222,3,10102,NULL,NULL,0,1,' ',0,'{\"menu-anchor_title\":\"\",\"menu-anchor_css\":\"\",\"menu_image\":\"\",\"menu_image_css\":\"\",\"menu_text\":1,\"menu_show\":1,\"page_title\":\"\",\"show_page_heading\":\"\",\"page_heading\":\"\",\"pageclass_sfx\":\"\",\"menu-meta_description\":\"\",\"menu-meta_keywords\":\"\",\"robots\":\"\",\"secure\":0,\"helixultimatemenulayout\":\"{\\\"width\\\":600,\\\"menualign\\\":\\\"right\\\",\\\"megamenu\\\":0,\\\"showtitle\\\":1,\\\"faicon\\\":\\\"\\\",\\\"customclass\\\":\\\"\\\",\\\"dropdown\\\":\\\"right\\\",\\\"badge\\\":\\\"\\\",\\\"badge_position\\\":\\\"\\\",\\\"badge_bg_color\\\":\\\"\\\",\\\"badge_text_color\\\":\\\"\\\",\\\"layout\\\":[]}\",\"helixultimate_enable_page_title\":\"0\",\"helixultimate_page_title_alt\":\"\",\"helixultimate_page_subtitle\":\"\",\"helixultimate_page_title_heading\":\"h2\",\"helixultimate_page_title_bg_color\":\"\",\"helixultimate_page_title_bg_image\":\"\"}',205,206,0,'*',0,NULL,NULL),
(226,'mainmenu','View style 2','view-style-2','','directory/categories/view-style-2','index.php?option=com_jbusinessdirectory&view=categories&categoryType=1&view_style=2','component',-2,222,3,10102,NULL,NULL,0,1,' ',0,'{\"menu-anchor_title\":\"\",\"menu-anchor_css\":\"\",\"menu_image\":\"\",\"menu_image_css\":\"\",\"menu_text\":1,\"menu_show\":1,\"page_title\":\"\",\"show_page_heading\":\"\",\"page_heading\":\"\",\"pageclass_sfx\":\"\",\"menu-meta_description\":\"\",\"menu-meta_keywords\":\"\",\"robots\":\"\",\"secure\":0,\"helixultimatemenulayout\":\"{\\\"width\\\":600,\\\"menualign\\\":\\\"right\\\",\\\"megamenu\\\":0,\\\"showtitle\\\":1,\\\"faicon\\\":\\\"\\\",\\\"customclass\\\":\\\"\\\",\\\"dropdown\\\":\\\"right\\\",\\\"badge\\\":\\\"\\\",\\\"badge_position\\\":\\\"\\\",\\\"badge_bg_color\\\":\\\"\\\",\\\"badge_text_color\\\":\\\"\\\",\\\"layout\\\":[]}\",\"helixultimate_enable_page_title\":\"0\",\"helixultimate_page_title_alt\":\"\",\"helixultimate_page_subtitle\":\"\",\"helixultimate_page_title_heading\":\"h2\",\"helixultimate_page_title_bg_color\":\"\",\"helixultimate_page_title_bg_image\":\"\"}',207,208,0,'*',0,NULL,NULL),
(227,'mainmenu','View style 3','view-style-3','','directory/categories/view-style-3','index.php?option=com_jbusinessdirectory&view=categories&categoryType=1&view_style=3','component',-2,222,3,10102,NULL,NULL,0,1,' ',0,'{\"menu-anchor_title\":\"\",\"menu-anchor_css\":\"\",\"menu_image\":\"\",\"menu_image_css\":\"\",\"menu_text\":1,\"menu_show\":1,\"page_title\":\"\",\"show_page_heading\":\"\",\"page_heading\":\"\",\"pageclass_sfx\":\"\",\"menu-meta_description\":\"\",\"menu-meta_keywords\":\"\",\"robots\":\"\",\"secure\":0,\"helixultimatemenulayout\":\"{\\\"width\\\":600,\\\"menualign\\\":\\\"right\\\",\\\"megamenu\\\":0,\\\"showtitle\\\":1,\\\"faicon\\\":\\\"\\\",\\\"customclass\\\":\\\"\\\",\\\"dropdown\\\":\\\"right\\\",\\\"badge\\\":\\\"\\\",\\\"badge_position\\\":\\\"\\\",\\\"badge_bg_color\\\":\\\"\\\",\\\"badge_text_color\\\":\\\"\\\",\\\"layout\\\":[]}\",\"helixultimate_enable_page_title\":\"0\",\"helixultimate_page_title_alt\":\"\",\"helixultimate_page_subtitle\":\"\",\"helixultimate_page_title_heading\":\"h2\",\"helixultimate_page_title_bg_color\":\"\",\"helixultimate_page_title_bg_image\":\"\"}',209,210,0,'*',0,NULL,NULL),
(228,'mainmenu','View style 4','view-style-4','','directory/categories/view-style-4','index.php?option=com_jbusinessdirectory&view=categories&categoryType=1&view_style=4','component',-2,222,3,10102,NULL,NULL,0,1,' ',0,'{\"menu-anchor_title\":\"\",\"menu-anchor_css\":\"\",\"menu_image\":\"\",\"menu_image_css\":\"\",\"menu_text\":1,\"menu_show\":1,\"page_title\":\"\",\"show_page_heading\":\"\",\"page_heading\":\"\",\"pageclass_sfx\":\"\",\"menu-meta_description\":\"\",\"menu-meta_keywords\":\"\",\"robots\":\"\",\"secure\":0,\"helixultimatemenulayout\":\"{\\\"width\\\":600,\\\"menualign\\\":\\\"right\\\",\\\"megamenu\\\":0,\\\"showtitle\\\":1,\\\"faicon\\\":\\\"\\\",\\\"customclass\\\":\\\"\\\",\\\"dropdown\\\":\\\"right\\\",\\\"badge\\\":\\\"\\\",\\\"badge_position\\\":\\\"\\\",\\\"badge_bg_color\\\":\\\"\\\",\\\"badge_text_color\\\":\\\"\\\",\\\"layout\\\":[]}\",\"helixultimate_enable_page_title\":\"0\",\"helixultimate_page_title_alt\":\"\",\"helixultimate_page_subtitle\":\"\",\"helixultimate_page_title_heading\":\"h2\",\"helixultimate_page_title_bg_color\":\"\",\"helixultimate_page_title_bg_image\":\"\"}',211,212,0,'*',0,NULL,NULL),
(229,'mainmenu','View style 5','view-style-5','','directory/categories/view-style-5','index.php?option=com_jbusinessdirectory&view=categories&categoryType=1&view_style=5','component',-2,222,3,10102,NULL,NULL,0,1,' ',0,'{\"menu-anchor_title\":\"\",\"menu-anchor_css\":\"\",\"menu_image\":\"\",\"menu_image_css\":\"\",\"menu_text\":1,\"menu_show\":1,\"page_title\":\"\",\"show_page_heading\":\"\",\"page_heading\":\"\",\"pageclass_sfx\":\"\",\"menu-meta_description\":\"\",\"menu-meta_keywords\":\"\",\"robots\":\"\",\"secure\":0,\"helixultimatemenulayout\":\"{\\\"width\\\":600,\\\"menualign\\\":\\\"right\\\",\\\"megamenu\\\":0,\\\"showtitle\\\":1,\\\"faicon\\\":\\\"\\\",\\\"customclass\\\":\\\"\\\",\\\"dropdown\\\":\\\"right\\\",\\\"badge\\\":\\\"\\\",\\\"badge_position\\\":\\\"\\\",\\\"badge_bg_color\\\":\\\"\\\",\\\"badge_text_color\\\":\\\"\\\",\\\"layout\\\":[]}\",\"helixultimate_enable_page_title\":\"0\",\"helixultimate_page_title_alt\":\"\",\"helixultimate_page_subtitle\":\"\",\"helixultimate_page_title_heading\":\"h2\",\"helixultimate_page_title_bg_color\":\"\",\"helixultimate_page_title_bg_image\":\"\"}',213,214,0,'*',0,NULL,NULL),
(230,'mainmenu','List view style 1','offers-list-view-style-1','','community/offers/offers-list-view-style-1','index.php?option=com_jbusinessdirectory&view=offers&resetSearch=1&view_mode=0&list_layout=1','component',-2,223,3,10102,NULL,NULL,0,1,' ',0,'{\"menu-anchor_title\":\"\",\"menu-anchor_css\":\"\",\"menu_image\":\"\",\"menu_image_css\":\"\",\"menu_text\":1,\"menu_show\":1,\"page_title\":\"\",\"show_page_heading\":\"\",\"page_heading\":\"\",\"pageclass_sfx\":\"\",\"menu-meta_description\":\"\",\"menu-meta_keywords\":\"\",\"robots\":\"\",\"secure\":0,\"helixultimatemenulayout\":\"{\\\"width\\\":600,\\\"menualign\\\":\\\"right\\\",\\\"megamenu\\\":0,\\\"showtitle\\\":1,\\\"faicon\\\":\\\"\\\",\\\"customclass\\\":\\\"\\\",\\\"dropdown\\\":\\\"right\\\",\\\"badge\\\":\\\"\\\",\\\"badge_position\\\":\\\"\\\",\\\"badge_bg_color\\\":\\\"\\\",\\\"badge_text_color\\\":\\\"\\\",\\\"layout\\\":[]}\",\"helixultimate_enable_page_title\":\"0\",\"helixultimate_page_title_alt\":\"\",\"helixultimate_page_subtitle\":\"\",\"helixultimate_page_title_heading\":\"h2\",\"helixultimate_page_title_bg_color\":\"\",\"helixultimate_page_title_bg_image\":\"\"}',101,102,0,'*',0,NULL,NULL),
(231,'mainmenu','Grid view style 1','offers-grid-view-style-1','','community/offers/offers-grid-view-style-1','index.php?option=com_jbusinessdirectory&view=offers&resetSearch=1&view_mode=1&grid_layout=1','component',-2,223,3,10102,NULL,NULL,0,1,' ',0,'{\"menu-anchor_title\":\"\",\"menu-anchor_css\":\"\",\"menu_image\":\"\",\"menu_image_css\":\"\",\"menu_text\":1,\"menu_show\":1,\"page_title\":\"\",\"show_page_heading\":\"\",\"page_heading\":\"\",\"pageclass_sfx\":\"\",\"menu-meta_description\":\"\",\"menu-meta_keywords\":\"\",\"robots\":\"\",\"secure\":0,\"helixultimatemenulayout\":\"{\\\"width\\\":600,\\\"menualign\\\":\\\"right\\\",\\\"megamenu\\\":0,\\\"showtitle\\\":1,\\\"faicon\\\":\\\"\\\",\\\"customclass\\\":\\\"\\\",\\\"dropdown\\\":\\\"right\\\",\\\"badge\\\":\\\"\\\",\\\"badge_position\\\":\\\"\\\",\\\"badge_bg_color\\\":\\\"\\\",\\\"badge_text_color\\\":\\\"\\\",\\\"layout\\\":[]}\",\"helixultimate_enable_page_title\":\"0\",\"helixultimate_page_title_alt\":\"\",\"helixultimate_page_subtitle\":\"\",\"helixultimate_page_title_heading\":\"h2\",\"helixultimate_page_title_bg_color\":\"\",\"helixultimate_page_title_bg_image\":\"\"}',103,104,0,'*',0,NULL,NULL),
(232,'mainmenu','Grid view style 2','offers-grid-view-style-2','','community/offers/offers-grid-view-style-2','index.php?option=com_jbusinessdirectory&view=offers&resetSearch=1&view_mode=1&grid_layout=2','component',-2,223,3,10102,NULL,NULL,0,1,' ',0,'{\"menu-anchor_title\":\"\",\"menu-anchor_css\":\"\",\"menu_image\":\"\",\"menu_image_css\":\"\",\"menu_text\":1,\"menu_show\":1,\"page_title\":\"\",\"show_page_heading\":\"\",\"page_heading\":\"\",\"pageclass_sfx\":\"\",\"menu-meta_description\":\"\",\"menu-meta_keywords\":\"\",\"robots\":\"\",\"secure\":0,\"helixultimatemenulayout\":\"{\\\"width\\\":600,\\\"menualign\\\":\\\"right\\\",\\\"megamenu\\\":0,\\\"showtitle\\\":1,\\\"faicon\\\":\\\"\\\",\\\"customclass\\\":\\\"\\\",\\\"dropdown\\\":\\\"right\\\",\\\"badge\\\":\\\"\\\",\\\"badge_position\\\":\\\"\\\",\\\"badge_bg_color\\\":\\\"\\\",\\\"badge_text_color\\\":\\\"\\\",\\\"layout\\\":[]}\",\"helixultimate_enable_page_title\":\"0\",\"helixultimate_page_title_alt\":\"\",\"helixultimate_page_subtitle\":\"\",\"helixultimate_page_title_heading\":\"h2\",\"helixultimate_page_title_bg_color\":\"\",\"helixultimate_page_title_bg_image\":\"\"}',105,106,0,'*',0,NULL,NULL),
(233,'mainmenu','List view style 1','events-list-view-style-1','','events/events-list-view-style-1','index.php?option=com_jbusinessdirectory&view=events&days=0&view_mode=0&list_layout=1&resetSearch=1','component',-2,224,2,10102,NULL,NULL,0,1,' ',0,'{\"menu-anchor_title\":\"\",\"menu-anchor_css\":\"\",\"menu_image\":\"\",\"menu_image_css\":\"\",\"menu_text\":1,\"menu_show\":1,\"page_title\":\"\",\"show_page_heading\":\"\",\"page_heading\":\"\",\"pageclass_sfx\":\"\",\"menu-meta_description\":\"\",\"menu-meta_keywords\":\"\",\"robots\":\"\",\"secure\":0,\"helixultimatemenulayout\":\"{\\\"width\\\":600,\\\"menualign\\\":\\\"right\\\",\\\"megamenu\\\":0,\\\"showtitle\\\":1,\\\"faicon\\\":\\\"\\\",\\\"customclass\\\":\\\"\\\",\\\"dropdown\\\":\\\"right\\\",\\\"badge\\\":\\\"\\\",\\\"badge_position\\\":\\\"\\\",\\\"badge_bg_color\\\":\\\"\\\",\\\"badge_text_color\\\":\\\"\\\",\\\"layout\\\":[]}\",\"helixultimate_enable_page_title\":\"0\",\"helixultimate_page_title_alt\":\"\",\"helixultimate_page_subtitle\":\"\",\"helixultimate_page_title_heading\":\"h2\",\"helixultimate_page_title_bg_color\":\"\",\"helixultimate_page_title_bg_image\":\"\"}',150,151,0,'*',0,NULL,NULL),
(234,'mainmenu','Grid view style 1','events-gied-view-style-1','','events/events-gied-view-style-1','index.php?option=com_jbusinessdirectory&view=events&days=0&view_mode=1&resetSearch=1&grid_layout=2','component',-2,224,2,10102,NULL,NULL,0,1,' ',0,'{\"menu-anchor_title\":\"\",\"menu-anchor_css\":\"\",\"menu_image\":\"\",\"menu_image_css\":\"\",\"menu_text\":1,\"menu_show\":1,\"page_title\":\"\",\"show_page_heading\":\"\",\"page_heading\":\"\",\"pageclass_sfx\":\"\",\"menu-meta_description\":\"\",\"menu-meta_keywords\":\"\",\"robots\":\"\",\"secure\":0,\"helixultimatemenulayout\":\"{\\\"width\\\":600,\\\"menualign\\\":\\\"right\\\",\\\"megamenu\\\":0,\\\"showtitle\\\":1,\\\"faicon\\\":\\\"\\\",\\\"customclass\\\":\\\"\\\",\\\"dropdown\\\":\\\"right\\\",\\\"badge\\\":\\\"\\\",\\\"badge_position\\\":\\\"\\\",\\\"badge_bg_color\\\":\\\"\\\",\\\"badge_text_color\\\":\\\"\\\",\\\"layout\\\":[]}\",\"helixultimate_enable_page_title\":\"0\",\"helixultimate_page_title_alt\":\"\",\"helixultimate_page_subtitle\":\"\",\"helixultimate_page_title_heading\":\"h2\",\"helixultimate_page_title_bg_color\":\"\",\"helixultimate_page_title_bg_image\":\"\"}',154,155,0,'*',0,NULL,NULL),
(235,'mainmenu','Calendar','events-calendar','','events/events-calendar','index.php?option=com_jbusinessdirectory&view=events&days=0&view_mode=1&resetSearch=1&grid_layout=1','component',-2,224,2,10102,NULL,NULL,0,1,' ',0,'{\"menu-anchor_title\":\"\",\"menu-anchor_css\":\"\",\"menu_image\":\"\",\"menu_image_css\":\"\",\"menu_text\":1,\"menu_show\":1,\"page_title\":\"\",\"show_page_heading\":\"\",\"page_heading\":\"\",\"pageclass_sfx\":\"\",\"menu-meta_description\":\"\",\"menu-meta_keywords\":\"\",\"robots\":\"\",\"secure\":0,\"helixultimatemenulayout\":\"{\\\"width\\\":600,\\\"menualign\\\":\\\"right\\\",\\\"megamenu\\\":0,\\\"showtitle\\\":1,\\\"faicon\\\":\\\"\\\",\\\"customclass\\\":\\\"\\\",\\\"dropdown\\\":\\\"right\\\",\\\"badge\\\":\\\"\\\",\\\"badge_position\\\":\\\"\\\",\\\"badge_bg_color\\\":\\\"\\\",\\\"badge_text_color\\\":\\\"\\\",\\\"layout\\\":[]}\",\"helixultimate_enable_page_title\":\"0\",\"helixultimate_page_title_alt\":\"\",\"helixultimate_page_subtitle\":\"\",\"helixultimate_page_title_heading\":\"h2\",\"helixultimate_page_title_bg_color\":\"\",\"helixultimate_page_title_bg_image\":\"\"}',156,157,0,'*',0,NULL,NULL),
(236,'mainmenu','List view style 2','events-list-view-style-2','','events/events-list-view-style-2','index.php?option=com_jbusinessdirectory&view=events&days=0&view_mode=0&list_layout=2&resetSearch=1','component',-2,224,2,10102,NULL,NULL,0,1,' ',0,'{\"menu-anchor_title\":\"\",\"menu-anchor_css\":\"\",\"menu_image\":\"\",\"menu_image_css\":\"\",\"menu_text\":1,\"menu_show\":1,\"page_title\":\"\",\"show_page_heading\":\"\",\"page_heading\":\"\",\"pageclass_sfx\":\"\",\"menu-meta_description\":\"\",\"menu-meta_keywords\":\"\",\"robots\":\"\",\"secure\":0,\"helixultimatemenulayout\":\"{\\\"width\\\":600,\\\"menualign\\\":\\\"right\\\",\\\"megamenu\\\":0,\\\"showtitle\\\":1,\\\"faicon\\\":\\\"\\\",\\\"customclass\\\":\\\"\\\",\\\"dropdown\\\":\\\"right\\\",\\\"badge\\\":\\\"\\\",\\\"badge_position\\\":\\\"\\\",\\\"badge_bg_color\\\":\\\"\\\",\\\"badge_text_color\\\":\\\"\\\",\\\"layout\\\":[]}\",\"helixultimate_enable_page_title\":\"0\",\"helixultimate_page_title_alt\":\"\",\"helixultimate_page_subtitle\":\"\",\"helixultimate_page_title_heading\":\"h2\",\"helixultimate_page_title_bg_color\":\"\",\"helixultimate_page_title_bg_image\":\"\"}',152,153,0,'*',0,NULL,NULL),
(237,'mainmenu','Home slider','home-slider','','affiliate/home-slider','index.php?option=com_sppagebuilder&view=page&id=6','component',-2,101,2,10000,NULL,NULL,0,1,' ',0,'{\"menu-anchor_title\":\"\",\"menu-anchor_css\":\"\",\"menu_image\":\"\",\"menu_image_css\":\"\",\"menu_text\":1,\"menu_show\":1,\"page_title\":\"\",\"show_page_heading\":\"\",\"page_heading\":\"\",\"pageclass_sfx\":\"home-page\",\"menu-meta_description\":\"\",\"menu-meta_keywords\":\"\",\"robots\":\"\",\"secure\":0,\"helixultimatemenulayout\":\"{\\\"width\\\":600,\\\"menualign\\\":\\\"right\\\",\\\"megamenu\\\":0,\\\"showtitle\\\":1,\\\"faicon\\\":\\\"\\\",\\\"customclass\\\":\\\"\\\",\\\"dropdown\\\":\\\"right\\\",\\\"badge\\\":\\\"\\\",\\\"badge_position\\\":\\\"\\\",\\\"badge_bg_color\\\":\\\"\\\",\\\"badge_text_color\\\":\\\"\\\",\\\"layout\\\":[]}\",\"helixultimate_enable_page_title\":\"0\",\"helixultimate_page_title_alt\":\"\",\"helixultimate_page_subtitle\":\"\",\"helixultimate_page_title_heading\":\"h2\",\"helixultimate_page_title_bg_color\":\"\",\"helixultimate_page_title_bg_image\":\"\"}',62,63,0,'*',0,NULL,NULL),
(256,'mainmenu','Home map','home-map','','affiliate/home-map','index.php?option=com_sppagebuilder&view=page&id=7','component',-2,101,2,10000,NULL,NULL,0,1,' ',0,'{\"menu-anchor_title\":\"\",\"menu-anchor_css\":\"\",\"menu_image\":\"\",\"menu_image_css\":\"\",\"menu_text\":1,\"menu_show\":1,\"page_title\":\"\",\"show_page_heading\":\"\",\"page_heading\":\"\",\"pageclass_sfx\":\"\",\"menu-meta_description\":\"\",\"menu-meta_keywords\":\"\",\"robots\":\"\",\"secure\":0,\"helixultimatemenulayout\":\"{\\\"width\\\":600,\\\"menualign\\\":\\\"right\\\",\\\"megamenu\\\":0,\\\"showtitle\\\":1,\\\"faicon\\\":\\\"\\\",\\\"customclass\\\":\\\"\\\",\\\"dropdown\\\":\\\"right\\\",\\\"badge\\\":\\\"\\\",\\\"badge_position\\\":\\\"\\\",\\\"badge_bg_color\\\":\\\"\\\",\\\"badge_text_color\\\":\\\"\\\",\\\"layout\\\":[]}\",\"helixultimate_enable_page_title\":\"0\",\"helixultimate_page_title_alt\":\"\",\"helixultimate_page_subtitle\":\"\",\"helixultimate_page_title_heading\":\"h2\",\"helixultimate_page_title_bg_color\":\"\",\"helixultimate_page_title_bg_image\":\"\"}',64,65,0,'*',0,NULL,NULL),
(257,'mainmenu','Home video','home-video','','affiliate/home-video','index.php?option=com_sppagebuilder&view=page&id=9','component',-2,101,2,10000,NULL,NULL,0,1,' ',0,'{\"menu-anchor_title\":\"\",\"menu-anchor_css\":\"\",\"menu_image\":\"\",\"menu_image_css\":\"\",\"menu_text\":1,\"menu_show\":1,\"page_title\":\"\",\"show_page_heading\":\"\",\"page_heading\":\"\",\"pageclass_sfx\":\"home-page\",\"menu-meta_description\":\"\",\"menu-meta_keywords\":\"\",\"robots\":\"\",\"secure\":0,\"helixultimatemenulayout\":\"{\\\"width\\\":600,\\\"menualign\\\":\\\"right\\\",\\\"megamenu\\\":0,\\\"showtitle\\\":1,\\\"faicon\\\":\\\"\\\",\\\"customclass\\\":\\\"\\\",\\\"dropdown\\\":\\\"right\\\",\\\"badge\\\":\\\"\\\",\\\"badge_position\\\":\\\"\\\",\\\"badge_bg_color\\\":\\\"\\\",\\\"badge_text_color\\\":\\\"\\\",\\\"layout\\\":[]}\",\"helixultimate_enable_page_title\":\"0\",\"helixultimate_page_title_alt\":\"\",\"helixultimate_page_subtitle\":\"\",\"helixultimate_page_title_heading\":\"h2\",\"helixultimate_page_title_bg_color\":\"\",\"helixultimate_page_title_bg_image\":\"\"}',66,67,0,'*',0,NULL,NULL),
(258,'mainmenu','Listing view style 7','listing-view-style-7','','directory/listing-view/listing-view-style-7','index.php?option=com_jbusinessdirectory&view=companies&companyId=8&listing_layout=7','component',-2,215,3,10102,NULL,NULL,0,1,' ',0,'{\"menu-anchor_title\":\"\",\"menu-anchor_css\":\"\",\"menu_image\":\"\",\"menu_image_css\":\"\",\"menu_text\":1,\"menu_show\":1,\"page_title\":\"\",\"show_page_heading\":\"\",\"page_heading\":\"\",\"pageclass_sfx\":\"\",\"menu-meta_description\":\"\",\"menu-meta_keywords\":\"\",\"robots\":\"\",\"secure\":0,\"helixultimatemenulayout\":\"{\\\"width\\\":600,\\\"menualign\\\":\\\"right\\\",\\\"megamenu\\\":0,\\\"showtitle\\\":1,\\\"faicon\\\":\\\"\\\",\\\"customclass\\\":\\\"\\\",\\\"dropdown\\\":\\\"right\\\",\\\"badge\\\":\\\"\\\",\\\"badge_position\\\":\\\"\\\",\\\"badge_bg_color\\\":\\\"\\\",\\\"badge_text_color\\\":\\\"\\\",\\\"layout\\\":[]}\",\"helixultimate_enable_page_title\":\"0\",\"helixultimate_page_title_alt\":\"\",\"helixultimate_page_subtitle\":\"\",\"helixultimate_page_title_heading\":\"h2\",\"helixultimate_page_title_bg_color\":\"\",\"helixultimate_page_title_bg_image\":\"\"}',201,202,0,'*',0,NULL,NULL),
(1128,'main','REPORTS','reports','','com-j-businessdirectory/reports','index.php?option=com_jbusinessdirectory&view=reports','component',1,1111,2,10102,NULL,NULL,0,1,'class:component',0,'{}',494,495,0,'',1,NULL,NULL),
(1127,'main','MANAGE_EMAILS','manage-emails','','com-j-businessdirectory/manage-emails','index.php?option=com_jbusinessdirectory&view=emailtemplates','component',1,1111,2,10102,NULL,NULL,0,1,'class:component',0,'{}',492,493,0,'',1,NULL,NULL),
(1126,'main','MANAGE_REVIEWS','manage-reviews','','com-j-businessdirectory/manage-reviews','index.php?option=com_jbusinessdirectory&view=reviews','component',1,1111,2,10102,NULL,NULL,0,1,'class:component',0,'{}',490,491,0,'',1,NULL,NULL),
(1125,'main','MANAGE_COUNTRIES','manage-countries','','com-j-businessdirectory/manage-countries','index.php?option=com_jbusinessdirectory&view=countries','component',1,1111,2,10102,NULL,NULL,0,1,'class:component',0,'{}',488,489,0,'',1,NULL,NULL),
(1124,'main','PAYMENT_PROCESSORS','payment-processors','','com-j-businessdirectory/payment-processors','index.php?option=com_jbusinessdirectory&view=paymentprocessors','component',1,1111,2,10102,NULL,NULL,0,1,'class:component',0,'{}',486,487,0,'',1,NULL,NULL),
(1123,'main','MANAGE_ORDERS','manage-orders','','com-j-businessdirectory/manage-orders','index.php?option=com_jbusinessdirectory&view=orders','component',1,1111,2,10102,NULL,NULL,0,1,'class:component',0,'{}',484,485,0,'',1,NULL,NULL),
(1122,'main','MANAGE_DISCOUNTS','manage-discounts','','com-j-businessdirectory/manage-discounts','index.php?option=com_jbusinessdirectory&view=discounts','component',1,1111,2,10102,NULL,NULL,0,1,'class:component',0,'{}',482,483,0,'',1,NULL,NULL),
(1121,'main','MANAGE_PACKAGES','manage-packages','','com-j-businessdirectory/manage-packages','index.php?option=com_jbusinessdirectory&view=packages','component',1,1111,2,10102,NULL,NULL,0,1,'class:component',0,'{}',480,481,0,'',1,NULL,NULL),
(1120,'main','MANAGE_EVENT_TYPES','manage-event-types','','com-j-businessdirectory/manage-event-types','index.php?option=com_jbusinessdirectory&view=eventtypes','component',1,1111,2,10102,NULL,NULL,0,1,'class:component',0,'{}',478,479,0,'',1,NULL,NULL),
(521,'main','-','1631790810-7571','','Contacts/1631790810-7571','#','separator',1,7,2,33,NULL,NULL,0,0,' ',0,'{}',282,283,0,'*',1,NULL,NULL),
(522,'main','mod_menu_fields','contact-custom-fields','','Contacts/contact-custom-fields','index.php?option=com_fields&context=com_contact.contact','component',1,7,2,33,NULL,NULL,0,0,' ',0,'{}',284,285,0,'*',1,NULL,NULL),
(523,'main','mod_menu_fields_group','contact-custom-fields-group','','Contacts/contact-custom-fields-group','index.php?option=com_fields&view=groups&context=com_contact.contact','component',1,7,2,33,NULL,NULL,0,0,' ',0,'{}',286,287,0,'*',1,NULL,NULL),
(524,'main','-','1631790810-7601','','Smart Search/1631790810-7601','#','separator',1,18,2,27,NULL,NULL,0,0,' ',0,'{}',296,297,0,'*',1,NULL,NULL),
(525,'main','com_finder_index','smart-search-index','','Smart Search/smart-search-index','index.php?option=com_finder&view=index','component',1,18,2,27,NULL,NULL,0,0,' ',0,'{}',298,299,0,'*',1,NULL,NULL),
(526,'main','com_finder_maps','smart-search-maps','','Smart Search/smart-search-maps','index.php?option=com_finder&view=maps','component',1,18,2,27,NULL,NULL,0,0,' ',0,'{}',300,301,0,'*',1,NULL,NULL),
(527,'main','com_finder_filters','smart-search-filters','','Smart Search/smart-search-filters','index.php?option=com_finder&view=filters','component',1,18,2,27,NULL,NULL,0,0,' ',0,'{}',302,303,0,'*',1,NULL,NULL),
(528,'main','com_finder_searches','smart-search-searches','','Smart Search/smart-search-searches','index.php?option=com_finder&view=searches','component',1,18,2,27,NULL,NULL,0,0,' ',0,'{}',304,305,0,'*',1,NULL,NULL),
(1710,'main','COM_SPEASYIMAGEGALLERY_SUBMENU_CATEGORIES','com-speasyimagegallery-submenu-categories','','com-speasyimagegallery/com-speasyimagegallery-submenu-categories','index.php?option=com_categories&view=categories&extension=com_speasyimagegallery','component',1,1708,2,10008,NULL,NULL,0,1,'class:component',0,'{}',844,845,0,'',1,NULL,NULL),
(1708,'main','COM_SPEASYIMAGEGALLERY','com-speasyimagegallery','','com-speasyimagegallery','index.php?option=com_speasyimagegallery','component',1,1,1,10008,NULL,NULL,0,1,'class:component',0,'{}',841,846,0,'',1,NULL,NULL),
(1709,'main','COM_SPEASYIMAGEGALLERY_SUBMENU_ALBUMS','com-speasyimagegallery-submenu-albums','','com-speasyimagegallery/com-speasyimagegallery-submenu-albums','index.php?option=com_speasyimagegallery&view=albums','component',1,1708,2,10008,NULL,NULL,0,1,'class:component',0,'{}',842,843,0,'',1,NULL,NULL),
(1119,'main','MANAGE_EVENTS','manage-events','','com-j-businessdirectory/manage-events','index.php?option=com_jbusinessdirectory&view=events','component',1,1111,2,10102,NULL,NULL,0,1,'class:component',0,'{}',476,477,0,'',1,NULL,NULL),
(1745,'main','COM_SPSIMPLEPORTFOLIO','com-spsimpleportfolio','','com-spsimpleportfolio','index.php?option=com_spsimpleportfolio','component',1,1,1,10007,NULL,NULL,0,1,'class:component',0,'{}',905,912,0,'',1,NULL,NULL),
(1746,'main','COM_SPSIMPLEPORTFOLIO_ITEMS','com-spsimpleportfolio-items','','com-spsimpleportfolio/com-spsimpleportfolio-items','index.php?option=com_spsimpleportfolio&view=items','component',1,1745,2,10007,NULL,NULL,0,1,'class:component',0,'{}',906,907,0,'',1,NULL,NULL),
(1747,'main','COM_SPSIMPLEPORTFOLIO_CATEGORIES','com-spsimpleportfolio-categories','','com-spsimpleportfolio/com-spsimpleportfolio-categories','index.php?option=com_categories&view=categories&extension=com_spsimpleportfolio','component',1,1745,2,10007,NULL,NULL,0,1,'class:component',0,'{}',908,909,0,'',1,NULL,NULL),
(1118,'main','MANAGE_OFFERS','manage-offers','','com-j-businessdirectory/manage-offers','index.php?option=com_jbusinessdirectory&view=offers','component',1,1111,2,10102,NULL,NULL,0,1,'class:component',0,'{}',474,475,0,'',1,NULL,NULL),
(1117,'main','MANAGE_COMPANY_TYPES','manage-company-types','','com-j-businessdirectory/manage-company-types','index.php?option=com_jbusinessdirectory&view=companytypes','component',1,1111,2,10102,NULL,NULL,0,1,'class:component',0,'{}',472,473,0,'',1,NULL,NULL),
(849,'main','Configuration','configuration','','os-services-booking/configuration','index.php?option=com_osservicesbooking&task=configuration_list','component',1,847,2,10129,NULL,NULL,0,1,'components/com_osservicesbooking/asset/images/configuration.png',0,'{}',328,329,0,'',1,NULL,NULL),
(848,'main','Dashboard','dashboard','','os-services-booking/dashboard','index.php?option=com_osservicesbooking','component',1,847,2,10129,NULL,NULL,0,1,'components/com_osservicesbooking/asset/images/icon-16-default.png',0,'{}',326,327,0,'',1,NULL,NULL),
(847,'main','OS Services Booking','os-services-booking','','os-services-booking','index.php?option=com_osservicesbooking','component',1,1,1,10129,NULL,NULL,0,1,'components/com_osservicesbooking/asset/images/calendar.png',0,'{}',325,356,0,'',1,NULL,NULL),
(604,'hidden','Login','login','','login','index.php?option=com_users&view=login','component',1,1,1,25,NULL,NULL,0,1,' ',0,'{\"loginredirectchoice\":\"1\",\"login_redirect_url\":\"\",\"login_redirect_menuitem\":\"\",\"logindescription_show\":\"1\",\"login_description\":\"\",\"login_image\":\"\",\"login_image_alt\":\"\",\"logoutredirectchoice\":\"1\",\"logout_redirect_url\":\"\",\"logout_redirect_menuitem\":\"\",\"logoutdescription_show\":\"1\",\"logout_description\":\"\",\"logout_image\":\"\",\"logout_image_alt\":\"\",\"menu-anchor_title\":\"\",\"menu-anchor_css\":\"\",\"menu_icon_css\":\"\",\"menu_image\":\"\",\"menu_image_css\":\"\",\"menu_text\":1,\"menu_show\":1,\"page_title\":\"\",\"show_page_heading\":\"\",\"page_heading\":\"\",\"pageclass_sfx\":\"\",\"menu-meta_description\":\"\",\"robots\":\"\",\"helixultimatemenulayout\":\"\",\"helixultimate_enable_page_title\":\"0\",\"helixultimate_page_title_alt\":\"\",\"helixultimate_page_subtitle\":\"\",\"helixultimate_page_title_heading\":\"h2\",\"helixultimate_page_title_bg_color\":\"\",\"helixultimate_page_title_bg_image\":\"\"}',323,324,0,'*',0,NULL,NULL),
(1116,'main','MANAGE_CUSTOM_FIELDS','manage-custom-fields','','com-j-businessdirectory/manage-custom-fields','index.php?option=com_jbusinessdirectory&view=attributes','component',1,1111,2,10102,NULL,NULL,0,1,'class:component',0,'{}',470,471,0,'',1,NULL,NULL),
(1114,'main','MANAGE_CATEGORIES','manage-categories','','com-j-businessdirectory/manage-categories','index.php?option=com_jbusinessdirectory&view=categories','component',1,1111,2,10102,NULL,NULL,0,1,'class:component',0,'{}',466,467,0,'',1,NULL,NULL),
(1115,'main','MANAGE_COMPANIES','manage-companies','','com-j-businessdirectory/manage-companies','index.php?option=com_jbusinessdirectory&view=companies','component',1,1111,2,10102,NULL,NULL,0,1,'class:component',0,'{}',468,469,0,'',1,NULL,NULL),
(1113,'main','APPLICATION_SETTINGS','application-settings','','com-j-businessdirectory/application-settings','index.php?option=com_jbusinessdirectory&view=applicationsettings','component',1,1111,2,10102,NULL,NULL,0,1,'class:component',0,'{}',464,465,0,'',1,NULL,NULL),
(1112,'main','DASHBOARD','dashboard','','com-j-businessdirectory/dashboard','index.php?option=com_jbusinessdirectory&view=jbusinessdirectory','component',1,1111,2,10102,NULL,NULL,0,1,'class:component',0,'{}',462,463,0,'',1,NULL,NULL),
(1584,'main','COM_JFBCONNECT_MENU_CHANNELHISTORY','com-jfbconnect-menu-channelhistory','','com-jfbconnect/com-jfbconnect-menu-channelhistory','index.php?option=com_jfbconnect&view=channelhistory','component',1,1575,2,10109,NULL,NULL,0,1,'class:component',0,'{}',798,799,0,'',1,NULL,NULL),
(1156,'main','com_mightysites_databases','com-mightysites-databases','','com-mightysites/com-mightysites-databases','index.php?option=com_mightysites&view=databases','component',1,1154,2,10105,NULL,NULL,0,1,'class:database',0,'{}',536,537,0,'',1,NULL,NULL),
(1155,'main','com_mightysites_sites','com-mightysites-sites','','com-mightysites/com-mightysites-sites','index.php?option=com_mightysites&view=sites','component',1,1154,2,10105,NULL,NULL,0,1,'class:server',0,'{}',534,535,0,'',1,NULL,NULL),
(1154,'main','com_mightysites','com-mightysites','','com-mightysites','index.php?option=com_mightysites','component',1,1,1,10105,NULL,NULL,0,1,'class:server',0,'{}',533,538,0,'',1,NULL,NULL),
(1583,'main','COM_JFBCONNECT_MENU_CHANNELS','com-jfbconnect-menu-channels','','com-jfbconnect/com-jfbconnect-menu-channels','index.php?option=com_jfbconnect&view=channels','component',1,1575,2,10109,NULL,NULL,0,1,'class:component',0,'{}',796,797,0,'',1,NULL,NULL),
(1582,'main','COM_JFBCONNECT_MENU_USER_MAP','com-jfbconnect-menu-user-map','','com-jfbconnect/com-jfbconnect-menu-user-map','index.php?option=com_jfbconnect&view=usermap','component',1,1575,2,10109,NULL,NULL,0,1,'class:component',0,'{}',794,795,0,'',1,NULL,NULL),
(1581,'main','COM_JFBCONNECT_MENU_PROFILES','com-jfbconnect-menu-profiles','','com-jfbconnect/com-jfbconnect-menu-profiles','index.php?option=com_jfbconnect&view=profiles','component',1,1575,2,10109,NULL,NULL,0,1,'class:component',0,'{}',792,793,0,'',1,NULL,NULL),
(1580,'main','COM_JFBCONNECT_MENU_SOCIAL','com-jfbconnect-menu-social','','com-jfbconnect/com-jfbconnect-menu-social','index.php?option=com_jfbconnect&view=social','component',1,1575,2,10109,NULL,NULL,0,1,'class:component',0,'{}',790,791,0,'',1,NULL,NULL),
(1579,'main','COM_JFBCONNECT_MENU_OPENGRAPH','com-jfbconnect-menu-opengraph','','com-jfbconnect/com-jfbconnect-menu-opengraph','index.php?option=com_jfbconnect&view=opengraph','component',1,1575,2,10109,NULL,NULL,0,1,'class:component',0,'{}',788,789,0,'',1,NULL,NULL),
(1578,'main','COM_JFBCONNECT_MENU_PROVIDERS','com-jfbconnect-menu-providers','','com-jfbconnect/com-jfbconnect-menu-providers','index.php?option=com_jfbconnect&view=providers','component',1,1575,2,10109,NULL,NULL,0,1,'class:component',0,'{}',786,787,0,'',1,NULL,NULL),
(1577,'main','COM_JFBCONNECT_MENU_CONFIGURATION','com-jfbconnect-menu-configuration','','com-jfbconnect/com-jfbconnect-menu-configuration','index.php?option=com_jfbconnect&view=config','component',1,1575,2,10109,NULL,NULL,0,1,'class:component',0,'{}',784,785,0,'',1,NULL,NULL),
(1575,'main','COM_JFBCONNECT','com-jfbconnect','','com-jfbconnect','index.php?option=com_jfbconnect','component',1,1,1,10109,NULL,NULL,0,1,'components/com_jfbconnect/assets/images/jfbconn_icon.png',0,'{}',781,800,0,'',1,NULL,NULL),
(1576,'main','COM_JFBCONNECT_MENU_OVERVIEW','com-jfbconnect-menu-overview','','com-jfbconnect/com-jfbconnect-menu-overview','index.php?option=com_jfbconnect&view=jfbconnect','component',1,1575,2,10109,NULL,NULL,0,1,'class:component',0,'{}',782,783,0,'',1,NULL,NULL),
(851,'main','Manage Categories','manage-categories','','os-services-booking/manage-categories','index.php?option=com_osservicesbooking&task=category_list','component',1,847,2,10129,NULL,NULL,0,1,'components/com_osservicesbooking/asset/images/category.png',0,'{}',332,333,0,'',1,NULL,NULL),
(852,'main','Manage Services','manage-services','','os-services-booking/manage-services','index.php?option=com_osservicesbooking&task=service_list','component',1,847,2,10129,NULL,NULL,0,1,'components/com_osservicesbooking/asset/images/services.png',0,'{}',334,335,0,'',1,NULL,NULL),
(853,'main','Manage Services Orders','manage-services-orders','','os-services-booking/manage-services-orders','index.php?option=com_osservicesbooking&task=orders_list','component',1,847,2,10129,NULL,NULL,0,1,'components/com_osservicesbooking/asset/images/order.png',0,'{}',336,337,0,'',1,NULL,NULL),
(854,'main','Manage Employees','manage-employees','','os-services-booking/manage-employees','index.php?option=com_osservicesbooking&task=employee_list','component',1,847,2,10129,NULL,NULL,0,1,'components/com_osservicesbooking/asset/images/employee.png',0,'{}',338,339,0,'',1,NULL,NULL),
(855,'main','Manage Working time','manage-working-time','','os-services-booking/manage-working-time','index.php?option=com_osservicesbooking&task=worktime_list','component',1,847,2,10129,NULL,NULL,0,1,'components/com_osservicesbooking/asset/images/time.png',0,'{}',340,341,0,'',1,NULL,NULL),
(856,'main','Manage Custom Working time','manage-custom-working-time','','os-services-booking/manage-custom-working-time','index.php?option=com_osservicesbooking&task=worktimecustom_list','component',1,847,2,10129,NULL,NULL,0,1,'components/com_osservicesbooking/asset/images/time.png',0,'{}',342,343,0,'',1,NULL,NULL),
(857,'main','Manage Custom Fields','manage-custom-fields','','os-services-booking/manage-custom-fields','index.php?option=com_osservicesbooking&task=fields_list','component',1,847,2,10129,NULL,NULL,0,1,'components/com_osservicesbooking/asset/images/field.png',0,'{}',344,345,0,'',1,NULL,NULL),
(858,'main','Manage Email Templates','manage-email-templates','','os-services-booking/manage-email-templates','index.php?option=com_osservicesbooking&task=emails_list','component',1,847,2,10129,NULL,NULL,0,1,'components/com_osservicesbooking/asset/images/email.png',0,'{}',346,347,0,'',1,NULL,NULL),
(859,'main','Manage Payment Plugins','manage-payment-plugins','','os-services-booking/manage-payment-plugins','index.php?option=com_osservicesbooking&task=plugin_list','component',1,847,2,10129,NULL,NULL,0,1,'components/com_osservicesbooking/asset/images/currency.png',0,'{}',348,349,0,'',1,NULL,NULL),
(860,'main','Manage Coupons','manage-coupons','','os-services-booking/manage-coupons','index.php?option=com_osservicesbooking&task=coupon_list','component',1,847,2,10129,NULL,NULL,0,1,'components/com_osservicesbooking/asset/images/coupon.png',0,'{}',350,351,0,'',1,NULL,NULL),
(861,'main','Translation','translation','','os-services-booking/translation','index.php?option=com_osservicesbooking&task=translation_list','component',1,847,2,10129,NULL,NULL,0,1,'components/com_osservicesbooking/asset/images/translation.png',0,'{}',352,353,0,'',1,NULL,NULL),
(862,'main','Install Sample Data','install-sample-data','','os-services-booking/install-sample-data','index.php?option=com_osservicesbooking&task=install_list','component',1,847,2,10129,NULL,NULL,0,1,'components/com_osservicesbooking/asset/images/data.png',0,'{}',354,355,0,'',1,NULL,NULL),
(914,'main','COM_J_HOTELRESERVATION','com-j-hotelreservation','','com-j-hotelreservation','index.php?option=com_jhotelreservation','component',1,1,1,10170,NULL,NULL,0,1,'components/com_jhotelreservation/assets/img/jhotelreservation.gif',0,'{}',357,396,0,'',1,NULL,NULL),
(1405,'mainmenu','PACKAGES','packages','','packages','index.php?option=com_jbusinessdirectory&view=packages&packageType=1','component',0,1,1,10102,NULL,NULL,0,1,' ',0,'{\"menu-anchor_title\":\"\",\"menu-anchor_css\":\"\",\"menu_icon_css\":\"\",\"menu_image\":\"\",\"menu_image_css\":\"\",\"menu_text\":1,\"menu_show\":1,\"page_title\":\"\",\"show_page_heading\":\"\",\"page_heading\":\"\",\"pageclass_sfx\":\"\",\"menu-meta_description\":\"\",\"robots\":\"\",\"helixultimatemenulayout\":\"\",\"helixultimate_enable_page_title\":\"0\",\"helixultimate_page_title_alt\":\"\",\"helixultimate_page_subtitle\":\"\",\"helixultimate_page_title_heading\":\"h2\",\"helixultimate_page_title_bg_color\":\"\",\"helixultimate_page_title_bg_image\":\"\",\"dropdown_position\":\"right\",\"showmenutitle\":\"1\",\"icon\":\"\",\"class\":\"\",\"enable_page_title\":\"0\",\"page_title_alt\":\"\",\"page_subtitle\":\"\",\"page_title_bg_color\":\"\",\"page_title_bg_image\":\"\",\"menu-meta_keywords\":\"\"}',735,736,0,'*',0,NULL,NULL),
(1404,'main','COM_RSEVENTSPRO_MAIN_MENU_SETTINGS','com-rseventspro-main-menu-settings','','com-rseventspro/com-rseventspro-main-menu-settings','index.php?option=com_rseventspro&view=settings','component',1,1388,2,10145,NULL,NULL,0,1,'class:component',0,'{}',732,733,0,'',1,NULL,NULL),
(1403,'main','COM_RSEVENTSPRO_MAIN_MENU_EMAILS','com-rseventspro-main-menu-emails','','com-rseventspro/com-rseventspro-main-menu-emails','index.php?option=com_rseventspro&view=messages','component',1,1388,2,10145,NULL,NULL,0,1,'class:component',0,'{}',730,731,0,'',1,NULL,NULL),
(1402,'main','COM_RSEVENTSPRO_MAIN_MENU_BACKUP','com-rseventspro-main-menu-backup','','com-rseventspro/com-rseventspro-main-menu-backup','index.php?option=com_rseventspro&view=backup','component',1,1388,2,10145,NULL,NULL,0,1,'class:component',0,'{}',728,729,0,'',1,NULL,NULL),
(1401,'main','COM_RSEVENTSPRO_MAIN_MENU_IMPORT','com-rseventspro-main-menu-import','','com-rseventspro/com-rseventspro-main-menu-import','index.php?option=com_rseventspro&view=imports','component',1,1388,2,10145,NULL,NULL,0,1,'class:component',0,'{}',726,727,0,'',1,NULL,NULL),
(1399,'main','COM_RSEVENTSPRO_MAIN_MENU_GROUPS','com-rseventspro-main-menu-groups','','com-rseventspro/com-rseventspro-main-menu-groups','index.php?option=com_rseventspro&view=groups','component',1,1388,2,10145,NULL,NULL,0,1,'class:component',0,'{}',722,723,0,'',1,NULL,NULL),
(1400,'main','COM_RSEVENTSPRO_MAIN_MENU_USERS','com-rseventspro-main-menu-users','','com-rseventspro/com-rseventspro-main-menu-users','index.php?option=com_rseventspro&view=users','component',1,1388,2,10145,NULL,NULL,0,1,'class:component',0,'{}',724,725,0,'',1,NULL,NULL),
(1398,'main','COM_RSEVENTSPRO_MAIN_MENU_PAYMENTS','com-rseventspro-main-menu-payments','','com-rseventspro/com-rseventspro-main-menu-payments','index.php?option=com_rseventspro&view=payments','component',1,1388,2,10145,NULL,NULL,0,1,'class:component',0,'{}',720,721,0,'',1,NULL,NULL),
(1397,'main','COM_RSEVENTSPRO_MAIN_MENU_DISCOUNTS','com-rseventspro-main-menu-discounts','','com-rseventspro/com-rseventspro-main-menu-discounts','index.php?option=com_rseventspro&view=discounts','component',1,1388,2,10145,NULL,NULL,0,1,'class:component',0,'{}',718,719,0,'',1,NULL,NULL),
(1396,'main','COM_RSEVENTSPRO_MAIN_MENU_SUBSCRIPTIONS','com-rseventspro-main-menu-subscriptions','','com-rseventspro/com-rseventspro-main-menu-subscriptions','index.php?option=com_rseventspro&view=subscriptions','component',1,1388,2,10145,NULL,NULL,0,1,'class:component',0,'{}',716,717,0,'',1,NULL,NULL),
(1395,'main','COM_RSEVENTSPRO_MAIN_MENU_SPONSORS','com-rseventspro-main-menu-sponsors','','com-rseventspro/com-rseventspro-main-menu-sponsors','index.php?option=com_rseventspro&view=sponsors','component',1,1388,2,10145,NULL,NULL,0,1,'class:component',0,'{}',714,715,0,'',1,NULL,NULL),
(1394,'main','COM_RSEVENTSPRO_MAIN_MENU_SPEAKERS','com-rseventspro-main-menu-speakers','','com-rseventspro/com-rseventspro-main-menu-speakers','index.php?option=com_rseventspro&view=speakers','component',1,1388,2,10145,NULL,NULL,0,1,'class:component',0,'{}',712,713,0,'',1,NULL,NULL),
(1393,'main','COM_RSEVENTSPRO_MAIN_MENU_TAGS','com-rseventspro-main-menu-tags','','com-rseventspro/com-rseventspro-main-menu-tags','index.php?option=com_rseventspro&view=tags','component',1,1388,2,10145,NULL,NULL,0,1,'class:component',0,'{}',710,711,0,'',1,NULL,NULL),
(1391,'main','COM_RSEVENTSPRO_MAIN_MENU_LOCATIONS','com-rseventspro-main-menu-locations','','com-rseventspro/com-rseventspro-main-menu-locations','index.php?option=com_rseventspro&view=locations','component',1,1388,2,10145,NULL,NULL,0,1,'class:component',0,'{}',706,707,0,'',1,NULL,NULL),
(1392,'main','COM_RSEVENTSPRO_MAIN_MENU_CATEGORIES','com-rseventspro-main-menu-categories','','com-rseventspro/com-rseventspro-main-menu-categories','index.php?option=com_rseventspro&view=categories','component',1,1388,2,10145,NULL,NULL,0,1,'class:component',0,'{}',708,709,0,'',1,NULL,NULL),
(915,'main','APPLICATION_SETTINGS','application-settings','','com-j-hotelreservation/application-settings','index.php?option=com_jhotelreservation&view=applicationsettings','component',1,914,2,10170,NULL,NULL,0,1,'components/com_jhotelreservation/assets/img/settings_16_16_icon.gif',0,'{}',358,359,0,'',1,NULL,NULL),
(916,'main','MANAGE_HOTELS','manage-hotels','','com-j-hotelreservation/manage-hotels','index.php?option=com_jhotelreservation&view=hotels','component',1,914,2,10170,NULL,NULL,0,1,'components/com_jhotelreservation/assets/img/managehotels_16_16_icon.gif',0,'{}',360,361,0,'',1,NULL,NULL),
(917,'main','MANAGE_ROOMS','manage-rooms','','com-j-hotelreservation/manage-rooms','index.php?option=com_jhotelreservation&view=rooms','component',1,914,2,10170,NULL,NULL,0,1,'components/com_jhotelreservation/assets/img/managerooms_16_16_icon.gif',0,'{}',362,363,0,'',1,NULL,NULL),
(918,'main','CURRENCY_SETTINGS','currency-settings','','com-j-hotelreservation/currency-settings','index.php?option=com_jhotelreservation&view=currencies','component',1,914,2,10170,NULL,NULL,0,1,'components/com_jhotelreservation/assets/img/currencies_16_16_icon.gif',0,'{}',364,365,0,'',1,NULL,NULL),
(919,'main','MANAGE_TAXES','manage-taxes','','com-j-hotelreservation/manage-taxes','index.php?option=com_jhotelreservation&view=taxes','component',1,914,2,10170,NULL,NULL,0,1,'components/com_jhotelreservation/assets/img/taxes_16_16_icon.gif',0,'{}',366,367,0,'',1,NULL,NULL),
(920,'main','MANAGE_EMAIL_TEMPLATES','manage-email-templates','','com-j-hotelreservation/manage-email-templates','index.php?option=com_jhotelreservation&view=emails','component',1,914,2,10170,NULL,NULL,0,1,'components/com_jhotelreservation/assets/img/emails_16_16_icon.gif',0,'{}',368,369,0,'',1,NULL,NULL),
(922,'main','PAYMENT_PROCESSORS','payment-processors','','com-j-hotelreservation/payment-processors','index.php?option=com_jhotelreservation&view=paymentprocessors','component',1,914,2,10170,NULL,NULL,0,1,'components/com_jhotelreservation/assets/img/paymentprocessors_16_16_icon.gif',0,'{}',370,371,0,'',1,NULL,NULL),
(923,'main','MANAGE_EXTRAS','manage-extras','','com-j-hotelreservation/manage-extras','index.php?option=com_jhotelreservation&view=extraoptions','component',1,914,2,10170,NULL,NULL,0,1,'components/com_jhotelreservation/assets/img/managepackages_16_16_icon.gif',0,'{}',372,373,0,'',1,NULL,NULL),
(924,'main','LNG_AIRPORT_TRANSFER','lng-airport-transfer','','com-j-hotelreservation/lng-airport-transfer','index.php?option=com_jhotelreservation&view=airporttransfertypes','component',1,914,2,10170,NULL,NULL,0,1,'components/com_jhotelreservation/assets/img/excursions_16_16.png',0,'{}',374,375,0,'',1,NULL,NULL),
(925,'main','MANAGE_DISCOUNTS','manage-discounts','','com-j-hotelreservation/manage-discounts','index.php?option=com_jhotelreservation&view=roomdiscounts','component',1,914,2,10170,NULL,NULL,0,1,'components/com_jhotelreservation/assets/img/manageroomdiscounts_16_16_icon.gif',0,'{}',376,377,0,'',1,NULL,NULL),
(926,'main','MANAGE_OFFERS','manage-offers','','com-j-hotelreservation/manage-offers','index.php?option=com_jhotelreservation&view=offers','component',1,914,2,10170,NULL,NULL,0,1,'components/com_jhotelreservation/assets/img/manageoffers_16_16_icon.gif',0,'{}',378,379,0,'',1,NULL,NULL),
(927,'main','MANAGE_HOTEL_REVIEWS','manage-hotel-reviews','','com-j-hotelreservation/manage-hotel-reviews','index.php?option=com_jhotelreservation&view=hotelratings','component',1,914,2,10170,NULL,NULL,0,1,'components/com_jhotelreservation/assets/img/hotelreviews_16_16_icon.gif',0,'{}',380,381,0,'',1,NULL,NULL),
(928,'main','MANAGE_USERS_ACCESS','manage-users-access','','com-j-hotelreservation/manage-users-access','index.php?option=com_jhotelreservation&view=usersmanagement','component',1,914,2,10170,NULL,NULL,0,1,'components/com_jhotelreservation/assets/img/manage_newsletter_users_16_16_icon.gif',0,'{}',382,383,0,'',1,NULL,NULL),
(929,'main','MANAGE_INVOICES','manage-invoices','','com-j-hotelreservation/manage-invoices','index.php?option=com_jhotelreservation&view=invoices','component',1,914,2,10170,NULL,NULL,0,1,'components/com_jhotelreservation/assets/img/manageinvoices_16_16_icon.gif',0,'{}',384,385,0,'',1,NULL,NULL),
(930,'main','ADD_RESERVATIONS','add-reservations','','com-j-hotelreservation/add-reservations','index.php?option=com_jhotelreservation&view=reservation&layout=edit','component',1,914,2,10170,NULL,NULL,0,1,'components/com_jhotelreservation/assets/img/addreservations_16_16_icon.gif',0,'{}',386,387,0,'',1,NULL,NULL),
(931,'main','RESERVATIONS_REPORTS','reservations-reports','','com-j-hotelreservation/reservations-reports','index.php?option=com_jhotelreservation&view=reports','component',1,914,2,10170,NULL,NULL,0,1,'components/com_jhotelreservation/assets/img/reservationsreports_16_16_icon.gif',0,'{}',388,389,0,'',1,NULL,NULL),
(932,'main','MANAGE_RESERVATIONS','manage-reservations','','com-j-hotelreservation/manage-reservations','index.php?option=com_jhotelreservation&view=reservations','component',1,914,2,10170,NULL,NULL,0,1,'components/com_jhotelreservation/assets/img/managereservations_16_16_icon.gif',0,'{}',390,391,0,'',1,NULL,NULL),
(933,'main','UPDATES','updates','','com-j-hotelreservation/updates','index.php?option=com_jhotelreservation&controller=about&view=updates','component',1,914,2,10170,NULL,NULL,0,1,'components/com_jhotelreservation/assets/img/about_16_16_icon.gif',0,'{}',392,393,0,'',1,NULL,NULL),
(934,'main','ABOUT','about','','com-j-hotelreservation/about','index.php?option=com_jhotelreservation&task=about&controller=about','component',1,914,2,10170,NULL,NULL,0,1,'components/com_jhotelreservation/assets/img/about_16_16_icon.gif',0,'{}',394,395,0,'',1,NULL,NULL),
(936,'mainmenu','SOCIAL COMMUNITY','community','','community','index.php?option=com_community&view=frontpage','component',1,1,1,10199,NULL,NULL,0,1,' ',0,'{\"menu-anchor_title\":\"\",\"menu-anchor_css\":\"\",\"menu_icon_css\":\"\",\"menu_image\":\"\",\"menu_image_css\":\"\",\"menu_text\":1,\"menu_show\":1,\"page_title\":\"\",\"show_page_heading\":\"\",\"page_heading\":\"\",\"pageclass_sfx\":\"\",\"menu-meta_description\":\"\",\"robots\":\"\",\"helixultimatemenulayout\":\"\",\"helixultimate_enable_page_title\":\"0\",\"helixultimate_page_title_alt\":\"\",\"helixultimate_page_subtitle\":\"\",\"helixultimate_page_title_heading\":\"h2\",\"helixultimate_page_title_bg_color\":\"\",\"helixultimate_page_title_bg_image\":\"\",\"menulayout\":\"{\\\"width\\\":600,\\\"menuItem\\\":1,\\\"menuAlign\\\":\\\"right\\\",\\\"layout\\\":[{\\\"type\\\":\\\"row\\\",\\\"attr\\\":[{\\\"type\\\":\\\"column\\\",\\\"colGrid\\\":12,\\\"menuParentId\\\":\\\"936\\\",\\\"moduleId\\\":\\\"\\\"}]}]}\",\"megamenu\":\"0\",\"showmenutitle\":\"1\",\"icon\":\"\",\"class\":\"\",\"enable_page_title\":\"0\",\"page_title_alt\":\"\",\"page_subtitle\":\"\",\"page_title_bg_color\":\"\",\"page_title_bg_image\":\"\",\"menu-meta_keywords\":\"\"}',71,126,1,'*',0,NULL,NULL),
(937,'jomsocial','Profile','js-profile','','js-profile','index.php?option=com_community&view=profile','component',1,1,1,10199,NULL,NULL,0,1,'',0,'',397,414,0,'*',0,NULL,NULL),
(938,'jomsocial','Change Profile Picture','js-change-profile-picture','','js-profile/js-change-profile-picture','index.php?option=com_community&view=profile&task=uploadAvatar','component',1,937,2,10199,NULL,NULL,0,1,'',0,'',398,399,0,'*',0,NULL,NULL),
(939,'jomsocial','Change Profile Video','js-change-profile-video','','js-profile/js-change-profile-video','index.php?option=com_community&view=profile&task=linkVideo','component',1,937,2,10199,NULL,NULL,0,1,'',0,'',400,401,0,'*',0,NULL,NULL),
(940,'jomsocial','Edit Profile','js-edit-profile','','js-profile/js-edit-profile','index.php?option=com_community&view=profile&task=edit','component',1,937,2,10199,NULL,NULL,0,1,'',0,'',402,403,0,'*',0,NULL,NULL),
(941,'jomsocial','Edit Details','js-edit-details','','js-profile/js-edit-details','index.php?option=com_community&view=profile&task=editDetails','component',1,937,2,10199,NULL,NULL,0,1,'',0,'',404,405,0,'*',0,NULL,NULL),
(942,'jomsocial','Privacy','js-privacy','','js-profile/js-privacy','index.php?option=com_community&view=profile&task=privacy','component',1,937,2,10199,NULL,NULL,0,1,'',0,'',406,407,0,'*',0,NULL,NULL),
(943,'jomsocial','Preferences','js-preferences','','js-profile/js-preferences','index.php?option=com_community&view=profile&task=preferences','component',1,937,2,10199,NULL,NULL,0,1,'',0,'',408,409,0,'*',0,NULL,NULL),
(944,'jomsocial','Customize My Page','js-customize-my-page','','js-profile/js-customize-my-page','index.php?option=com_community&view=profile&task=editPage','component',1,937,2,10199,NULL,NULL,0,1,'',0,'',410,411,0,'*',0,NULL,NULL),
(945,'jomsocial','Notifications','js-notifications','','js-profile/js-notifications','index.php?option=com_community&view=profile&task=notifications','component',1,937,2,10199,NULL,NULL,0,1,'',0,'',412,413,0,'*',0,NULL,NULL),
(946,'jomsocial','Members','js-members','','js-members','index.php?option=com_community&view=search&task=browse','component',1,1,1,10199,NULL,NULL,0,1,'',0,'',415,420,0,'*',0,NULL,NULL),
(947,'jomsocial','All Members','js-all-members','','js-members/js-all-members','index.php?option=com_community&view=search&task=browse','component',1,946,2,10199,NULL,NULL,0,1,'',0,'',416,417,0,'*',0,NULL,NULL),
(948,'jomsocial','Advanced Search','js-advanced-search','','js-members/js-advanced-search','index.php?option=com_community&view=search&task=advancesearch','component',1,946,2,10199,NULL,NULL,0,1,'',0,'',418,419,0,'*',0,NULL,NULL),
(949,'jomsocial','Friends','js-friends','','invite-friends/js-friends','index.php?option=com_community&view=friends','component',1,1024,2,10199,NULL,NULL,0,1,' ',0,'{\"menu-anchor_title\":\"\",\"menu-anchor_css\":\"\",\"menu_icon_css\":\"\",\"menu_image\":\"\",\"menu_image_css\":\"\",\"menu_text\":1,\"menu_show\":1,\"page_title\":\"\",\"show_page_heading\":\"\",\"page_heading\":\"\",\"pageclass_sfx\":\"\",\"menu-meta_description\":\"\",\"robots\":\"\",\"helixultimatemenulayout\":\"\",\"helixultimate_enable_page_title\":\"0\",\"helixultimate_page_title_alt\":\"\",\"helixultimate_page_subtitle\":\"\",\"helixultimate_page_title_heading\":\"h2\",\"helixultimate_page_title_bg_color\":\"\",\"helixultimate_page_title_bg_image\":\"\",\"menulayout\":\"{\\\"width\\\":600,\\\"menuItem\\\":1,\\\"menuAlign\\\":\\\"right\\\",\\\"layout\\\":[{\\\"type\\\":\\\"row\\\",\\\"attr\\\":[{\\\"type\\\":\\\"column\\\",\\\"colGrid\\\":12,\\\"menuParentId\\\":\\\"949\\\",\\\"moduleId\\\":\\\"\\\"}]}]}\",\"megamenu\":\"0\",\"showmenutitle\":\"1\",\"icon\":\"\",\"class\":\"\",\"enable_page_title\":\"0\",\"page_title_alt\":\"\",\"page_subtitle\":\"\",\"page_title_bg_color\":\"\",\"page_title_bg_image\":\"\"}',440,441,0,'*',0,NULL,NULL),
(950,'jomsocial','All Friends','js-all-friends','','invite-friends/js-all-friends','index.php?option=com_community&view=friends','component',1,1024,2,10199,NULL,NULL,0,1,' ',0,'{\"menu-anchor_title\":\"\",\"menu-anchor_css\":\"\",\"menu_icon_css\":\"\",\"menu_image\":\"\",\"menu_image_css\":\"\",\"menu_text\":1,\"menu_show\":1,\"page_title\":\"\",\"show_page_heading\":\"\",\"page_heading\":\"\",\"pageclass_sfx\":\"\",\"menu-meta_description\":\"\",\"robots\":\"\",\"helixultimatemenulayout\":\"\",\"helixultimate_enable_page_title\":\"0\",\"helixultimate_page_title_alt\":\"\",\"helixultimate_page_subtitle\":\"\",\"helixultimate_page_title_heading\":\"h2\",\"helixultimate_page_title_bg_color\":\"\",\"helixultimate_page_title_bg_image\":\"\",\"dropdown_position\":\"right\",\"showmenutitle\":\"1\",\"icon\":\"\",\"class\":\"\",\"enable_page_title\":\"0\",\"page_title_alt\":\"\",\"page_subtitle\":\"\",\"page_title_bg_color\":\"\",\"page_title_bg_image\":\"\"}',442,443,0,'*',0,NULL,NULL),
(951,'jomsocial','Request Sent','js-request-sent','','invite-friends/js-request-sent','index.php?option=com_community&view=friends&task=sent','component',1,1024,2,10199,NULL,NULL,0,1,' ',0,'{\"menu-anchor_title\":\"\",\"menu-anchor_css\":\"\",\"menu_icon_css\":\"\",\"menu_image\":\"\",\"menu_image_css\":\"\",\"menu_text\":1,\"menu_show\":1,\"page_title\":\"\",\"show_page_heading\":\"\",\"page_heading\":\"\",\"pageclass_sfx\":\"\",\"menu-meta_description\":\"\",\"robots\":\"\",\"helixultimatemenulayout\":\"\",\"helixultimate_enable_page_title\":\"0\",\"helixultimate_page_title_alt\":\"\",\"helixultimate_page_subtitle\":\"\",\"helixultimate_page_title_heading\":\"h2\",\"helixultimate_page_title_bg_color\":\"\",\"helixultimate_page_title_bg_image\":\"\",\"dropdown_position\":\"right\",\"showmenutitle\":\"1\",\"icon\":\"\",\"class\":\"\",\"enable_page_title\":\"0\",\"page_title_alt\":\"\",\"page_subtitle\":\"\",\"page_title_bg_color\":\"\",\"page_title_bg_image\":\"\"}',444,445,0,'*',0,NULL,NULL),
(952,'jomsocial','Pending my approval','js-pending-my-approval','','invite-friends/js-pending-my-approval','index.php?option=com_community&view=friends&task=pending','component',1,1024,2,10199,NULL,NULL,0,1,' ',0,'{\"menu-anchor_title\":\"\",\"menu-anchor_css\":\"\",\"menu_icon_css\":\"\",\"menu_image\":\"\",\"menu_image_css\":\"\",\"menu_text\":1,\"menu_show\":1,\"page_title\":\"\",\"show_page_heading\":\"\",\"page_heading\":\"\",\"pageclass_sfx\":\"\",\"menu-meta_description\":\"\",\"robots\":\"\",\"helixultimatemenulayout\":\"\",\"helixultimate_enable_page_title\":\"0\",\"helixultimate_page_title_alt\":\"\",\"helixultimate_page_subtitle\":\"\",\"helixultimate_page_title_heading\":\"h2\",\"helixultimate_page_title_bg_color\":\"\",\"helixultimate_page_title_bg_image\":\"\",\"dropdown_position\":\"right\",\"showmenutitle\":\"1\",\"icon\":\"\",\"class\":\"\",\"enable_page_title\":\"0\",\"page_title_alt\":\"\",\"page_subtitle\":\"\",\"page_title_bg_color\":\"\",\"page_title_bg_image\":\"\"}',446,447,0,'*',0,NULL,NULL),
(953,'jomsocial','Pages','js-pages','','js-pages','index.php?option=com_community&view=pages','component',1,1,1,10199,NULL,NULL,0,1,'',0,'',421,422,0,'*',0,NULL,NULL),
(954,'jomsocial','Groups','js-groups','','js-groups','index.php?option=com_community&view=groups','component',1,1,1,10199,NULL,NULL,0,1,'',0,'',423,424,0,'*',0,NULL,NULL),
(955,'jomsocial','Photos','js-photos','','js-photos','index.php?option=com_community&view=photos','component',1,1,1,10199,NULL,NULL,0,1,'',0,'',425,426,0,'*',0,NULL,NULL),
(956,'jomsocial','Videos','js-videos','','js-videos','index.php?option=com_community&view=videos','component',1,1,1,10199,NULL,NULL,0,1,'',0,'',427,428,0,'*',0,NULL,NULL),
(957,'jomsocial','Events','js-events','','js-events','index.php?option=com_community&view=events','component',1,1,1,10199,NULL,NULL,0,1,'',0,'',429,430,0,'*',0,NULL,NULL),
(958,'jomsocial','Polls','js-polls','','js-polls','index.php?option=com_community&view=polls','component',1,1,1,10199,NULL,NULL,0,1,'',0,'',431,432,0,'*',0,NULL,NULL),
(1436,'main','COM_COMMUNITY','com-community','','com-community','index.php?option=com_community&view=community','component',1,1,1,10199,NULL,NULL,0,1,'components/com_community/assets/icons/community-favicon.png',0,'{}',737,738,0,'',1,NULL,NULL),
(960,'company','Privacy Policy','privacy-policy','','privacy-policy','index.php?option=com_content&view=article&id=17','component',1,1,1,22,NULL,NULL,0,1,' ',0,'{\"show_title\":\"\",\"link_titles\":\"\",\"show_intro\":\"\",\"info_block_position\":\"\",\"info_block_show_title\":\"\",\"show_category\":\"\",\"link_category\":\"\",\"show_parent_category\":\"\",\"link_parent_category\":\"\",\"show_author\":\"\",\"link_author\":\"\",\"show_create_date\":\"\",\"show_modify_date\":\"\",\"show_publish_date\":\"\",\"show_item_navigation\":\"\",\"show_vote\":\"\",\"show_hits\":\"\",\"show_tags\":\"\",\"show_noauth\":\"\",\"urls_position\":\"\",\"menu-anchor_title\":\"\",\"menu-anchor_css\":\"\",\"menu_icon_css\":\"\",\"menu_image\":\"\",\"menu_image_css\":\"\",\"menu_text\":1,\"menu_show\":1,\"page_title\":\"\",\"show_page_heading\":\"\",\"page_heading\":\"\",\"pageclass_sfx\":\"\",\"menu-meta_description\":\"\",\"robots\":\"\",\"helixultimatemenulayout\":\"\",\"helixultimate_enable_page_title\":\"0\",\"helixultimate_page_title_alt\":\"\",\"helixultimate_page_subtitle\":\"\",\"helixultimate_page_title_heading\":\"h2\",\"helixultimate_page_title_bg_color\":\"\",\"helixultimate_page_title_bg_image\":\"\"}',433,434,0,'*',0,NULL,NULL),
(961,'company','Terms & Conditions','terms-conditions','','terms-conditions','index.php?option=com_content&view=article&id=16','component',1,1,1,22,NULL,NULL,0,1,' ',0,'{\"show_title\":\"\",\"link_titles\":\"\",\"show_intro\":\"\",\"info_block_position\":\"\",\"info_block_show_title\":\"\",\"show_category\":\"\",\"link_category\":\"\",\"show_parent_category\":\"\",\"link_parent_category\":\"\",\"show_author\":\"\",\"link_author\":\"\",\"show_create_date\":\"\",\"show_modify_date\":\"\",\"show_publish_date\":\"\",\"show_item_navigation\":\"\",\"show_vote\":\"\",\"show_hits\":\"\",\"show_tags\":\"\",\"show_noauth\":\"\",\"urls_position\":\"\",\"menu-anchor_title\":\"\",\"menu-anchor_css\":\"\",\"menu_icon_css\":\"\",\"menu_image\":\"\",\"menu_image_css\":\"\",\"menu_text\":1,\"menu_show\":1,\"page_title\":\"\",\"show_page_heading\":\"\",\"page_heading\":\"\",\"pageclass_sfx\":\"\",\"menu-meta_description\":\"\",\"robots\":\"\",\"helixultimatemenulayout\":\"\",\"helixultimate_enable_page_title\":\"0\",\"helixultimate_page_title_alt\":\"\",\"helixultimate_page_subtitle\":\"\",\"helixultimate_page_title_heading\":\"h2\",\"helixultimate_page_title_bg_color\":\"\",\"helixultimate_page_title_bg_image\":\"\"}',435,436,0,'*',0,NULL,NULL),
(1296,'main','COM_JTICKETING_EVENT_TJFIELD_MENU','com-jticketing-event-tjfield-menu','','com-jticketing/com-jticketing-event-tjfield-menu','index.php?option=com_tjfields&view=fields&client=com_jticketing.event','component',1,1277,2,10257,NULL,NULL,0,1,'class:component',0,'{}',626,627,0,'',1,NULL,NULL),
(1276,'main','COM_TJCERTIFICATE_TITLE_ISSUED_CERTIFICATES','com-tjcertificate-title-issued-certificates','','com-tjcertificate/com-tjcertificate-title-issued-certificates','index.php?option=com_tjcertificate&view=certificates','component',1,1274,2,10480,NULL,NULL,0,1,'class:component',0,'{}',592,593,0,'',1,NULL,NULL),
(1831,'main','COM_QUICK2CART_TITLE_WEIGHTS','com-quick2cart-title-weights','','com-quick2cart/com-quick2cart-title-weights','index.php?option=com_quick2cart&view=weights','component',1,1811,2,10267,NULL,NULL,0,1,'components/com_quick2cart/assets/images/reports_16.png',0,'{}',994,995,0,'',1,NULL,NULL),
(1832,'main','COM_QUICK2CART_TITLE_FORM_GROUP','com-quick2cart-title-form-group','','com-quick2cart/com-quick2cart-title-form-group','index.php?option=com_tjfields&view=groups&client=com_quick2cart.product','component',1,1811,2,10267,NULL,NULL,0,1,'components/com_quick2cart/assets/images/reports_16.png',0,'{}',996,997,0,'',1,NULL,NULL),
(1555,'mainmenu','YouTube CLONE','youtube-clone','','youtube-clone','index.php?option=com_allvideoshare&view=youtube','component',1,1,1,10331,NULL,NULL,0,1,' ',0,'{\"type\":\"playlist\",\"playlist\":\"@communitymarketplace65\",\"channel\":\"\",\"username\":\"\",\"search\":\"\",\"video\":\"\",\"videos\":\"\",\"order\":\"relevance\",\"limit\":\"\",\"cache\":\"86400\",\"layout\":\"classic\",\"columns\":3,\"per_page\":30,\"image_ratio\":56.25,\"title\":\"1\",\"title_length\":0,\"excerpt\":\"1\",\"excerpt_length\":75,\"pagination\":\"1\",\"pagination_type\":\"more\",\"arrows\":\"1\",\"arrow_size\":24,\"arrow_bg_color\":\"#0088cc\",\"arrow_icon_color\":\"#ffffff\",\"arrow_radius\":12,\"arrow_top_offset\":30,\"arrow_left_offset\":-25,\"arrow_right_offset\":-25,\"dots\":\"1\",\"dot_size\":24,\"dot_color\":\"#0088cc\",\"playlist_position\":\"right\",\"playlist_color\":\"dark\",\"playlist_width\":250,\"playlist_height\":250,\"player_ratio\":56.25,\"player_title\":\"1\",\"player_description\":\"1\",\"autoplay\":\"0\",\"autoadvance\":\"0\",\"loop\":\"0\",\"controls\":\"1\",\"modestbranding\":\"1\",\"cc_load_policy\":\"0\",\"iv_load_policy\":\"0\",\"hl\":\"\",\"cc_lang_pref\":\"\",\"menu-anchor_title\":\"\",\"menu-anchor_css\":\"\",\"menu_icon_css\":\"\",\"menu_image\":\"\",\"menu_image_css\":\"\",\"menu_text\":1,\"menu_show\":1,\"page_title\":\"\",\"show_page_heading\":\"\",\"page_heading\":\"\",\"pageclass_sfx\":\"\",\"menu-meta_description\":\"\",\"robots\":\"\",\"helixultimatemenulayout\":\"\",\"helixultimate_enable_page_title\":\"0\",\"helixultimate_page_title_alt\":\"\",\"helixultimate_page_subtitle\":\"\",\"helixultimate_page_title_heading\":\"h2\",\"helixultimate_page_title_bg_color\":\"\",\"helixultimate_page_title_bg_image\":\"\",\"menulayout\":\"{\\\"width\\\":600,\\\"menuItem\\\":1,\\\"menuAlign\\\":\\\"right\\\",\\\"layout\\\":[{\\\"type\\\":\\\"row\\\",\\\"attr\\\":[{\\\"type\\\":\\\"column\\\",\\\"colGrid\\\":12,\\\"menuParentId\\\":\\\"1555\\\",\\\"moduleId\\\":\\\"\\\"}]}]}\",\"megamenu\":\"0\",\"showmenutitle\":\"1\",\"icon\":\"\",\"class\":\"\",\"enable_page_title\":\"0\",\"page_title_alt\":\"\",\"page_subtitle\":\"\",\"page_title_bg_color\":\"\",\"page_title_bg_image\":\"\",\"menu-meta_keywords\":\"\"}',741,742,0,'*',0,NULL,NULL),
(1833,'main','COM_QUICK2CART_TITLE_FORM_FIELDS','com-quick2cart-title-form-fields','','com-quick2cart/com-quick2cart-title-form-fields','index.php?option=com_tjfields&view=fields&client=com_quick2cart.product','component',1,1811,2,10267,NULL,NULL,0,1,'components/com_quick2cart/assets/images/reports_16.png',0,'{}',998,999,0,'',1,NULL,NULL),
(1829,'main','COM_QUICK2CART_SHIPPING_PROFILES','com-quick2cart-shipping-profiles','','com-quick2cart/com-quick2cart-shipping-profiles','index.php?option=com_quick2cart&view=shipprofiles','component',1,1811,2,10267,NULL,NULL,0,1,'components/com_quick2cart/assets/images/reports_16.png',0,'{}',990,991,0,'',1,NULL,NULL),
(1830,'main','COM_QUICK2CART_TITLE_LENGTHS','com-quick2cart-title-lengths','','com-quick2cart/com-quick2cart-title-lengths','index.php?option=com_quick2cart&view=lengths','component',1,1811,2,10267,NULL,NULL,0,1,'components/com_quick2cart/assets/images/reports_16.png',0,'{}',992,993,0,'',1,NULL,NULL),
(1828,'main','COM_QUICK2CART_SHIPPING','com-quick2cart-shipping','','com-quick2cart/com-quick2cart-shipping','index.php?option=com_quick2cart&view=shipping','component',1,1811,2,10267,NULL,NULL,0,1,'components/com_quick2cart/assets/images/reports_16.png',0,'{}',988,989,0,'',1,NULL,NULL),
(1811,'main','com_quick2cart','com-quick2cart','','com-quick2cart','index.php?option=com_quick2cart','component',1,1,1,10267,NULL,NULL,0,1,'components/com_quick2cart/assets/images/quick2cart_16.png',0,'{}',955,1002,0,'',1,NULL,NULL),
(1693,'main','COM_SPBOOKING_TITLE_ACCOMODATIONS','com-spbooking-title-accomodations','','com-spbooking/com-spbooking-title-accomodations','index.php?option=com_spbooking&view=accomodations','component',1,1689,2,10678,NULL,NULL,0,1,'class:component',0,'{}',810,811,0,'',1,NULL,NULL),
(1689,'main','COM_SPBOOKING','com-spbooking','','com-spbooking','index.php?option=com_spbooking','component',1,1,1,10678,NULL,NULL,0,1,'class:component',0,'{}',803,830,0,'',1,NULL,NULL),
(1690,'main','COM_SPBOOKING_TITLE_DASHBOARD','com-spbooking-title-dashboard','','com-spbooking/com-spbooking-title-dashboard','index.php?option=com_spbooking&view=dashboard','component',1,1689,2,10678,NULL,NULL,0,1,'class:component',0,'{}',804,805,0,'',1,NULL,NULL),
(1821,'main','COM_QUICK2CART_ORDER','com-quick2cart-order','','com-quick2cart/com-quick2cart-order','index.php?option=com_quick2cart&view=orders','component',1,1811,2,10267,NULL,NULL,0,1,'components/com_quick2cart/assets/images/orders_16.png',0,'{}',974,975,0,'',1,NULL,NULL),
(1827,'main','COM_QUICK2CART_ADMIN_TITLE_TAXPROFILES','com-quick2cart-admin-title-taxprofiles','','com-quick2cart/com-quick2cart-admin-title-taxprofiles','index.php?option=com_quick2cart&view=taxprofiles','component',1,1811,2,10267,NULL,NULL,0,1,'components/com_quick2cart/assets/images/reports_16.png',0,'{}',986,987,0,'',1,NULL,NULL),
(1826,'main','COM_QUICK2CART_TITLE_TAXTRATES','com-quick2cart-title-taxtrates','','com-quick2cart/com-quick2cart-title-taxtrates','index.php?option=com_quick2cart&view=taxrates','component',1,1811,2,10267,NULL,NULL,0,1,'components/com_quick2cart/assets/images/reports_16.png',0,'{}',984,985,0,'',1,NULL,NULL),
(991,'mainmenu','Vendor Dashboard','vendor-dashboard','','marketplace-store/vendor-dashboard','index.php?option=com_quick2cart&view=vendor&layout=cp','component',1,993,2,10267,NULL,NULL,0,1,' ',0,'{\"menu-anchor_title\":\"\",\"menu-anchor_css\":\"\",\"menu_icon_css\":\"\",\"menu_image\":\"\",\"menu_image_css\":\"\",\"menu_text\":1,\"menu_show\":1,\"page_title\":\"\",\"show_page_heading\":\"\",\"page_heading\":\"\",\"pageclass_sfx\":\"\",\"menu-meta_description\":\"\",\"robots\":\"\",\"helixultimatemenulayout\":\"\",\"helixultimate_enable_page_title\":\"0\",\"helixultimate_page_title_alt\":\"\",\"helixultimate_page_subtitle\":\"\",\"helixultimate_page_title_heading\":\"h2\",\"helixultimate_page_title_bg_color\":\"\",\"helixultimate_page_title_bg_image\":\"\"}',132,133,0,'*',0,NULL,NULL),
(992,'mainmenu','All Products','all-products','','marketplace-store/all-products','index.php?option=com_quick2cart&view=category&layout=default','component',-2,993,2,10267,NULL,NULL,0,1,' ',0,'{\"defaultCatId\":\"\",\"defaultStoreId\":\"\",\"defaultTag\":\"\",\"show_subcat_products\":\"0\",\"cat_all_prod_pagination_limit\":\"20\",\"qtcShowCatStoreList\":\"1\",\"qtcCategorySearch\":\"\",\"menu-anchor_title\":\"\",\"menu-anchor_css\":\"\",\"menu_icon_css\":\"\",\"menu_image\":\"\",\"menu_image_css\":\"\",\"menu_text\":1,\"menu_show\":1,\"page_title\":\"\",\"show_page_heading\":\"\",\"page_heading\":\"\",\"pageclass_sfx\":\"\",\"menu-meta_description\":\"\",\"robots\":\"\",\"helixultimatemenulayout\":\"\",\"helixultimate_enable_page_title\":\"0\",\"helixultimate_page_title_alt\":\"\",\"helixultimate_page_subtitle\":\"\",\"helixultimate_page_title_heading\":\"h2\",\"helixultimate_page_title_bg_color\":\"\",\"helixultimate_page_title_bg_image\":\"\"}',130,131,0,'*',0,NULL,NULL),
(993,'mainmenu','MARKETPLACE','marketplace-store','','marketplace-store','index.php?option=com_quick2cart&view=category&layout=default','component',1,1,1,10267,NULL,NULL,0,1,' ',0,'{\"defaultCatId\":\"35\",\"defaultStoreId\":\"38\",\"defaultTag\":\"\",\"show_subcat_products\":\"1\",\"cat_all_prod_pagination_limit\":\"20\",\"qtcShowCatStoreList\":\"1\",\"qtcCategorySearch\":\"\",\"menu-anchor_title\":\"\",\"menu-anchor_css\":\"\",\"menu_icon_css\":\"\",\"menu_image\":\"\",\"menu_image_css\":\"\",\"menu_text\":1,\"menu_show\":1,\"page_title\":\"\",\"show_page_heading\":\"\",\"page_heading\":\"\",\"pageclass_sfx\":\"\",\"menu-meta_description\":\"\",\"robots\":\"\",\"helixultimatemenulayout\":\"\",\"helixultimate_enable_page_title\":\"0\",\"helixultimate_page_title_alt\":\"\",\"helixultimate_page_subtitle\":\"\",\"helixultimate_page_title_heading\":\"h2\",\"helixultimate_page_title_bg_color\":\"\",\"helixultimate_page_title_bg_image\":\"\",\"menulayout\":\"{\\\"width\\\":600,\\\"menuItem\\\":1,\\\"menuAlign\\\":\\\"right\\\",\\\"layout\\\":[{\\\"type\\\":\\\"row\\\",\\\"attr\\\":[{\\\"type\\\":\\\"column\\\",\\\"colGrid\\\":12,\\\"menuParentId\\\":\\\"993\\\",\\\"moduleId\\\":\\\"\\\"}]}]}\",\"megamenu\":\"0\",\"showmenutitle\":\"1\",\"icon\":\"\",\"class\":\"\",\"enable_page_title\":\"0\",\"page_title_alt\":\"\",\"page_subtitle\":\"\",\"page_title_bg_color\":\"\",\"page_title_bg_image\":\"\",\"menu-meta_keywords\":\"\"}',127,134,0,'*',0,NULL,NULL),
(994,'mainmenu','Restaruants ','restaruants','','directory/restaruants','index.php?option=com_jbusinessdirectory&view=search&menuCategoryId=75&resetSearch=1','component',-2,198,2,10102,NULL,NULL,0,1,' ',0,'{\"menu-anchor_title\":\"\",\"menu-anchor_css\":\"\",\"menu_icon_css\":\"\",\"menu_image\":\"\",\"menu_image_css\":\"\",\"menu_text\":1,\"menu_show\":1,\"page_title\":\"\",\"show_page_heading\":\"\",\"page_heading\":\"\",\"pageclass_sfx\":\"\",\"menu-meta_description\":\"\",\"robots\":\"\",\"helixultimatemenulayout\":\"\",\"helixultimate_enable_page_title\":\"0\",\"helixultimate_page_title_alt\":\"\",\"helixultimate_page_subtitle\":\"\",\"helixultimate_page_title_heading\":\"h2\",\"helixultimate_page_title_bg_color\":\"\",\"helixultimate_page_title_bg_image\":\"\"}',216,217,0,'*',0,NULL,NULL),
(1056,'main','MARKETING_MATERIAL','marketing-material','','affiliate-tracker/marketing-material','index.php?option=com_affiliatetracker&controller=marketings','component',1,1051,2,10345,NULL,NULL,0,1,'components/com_affiliatetracker/assets/images/template_icon.png',0,'{}',458,459,0,'',1,NULL,NULL),
(1055,'main','PAYMENTS','payments','','affiliate-tracker/payments','index.php?option=com_affiliatetracker&controller=payments','component',1,1051,2,10345,NULL,NULL,0,1,'components/com_affiliatetracker/assets/images/money.png',0,'{}',456,457,0,'',1,NULL,NULL),
(1053,'main','ACCOUNTS','accounts','','affiliate-tracker/accounts','index.php?option=com_affiliatetracker&controller=accounts','component',1,1051,2,10345,NULL,NULL,0,1,'components/com_affiliatetracker/assets/images/contacts_icon.png',0,'{}',452,453,0,'',1,NULL,NULL),
(1054,'main','LOGS','logs','','affiliate-tracker/logs','index.php?option=com_affiliatetracker&controller=logs','component',1,1051,2,10345,NULL,NULL,0,1,'components/com_affiliatetracker/assets/images/chart_bar.png',0,'{}',454,455,0,'',1,NULL,NULL),
(1001,'main','COM_GURU','com-guru','','com-guru','index.php?option=com_guru','component',1,1,1,10330,NULL,NULL,0,1,'components/com_guru/images/lm/guru_icon.png',0,'{}',437,438,0,'',1,NULL,NULL),
(1002,'mainmenu','Education','education','','community/education','index.php?option=com_sppagebuilder&view=page&id=10','component',0,936,2,10000,NULL,NULL,0,1,' ',0,'{\"menu-anchor_title\":\"\",\"menu-anchor_css\":\"\",\"menu_icon_css\":\"\",\"menu_image\":\"\",\"menu_image_css\":\"\",\"menu_text\":1,\"menu_show\":1,\"page_title\":\"\",\"show_page_heading\":\"\",\"page_heading\":\"\",\"pageclass_sfx\":\"\",\"menu-meta_description\":\"\",\"robots\":\"\",\"helixultimatemenulayout\":\"\",\"helixultimate_enable_page_title\":\"0\",\"helixultimate_page_title_alt\":\"\",\"helixultimate_page_subtitle\":\"\",\"helixultimate_page_title_heading\":\"h2\",\"helixultimate_page_title_bg_color\":\"\",\"helixultimate_page_title_bg_image\":\"\",\"menulayout\":\"{\\\"width\\\":600,\\\"menuItem\\\":1,\\\"menuAlign\\\":\\\"right\\\",\\\"layout\\\":[{\\\"type\\\":\\\"row\\\",\\\"attr\\\":[{\\\"type\\\":\\\"column\\\",\\\"colGrid\\\":12,\\\"menuParentId\\\":\\\"1002\\\",\\\"moduleId\\\":\\\"\\\"}]}]}\",\"megamenu\":\"0\",\"showmenutitle\":\"1\",\"icon\":\"\",\"class\":\"\",\"enable_page_title\":\"0\",\"page_title_alt\":\"\",\"page_subtitle\":\"\",\"page_title_bg_color\":\"\",\"page_title_bg_image\":\"\"}',90,95,0,'*',0,NULL,NULL),
(1003,'mainmenu','*Create a Store','create-a-store','','marketplace-store/create-a-store','index.php?option=com_quick2cart&view=vendor&layout=createstore','component',1,993,2,10267,NULL,NULL,0,1,' ',0,'{\"menu-anchor_title\":\"\",\"menu-anchor_css\":\"\",\"menu_icon_css\":\"\",\"menu_image\":\"\",\"menu_image_css\":\"\",\"menu_text\":1,\"menu_show\":1,\"page_title\":\"\",\"show_page_heading\":\"\",\"page_heading\":\"\",\"pageclass_sfx\":\"\",\"menu-meta_description\":\"\",\"robots\":\"\",\"helixultimatemenulayout\":\"\",\"helixultimate_enable_page_title\":\"0\",\"helixultimate_page_title_alt\":\"\",\"helixultimate_page_subtitle\":\"\",\"helixultimate_page_title_heading\":\"h2\",\"helixultimate_page_title_bg_color\":\"\",\"helixultimate_page_title_bg_image\":\"\",\"dropdown_position\":\"right\",\"showmenutitle\":\"1\",\"icon\":\"\",\"class\":\"\",\"enable_page_title\":\"0\",\"page_title_alt\":\"\",\"page_subtitle\":\"\",\"page_title_bg_color\":\"\",\"page_title_bg_image\":\"\"}',128,129,0,'*',0,NULL,NULL),
(1560,'main','COM_AKEEBABACKUP_MANAGE','com-akeebabackup-manage','','com-akeebabackup/com-akeebabackup-manage','index.php?option=com_akeebabackup&view=Manage','component',1,1556,2,10252,NULL,NULL,0,1,'class:component',0,'{}',750,751,0,'',1,NULL,NULL),
(1559,'main','COM_AKEEBABACKUP_BACKUP','com-akeebabackup-backup','','com-akeebabackup/com-akeebabackup-backup','index.php?option=com_akeebabackup&view=Backup','component',1,1556,2,10252,NULL,NULL,0,1,'class:component',0,'{}',748,749,0,'',1,NULL,NULL),
(1556,'main','COM_AKEEBABACKUP','com-akeebabackup','','com-akeebabackup','index.php?option=com_akeebabackup','component',1,1,1,10252,NULL,NULL,0,1,'class:component',0,'{}',743,752,0,'',1,NULL,NULL),
(1557,'main','COM_AKEEBABACKUP_CONTROLPANEL','com-akeebabackup-controlpanel','','com-akeebabackup/com-akeebabackup-controlpanel','index.php?option=com_akeebabackup&view=Controlpanel','component',1,1556,2,10252,NULL,NULL,0,1,'class:component',0,'{}',744,745,0,'',1,NULL,NULL),
(1558,'main','COM_AKEEBABACKUP_CONFIGURATION','com-akeebabackup-configuration','','com-akeebabackup/com-akeebabackup-configuration','index.php?option=com_akeebabackup&view=Configuration','component',1,1556,2,10252,NULL,NULL,0,1,'class:component',0,'{}',746,747,0,'',1,NULL,NULL),
(1348,'main','COM_ALLVIDEOSHARE_TITLE_LIKES_DISLIKES','com-allvideoshare-title-likes-dislikes','','com-allvideoshare/com-allvideoshare-title-likes-dislikes','index.php?option=com_allvideoshare&view=likes','component',1,1343,2,10331,NULL,NULL,0,1,'class:component',0,'{}',698,699,0,'',1,NULL,NULL),
(1347,'main','COM_ALLVIDEOSHARE_TITLE_RATINGS','com-allvideoshare-title-ratings','','com-allvideoshare/com-allvideoshare-title-ratings','index.php?option=com_allvideoshare&view=ratings','component',1,1343,2,10331,NULL,NULL,0,1,'class:component',0,'{}',696,697,0,'',1,NULL,NULL),
(1346,'main','COM_ALLVIDEOSHARE_TITLE_ADVERTISEMENTS','com-allvideoshare-title-advertisements','','com-allvideoshare/com-allvideoshare-title-advertisements','index.php?option=com_allvideoshare&view=advertisements','component',1,1343,2,10331,NULL,NULL,0,1,'class:component',0,'{}',694,695,0,'',1,NULL,NULL),
(1345,'main','COM_ALLVIDEOSHARE_TITLE_CATEGORIES','com-allvideoshare-title-categories','','com-allvideoshare/com-allvideoshare-title-categories','index.php?option=com_allvideoshare&view=categories','component',1,1343,2,10331,NULL,NULL,0,1,'class:component',0,'{\"menu-quicktask-title\":\"COM_ALLVIDEOSHARE_TITLE_CATEGORIES\",\"menu-quicktask\":\"index.php?option=com_allvideoshare&view=categories&task=category.add\"}',692,693,0,'',1,NULL,NULL),
(1343,'main','COM_ALLVIDEOSHARE','com-allvideoshare','','com-allvideoshare','index.php?option=com_allvideoshare','component',1,1,1,10331,NULL,NULL,0,1,'class:component',0,'{}',689,700,0,'',1,NULL,NULL),
(1344,'main','COM_ALLVIDEOSHARE_TITLE_VIDEOS','com-allvideoshare-title-videos','','com-allvideoshare/com-allvideoshare-title-videos','index.php?option=com_allvideoshare&view=videos','component',1,1343,2,10331,NULL,NULL,0,1,'class:component',0,'{\"menu-quicktask-title\":\"COM_ALLVIDEOSHARE_TITLE_VIDEOS\",\"menu-quicktask\":\"index.php?option=com_allvideoshare&view=videos&task=video.add\"}',690,691,0,'',1,NULL,NULL),
(1016,'mainmenu','Success with Digital','success-with-digital-training','','community/education/success-with-digital-training','index.php?option=com_sppagebuilder&view=page&id=10','component',0,1002,3,10000,NULL,NULL,0,1,' ',0,'{\"menu-anchor_title\":\"\",\"menu-anchor_css\":\"\",\"menu_icon_css\":\"\",\"menu_image\":\"\",\"menu_image_css\":\"\",\"menu_text\":1,\"menu_show\":1,\"page_title\":\"\",\"show_page_heading\":\"\",\"page_heading\":\"\",\"pageclass_sfx\":\"\",\"menu-meta_description\":\"\",\"robots\":\"\",\"helixultimatemenulayout\":\"\",\"helixultimate_enable_page_title\":\"0\",\"helixultimate_page_title_alt\":\"\",\"helixultimate_page_subtitle\":\"\",\"helixultimate_page_title_heading\":\"h2\",\"helixultimate_page_title_bg_color\":\"\",\"helixultimate_page_title_bg_image\":\"\",\"dropdown_position\":\"right\",\"showmenutitle\":\"1\",\"icon\":\"\",\"class\":\"\",\"enable_page_title\":\"0\",\"page_title_alt\":\"\",\"page_subtitle\":\"\",\"page_title_bg_color\":\"\",\"page_title_bg_image\":\"\"}',91,94,0,'*',0,NULL,NULL),
(1017,'mainmenu','Digital Adoptin Grant','digital-adoptin-grant','','community/education/success-with-digital-training/digital-adoptin-grant','index.php?option=com_sppagebuilder&view=page&id=10','component',0,1016,4,10000,NULL,NULL,0,1,' ',0,'{\"menu-anchor_title\":\"\",\"menu-anchor_css\":\"\",\"menu_icon_css\":\"\",\"menu_image\":\"\",\"menu_image_css\":\"\",\"menu_text\":1,\"menu_show\":1,\"page_title\":\"\",\"show_page_heading\":\"\",\"page_heading\":\"\",\"pageclass_sfx\":\"\",\"menu-meta_description\":\"\",\"robots\":\"\",\"helixultimatemenulayout\":\"\",\"helixultimate_enable_page_title\":\"0\",\"helixultimate_page_title_alt\":\"\",\"helixultimate_page_subtitle\":\"\",\"helixultimate_page_title_heading\":\"h2\",\"helixultimate_page_title_bg_color\":\"\",\"helixultimate_page_title_bg_image\":\"\",\"dropdown_position\":\"right\",\"showmenutitle\":\"1\",\"icon\":\"\",\"class\":\"\",\"enable_page_title\":\"0\",\"page_title_alt\":\"\",\"page_subtitle\":\"\",\"page_title_bg_color\":\"\",\"page_title_bg_image\":\"\"}',92,93,0,'*',0,NULL,NULL),
(1023,'mainmenu','Account Profile','account-profile','','community/account-profile','index.php?option=com_community&view=profile','component',0,936,2,10199,NULL,NULL,0,1,' ',0,'{\"menu-anchor_title\":\"\",\"menu-anchor_css\":\"\",\"menu_icon_css\":\"\",\"menu_image\":\"\",\"menu_image_css\":\"\",\"menu_text\":1,\"menu_show\":1,\"page_title\":\"\",\"show_page_heading\":\"\",\"page_heading\":\"\",\"pageclass_sfx\":\"\",\"menu-meta_description\":\"\",\"robots\":\"\",\"helixultimatemenulayout\":\"\",\"helixultimate_enable_page_title\":\"0\",\"helixultimate_page_title_alt\":\"\",\"helixultimate_page_subtitle\":\"\",\"helixultimate_page_title_heading\":\"h2\",\"helixultimate_page_title_bg_color\":\"\",\"helixultimate_page_title_bg_image\":\"\",\"dropdown_position\":\"right\",\"showmenutitle\":\"1\",\"icon\":\"\",\"class\":\"\",\"enable_page_title\":\"0\",\"page_title_alt\":\"\",\"page_subtitle\":\"\",\"page_title_bg_color\":\"\",\"page_title_bg_image\":\"\"}',72,73,0,'*',0,NULL,NULL),
(1024,'jomsocial','Invite Friends','invite-friends','','invite-friends','index.php?option=com_community&view=friends&task=invite','component',1,1,1,10199,NULL,NULL,0,1,' ',0,'{\"menu-anchor_title\":\"\",\"menu-anchor_css\":\"\",\"menu_icon_css\":\"\",\"menu_image\":\"\",\"menu_image_css\":\"\",\"menu_text\":1,\"menu_show\":1,\"page_title\":\"\",\"show_page_heading\":\"\",\"page_heading\":\"\",\"pageclass_sfx\":\"\",\"menu-meta_description\":\"\",\"robots\":\"\",\"helixultimatemenulayout\":\"\",\"helixultimate_enable_page_title\":\"0\",\"helixultimate_page_title_alt\":\"\",\"helixultimate_page_subtitle\":\"\",\"helixultimate_page_title_heading\":\"h2\",\"helixultimate_page_title_bg_color\":\"\",\"helixultimate_page_title_bg_image\":\"\",\"dropdown_position\":\"right\",\"showmenutitle\":\"1\",\"icon\":\"\",\"class\":\"\",\"enable_page_title\":\"0\",\"page_title_alt\":\"\",\"page_subtitle\":\"\",\"page_title_bg_color\":\"\",\"page_title_bg_image\":\"\"}',439,448,0,'*',0,NULL,NULL),
(1129,'main','UPDATE','update','','com-j-businessdirectory/update','index.php?option=com_jbusinessdirectory&view=updates','component',1,1111,2,10102,NULL,NULL,0,1,'class:component',0,'{}',496,497,0,'',1,NULL,NULL),
(1111,'main','COM_J_BUSINESSDIRECTORY','com-j-businessdirectory','','com-j-businessdirectory','index.php?option=com_jbusinessdirectory','component',1,1,1,10102,NULL,NULL,0,1,'class:component',0,'{}',461,498,0,'',1,NULL,NULL),
(1052,'main','CONVERSIONS','conversions','','affiliate-tracker/conversions','index.php?option=com_affiliatetracker','component',1,1051,2,10345,NULL,NULL,0,1,'components/com_affiliatetracker/assets/images/percent.png',0,'{}',450,451,0,'',1,NULL,NULL),
(1051,'main','AFFILIATE_TRACKER','affiliate-tracker','','affiliate-tracker','index.php?option=com_affiliatetracker','component',1,1,1,10345,NULL,NULL,0,1,'components/com_affiliatetracker/assets/images/contacts_icon.png',0,'{}',449,460,0,'',1,NULL,NULL),
(1050,'mainmenu','*Become an Affiliate','become-an-affiliate','','community/business/become-an-affiliate','index.php?option=com_affiliatetracker&view=account&layout=form','component',1,1057,3,10345,NULL,NULL,0,1,' ',0,'{\"menu-anchor_title\":\"\",\"menu-anchor_css\":\"\",\"menu_icon_css\":\"\",\"menu_image\":\"\",\"menu_image_css\":\"\",\"menu_text\":1,\"menu_show\":1,\"page_title\":\"\",\"show_page_heading\":\"\",\"page_heading\":\"\",\"pageclass_sfx\":\"\",\"menu-meta_description\":\"\",\"robots\":\"\",\"helixultimatemenulayout\":\"\",\"helixultimate_enable_page_title\":\"0\",\"helixultimate_page_title_alt\":\"\",\"helixultimate_page_subtitle\":\"\",\"helixultimate_page_title_heading\":\"h2\",\"helixultimate_page_title_bg_color\":\"\",\"helixultimate_page_title_bg_image\":\"\",\"dropdown_position\":\"right\",\"showmenutitle\":\"1\",\"icon\":\"\",\"class\":\"\",\"enable_page_title\":\"0\",\"page_title_alt\":\"\",\"page_subtitle\":\"\",\"page_title_bg_color\":\"\",\"page_title_bg_image\":\"\"}',111,112,0,'*',0,NULL,NULL),
(1057,'mainmenu','BUSINESS\'','business','','community/business','index.php?option=com_jbusinessdirectory&view=search&resetSearch=1','component',1,936,2,10102,NULL,NULL,0,1,' ',0,'{\"menu-anchor_title\":\"\",\"menu-anchor_css\":\"\",\"menu_icon_css\":\"\",\"menu_image\":\"\",\"menu_image_css\":\"\",\"menu_text\":1,\"menu_show\":1,\"page_title\":\"\",\"show_page_heading\":\"\",\"page_heading\":\"\",\"pageclass_sfx\":\"\",\"menu-meta_description\":\"\",\"robots\":\"\",\"helixultimatemenulayout\":\"\",\"helixultimate_enable_page_title\":\"0\",\"helixultimate_page_title_alt\":\"\",\"helixultimate_page_subtitle\":\"\",\"helixultimate_page_title_heading\":\"h2\",\"helixultimate_page_title_bg_color\":\"\",\"helixultimate_page_title_bg_image\":\"\",\"menulayout\":\"{\\\"width\\\":600,\\\"menuItem\\\":1,\\\"menuAlign\\\":\\\"right\\\",\\\"layout\\\":[{\\\"type\\\":\\\"row\\\",\\\"attr\\\":[{\\\"type\\\":\\\"column\\\",\\\"colGrid\\\":12,\\\"menuParentId\\\":\\\"1058,1050,1108,1100,1060\\\",\\\"moduleId\\\":\\\"\\\"}]}]}\",\"megamenu\":\"0\",\"showmenutitle\":\"1\",\"icon\":\"\",\"class\":\"\",\"enable_page_title\":\"0\",\"page_title_alt\":\"\",\"page_subtitle\":\"\",\"page_title_bg_color\":\"\",\"page_title_bg_image\":\"\",\"menu-meta_keywords\":\"\"}',110,125,0,'*',0,NULL,NULL),
(1058,'mainmenu','*Add a Business','add-a-business','','community/business/add-a-business','index.php?option=com_jbusinessdirectory&view=managecompany','component',1,1057,3,10102,NULL,NULL,0,1,' ',0,'{\"menu-anchor_title\":\"\",\"menu-anchor_css\":\"\",\"menu_icon_css\":\"\",\"menu_image\":\"\",\"menu_image_css\":\"\",\"menu_text\":1,\"menu_show\":1,\"page_title\":\"\",\"show_page_heading\":\"\",\"page_heading\":\"\",\"pageclass_sfx\":\"\",\"menu-meta_description\":\"\",\"robots\":\"\",\"helixultimatemenulayout\":\"\",\"helixultimate_enable_page_title\":\"0\",\"helixultimate_page_title_alt\":\"\",\"helixultimate_page_subtitle\":\"\",\"helixultimate_page_title_heading\":\"h2\",\"helixultimate_page_title_bg_color\":\"\",\"helixultimate_page_title_bg_image\":\"\",\"dropdown_position\":\"right\",\"showmenutitle\":\"1\",\"icon\":\"\",\"class\":\"\",\"enable_page_title\":\"0\",\"page_title_alt\":\"\",\"page_subtitle\":\"\",\"page_title_bg_color\":\"\",\"page_title_bg_image\":\"\"}',113,114,0,'*',0,NULL,NULL),
(1059,'mainmenu','Packages','packages','','community/business/packages','index.php?option=com_jbusinessdirectory&view=packages&packageType=1','component',0,1057,3,10102,NULL,NULL,0,1,' ',0,'{\"menu-anchor_title\":\"\",\"menu-anchor_css\":\"\",\"menu_icon_css\":\"\",\"menu_image\":\"\",\"menu_image_css\":\"\",\"menu_text\":1,\"menu_show\":1,\"page_title\":\"\",\"show_page_heading\":\"\",\"page_heading\":\"\",\"pageclass_sfx\":\"\",\"menu-meta_description\":\"\",\"robots\":\"\",\"helixultimatemenulayout\":\"\",\"helixultimate_enable_page_title\":\"0\",\"helixultimate_page_title_alt\":\"\",\"helixultimate_page_subtitle\":\"\",\"helixultimate_page_title_heading\":\"h2\",\"helixultimate_page_title_bg_color\":\"\",\"helixultimate_page_title_bg_image\":\"\",\"dropdown_position\":\"right\",\"showmenutitle\":\"1\",\"icon\":\"\",\"class\":\"\",\"enable_page_title\":\"0\",\"page_title_alt\":\"\",\"page_subtitle\":\"\",\"page_title_bg_color\":\"\",\"page_title_bg_image\":\"\"}',123,124,0,'*',0,NULL,NULL),
(1060,'mainmenu','My Business Control Panel','control-panel','','community/business/control-panel','index.php?option=com_jbusinessdirectory&view=useroptions','component',1,1057,3,10102,NULL,NULL,0,1,' ',0,'{\"menu-anchor_title\":\"\",\"menu-anchor_css\":\"\",\"menu_icon_css\":\"\",\"menu_image\":\"\",\"menu_image_css\":\"\",\"menu_text\":1,\"menu_show\":1,\"page_title\":\"\",\"show_page_heading\":\"\",\"page_heading\":\"\",\"pageclass_sfx\":\"\",\"menu-meta_description\":\"\",\"robots\":\"\",\"helixultimatemenulayout\":\"\",\"helixultimate_enable_page_title\":\"0\",\"helixultimate_page_title_alt\":\"\",\"helixultimate_page_subtitle\":\"\",\"helixultimate_page_title_heading\":\"h2\",\"helixultimate_page_title_bg_color\":\"\",\"helixultimate_page_title_bg_image\":\"\",\"dropdown_position\":\"right\",\"showmenutitle\":\"1\",\"icon\":\"\",\"class\":\"\",\"enable_page_title\":\"0\",\"page_title_alt\":\"\",\"page_subtitle\":\"\",\"page_title_bg_color\":\"\",\"page_title_bg_image\":\"\"}',121,122,0,'*',0,NULL,NULL),
(1061,'mainmenu','Local Magazine','cmp-magazine','','affiliate/advertising/cmp-magazine','index.php?option=com_sppagebuilder&view=page&id=11','component',-2,1233,3,10000,NULL,NULL,0,1,' ',0,'{\"menu-anchor_title\":\"\",\"menu-anchor_css\":\"\",\"menu_icon_css\":\"\",\"menu_image\":\"\",\"menu_image_css\":\"\",\"menu_text\":1,\"menu_show\":1,\"page_title\":\"Community Marketplace Magazine - Priority Local\",\"show_page_heading\":\"\",\"page_heading\":\"\",\"pageclass_sfx\":\"\",\"menu-meta_description\":\"\",\"robots\":\"\",\"helixultimatemenulayout\":\"\",\"helixultimate_enable_page_title\":\"0\",\"helixultimate_page_title_alt\":\"\",\"helixultimate_page_subtitle\":\"\",\"helixultimate_page_title_heading\":\"h2\",\"helixultimate_page_title_bg_color\":\"\",\"helixultimate_page_title_bg_image\":\"\",\"menu-meta_keywords\":\"\"}',51,58,0,'*',0,NULL,NULL),
(1752,'main','COM_ADMINTOOLS_TITLE_TEMPSUPERUSERS','com-admintools-title-tempsuperusers','','com-admintools/com-admintools-title-tempsuperusers','index.php?option=com_admintools&view=tempsuperusers','component',1,1749,2,10721,NULL,NULL,0,1,'class:component',0,'{\"menu-quicktask\":\"index.php?option=com_admintools&task=tempsuperuser.add\",\"menu-quicktask-permission\":\"core.create;com_admintools\"}',918,919,0,'',1,NULL,NULL),
(1751,'main','COM_ADMINTOOLS_TITLE_EMERGENCYOFFLINE','com-admintools-title-emergencyoffline','','com-admintools/com-admintools-title-emergencyoffline','index.php?option=com_admintools&view=emergencyoffline','component',1,1749,2,10721,NULL,NULL,0,1,'class:component',0,'{}',916,917,0,'',1,NULL,NULL),
(1750,'main','COM_ADMINTOOLS_TITLE_CONTROLPANEL','com-admintools-title-controlpanel','','com-admintools/com-admintools-title-controlpanel','index.php?option=com_admintools&view=controlpanel','component',1,1749,2,10721,NULL,NULL,0,1,'class:component',0,'{}',914,915,0,'',1,NULL,NULL),
(1749,'main','COM_ADMINTOOLS','com-admintools','','com-admintools','index.php?option=com_admintools','component',1,1,1,10721,NULL,NULL,0,1,'class:component',0,'{}',913,920,0,'',1,NULL,NULL),
(1563,'main','COM_CONVERTFORMS_FORMS','com-convertforms-forms','','com-convertforms/com-convertforms-forms','index.php?option=com_convertforms&view=forms','component',1,1561,2,10357,NULL,NULL,0,1,'class:forms',0,'{}',756,757,0,'',1,NULL,NULL),
(1564,'main','COM_CONVERTFORMS_CAMPAIGNS','com-convertforms-campaigns','','com-convertforms/com-convertforms-campaigns','index.php?option=com_convertforms&view=campaigns','component',1,1561,2,10357,NULL,NULL,0,1,'class:campaigns',0,'{}',758,759,0,'',1,NULL,NULL),
(1565,'main','COM_CONVERTFORMS_SUBMISSIONS','com-convertforms-submissions','','com-convertforms/com-convertforms-submissions','index.php?option=com_convertforms&view=conversions','component',1,1561,2,10357,NULL,NULL,0,1,'class:conversions',0,'{}',760,761,0,'',1,NULL,NULL),
(1562,'main','NR_DASHBOARD','nr-dashboard','','com-convertforms/nr-dashboard','index.php?option=com_convertforms&view=convertforms','component',1,1561,2,10357,NULL,NULL,0,1,'class:forms',0,'{}',754,755,0,'',1,NULL,NULL),
(1561,'main','COM_CONVERTFORMS','com-convertforms','','com-convertforms','index.php?option=com_convertforms','component',1,1,1,10357,NULL,NULL,0,1,'class:banners',0,'{}',753,764,0,'',1,NULL,NULL),
(1574,'main','COM_RSFORM_RESTORE_SCREEN','com-rsform-restore-screen','','rsformpro/com-rsform-restore-screen','index.php?option=com_rsform&view=restorescreen','component',1,1567,2,10370,NULL,NULL,0,1,'class:component',0,'{}',778,779,0,'',1,NULL,NULL),
(1573,'main','COM_RSFORM_BACKUP_SCREEN','com-rsform-backup-screen','','rsformpro/com-rsform-backup-screen','index.php?option=com_rsform&view=backupscreen','component',1,1567,2,10370,NULL,NULL,0,1,'class:component',0,'{}',776,777,0,'',1,NULL,NULL),
(1571,'main','COM_RSFORM_MANAGE_DIRECTORY_SUBMISSIONS','com-rsform-manage-directory-submissions','','rsformpro/com-rsform-manage-directory-submissions','index.php?option=com_rsform&view=directory','component',1,1567,2,10370,NULL,NULL,0,1,'class:component',0,'{}',772,773,0,'',1,NULL,NULL),
(1567,'main','RSFormPro','rsformpro','','rsformpro','index.php?option=com_rsform','component',1,1,1,10370,NULL,NULL,0,1,'class:component',0,'{}',765,780,0,'',1,NULL,NULL),
(1568,'main','COM_RSFORM_DASHBOARD','com-rsform-dashboard','','rsformpro/com-rsform-dashboard','index.php?option=com_rsform','component',1,1567,2,10370,NULL,NULL,0,1,'class:component',0,'{}',766,767,0,'',1,NULL,NULL),
(1570,'main','COM_RSFORM_MANAGE_SUBMISSIONS','com-rsform-manage-submissions','','rsformpro/com-rsform-manage-submissions','index.php?option=com_rsform&view=submissions','component',1,1567,2,10370,NULL,NULL,0,1,'class:component',0,'{}',770,771,0,'',1,NULL,NULL),
(1569,'main','COM_RSFORM_MANAGE_FORMS','com-rsform-manage-forms','','rsformpro/com-rsform-manage-forms','index.php?option=com_rsform&view=forms','component',1,1567,2,10370,NULL,NULL,0,1,'class:component',0,'{}',768,769,0,'',1,NULL,NULL),
(1265,'main','COM_REMINDER','com-reminder','','com-invitex/com-reminder','index.php?option=com_invitex&view=reminder','component',1,1256,2,10374,NULL,NULL,0,1,'components/com_invitex/assets/images/icons/reminder.png',0,'{}',584,585,0,'',1,NULL,NULL),
(1264,'main','COM_UNSUB_USERS','com-unsub-users','','com-invitex/com-unsub-users','index.php?option=com_invitex&view=unsubscribe_list','component',1,1256,2,10374,NULL,NULL,0,1,'components/com_invitex/assets/images/icons/unsubscribe.png',0,'{}',582,583,0,'',1,NULL,NULL),
(1263,'main','COM_INVITE_LIMIT','com-invite-limit','','com-invitex/com-invite-limit','index.php?option=com_invitex&view=invitation_limit','component',1,1256,2,10374,NULL,NULL,0,1,'components/com_invitex/assets/images/icons/limit.png',0,'{}',580,581,0,'',1,NULL,NULL),
(1262,'main','COM_TYPES','com-types','','com-invitex/com-types','index.php?option=com_invitex&view=types','component',1,1256,2,10374,NULL,NULL,0,1,'components/com_invitex/assets/images/icons/types.png',0,'{}',578,579,0,'',1,NULL,NULL),
(1261,'main','COM_INVITE_TEMPLATE','com-invite-template','','com-invitex/com-invite-template','index.php?option=com_invitex&view=config&layout=templates','component',1,1256,2,10374,NULL,NULL,0,1,'components/com_invitex/assets/images/icons/process.png',0,'{}',576,577,0,'',1,NULL,NULL),
(1260,'main','COM_INVITE_TOP_INVITERS','com-invite-top-inviters','','com-invitex/com-invite-top-inviters','index.php?option=com_invitex&view=topinviters','component',1,1256,2,10374,NULL,NULL,0,1,'components/com_invitex/assets/images/icons/users.png',0,'{}',574,575,0,'',1,NULL,NULL),
(1259,'main','COM_INVITEX_URL_INVITES','com-invitex-url-invites','','com-invitex/com-invitex-url-invites','index.php?option=com_invitex&view=urlinvites','component',1,1256,2,10374,NULL,NULL,0,1,'components/com_invitex/assets/images/icons/invites.png',0,'{}',572,573,0,'',1,NULL,NULL),
(1257,'main','COM_DASHBOARD','com-dashboard','','com-invitex/com-dashboard','index.php?option=com_invitex','component',1,1256,2,10374,NULL,NULL,0,1,'components/com_invitex/assets/images/invites.png',0,'{}',568,569,0,'',1,NULL,NULL),
(1258,'main','COM_INVITE_INVITES','com-invite-invites','','com-invitex/com-invite-invites','index.php?option=com_invitex&view=invites','component',1,1256,2,10374,NULL,NULL,0,1,'components/com_invitex/assets/images/icons/invites.png',0,'{}',570,571,0,'',1,NULL,NULL),
(1256,'main','COM_INVITEX','com-invitex','','com-invitex','index.php?option=com_invitex','component',1,1,1,10374,NULL,NULL,0,1,'components/com_invitex/assets/images/icons/user_add.png',0,'{}',567,586,0,'',1,NULL,NULL),
(1100,'mainmenu','My Business Offers','my-offers','','community/business/my-offers','index.php?option=com_jbusinessdirectory&view=managecompanyoffers','component',1,1057,3,10102,NULL,NULL,0,1,' ',0,'{\"menu-anchor_title\":\"\",\"menu-anchor_css\":\"\",\"menu_icon_css\":\"\",\"menu_image\":\"\",\"menu_image_css\":\"\",\"menu_text\":1,\"menu_show\":1,\"page_title\":\"\",\"show_page_heading\":\"\",\"page_heading\":\"\",\"pageclass_sfx\":\"\",\"menu-meta_description\":\"\",\"robots\":\"\",\"helixultimatemenulayout\":\"\",\"helixultimate_enable_page_title\":\"0\",\"helixultimate_page_title_alt\":\"\",\"helixultimate_page_subtitle\":\"\",\"helixultimate_page_title_heading\":\"h2\",\"helixultimate_page_title_bg_color\":\"\",\"helixultimate_page_title_bg_image\":\"\",\"dropdown_position\":\"right\",\"showmenutitle\":\"1\",\"icon\":\"\",\"class\":\"\",\"enable_page_title\":\"0\",\"page_title_alt\":\"\",\"page_subtitle\":\"\",\"page_title_bg_color\":\"\",\"page_title_bg_image\":\"\"}',119,120,0,'*',0,NULL,NULL),
(1101,'mainmenu','Partner FlipBook','partner-flipbook','','affiliate/advertising/cmp-magazine/cmp-for-partners/partner-flipbook','index.php?option=com_sppagebuilder&view=page&id=13','component',-2,1107,5,10000,NULL,NULL,0,1,' ',0,'{\"menu-anchor_title\":\"\",\"menu-anchor_css\":\"\",\"menu_icon_css\":\"\",\"menu_image\":\"\",\"menu_image_css\":\"\",\"menu_text\":1,\"menu_show\":1,\"page_title\":\"\",\"show_page_heading\":\"\",\"page_heading\":\"\",\"pageclass_sfx\":\"\",\"menu-meta_description\":\"\",\"robots\":\"\",\"helixultimatemenulayout\":\"\",\"helixultimate_enable_page_title\":\"0\",\"helixultimate_page_title_alt\":\"\",\"helixultimate_page_subtitle\":\"\",\"helixultimate_page_title_heading\":\"h2\",\"helixultimate_page_title_bg_color\":\"\",\"helixultimate_page_title_bg_image\":\"\",\"dropdown_position\":\"right\",\"showmenutitle\":\"1\",\"icon\":\"\",\"class\":\"\",\"enable_page_title\":\"0\",\"page_title_alt\":\"\",\"page_subtitle\":\"\",\"page_title_bg_color\":\"\",\"page_title_bg_image\":\"\"}',55,56,0,'*',0,NULL,NULL),
(1102,'mainmenu','Business Events','business-events','','community/cmpevents/business-events','index.php?option=com_jbusinessdirectory&view=events&resetSearch=1','component',0,108,3,10102,NULL,NULL,0,1,' ',0,'{\"menu-anchor_title\":\"\",\"menu-anchor_css\":\"\",\"menu_icon_css\":\"\",\"menu_image\":\"\",\"menu_image_css\":\"\",\"menu_text\":1,\"menu_show\":1,\"page_title\":\"\",\"show_page_heading\":\"\",\"page_heading\":\"\",\"pageclass_sfx\":\"\",\"menu-meta_description\":\"\",\"robots\":\"\",\"helixultimatemenulayout\":\"\",\"helixultimate_enable_page_title\":\"0\",\"helixultimate_page_title_alt\":\"\",\"helixultimate_page_subtitle\":\"\",\"helixultimate_page_title_heading\":\"h2\",\"helixultimate_page_title_bg_color\":\"\",\"helixultimate_page_title_bg_image\":\"\",\"menulayout\":\"{\\\"width\\\":600,\\\"menuItem\\\":1,\\\"menuAlign\\\":\\\"right\\\",\\\"layout\\\":[{\\\"type\\\":\\\"row\\\",\\\"attr\\\":[{\\\"type\\\":\\\"column\\\",\\\"colGrid\\\":12,\\\"menuParentId\\\":\\\"1102\\\",\\\"moduleId\\\":\\\"\\\"}]}]}\",\"megamenu\":\"0\",\"showmenutitle\":\"1\",\"icon\":\"\",\"class\":\"\",\"enable_page_title\":\"0\",\"page_title_alt\":\"\",\"page_subtitle\":\"\",\"page_title_bg_color\":\"\",\"page_title_bg_image\":\"\"}',83,86,0,'*',0,NULL,NULL),
(1103,'mainmenu','Community Events','community-events','','community/cmpevents/community-events','index.php?option=com_community&view=events','component',0,108,3,10199,NULL,NULL,0,1,' ',0,'{\"menu-anchor_title\":\"\",\"menu-anchor_css\":\"\",\"menu_icon_css\":\"\",\"menu_image\":\"\",\"menu_image_css\":\"\",\"menu_text\":1,\"menu_show\":1,\"page_title\":\"\",\"show_page_heading\":\"\",\"page_heading\":\"\",\"pageclass_sfx\":\"\",\"menu-meta_description\":\"\",\"robots\":\"\",\"helixultimatemenulayout\":\"\",\"helixultimate_enable_page_title\":\"0\",\"helixultimate_page_title_alt\":\"\",\"helixultimate_page_subtitle\":\"\",\"helixultimate_page_title_heading\":\"h2\",\"helixultimate_page_title_bg_color\":\"\",\"helixultimate_page_title_bg_image\":\"\",\"dropdown_position\":\"right\",\"showmenutitle\":\"1\",\"icon\":\"\",\"class\":\"\",\"enable_page_title\":\"0\",\"page_title_alt\":\"\",\"page_subtitle\":\"\",\"page_title_bg_color\":\"\",\"page_title_bg_image\":\"\"}',87,88,0,'*',0,NULL,NULL),
(1104,'mainmenu','Groups','groups','','community/groups','index.php?option=com_community&view=groups','component',0,936,2,10199,NULL,NULL,0,1,' ',0,'{\"menu-anchor_title\":\"\",\"menu-anchor_css\":\"\",\"menu_icon_css\":\"\",\"menu_image\":\"\",\"menu_image_css\":\"\",\"menu_text\":1,\"menu_show\":1,\"page_title\":\"\",\"show_page_heading\":\"\",\"page_heading\":\"\",\"pageclass_sfx\":\"\",\"menu-meta_description\":\"\",\"robots\":\"\",\"helixultimatemenulayout\":\"\",\"helixultimate_enable_page_title\":\"0\",\"helixultimate_page_title_alt\":\"\",\"helixultimate_page_subtitle\":\"\",\"helixultimate_page_title_heading\":\"h2\",\"helixultimate_page_title_bg_color\":\"\",\"helixultimate_page_title_bg_image\":\"\",\"dropdown_position\":\"right\",\"showmenutitle\":\"1\",\"icon\":\"\",\"class\":\"\",\"enable_page_title\":\"0\",\"page_title_alt\":\"\",\"page_subtitle\":\"\",\"page_title_bg_color\":\"\",\"page_title_bg_image\":\"\"}',96,97,0,'*',0,NULL,NULL),
(1105,'mainmenu','Events','events','','community/events','index.php?option=com_community&view=events','component',-2,936,2,10199,NULL,NULL,0,1,' ',0,'{\"menu-anchor_title\":\"\",\"menu-anchor_css\":\"\",\"menu_icon_css\":\"\",\"menu_image\":\"\",\"menu_image_css\":\"\",\"menu_text\":1,\"menu_show\":1,\"page_title\":\"\",\"show_page_heading\":\"\",\"page_heading\":\"\",\"pageclass_sfx\":\"\",\"menu-meta_description\":\"\",\"robots\":\"\",\"helixultimatemenulayout\":\"\",\"helixultimate_enable_page_title\":\"0\",\"helixultimate_page_title_alt\":\"\",\"helixultimate_page_subtitle\":\"\",\"helixultimate_page_title_heading\":\"h2\",\"helixultimate_page_title_bg_color\":\"\",\"helixultimate_page_title_bg_image\":\"\",\"dropdown_position\":\"right\",\"showmenutitle\":\"1\",\"icon\":\"\",\"class\":\"\",\"enable_page_title\":\"0\",\"page_title_alt\":\"\",\"page_subtitle\":\"\",\"page_title_bg_color\":\"\",\"page_title_bg_image\":\"\"}',108,109,0,'*',0,NULL,NULL),
(1106,'mainmenu','CMP for Advertisers','cmp-for-advertisers','','affiliate/advertising/cmp-magazine/cmp-for-advertisers','index.php?option=com_sppagebuilder&view=page&id=14','component',-2,1061,4,10000,NULL,NULL,0,1,' ',0,'{\"menu-anchor_title\":\"\",\"menu-anchor_css\":\"\",\"menu_icon_css\":\"\",\"menu_image\":\"\",\"menu_image_css\":\"\",\"menu_text\":1,\"menu_show\":1,\"page_title\":\"\",\"show_page_heading\":\"\",\"page_heading\":\"\",\"pageclass_sfx\":\"\",\"menu-meta_description\":\"\",\"robots\":\"\",\"helixultimatemenulayout\":\"\",\"helixultimate_enable_page_title\":\"0\",\"helixultimate_page_title_alt\":\"\",\"helixultimate_page_subtitle\":\"\",\"helixultimate_page_title_heading\":\"h2\",\"helixultimate_page_title_bg_color\":\"\",\"helixultimate_page_title_bg_image\":\"\",\"dropdown_position\":\"right\",\"showmenutitle\":\"1\",\"icon\":\"\",\"class\":\"\",\"enable_page_title\":\"0\",\"page_title_alt\":\"\",\"page_subtitle\":\"\",\"page_title_bg_color\":\"\",\"page_title_bg_image\":\"\"}',52,53,0,'*',0,NULL,NULL),
(1107,'mainmenu','CMP for Partners','cmp-for-partners','','affiliate/advertising/cmp-magazine/cmp-for-partners','index.php?option=com_sppagebuilder&view=page&id=11','component',-2,1061,4,10000,NULL,NULL,0,1,' ',0,'{\"menu-anchor_title\":\"\",\"menu-anchor_css\":\"\",\"menu_icon_css\":\"\",\"menu_image\":\"\",\"menu_image_css\":\"\",\"menu_text\":1,\"menu_show\":1,\"page_title\":\"\",\"show_page_heading\":\"\",\"page_heading\":\"\",\"pageclass_sfx\":\"\",\"menu-meta_description\":\"\",\"robots\":\"\",\"helixultimatemenulayout\":\"\",\"helixultimate_enable_page_title\":\"0\",\"helixultimate_page_title_alt\":\"\",\"helixultimate_page_subtitle\":\"\",\"helixultimate_page_title_heading\":\"h2\",\"helixultimate_page_title_bg_color\":\"\",\"helixultimate_page_title_bg_image\":\"\",\"dropdown_position\":\"right\",\"showmenutitle\":\"1\",\"icon\":\"\",\"class\":\"\",\"enable_page_title\":\"0\",\"page_title_alt\":\"\",\"page_subtitle\":\"\",\"page_title_bg_color\":\"\",\"page_title_bg_image\":\"\"}',54,57,0,'*',0,NULL,NULL),
(1108,'mainmenu','Business Events','business-events','','community/business/business-events','index.php?option=com_jbusinessdirectory&view=events&resetSearch=1','component',1,1057,3,10102,NULL,NULL,0,1,' ',0,'{\"menu-anchor_title\":\"\",\"menu-anchor_css\":\"\",\"menu_icon_css\":\"\",\"menu_image\":\"\",\"menu_image_css\":\"\",\"menu_text\":1,\"menu_show\":1,\"page_title\":\"\",\"show_page_heading\":\"\",\"page_heading\":\"\",\"pageclass_sfx\":\"\",\"menu-meta_description\":\"\",\"robots\":\"\",\"helixultimatemenulayout\":\"\",\"helixultimate_enable_page_title\":\"0\",\"helixultimate_page_title_alt\":\"\",\"helixultimate_page_subtitle\":\"\",\"helixultimate_page_title_heading\":\"h2\",\"helixultimate_page_title_bg_color\":\"\",\"helixultimate_page_title_bg_image\":\"\",\"dropdown_position\":\"right\",\"showmenutitle\":\"1\",\"icon\":\"\",\"class\":\"\",\"enable_page_title\":\"0\",\"page_title_alt\":\"\",\"page_subtitle\":\"\",\"page_title_bg_color\":\"\",\"page_title_bg_image\":\"\"}',115,118,0,'*',0,NULL,NULL),
(1130,'mainmenu','* Add Event','add-event','','community/cmpevents/business-events/add-event','index.php?option=com_jbusinessdirectory&view=suggestions','component',0,1102,4,10102,NULL,NULL,0,1,' ',0,'{\"menu-anchor_title\":\"\",\"menu-anchor_css\":\"\",\"menu_icon_css\":\"\",\"menu_image\":\"\",\"menu_image_css\":\"\",\"menu_text\":1,\"menu_show\":1,\"page_title\":\"\",\"show_page_heading\":\"\",\"page_heading\":\"\",\"pageclass_sfx\":\"\",\"menu-meta_description\":\"\",\"robots\":\"\",\"helixultimatemenulayout\":\"\",\"helixultimate_enable_page_title\":\"0\",\"helixultimate_page_title_alt\":\"\",\"helixultimate_page_subtitle\":\"\",\"helixultimate_page_title_heading\":\"h2\",\"helixultimate_page_title_bg_color\":\"\",\"helixultimate_page_title_bg_image\":\"\",\"dropdown_position\":\"right\",\"showmenutitle\":\"1\",\"icon\":\"\",\"class\":\"\",\"enable_page_title\":\"0\",\"page_title_alt\":\"\",\"page_subtitle\":\"\",\"page_title_bg_color\":\"\",\"page_title_bg_image\":\"\"}',84,85,0,'*',0,NULL,NULL),
(1131,'mainmenu','Royal Oak Whitby North','royal-oak-whitby-north','','royal-oak-whitby-north','index.php?option=com_sppagebuilder&view=page&id=19','component',-2,1,1,10000,NULL,NULL,0,1,' ',0,'{\"menu-anchor_title\":\"\",\"menu-anchor_css\":\"\",\"menu_icon_css\":\"\",\"menu_image\":\"\",\"menu_image_css\":\"\",\"menu_text\":1,\"menu_show\":1,\"page_title\":\"\",\"show_page_heading\":\"\",\"page_heading\":\"\",\"pageclass_sfx\":\"\",\"menu-meta_description\":\"\",\"robots\":\"\",\"helixultimatemenulayout\":\"\",\"helixultimate_enable_page_title\":\"0\",\"helixultimate_page_title_alt\":\"\",\"helixultimate_page_subtitle\":\"\",\"helixultimate_page_title_heading\":\"h2\",\"helixultimate_page_title_bg_color\":\"\",\"helixultimate_page_title_bg_image\":\"\",\"dropdown_position\":\"right\",\"showmenutitle\":\"1\",\"icon\":\"\",\"class\":\"\",\"enable_page_title\":\"0\",\"page_title_alt\":\"\",\"page_subtitle\":\"\",\"page_title_bg_color\":\"\",\"page_title_bg_image\":\"\"}',139,140,0,'*',0,NULL,NULL),
(1135,'mainmenu','*Add an Event','add-an-event','','community/business/business-events/add-an-event','index.php?option=com_jbusinessdirectory&view=suggestions','component',1,1108,4,10102,NULL,NULL,0,1,' ',0,'{\"menu-anchor_title\":\"\",\"menu-anchor_css\":\"\",\"menu_icon_css\":\"\",\"menu_image\":\"\",\"menu_image_css\":\"\",\"menu_text\":1,\"menu_show\":1,\"page_title\":\"\",\"show_page_heading\":\"\",\"page_heading\":\"\",\"pageclass_sfx\":\"\",\"menu-meta_description\":\"\",\"robots\":\"\",\"helixultimatemenulayout\":\"\",\"helixultimate_enable_page_title\":\"0\",\"helixultimate_page_title_alt\":\"\",\"helixultimate_page_subtitle\":\"\",\"helixultimate_page_title_heading\":\"h2\",\"helixultimate_page_title_bg_color\":\"\",\"helixultimate_page_title_bg_image\":\"\",\"dropdown_position\":\"right\",\"showmenutitle\":\"1\",\"icon\":\"\",\"class\":\"\",\"enable_page_title\":\"0\",\"page_title_alt\":\"\",\"page_subtitle\":\"\",\"page_title_bg_color\":\"\",\"page_title_bg_image\":\"\"}',116,117,0,'*',0,NULL,NULL),
(1136,'mainmenu','Videos','videos','','videos','index.php?option=com_jbusinessdirectory&view=videos&resetSearch=1&itemType=1&list_layout=1&grid_layout=1&view_mode=1','component',0,1,1,10102,NULL,NULL,0,1,' ',0,'{\"menu-anchor_title\":\"\",\"menu-anchor_css\":\"\",\"menu_icon_css\":\"\",\"menu_image\":\"\",\"menu_image_css\":\"\",\"menu_text\":1,\"menu_show\":1,\"page_title\":\"\",\"show_page_heading\":\"\",\"page_heading\":\"\",\"pageclass_sfx\":\"\",\"menu-meta_description\":\"\",\"robots\":\"\",\"helixultimatemenulayout\":\"\",\"helixultimate_enable_page_title\":\"0\",\"helixultimate_page_title_alt\":\"\",\"helixultimate_page_subtitle\":\"\",\"helixultimate_page_title_heading\":\"h2\",\"helixultimate_page_title_bg_color\":\"\",\"helixultimate_page_title_bg_image\":\"\",\"menulayout\":\"{\\\"width\\\":600,\\\"menuItem\\\":1,\\\"menuAlign\\\":\\\"right\\\",\\\"layout\\\":[{\\\"type\\\":\\\"row\\\",\\\"attr\\\":[{\\\"type\\\":\\\"column\\\",\\\"colGrid\\\":12,\\\"menuParentId\\\":\\\"1136\\\",\\\"moduleId\\\":\\\"\\\"}]}]}\",\"megamenu\":\"0\",\"showmenutitle\":\"1\",\"icon\":\"\",\"class\":\"\",\"enable_page_title\":\"0\",\"page_title_alt\":\"\",\"page_subtitle\":\"\",\"page_title_bg_color\":\"\",\"page_title_bg_image\":\"\"}',69,70,0,'*',0,NULL,NULL),
(1137,'main','OSSOLUTION_PROPERTY','ossolution-property','','ossolution-property','index.php?option=com_osproperty','component',1,1,1,10425,NULL,NULL,0,1,'components/com_osproperty/images/home.png',0,'{}',499,532,0,'',1,NULL,NULL),
(1138,'main','CONTROL_PANEL','control-panel','','ossolution-property/control-panel','index.php?option=com_osproperty','component',1,1137,2,10425,NULL,NULL,0,1,'components/com_osproperty/images/assets/home.png',0,'{}',500,501,0,'',1,NULL,NULL),
(1139,'main','CONFIGURATION','configuration','','ossolution-property/configuration','index.php?option=com_osproperty&task=configuration_list','component',1,1137,2,10425,NULL,NULL,0,1,'components/com_osproperty/images/assets/home.png',0,'{}',502,503,0,'',1,NULL,NULL),
(1140,'main','MANAGE_CATEGORIES','manage-categories','','ossolution-property/manage-categories','index.php?option=com_osproperty&task=categories_list','component',1,1137,2,10425,NULL,NULL,0,1,'components/com_osproperty/images/assets/category.png',0,'{}',504,505,0,'',1,NULL,NULL),
(1141,'main','MANAGE_PROPERTIES','manage-properties','','ossolution-property/manage-properties','index.php?option=com_osproperty&task=properties_list','component',1,1137,2,10425,NULL,NULL,0,1,'components/com_osproperty/images/assets/home.png',0,'{}',506,507,0,'',1,NULL,NULL),
(1142,'main','MANAGE_COMPANIES','manage-companies','','ossolution-property/manage-companies','index.php?option=com_osproperty&task=companies_list','component',1,1137,2,10425,NULL,NULL,0,1,'components/com_osproperty/images/assets/company.png',0,'{}',508,509,0,'',1,NULL,NULL),
(1143,'main','MANAGE_AGENTS','manage-agents','','ossolution-property/manage-agents','index.php?option=com_osproperty&task=agent_list','component',1,1137,2,10425,NULL,NULL,0,1,'components/com_osproperty/images/assets/agent.png',0,'{}',510,511,0,'',1,NULL,NULL),
(1144,'main','MANAGE_PROPERTY_TYPES','manage-property-types','','ossolution-property/manage-property-types','index.php?option=com_osproperty&task=type_list','component',1,1137,2,10425,NULL,NULL,0,1,'components/com_osproperty/images/assets/type.png',0,'{}',512,513,0,'',1,NULL,NULL),
(1145,'main','MANAGE_CONVENIENCE','manage-convenience','','ossolution-property/manage-convenience','index.php?option=com_osproperty&task=amenities_list','component',1,1137,2,10425,NULL,NULL,0,1,'components/com_osproperty/images/assets/convenience.png',0,'{}',514,515,0,'',1,NULL,NULL),
(1146,'main','MANAGE_PRICE_LIST','manage-price-list','','ossolution-property/manage-price-list','index.php?option=com_osproperty&task=pricegroup_list','component',1,1137,2,10425,NULL,NULL,0,1,'components/com_osproperty/images/assets/price.png',0,'{}',516,517,0,'',1,NULL,NULL),
(1147,'main','MANAGE_EXTRA_FIELD_GROUPS','manage-extra-field-groups','','ossolution-property/manage-extra-field-groups','index.php?option=com_osproperty&task=fieldgroup_list','component',1,1137,2,10425,NULL,NULL,0,1,'components/com_osproperty/images/assets/group.png',0,'{}',518,519,0,'',1,NULL,NULL),
(1148,'main','MANAGE_EXTRA_FIELDS','manage-extra-fields','','ossolution-property/manage-extra-fields','index.php?option=com_osproperty&task=extrafield_list','component',1,1137,2,10425,NULL,NULL,0,1,'components/com_osproperty/images/assets/extrafield.png',0,'{}',520,521,0,'',1,NULL,NULL),
(1149,'main','MANAGE_EMAIL_FORMS','manage-email-forms','','ossolution-property/manage-email-forms','index.php?option=com_osproperty&task=email_list','component',1,1137,2,10425,NULL,NULL,0,1,'components/com_osproperty/images/assets/email.png',0,'{}',522,523,0,'',1,NULL,NULL),
(1150,'main','MANAGE_COMMENTS','manage-comments','','ossolution-property/manage-comments','index.php?option=com_osproperty&task=comment_list','component',1,1137,2,10425,NULL,NULL,0,1,'components/com_osproperty/images/assets/comment.png',0,'{}',524,525,0,'',1,NULL,NULL),
(1151,'main','MANAGE_THEMES','manage-themes','','ossolution-property/manage-themes','index.php?option=com_osproperty&task=theme_list','component',1,1137,2,10425,NULL,NULL,0,1,'components/com_osproperty/images/assets/theme.png',0,'{}',526,527,0,'',1,NULL,NULL),
(1152,'main','MANAGE_STATES','manage-states','','ossolution-property/manage-states','index.php?option=com_osproperty&task=state_list','component',1,1137,2,10425,NULL,NULL,0,1,'components/com_osproperty/images/assets/state.png',0,'{}',528,529,0,'',1,NULL,NULL),
(1153,'main','MANAGE_CITIES','manage-cities','','ossolution-property/manage-cities','index.php?option=com_osproperty&task=city_list','component',1,1137,2,10425,NULL,NULL,0,1,'components/com_osproperty/images/assets/city.png',0,'{}',530,531,0,'',1,NULL,NULL),
(1157,'mainmenu','Marketplace','marketplace','','marketplace','index.php?option=com_sppagebuilder&view=page&id=4','component',-2,1,1,10000,NULL,NULL,0,1,' ',0,'{\"menu-anchor_title\":\"\",\"menu-anchor_css\":\"\",\"menu_icon_css\":\"\",\"menu_image\":\"\",\"menu_image_css\":\"\",\"menu_text\":1,\"menu_show\":1,\"page_title\":\"\",\"show_page_heading\":\"\",\"page_heading\":\"\",\"pageclass_sfx\":\"\",\"menu-meta_description\":\"\",\"robots\":\"\",\"helixultimatemenulayout\":\"\",\"helixultimate_enable_page_title\":\"0\",\"helixultimate_page_title_alt\":\"\",\"helixultimate_page_subtitle\":\"\",\"helixultimate_page_title_heading\":\"h2\",\"helixultimate_page_title_bg_color\":\"\",\"helixultimate_page_title_bg_image\":\"\",\"dropdown_position\":\"right\",\"showmenutitle\":\"1\",\"icon\":\"\",\"class\":\"\",\"enable_page_title\":\"0\",\"page_title_alt\":\"\",\"page_subtitle\":\"\",\"page_title_bg_color\":\"\",\"page_title_bg_image\":\"\"}',141,142,0,'*',0,NULL,NULL),
(1158,'mainmenu','Property Admin','property-admin','','property-admin','index.php?option=com_osproperty&view=aaddproperty','component',0,1,1,10425,NULL,NULL,0,1,' ',0,'{\"menu-anchor_title\":\"\",\"menu-anchor_css\":\"\",\"menu_icon_css\":\"\",\"menu_image\":\"\",\"menu_image_css\":\"\",\"menu_text\":1,\"menu_show\":1,\"page_title\":\"\",\"show_page_heading\":\"\",\"page_heading\":\"\",\"pageclass_sfx\":\"\",\"menu-meta_description\":\"\",\"robots\":\"\",\"helixultimatemenulayout\":\"\",\"helixultimate_enable_page_title\":\"0\",\"helixultimate_page_title_alt\":\"\",\"helixultimate_page_subtitle\":\"\",\"helixultimate_page_title_heading\":\"h2\",\"helixultimate_page_title_bg_color\":\"\",\"helixultimate_page_title_bg_image\":\"\",\"menulayout\":\"{\\\"width\\\":600,\\\"menuItem\\\":1,\\\"menuAlign\\\":\\\"right\\\",\\\"layout\\\":[{\\\"type\\\":\\\"row\\\",\\\"attr\\\":[{\\\"type\\\":\\\"column\\\",\\\"colGrid\\\":12,\\\"menuParentId\\\":\\\"1158\\\",\\\"moduleId\\\":\\\"\\\"}]}]}\",\"megamenu\":\"0\",\"showmenutitle\":\"1\",\"icon\":\"\",\"class\":\"\",\"enable_page_title\":\"0\",\"page_title_alt\":\"\",\"page_subtitle\":\"\",\"page_title_bg_color\":\"\",\"page_title_bg_image\":\"\"}',135,138,0,'*',0,NULL,NULL),
(1159,'mainmenu','Agent Registration','agent-registration','','property-admin/agent-registration','index.php?option=com_osproperty&view=aagentregistration','component',0,1158,2,10425,NULL,NULL,0,1,' ',0,'{\"menu-anchor_title\":\"\",\"menu-anchor_css\":\"\",\"menu_icon_css\":\"\",\"menu_image\":\"\",\"menu_image_css\":\"\",\"menu_text\":1,\"menu_show\":1,\"page_title\":\"\",\"show_page_heading\":\"\",\"page_heading\":\"\",\"pageclass_sfx\":\"\",\"menu-meta_description\":\"\",\"robots\":\"\",\"helixultimatemenulayout\":\"\",\"helixultimate_enable_page_title\":\"0\",\"helixultimate_page_title_alt\":\"\",\"helixultimate_page_subtitle\":\"\",\"helixultimate_page_title_heading\":\"h2\",\"helixultimate_page_title_bg_color\":\"\",\"helixultimate_page_title_bg_image\":\"\",\"dropdown_position\":\"right\",\"showmenutitle\":\"1\",\"icon\":\"\",\"class\":\"\",\"enable_page_title\":\"0\",\"page_title_alt\":\"\",\"page_subtitle\":\"\",\"page_title_bg_color\":\"\",\"page_title_bg_image\":\"\"}',136,137,0,'*',0,NULL,NULL),
(1160,'main','JCHAT','jchat','','jchat','index.php?option=com_jchat','component',1,1,1,10428,NULL,NULL,0,1,'class:jchat-16x16',0,'{}',539,540,0,'',1,NULL,NULL),
(1335,'main','COM_SOCIALADS_TITLE_SOCIAL_TARGETING','com-socialads-title-social-targeting','','com-socialads/com-socialads-title-social-targeting','index.php?option=com_socialads&view=importfields','component',1,1326,2,10442,NULL,NULL,0,1,'../.../../media/com_sa/images/s_importfields.png',0,'{}',676,677,0,'',1,NULL,NULL),
(1334,'main','COM_SOCIALADS_TITLE_ZONES','com-socialads-title-zones','','com-socialads/com-socialads-title-zones','index.php?option=com_socialads&view=zones','component',1,1326,2,10442,NULL,NULL,0,1,'../.../../media/com_sa/images/s_zones.png',0,'{}',674,675,0,'',1,NULL,NULL),
(1333,'main','COM_SOCIALADS_TITLE_AD_ORDERS','com-socialads-title-ad-orders','','com-socialads/com-socialads-title-ad-orders','index.php?option=com_socialads&view=adorders','component',1,1326,2,10442,NULL,NULL,0,1,'../.../../media/com_sa/images/s_orders.png',0,'{}',672,673,0,'',1,NULL,NULL),
(1332,'main','COM_SOCIALADS_TITLE_ORDERS','com-socialads-title-orders','','com-socialads/com-socialads-title-orders','index.php?option=com_socialads&view=orders','component',1,1326,2,10442,NULL,NULL,0,1,'../.../../media/com_sa/images/s_orders.png',0,'{}',670,671,0,'',1,NULL,NULL),
(1331,'main','COM_SOCIALADS_TITLE_WALETS','com-socialads-title-walets','','com-socialads/com-socialads-title-walets','index.php?option=com_socialads&view=wallets','component',1,1326,2,10442,NULL,NULL,0,1,'class:component',0,'{}',668,669,0,'',1,NULL,NULL),
(1330,'main','COM_SOCIALADS_TITLE_CAMPAIGNS','com-socialads-title-campaigns','','com-socialads/com-socialads-title-campaigns','index.php?option=com_socialads&view=campaigns','component',1,1326,2,10442,NULL,NULL,0,1,'../.../../media/com_sa/images/s_campaigns.png',0,'{}',666,667,0,'',1,NULL,NULL),
(1329,'main','COM_SOCIALADS_TITLE_COUPONS','com-socialads-title-coupons','','com-socialads/com-socialads-title-coupons','index.php?option=com_socialads&view=coupons','component',1,1326,2,10442,NULL,NULL,0,1,'../.../../media/com_sa/images/s_coupons.png',0,'{}',664,665,0,'',1,NULL,NULL),
(1328,'main','COM_SOCIALADS_TITLE_ADS','com-socialads-title-ads','','com-socialads/com-socialads-title-ads','index.php?option=com_socialads&view=forms','component',1,1326,2,10442,NULL,NULL,0,1,'../.../../media/com_sa/images/s_managesa.png',0,'{}',662,663,0,'',1,NULL,NULL),
(1326,'main','COM_SOCIALADS','com-socialads','','com-socialads','index.php?option=com_socialads','component',1,1,1,10442,NULL,NULL,0,1,'../.../../media/com_sa/images/s_com_sa.png',0,'{}',659,684,0,'',1,NULL,NULL),
(1327,'main','COM_SOCIALADS_TITLE_DASHBOARD','com-socialads-title-dashboard','','com-socialads/com-socialads-title-dashboard','index.php?option=com_socialads&view=dashboard','component',1,1326,2,10442,NULL,NULL,0,1,'../.../../media/com_sa/images/s_dashboard.png',0,'{}',660,661,0,'',1,NULL,NULL),
(1339,'company','Remove Account Data','remove-account-data','','remove-account-data','index.php?option=com_rsform&view=rsform&formId=11','component',1,1,1,10370,NULL,NULL,0,1,' ',0,'{\"menu-anchor_title\":\"\",\"menu-anchor_css\":\"\",\"menu_icon_css\":\"\",\"menu_image\":\"\",\"menu_image_css\":\"\",\"menu_text\":1,\"menu_show\":1,\"page_title\":\"\",\"show_page_heading\":\"\",\"page_heading\":\"\",\"pageclass_sfx\":\"\",\"menu-meta_description\":\"\",\"robots\":\"\",\"helixultimatemenulayout\":\"\",\"helixultimate_enable_page_title\":\"0\",\"helixultimate_page_title_alt\":\"\",\"helixultimate_page_subtitle\":\"\",\"helixultimate_page_title_heading\":\"h2\",\"helixultimate_page_title_bg_color\":\"\",\"helixultimate_page_title_bg_image\":\"\",\"dropdown_position\":\"right\",\"showmenutitle\":\"1\",\"icon\":\"\",\"class\":\"\",\"enable_page_title\":\"0\",\"page_title_alt\":\"\",\"page_subtitle\":\"\",\"page_title_bg_color\":\"\",\"page_title_bg_image\":\"\",\"menu-meta_keywords\":\"\"}',685,686,0,'*',0,NULL,NULL),
(1297,'main','COM_JTICKETING_EVENT_TJGROUP_MENU','com-jticketing-event-tjgroup-menu','','com-jticketing/com-jticketing-event-tjgroup-menu','index.php?option=com_tjfields&view=groups&client=com_jticketing.event','component',1,1277,2,10257,NULL,NULL,0,1,'class:component',0,'{}',628,629,0,'',1,NULL,NULL),
(1274,'main','COM_TJCERTIFICATE','com-tjcertificate','','com-tjcertificate','index.php?option=com_tjcertificate','component',1,1,1,10480,NULL,NULL,0,1,'class:component',0,'{}',589,594,0,'',1,NULL,NULL),
(1275,'main','COM_TJCERTIFICATE_TITLE_CERTIFICATES','com-tjcertificate-title-certificates','','com-tjcertificate/com-tjcertificate-title-certificates','index.php?option=com_tjcertificate&view=templates','component',1,1274,2,10480,NULL,NULL,0,1,'class:component',0,'{}',590,591,0,'',1,NULL,NULL),
(1295,'main','COM_COUPON','com-coupon','','com-jticketing/com-coupon','index.php?option=com_jticketing&view=coupons','component',1,1277,2,10482,NULL,NULL,0,1,'class:component',0,'{}',624,625,0,'',1,NULL,NULL),
(1825,'main','COM_QUICK2CART_TITLE_ZONES','com-quick2cart-title-zones','','com-quick2cart/com-quick2cart-title-zones','index.php?option=com_quick2cart&view=zones','component',1,1811,2,10267,NULL,NULL,0,1,'components/com_quick2cart/assets/images/reports_16.png',0,'{}',982,983,0,'',1,NULL,NULL),
(1293,'main','COM_JTICKETING_CERTIFICATE_ISSUED','com-jticketing-certificate-issued','','com-jticketing/com-jticketing-certificate-issued','index.php?option=com_tjcertificate&view=certificates&extension=com_jticketing.event','component',1,1277,2,10482,NULL,NULL,0,1,'class:component',0,'{}',622,623,0,'',1,NULL,NULL),
(1292,'main','COM_JTICKETING_CERTIFICATE_TEMPLATE','com-jticketing-certificate-template','','com-jticketing/com-jticketing-certificate-template','index.php?option=com_tjcertificate&view=templates&extension=com_jticketing.event','component',1,1277,2,10482,NULL,NULL,0,1,'class:component',0,'{}',620,621,0,'',1,NULL,NULL),
(1824,'main','COM_QUICK2CART_TITLE_REGIONS','com-quick2cart-title-regions','','com-quick2cart/com-quick2cart-title-regions','index.php?option=com_tjfields&view=regions&client=com_quick2cart','component',1,1811,2,10267,NULL,NULL,0,1,'components/com_quick2cart/assets/images/reports_16.png',0,'{}',980,981,0,'',1,NULL,NULL),
(1822,'main','COM_QUICK2CART_SALES_REPORT','com-quick2cart-sales-report','','com-quick2cart/com-quick2cart-sales-report','index.php?option=com_quick2cart&view=salesreport','component',1,1811,2,10267,NULL,NULL,0,1,'components/com_quick2cart/assets/images/reports_16.png',0,'{}',976,977,0,'',1,NULL,NULL),
(1289,'main','COM_JTICKETING_PDF_TEMPLATES','com-jticketing-pdf-templates','','com-jticketing/com-jticketing-pdf-templates','index.php?option=com_jticketing&view=pdftemplates','component',1,1277,2,10482,NULL,NULL,0,1,'class:component',0,'{}',618,619,0,'',1,NULL,NULL),
(1288,'main','COM_EMAIL_CONFIG','com-email-config','','com-jticketing/com-email-config','index.php?option=com_jticketing&view=email_config','component',1,1277,2,10482,NULL,NULL,0,1,'class:component',0,'{}',616,617,0,'',1,NULL,NULL),
(1287,'main','COM_JTICKETING_WAITING_LIST','com-jticketing-waiting-list','','com-jticketing/com-jticketing-waiting-list','index.php?option=com_jticketing&view=waitinglist','component',1,1277,2,10482,NULL,NULL,0,1,'class:component',0,'{}',614,615,0,'',1,NULL,NULL),
(1286,'main','COM_ATTENDEES_VIEW','com-attendees-view','','com-jticketing/com-attendees-view','index.php?option=com_jticketing&view=attendees','component',1,1277,2,10482,NULL,NULL,0,1,'class:component',0,'{}',612,613,0,'',1,NULL,NULL),
(1285,'main','COM_ORDERS','com-orders','','com-jticketing/com-orders','index.php?option=com_jticketing&view=orders','component',1,1277,2,10482,NULL,NULL,0,1,'class:component',0,'{}',610,611,0,'',1,NULL,NULL),
(1284,'main','COM_SALE','com-sale','','com-jticketing/com-sale','index.php?option=com_jticketing&view=allticketsales','component',1,1277,2,10482,NULL,NULL,0,1,'class:component',0,'{}',608,609,0,'',1,NULL,NULL),
(1282,'main','COM_EVENTS','com-events','','com-jticketing/com-events','index.php?option=com_jticketing&view=events','component',1,1277,2,10482,NULL,NULL,0,1,'class:component',0,'{}',604,605,0,'',1,NULL,NULL),
(1283,'main','COM_CATIMPORTEXPORT','com-catimportexport','','com-jticketing/com-catimportexport','index.php?option=com_jticketing&view=catimpexp','component',1,1277,2,10482,NULL,NULL,0,1,'class:component',0,'{}',606,607,0,'',1,NULL,NULL),
(1281,'main','COM_CATEGORIES','com-categories','','com-jticketing/com-categories','index.php?option=com_categories&view=categories&extension=com_jticketing','component',1,1277,2,10482,NULL,NULL,0,1,'class:component',0,'{}',602,603,0,'',1,NULL,NULL),
(1280,'main','COM_JTICKETING_VENUES','com-jticketing-venues','','com-jticketing/com-jticketing-venues','index.php?option=com_jticketing&view=venues','component',1,1277,2,10482,NULL,NULL,0,1,'class:component',0,'{}',600,601,0,'',1,NULL,NULL),
(1279,'main','COM_JTICKETING_TITLE_VENUES_CATS','com-jticketing-title-venues-cats','','com-jticketing/com-jticketing-title-venues-cats','index.php?option=com_categories&view=categories&extension=com_jticketing.venues','component',1,1277,2,10482,NULL,NULL,0,1,'class:component',0,'{}',598,599,0,'',1,NULL,NULL),
(1277,'main','com_jticketing','com-jticketing','','com-jticketing','index.php?option=com_jticketing','component',1,1,1,10482,NULL,NULL,0,1,'components/com_jticketing/assets/images/jticketing16x16.png',0,'{}',595,652,0,'',1,NULL,NULL),
(1278,'main','JT_CP','jt-cp','','com-jticketing/jt-cp','index.php?option=com_jticketing&view=cp','component',1,1277,2,10482,NULL,NULL,0,1,'class:component',0,'{}',596,597,0,'',1,NULL,NULL),
(1336,'main','COM_SOCIALADS_TITLE_COUNTRY','com-socialads-title-country','','com-socialads/com-socialads-title-country','index.php?option=com_tjfields&view=countries&client=com_socialads','component',1,1326,2,10257,NULL,NULL,0,1,'class:component',0,'{}',678,679,0,'',1,NULL,NULL),
(1337,'main','COM_SOCIALADS_TITLE_REGION','com-socialads-title-region','','com-socialads/com-socialads-title-region','index.php?option=com_tjfields&view=regions&client=com_socialads','component',1,1326,2,10257,NULL,NULL,0,1,'class:component',0,'{}',680,681,0,'',1,NULL,NULL),
(1338,'main','COM_SOCIALADS_TITLE_CITY','com-socialads-title-city','','com-socialads/com-socialads-title-city','index.php?option=com_tjfields&view=cities&client=com_socialads','component',1,1326,2,10257,NULL,NULL,0,1,'class:component',0,'{}',682,683,0,'',1,NULL,NULL),
(1216,'mainmenu','Ticketed Events','all-events','','affiliate/all-events','index.php?option=com_jticketing&view=events&layout=default&catid=0','component',-2,101,2,10482,NULL,NULL,0,1,' ',0,'{\"show_search_filter\":\"1\",\"show_filters\":\"both\",\"show_creator_filter\":\"basic\",\"show_event_filter\":\"advanced\",\"show_category_filter\":\"basic\",\"show_location_filter\":\"basic\",\"show_date_filter\":\"basic\",\"show_price_filter\":\"advanced\",\"show_tags_filter\":\"advanced\",\"show_sorting_options\":\"1\",\"default_sort_by_option\":\"created\",\"filter_order_Dir\":\"desc\",\"events_to_show\":\"ongoing\",\"menu-anchor_title\":\"\",\"menu-anchor_css\":\"\",\"menu_icon_css\":\"\",\"menu_image\":\"\",\"menu_image_css\":\"\",\"menu_text\":1,\"menu_show\":1,\"page_title\":\"\",\"show_page_heading\":\"\",\"page_heading\":\"\",\"pageclass_sfx\":\"\",\"menu-meta_description\":\"\",\"robots\":\"\",\"helixultimatemenulayout\":\"\",\"helixultimate_enable_page_title\":\"0\",\"helixultimate_page_title_alt\":\"\",\"helixultimate_page_subtitle\":\"\",\"helixultimate_page_title_heading\":\"h2\",\"helixultimate_page_title_bg_color\":\"\",\"helixultimate_page_title_bg_image\":\"\",\"menu-meta_keywords\":\"\"}',32,35,0,'*',0,NULL,NULL),
(1217,'mainmenu','My Events','my-events','','affiliate/all-events/my-events','index.php?option=com_jticketing&view=events&layout=my','component',-2,1216,3,10482,NULL,NULL,0,1,' ',0,'{\"menu-anchor_title\":\"\",\"menu-anchor_css\":\"\",\"menu_icon_css\":\"\",\"menu_image\":\"\",\"menu_image_css\":\"\",\"menu_text\":1,\"menu_show\":1,\"page_title\":\"\",\"show_page_heading\":\"\",\"page_heading\":\"\",\"pageclass_sfx\":\"\",\"menu-meta_description\":\"\",\"robots\":\"\",\"helixultimatemenulayout\":\"\",\"helixultimate_enable_page_title\":\"0\",\"helixultimate_page_title_alt\":\"\",\"helixultimate_page_subtitle\":\"\",\"helixultimate_page_title_heading\":\"h2\",\"helixultimate_page_title_bg_color\":\"\",\"helixultimate_page_title_bg_image\":\"\",\"menu-meta_keywords\":\"\"}',33,34,0,'*',0,NULL,NULL),
(1311,'main','com_activitystream','com-activitystream','','com-activitystream','index.php?option=com_activitystream&view=activities','component',1,1,1,10483,NULL,NULL,0,1,'class:component',0,'{}',653,654,0,'',1,NULL,NULL),
(1806,'main','COM_JLIKE_TITLE_ABOUT','com-jlike-title-about','','com-jlike/com-jlike-title-about','index.php?option=com_jlike&view=about','component',1,1795,2,10485,NULL,NULL,0,1,'class:component',0,'{}',944,945,0,'',1,NULL,NULL),
(1805,'main','COM_JLIKE_TITLE_VIEW_RATING','com-jlike-title-view-rating','','com-jlike/com-jlike-title-view-rating','index.php?option=com_jlike&view=ratings','component',1,1795,2,10485,NULL,NULL,0,1,'class:component',0,'{}',942,943,0,'',1,NULL,NULL),
(1804,'main','COM_JLIKE_TITLE_RATING_TYPES','com-jlike-title-rating-types','','com-jlike/com-jlike-title-rating-types','index.php?option=com_jlike&view=ratingtypes','component',1,1795,2,10485,NULL,NULL,0,1,'class:component',0,'{}',940,941,0,'',1,NULL,NULL),
(1803,'main','COM_JLIKE_TITLE_PATHS','com-jlike-title-paths','','com-jlike/com-jlike-title-paths','index.php?option=com_jlike&view=paths','component',1,1795,2,10485,NULL,NULL,0,1,'class:component',0,'{}',938,939,0,'',1,NULL,NULL),
(1802,'main','COM_JLIKE_TITLE_PATHS_TYPES','com-jlike-title-paths-types','','com-jlike/com-jlike-title-paths-types','index.php?option=com_jlike&view=types','component',1,1795,2,10485,NULL,NULL,0,1,'class:component',0,'{}',936,937,0,'',1,NULL,NULL),
(1801,'main','COM_JLIKE_TITLE_REMINDERS','com-jlike-title-reminders','','com-jlike/com-jlike-title-reminders','index.php?option=com_jlike&view=reminders','component',1,1795,2,10485,NULL,NULL,0,1,'class:component',0,'{}',934,935,0,'',1,NULL,NULL),
(1800,'main','COM_JLIKE_TITLE_ANNOTATIONS','com-jlike-title-annotations','','com-jlike/com-jlike-title-annotations','index.php?option=com_jlike&view=annotations','component',1,1795,2,10485,NULL,NULL,0,1,'class:component',0,'{}',932,933,0,'',1,NULL,NULL),
(1799,'main','COM_JLIKE_BUTTON_SETTINGS','com-jlike-button-settings','','com-jlike/com-jlike-button-settings','index.php?option=com_jlike&view=buttonset','component',1,1795,2,10485,NULL,NULL,0,1,'class:component',0,'{}',930,931,0,'',1,NULL,NULL),
(1798,'main','COM_JLIKE_TITLE_CONTENTS','com-jlike-title-contents','','com-jlike/com-jlike-title-contents','index.php?option=com_jlike&view=contents','component',1,1795,2,10485,NULL,NULL,0,1,'class:component',0,'{}',928,929,0,'',1,NULL,NULL),
(1797,'main','COM_JLIKE_ELEMENT_CONFIG','com-jlike-element-config','','com-jlike/com-jlike-element-config','index.php?option=com_jlike&view=element_config','component',1,1795,2,10485,NULL,NULL,0,1,'class:component',0,'{}',926,927,0,'',1,NULL,NULL),
(1796,'main','COM_JLIKE_DASHBOARD','com-jlike-dashboard','','com-jlike/com-jlike-dashboard','index.php?option=com_jlike&view=dashboard','component',1,1795,2,10485,NULL,NULL,0,1,'class:component',0,'{}',924,925,0,'',1,NULL,NULL),
(1795,'main','COM_JLIKE','com-jlike','','com-jlike','index.php?option=com_jlike','component',1,1,1,10485,NULL,NULL,0,1,'components/com_jlike/assets/images/icons/jlike_logo.png',0,'{}',923,946,0,'',1,NULL,NULL),
(1324,'main','COM_HIERARCHY','com-hierarchy','','com-hierarchy','index.php?option=com_hierarchy','component',1,1,1,10512,NULL,NULL,0,1,'components/com_hierarchy/assets/images/s_com_hierarchy.png',0,'{}',655,658,0,'',1,NULL,NULL),
(1325,'main','COM_HIERARCHY_TITLE_HIERARCHYS','com-hierarchy-title-hierarchys','','com-hierarchy/com-hierarchy-title-hierarchys','index.php?option=com_hierarchy&view=hierarchys','component',1,1324,2,10512,NULL,NULL,0,1,'components/com_hierarchy/assets/images/s_hierarchys.png',0,'{}',656,657,0,'',1,NULL,NULL),
(1233,'mainmenu','Advertising','advertising','','affiliate/advertising','index.php?option=com_socialads&view=dashboard','component',-2,101,2,10442,NULL,NULL,0,1,' ',0,'{\"menu-anchor_title\":\"\",\"menu-anchor_css\":\"\",\"menu_icon_css\":\"\",\"menu_image\":\"\",\"menu_image_css\":\"\",\"menu_text\":1,\"menu_show\":1,\"page_title\":\"\",\"show_page_heading\":\"\",\"page_heading\":\"\",\"pageclass_sfx\":\"\",\"menu-meta_description\":\"\",\"robots\":\"\",\"helixultimatemenulayout\":\"\",\"helixultimate_enable_page_title\":\"0\",\"helixultimate_page_title_alt\":\"\",\"helixultimate_page_subtitle\":\"\",\"helixultimate_page_title_heading\":\"h2\",\"helixultimate_page_title_bg_color\":\"\",\"helixultimate_page_title_bg_image\":\"\",\"menu-meta_keywords\":\"\"}',36,59,0,'*',0,NULL,NULL),
(1234,'mainmenu','Manage Ads','manage-ads','','affiliate/advertising/manage-ads','index.php?option=com_socialads&view=ads','component',-2,1233,3,10442,NULL,NULL,0,1,' ',0,'{\"menu-anchor_title\":\"\",\"menu-anchor_css\":\"\",\"menu_icon_css\":\"\",\"menu_image\":\"\",\"menu_image_css\":\"\",\"menu_text\":1,\"menu_show\":1,\"page_title\":\"\",\"show_page_heading\":\"\",\"page_heading\":\"\",\"pageclass_sfx\":\"\",\"menu-meta_description\":\"\",\"robots\":\"\",\"helixultimatemenulayout\":\"\",\"helixultimate_enable_page_title\":\"0\",\"helixultimate_page_title_alt\":\"\",\"helixultimate_page_subtitle\":\"\",\"helixultimate_page_title_heading\":\"h2\",\"helixultimate_page_title_bg_color\":\"\",\"helixultimate_page_title_bg_image\":\"\",\"menu-meta_keywords\":\"\"}',49,50,0,'*',0,NULL,NULL),
(1235,'mainmenu','Campaigns','campaigns','','affiliate/advertising/campaigns','index.php?option=com_socialads&view=campaigns','component',-2,1233,3,10442,NULL,NULL,0,1,' ',0,'{\"menu-anchor_title\":\"\",\"menu-anchor_css\":\"\",\"menu_icon_css\":\"\",\"menu_image\":\"\",\"menu_image_css\":\"\",\"menu_text\":1,\"menu_show\":1,\"page_title\":\"\",\"show_page_heading\":\"\",\"page_heading\":\"\",\"pageclass_sfx\":\"\",\"menu-meta_description\":\"\",\"robots\":\"\",\"helixultimatemenulayout\":\"\",\"helixultimate_enable_page_title\":\"0\",\"helixultimate_page_title_alt\":\"\",\"helixultimate_page_subtitle\":\"\",\"helixultimate_page_title_heading\":\"h2\",\"helixultimate_page_title_bg_color\":\"\",\"helixultimate_page_title_bg_image\":\"\",\"menu-meta_keywords\":\"\"}',39,40,0,'*',0,NULL,NULL),
(1236,'mainmenu','Ad Wallet','ad-wallet','','affiliate/advertising/ad-wallet','index.php?option=com_socialads&view=wallet','component',-2,1233,3,10442,NULL,NULL,0,1,' ',0,'{\"menu-anchor_title\":\"\",\"menu-anchor_css\":\"\",\"menu_icon_css\":\"\",\"menu_image\":\"\",\"menu_image_css\":\"\",\"menu_text\":1,\"menu_show\":1,\"page_title\":\"\",\"show_page_heading\":\"\",\"page_heading\":\"\",\"pageclass_sfx\":\"\",\"menu-meta_description\":\"\",\"robots\":\"\",\"helixultimatemenulayout\":\"\",\"helixultimate_enable_page_title\":\"0\",\"helixultimate_page_title_alt\":\"\",\"helixultimate_page_subtitle\":\"\",\"helixultimate_page_title_heading\":\"h2\",\"helixultimate_page_title_bg_color\":\"\",\"helixultimate_page_title_bg_image\":\"\",\"menu-meta_keywords\":\"\"}',37,38,0,'*',0,NULL,NULL),
(1237,'mainmenu','Dashboard','dashboard','','affiliate/advertising/dashboard','index.php?option=com_socialads&view=dashboard','component',-2,1233,3,10442,NULL,NULL,0,1,' ',0,'{\"menu-anchor_title\":\"\",\"menu-anchor_css\":\"\",\"menu_icon_css\":\"\",\"menu_image\":\"\",\"menu_image_css\":\"\",\"menu_text\":1,\"menu_show\":1,\"page_title\":\"\",\"show_page_heading\":\"\",\"page_heading\":\"\",\"pageclass_sfx\":\"\",\"menu-meta_description\":\"\",\"robots\":\"\",\"helixultimatemenulayout\":\"\",\"helixultimate_enable_page_title\":\"0\",\"helixultimate_page_title_alt\":\"\",\"helixultimate_page_subtitle\":\"\",\"helixultimate_page_title_heading\":\"h2\",\"helixultimate_page_title_bg_color\":\"\",\"helixultimate_page_title_bg_image\":\"\",\"menu-meta_keywords\":\"\"}',43,44,0,'*',0,NULL,NULL),
(1238,'mainmenu','Create Ad','create-ad','','affiliate/advertising/create-ad','index.php?option=com_socialads&view=adform','component',-2,1233,3,10442,NULL,NULL,0,1,' ',0,'{\"menu-anchor_title\":\"\",\"menu-anchor_css\":\"\",\"menu_icon_css\":\"\",\"menu_image\":\"\",\"menu_image_css\":\"\",\"menu_text\":1,\"menu_show\":1,\"page_title\":\"\",\"show_page_heading\":\"\",\"page_heading\":\"\",\"pageclass_sfx\":\"\",\"menu-meta_description\":\"\",\"robots\":\"\",\"helixultimatemenulayout\":\"\",\"helixultimate_enable_page_title\":\"0\",\"helixultimate_page_title_alt\":\"\",\"helixultimate_page_subtitle\":\"\",\"helixultimate_page_title_heading\":\"h2\",\"helixultimate_page_title_bg_color\":\"\",\"helixultimate_page_title_bg_image\":\"\",\"menu-meta_keywords\":\"\"}',41,42,0,'*',0,NULL,NULL),
(1239,'mainmenu','My Orders','my-orders','','affiliate/advertising/my-orders','index.php?option=com_socialads&view=myorders','component',-2,1233,3,10442,NULL,NULL,0,1,' ',0,'{\"menu-anchor_title\":\"\",\"menu-anchor_css\":\"\",\"menu_icon_css\":\"\",\"menu_image\":\"\",\"menu_image_css\":\"\",\"menu_text\":1,\"menu_show\":1,\"page_title\":\"\",\"show_page_heading\":\"\",\"page_heading\":\"\",\"pageclass_sfx\":\"\",\"menu-meta_description\":\"\",\"robots\":\"\",\"helixultimatemenulayout\":\"\",\"helixultimate_enable_page_title\":\"0\",\"helixultimate_page_title_alt\":\"\",\"helixultimate_page_subtitle\":\"\",\"helixultimate_page_title_heading\":\"h2\",\"helixultimate_page_title_bg_color\":\"\",\"helixultimate_page_title_bg_image\":\"\",\"menu-meta_keywords\":\"\"}',47,48,0,'*',0,NULL,NULL),
(1240,'mainmenu','Make a Payment','make-a-payment','','affiliate/advertising/make-a-payment','index.php?option=com_socialads&view=payment','component',-2,1233,3,10442,NULL,NULL,0,1,' ',0,'{\"menu-anchor_title\":\"\",\"menu-anchor_css\":\"\",\"menu_icon_css\":\"\",\"menu_image\":\"\",\"menu_image_css\":\"\",\"menu_text\":1,\"menu_show\":1,\"page_title\":\"\",\"show_page_heading\":\"\",\"page_heading\":\"\",\"pageclass_sfx\":\"\",\"menu-meta_description\":\"\",\"robots\":\"\",\"helixultimatemenulayout\":\"\",\"helixultimate_enable_page_title\":\"0\",\"helixultimate_page_title_alt\":\"\",\"helixultimate_page_subtitle\":\"\",\"helixultimate_page_title_heading\":\"h2\",\"helixultimate_page_title_bg_color\":\"\",\"helixultimate_page_title_bg_image\":\"\",\"menu-meta_keywords\":\"\"}',45,46,0,'*',0,NULL,NULL),
(1241,'mainmenu','CampX ','campx','','campx','index.php?option=com_sppagebuilder&view=page&id=34','component',0,1,1,10000,NULL,NULL,0,1,' ',0,'{\"menu-anchor_title\":\"\",\"menu-anchor_css\":\"\",\"menu_icon_css\":\"\",\"menu_image\":\"\",\"menu_image_css\":\"\",\"menu_text\":1,\"menu_show\":1,\"page_title\":\"\",\"show_page_heading\":\"\",\"page_heading\":\"\",\"pageclass_sfx\":\"\",\"menu-meta_description\":\"\",\"robots\":\"\",\"helixultimatemenulayout\":\"\",\"helixultimate_enable_page_title\":\"0\",\"helixultimate_page_title_alt\":\"\",\"helixultimate_page_subtitle\":\"\",\"helixultimate_page_title_heading\":\"h2\",\"helixultimate_page_title_bg_color\":\"\",\"helixultimate_page_title_bg_image\":\"\",\"menu-meta_keywords\":\"\"}',541,566,0,'*',0,NULL,NULL),
(1682,'main','COM_FFEXPLORER_MENU','com-ffexplorer-menu','','com-ffexplorer-menu','index.php?option=com_ffexplorer','component',1,1,1,10562,NULL,NULL,0,1,'class:component',0,'{}',801,802,0,'',1,NULL,NULL),
(1243,'mainmenu','CampX Check Point 1','campx-check-point-1','','campx/campx-check-point-1','index.php?option=com_sppagebuilder&view=page&id=37','component',0,1241,2,10000,NULL,NULL,0,1,' ',0,'{\"menu-anchor_title\":\"\",\"menu-anchor_css\":\"\",\"menu_icon_css\":\"\",\"menu_image\":\"\",\"menu_image_css\":\"\",\"menu_text\":1,\"menu_show\":1,\"page_title\":\"\",\"show_page_heading\":\"\",\"page_heading\":\"\",\"pageclass_sfx\":\"\",\"menu-meta_description\":\"\",\"robots\":\"\",\"helixultimatemenulayout\":\"\",\"helixultimate_enable_page_title\":\"0\",\"helixultimate_page_title_alt\":\"\",\"helixultimate_page_subtitle\":\"\",\"helixultimate_page_title_heading\":\"h2\",\"helixultimate_page_title_bg_color\":\"\",\"helixultimate_page_title_bg_image\":\"\",\"menu-meta_keywords\":\"\"}',542,543,0,'*',0,NULL,NULL),
(1244,'mainmenu','CampX Check Point 2','campx-check-point-2','','campx/campx-check-point-2','index.php?option=com_sppagebuilder&view=page&id=38','component',0,1241,2,10000,NULL,NULL,0,1,' ',0,'{\"menu-anchor_title\":\"\",\"menu-anchor_css\":\"\",\"menu_icon_css\":\"\",\"menu_image\":\"\",\"menu_image_css\":\"\",\"menu_text\":1,\"menu_show\":1,\"page_title\":\"\",\"show_page_heading\":\"\",\"page_heading\":\"\",\"pageclass_sfx\":\"\",\"menu-meta_description\":\"\",\"robots\":\"\",\"helixultimatemenulayout\":\"\",\"helixultimate_enable_page_title\":\"0\",\"helixultimate_page_title_alt\":\"\",\"helixultimate_page_subtitle\":\"\",\"helixultimate_page_title_heading\":\"h2\",\"helixultimate_page_title_bg_color\":\"\",\"helixultimate_page_title_bg_image\":\"\",\"menu-meta_keywords\":\"\"}',544,545,0,'*',0,NULL,NULL),
(1245,'mainmenu','CampX Check Point 3','campx-check-point-3','','campx/campx-check-point-3','index.php?option=com_sppagebuilder&view=page&id=39','component',0,1241,2,10000,NULL,NULL,0,1,' ',0,'{\"menu-anchor_title\":\"\",\"menu-anchor_css\":\"\",\"menu_icon_css\":\"\",\"menu_image\":\"\",\"menu_image_css\":\"\",\"menu_text\":1,\"menu_show\":1,\"page_title\":\"\",\"show_page_heading\":\"\",\"page_heading\":\"\",\"pageclass_sfx\":\"\",\"menu-meta_description\":\"\",\"robots\":\"\",\"helixultimatemenulayout\":\"\",\"helixultimate_enable_page_title\":\"0\",\"helixultimate_page_title_alt\":\"\",\"helixultimate_page_subtitle\":\"\",\"helixultimate_page_title_heading\":\"h2\",\"helixultimate_page_title_bg_color\":\"\",\"helixultimate_page_title_bg_image\":\"\",\"menu-meta_keywords\":\"\"}',546,547,0,'*',0,NULL,NULL),
(1246,'mainmenu','CampX Check Point 4','campx-check-point-4','','campx/campx-check-point-4','index.php?option=com_sppagebuilder&view=page&id=40','component',0,1241,2,10000,NULL,NULL,0,1,' ',0,'{\"menu-anchor_title\":\"\",\"menu-anchor_css\":\"\",\"menu_icon_css\":\"\",\"menu_image\":\"\",\"menu_image_css\":\"\",\"menu_text\":1,\"menu_show\":1,\"page_title\":\"\",\"show_page_heading\":\"\",\"page_heading\":\"\",\"pageclass_sfx\":\"\",\"menu-meta_description\":\"\",\"robots\":\"\",\"helixultimatemenulayout\":\"\",\"helixultimate_enable_page_title\":\"0\",\"helixultimate_page_title_alt\":\"\",\"helixultimate_page_subtitle\":\"\",\"helixultimate_page_title_heading\":\"h2\",\"helixultimate_page_title_bg_color\":\"\",\"helixultimate_page_title_bg_image\":\"\",\"menu-meta_keywords\":\"\"}',548,549,0,'*',0,NULL,NULL),
(1247,'mainmenu','CampX Check Point 5','campx-check-point-5','','campx/campx-check-point-5','index.php?option=com_sppagebuilder&view=page&id=41','component',0,1241,2,10000,NULL,NULL,0,1,' ',0,'{\"menu-anchor_title\":\"\",\"menu-anchor_css\":\"\",\"menu_icon_css\":\"\",\"menu_image\":\"\",\"menu_image_css\":\"\",\"menu_text\":1,\"menu_show\":1,\"page_title\":\"\",\"show_page_heading\":\"\",\"page_heading\":\"\",\"pageclass_sfx\":\"\",\"menu-meta_description\":\"\",\"robots\":\"\",\"helixultimatemenulayout\":\"\",\"helixultimate_enable_page_title\":\"0\",\"helixultimate_page_title_alt\":\"\",\"helixultimate_page_subtitle\":\"\",\"helixultimate_page_title_heading\":\"h2\",\"helixultimate_page_title_bg_color\":\"\",\"helixultimate_page_title_bg_image\":\"\",\"menu-meta_keywords\":\"\"}',550,551,0,'*',0,NULL,NULL),
(1248,'mainmenu','CampX Check Point 6','campx-check-point-6','','campx/campx-check-point-6','index.php?option=com_sppagebuilder&view=page&id=42','component',0,1241,2,10000,NULL,NULL,0,1,' ',0,'{\"menu-anchor_title\":\"\",\"menu-anchor_css\":\"\",\"menu_icon_css\":\"\",\"menu_image\":\"\",\"menu_image_css\":\"\",\"menu_text\":1,\"menu_show\":1,\"page_title\":\"\",\"show_page_heading\":\"\",\"page_heading\":\"\",\"pageclass_sfx\":\"\",\"menu-meta_description\":\"\",\"robots\":\"\",\"helixultimatemenulayout\":\"\",\"helixultimate_enable_page_title\":\"0\",\"helixultimate_page_title_alt\":\"\",\"helixultimate_page_subtitle\":\"\",\"helixultimate_page_title_heading\":\"h2\",\"helixultimate_page_title_bg_color\":\"\",\"helixultimate_page_title_bg_image\":\"\",\"menu-meta_keywords\":\"\"}',552,553,0,'*',0,NULL,NULL),
(1249,'mainmenu','CampX Check Point 7','campx-check-point-7','','campx/campx-check-point-7','index.php?option=com_sppagebuilder&view=page&id=43','component',0,1241,2,10000,NULL,NULL,0,1,' ',0,'{\"menu-anchor_title\":\"\",\"menu-anchor_css\":\"\",\"menu_icon_css\":\"\",\"menu_image\":\"\",\"menu_image_css\":\"\",\"menu_text\":1,\"menu_show\":1,\"page_title\":\"\",\"show_page_heading\":\"\",\"page_heading\":\"\",\"pageclass_sfx\":\"\",\"menu-meta_description\":\"\",\"robots\":\"\",\"helixultimatemenulayout\":\"\",\"helixultimate_enable_page_title\":\"0\",\"helixultimate_page_title_alt\":\"\",\"helixultimate_page_subtitle\":\"\",\"helixultimate_page_title_heading\":\"h2\",\"helixultimate_page_title_bg_color\":\"\",\"helixultimate_page_title_bg_image\":\"\",\"menu-meta_keywords\":\"\"}',554,555,0,'*',0,NULL,NULL),
(1250,'mainmenu','CampX Check Point 8','campx-check-point-8','','campx/campx-check-point-8','index.php?option=com_sppagebuilder&view=page&id=44','component',0,1241,2,10000,NULL,NULL,0,1,' ',0,'{\"menu-anchor_title\":\"\",\"menu-anchor_css\":\"\",\"menu_icon_css\":\"\",\"menu_image\":\"\",\"menu_image_css\":\"\",\"menu_text\":1,\"menu_show\":1,\"page_title\":\"\",\"show_page_heading\":\"\",\"page_heading\":\"\",\"pageclass_sfx\":\"\",\"menu-meta_description\":\"\",\"robots\":\"\",\"helixultimatemenulayout\":\"\",\"helixultimate_enable_page_title\":\"0\",\"helixultimate_page_title_alt\":\"\",\"helixultimate_page_subtitle\":\"\",\"helixultimate_page_title_heading\":\"h2\",\"helixultimate_page_title_bg_color\":\"\",\"helixultimate_page_title_bg_image\":\"\",\"menu-meta_keywords\":\"\"}',556,557,0,'*',0,NULL,NULL),
(1251,'mainmenu','CampX Check Point 9','campx-check-point-9','','campx/campx-check-point-9','index.php?option=com_sppagebuilder&view=page&id=45','component',0,1241,2,10000,NULL,NULL,0,1,' ',0,'{\"menu-anchor_title\":\"\",\"menu-anchor_css\":\"\",\"menu_icon_css\":\"\",\"menu_image\":\"\",\"menu_image_css\":\"\",\"menu_text\":1,\"menu_show\":1,\"page_title\":\"\",\"show_page_heading\":\"\",\"page_heading\":\"\",\"pageclass_sfx\":\"\",\"menu-meta_description\":\"\",\"robots\":\"\",\"helixultimatemenulayout\":\"\",\"helixultimate_enable_page_title\":\"0\",\"helixultimate_page_title_alt\":\"\",\"helixultimate_page_subtitle\":\"\",\"helixultimate_page_title_heading\":\"h2\",\"helixultimate_page_title_bg_color\":\"\",\"helixultimate_page_title_bg_image\":\"\",\"menu-meta_keywords\":\"\"}',558,559,0,'*',0,NULL,NULL),
(1252,'mainmenu','CampX Check Point 10','campx-check-point-10','','campx/campx-check-point-10','index.php?option=com_sppagebuilder&view=page&id=46','component',0,1241,2,10000,NULL,NULL,0,1,' ',0,'{\"menu-anchor_title\":\"\",\"menu-anchor_css\":\"\",\"menu_icon_css\":\"\",\"menu_image\":\"\",\"menu_image_css\":\"\",\"menu_text\":1,\"menu_show\":1,\"page_title\":\"\",\"show_page_heading\":\"\",\"page_heading\":\"\",\"pageclass_sfx\":\"\",\"menu-meta_description\":\"\",\"robots\":\"\",\"helixultimatemenulayout\":\"\",\"helixultimate_enable_page_title\":\"0\",\"helixultimate_page_title_alt\":\"\",\"helixultimate_page_subtitle\":\"\",\"helixultimate_page_title_heading\":\"h2\",\"helixultimate_page_title_bg_color\":\"\",\"helixultimate_page_title_bg_image\":\"\",\"menu-meta_keywords\":\"\"}',560,561,0,'*',0,NULL,NULL),
(1253,'mainmenu','CampX Check Point 11','campx-check-point-11','','campx/campx-check-point-11','index.php?option=com_sppagebuilder&view=page&id=47','component',0,1241,2,10000,NULL,NULL,0,1,' ',0,'{\"menu-anchor_title\":\"\",\"menu-anchor_css\":\"\",\"menu_icon_css\":\"\",\"menu_image\":\"\",\"menu_image_css\":\"\",\"menu_text\":1,\"menu_show\":1,\"page_title\":\"\",\"show_page_heading\":\"\",\"page_heading\":\"\",\"pageclass_sfx\":\"\",\"menu-meta_description\":\"\",\"robots\":\"\",\"helixultimatemenulayout\":\"\",\"helixultimate_enable_page_title\":\"0\",\"helixultimate_page_title_alt\":\"\",\"helixultimate_page_subtitle\":\"\",\"helixultimate_page_title_heading\":\"h2\",\"helixultimate_page_title_bg_color\":\"\",\"helixultimate_page_title_bg_image\":\"\",\"menu-meta_keywords\":\"\"}',562,563,0,'*',0,NULL,NULL),
(1254,'mainmenu','CampX Check Point 12','campx-check-point-12','','campx/campx-check-point-12','index.php?option=com_sppagebuilder&view=page&id=48','component',0,1241,2,10000,NULL,NULL,0,1,' ',0,'{\"menu-anchor_title\":\"\",\"menu-anchor_css\":\"\",\"menu_icon_css\":\"\",\"menu_image\":\"\",\"menu_image_css\":\"\",\"menu_text\":1,\"menu_show\":1,\"page_title\":\"\",\"show_page_heading\":\"\",\"page_heading\":\"\",\"pageclass_sfx\":\"\",\"menu-meta_description\":\"\",\"robots\":\"\",\"helixultimatemenulayout\":\"\",\"helixultimate_enable_page_title\":\"0\",\"helixultimate_page_title_alt\":\"\",\"helixultimate_page_subtitle\":\"\",\"helixultimate_page_title_heading\":\"h2\",\"helixultimate_page_title_bg_color\":\"\",\"helixultimate_page_title_bg_image\":\"\",\"menu-meta_keywords\":\"\"}',564,565,0,'*',0,NULL,NULL),
(1255,'mainmenu','Contact Us','contact-us','','affiliate/contact-us','index.php?option=com_sppagebuilder&view=page&id=3','component',1,101,2,10000,NULL,NULL,0,1,' ',0,'{\"menu-anchor_title\":\"\",\"menu-anchor_css\":\"\",\"menu_icon_css\":\"\",\"menu_image\":\"\",\"menu_image_css\":\"\",\"menu_text\":1,\"menu_show\":1,\"page_title\":\"\",\"show_page_heading\":\"\",\"page_heading\":\"\",\"pageclass_sfx\":\"\",\"menu-meta_description\":\"\",\"robots\":\"\",\"helixultimatemenulayout\":\"\",\"helixultimate_enable_page_title\":\"0\",\"helixultimate_page_title_alt\":\"\",\"helixultimate_page_subtitle\":\"\",\"helixultimate_page_title_heading\":\"h2\",\"helixultimate_page_title_bg_color\":\"\",\"helixultimate_page_title_bg_image\":\"\",\"menu-meta_keywords\":\"\"}',60,61,0,'*',0,NULL,NULL),
(1266,'main','JS_JOBS','js-jobs','','js-jobs','index.php?option=com_jsjobs','component',1,1,1,10572,NULL,NULL,0,1,'../administrator/components/com_jsjobs/include/images/js.png',0,'{}',587,588,0,'',1,NULL,NULL),
(1267,'mainmenu','Employer Control Panel','employer-control-panel','','employer-control-panel','index.php?option=com_jsjobs&view=employer&layout=controlpanel','component',0,1,1,10572,NULL,NULL,0,1,'',0,'{\"menu-anchor_title\":\"\",\"menu-anchor_css\":\"\",\"menu_image\":\"\",\"menu_text\":1,\"page_title\":\"\",\"show_page_heading\":0,\"page_heading\":\"\",\"pageclass_sfx\":\"\",\"menu-meta_description\":\"\",\"menu-meta_keywords\":\"\",\"robots\":\"\",\"secure\":0}',23,24,0,'*',0,NULL,NULL),
(1268,'mainmenu','Job Seeker Control Panel','jobseeker-control-panel','','jobseeker-control-panel','index.php?option=com_jsjobs&view=jobseeker&layout=controlpanel','component',0,1,1,10572,NULL,NULL,0,1,'',0,'{\"menu-anchor_title\":\"\",\"menu-anchor_css\":\"\",\"menu_image\":\"\",\"menu_text\":1,\"page_title\":\"\",\"show_page_heading\":0,\"page_heading\":\"\",\"pageclass_sfx\":\"\",\"menu-meta_description\":\"\",\"menu-meta_keywords\":\"\",\"robots\":\"\",\"secure\":0}',25,26,0,'*',0,NULL,NULL),
(1298,'main','COM_JTICKETING_EVENT_FIELD_MENU','com-jticketing-event-field-menu','','com-jticketing/com-jticketing-event-field-menu','index.php?option=com_fields&context=com_jticketing.event','component',1,1277,2,10482,NULL,NULL,0,1,'class:component',0,'{}',630,631,0,'',1,NULL,NULL),
(1299,'main','COM_JTICKETING_EVENT_GROUP_MENU','com-jticketing-event-group-menu','','com-jticketing/com-jticketing-event-group-menu','index.php?option=com_fields&view=groups&context=com_jticketing.event','component',1,1277,2,10482,NULL,NULL,0,1,'class:component',0,'{}',632,633,0,'',1,NULL,NULL),
(1300,'main','COM_JTICKETING_ATTENDEE_FIELD_MENU','com-jticketing-attendee-field-menu','','com-jticketing/com-jticketing-attendee-field-menu','index.php?option=com_tjfields&view=fields&client=com_jticketing.ticket','component',1,1277,2,10257,NULL,NULL,0,1,'class:component',0,'{}',634,635,0,'',1,NULL,NULL),
(1301,'main','COM_JTICKETING_ATTENDEE_FIELDS_GROUP','com-jticketing-attendee-fields-group','','com-jticketing/com-jticketing-attendee-fields-group','index.php?option=com_tjfields&view=groups&client=com_jticketing.ticket','component',1,1277,2,10257,NULL,NULL,0,1,'class:component',0,'{}',636,637,0,'',1,NULL,NULL),
(1302,'main','COM_JTICKETING_CORE_ATTENDEE_FIELDS','com-jticketing-core-attendee-fields','','com-jticketing/com-jticketing-core-attendee-fields','index.php?option=com_jticketing&view=attendeecorefields&client=com_jticketing','component',1,1277,2,10482,NULL,NULL,0,1,'class:component',0,'{}',638,639,0,'',1,NULL,NULL),
(1303,'main','COM_JTICKETING_EVENT_CATEGORIES_FIELD','com-jticketing-event-categories-field','','com-jticketing/com-jticketing-event-categories-field','index.php?option=com_fields&context=com_jticketing.categories','component',1,1277,2,10482,NULL,NULL,0,1,'class:component',0,'{}',640,641,0,'',1,NULL,NULL),
(1304,'main','COM_JTICKETING_EVENT_CATEGORIES_FIELD_GROUPS','com-jticketing-event-categories-field-groups','','com-jticketing/com-jticketing-event-categories-field-groups','index.php?option=com_fields&view=groups&context=com_jticketing.categories','component',1,1277,2,10482,NULL,NULL,0,1,'class:component',0,'{}',642,643,0,'',1,NULL,NULL),
(1305,'main','COM_JTICKETING_VENUE_FIELD','com-jticketing-venue-field','','com-jticketing/com-jticketing-venue-field','index.php?option=com_fields&context=com_jticketing.venue','component',1,1277,2,10482,NULL,NULL,0,1,'class:component',0,'{}',644,645,0,'',1,NULL,NULL),
(1306,'main','COM_JTICKETING_VENUE_FIELD_GROUPS','com-jticketing-venue-field-groups','','com-jticketing/com-jticketing-venue-field-groups','index.php?option=com_fields&view=groups&context=com_jticketing.venue','component',1,1277,2,10482,NULL,NULL,0,1,'class:component',0,'{}',646,647,0,'',1,NULL,NULL),
(1807,'main','COM_TJVENDORS','com-tjvendors','','com-tjvendors','index.php?option=com_tjvendors','component',1,1,1,10259,NULL,NULL,0,1,'class:component',0,'{}',947,950,0,'',1,NULL,NULL),
(1308,'main','COM_JTICKETING_COUNTRIES','com-jticketing-countries','','com-jticketing/com-jticketing-countries','index.php?option=com_tjfields&view=countries&client=com_jticketing','component',1,1277,2,10257,NULL,NULL,0,1,'class:component',0,'{}',648,649,0,'',1,NULL,NULL),
(1309,'main','COM_JTICKETING_REGIONS','com-jticketing-regions','','com-jticketing/com-jticketing-regions','index.php?option=com_tjfields&view=regions&client=com_jticketing','component',1,1277,2,10257,NULL,NULL,0,1,'class:component',0,'{}',650,651,0,'',1,NULL,NULL),
(1809,'main','COM_TJREPORTS','com-tjreports','','com-tjreports','index.php?option=com_tjreports','component',1,1,1,10261,NULL,NULL,0,1,'media/com_tjreports/images/s_com_tjreports.png',0,'{}',951,954,0,'',1,NULL,NULL),
(1810,'main','COM_TJREPORTS_TITLE_TJREPORTS','com-tjreports-title-tjreports','','com-tjreports/com-tjreports-title-tjreports','index.php?option=com_tjreports&view=tjreports','component',1,1809,2,10261,NULL,NULL,0,1,'media/com_tjreports/images/s_.png',0,'{}',952,953,0,'',1,NULL,NULL),
(1340,'mainmenu','EVENTS','business-events','','business-events','index.php?option=com_jbusinessdirectory&view=events&typeSearch=1&citySearch=3&resetSearch=1&menuCategoryId=273','component',0,1,1,10102,NULL,NULL,0,1,' ',0,'{\"menu-anchor_title\":\"\",\"menu-anchor_css\":\"\",\"menu_icon_css\":\"\",\"menu_image\":\"\",\"menu_image_css\":\"\",\"menu_text\":1,\"menu_show\":1,\"page_title\":\"\",\"show_page_heading\":\"\",\"page_heading\":\"\",\"pageclass_sfx\":\"\",\"menu-meta_description\":\"\",\"robots\":\"\",\"helixultimatemenulayout\":\"\",\"helixultimate_enable_page_title\":\"0\",\"helixultimate_page_title_alt\":\"\",\"helixultimate_page_subtitle\":\"\",\"helixultimate_page_title_heading\":\"h2\",\"helixultimate_page_title_bg_color\":\"\",\"helixultimate_page_title_bg_image\":\"\",\"menulayout\":\"{\\\"width\\\":600,\\\"menuItem\\\":1,\\\"menuAlign\\\":\\\"right\\\",\\\"layout\\\":[{\\\"type\\\":\\\"row\\\",\\\"attr\\\":[{\\\"type\\\":\\\"column\\\",\\\"colGrid\\\":12,\\\"menuParentId\\\":\\\"1340\\\",\\\"moduleId\\\":\\\"\\\"}]}]}\",\"megamenu\":\"0\",\"showmenutitle\":\"1\",\"icon\":\"\",\"class\":\"\",\"enable_page_title\":\"0\",\"page_title_alt\":\"\",\"page_subtitle\":\"\",\"page_title_bg_color\":\"\",\"page_title_bg_image\":\"\",\"menu-meta_keywords\":\"\"}',687,688,0,'*',0,NULL,NULL),
(1823,'main','COM_QUICK2CART_TITLE_COUNTRIES','com-quick2cart-title-countries','','com-quick2cart/com-quick2cart-title-countries','index.php?option=com_tjfields&view=countries&client=com_quick2cart','component',1,1811,2,10267,NULL,NULL,0,1,'components/com_quick2cart/assets/images/reports_16.png',0,'{}',978,979,0,'',1,NULL,NULL),
(1566,'main','COM_CONVERTFORMS_ADDONS','com-convertforms-addons','','com-convertforms/com-convertforms-addons','index.php?option=com_convertforms&view=addons','component',1,1561,2,10357,NULL,NULL,0,1,'class:addons',0,'{}',762,763,0,'',1,NULL,NULL),
(1390,'main','COM_RSEVENTSPRO_MAIN_MENU_EVENTS','com-rseventspro-main-menu-events','','com-rseventspro/com-rseventspro-main-menu-events','index.php?option=com_rseventspro&view=events','component',1,1388,2,10145,NULL,NULL,0,1,'class:component',0,'{}',704,705,0,'',1,NULL,NULL),
(1388,'main','com_rseventspro','com-rseventspro','','com-rseventspro','index.php?option=com_rseventspro','component',1,1,1,10145,NULL,NULL,0,1,'class:component',0,'{}',701,734,0,'',1,NULL,NULL),
(1389,'main','COM_RSEVENTSPRO_MAIN_MENU_OVERVIEW','com-rseventspro-main-menu-overview','','com-rseventspro/com-rseventspro-main-menu-overview','index.php?option=com_rseventspro','component',1,1388,2,10145,NULL,NULL,0,1,'class:component',0,'{}',702,703,0,'',1,NULL,NULL),
(1737,'main','COM_SPPAGEBUILDER_ADMIN_MENU_EASYSTOE','com-sppagebuilder-admin-menu-easystoe','','com-sppagebuilder/com-sppagebuilder-admin-menu-easystoe','index.php?option=com_sppagebuilder&view=editor&tmpl=component#/editor/storefront','component',1,1732,2,10000,NULL,NULL,0,1,'class:component',0,'{}',888,889,0,'',1,NULL,NULL),
(1439,'affiliate-menu','AFFILIATE ACCOUNTS','affiliate-accounts','','affiliate-accounts','index.php?option=com_affiliatetracker&view=accounts','component',1,1,1,10345,NULL,NULL,0,1,' ',0,'{\"menu-anchor_title\":\"\",\"menu-anchor_css\":\"\",\"menu_icon_css\":\"\",\"menu_image\":\"\",\"menu_image_css\":\"\",\"menu_text\":1,\"menu_show\":1,\"page_title\":\"\",\"show_page_heading\":\"\",\"page_heading\":\"\",\"pageclass_sfx\":\"\",\"menu-meta_description\":\"\",\"robots\":\"\",\"helixultimatemenulayout\":\"\",\"helixultimate_enable_page_title\":\"0\",\"helixultimate_page_title_alt\":\"\",\"helixultimate_page_subtitle\":\"\",\"helixultimate_page_title_heading\":\"h2\",\"helixultimate_page_title_bg_color\":\"\",\"helixultimate_page_title_bg_image\":\"\",\"dropdown_position\":\"right\",\"showmenutitle\":\"1\",\"icon\":\"\",\"class\":\"\",\"enable_page_title\":\"0\",\"page_title_alt\":\"\",\"page_subtitle\":\"\",\"page_title_bg_color\":\"\",\"page_title_bg_image\":\"\",\"menu-meta_keywords\":\"\"}',11,12,0,'*',0,NULL,NULL),
(1440,'affiliate-menu','CONVERSIONS','conversions','','conversions','index.php?option=com_affiliatetracker&view=conversions','component',1,1,1,10345,NULL,NULL,0,1,' ',0,'{\"menu-anchor_title\":\"\",\"menu-anchor_css\":\"\",\"menu_icon_css\":\"\",\"menu_image\":\"\",\"menu_image_css\":\"\",\"menu_text\":1,\"menu_show\":1,\"page_title\":\"\",\"show_page_heading\":\"\",\"page_heading\":\"\",\"pageclass_sfx\":\"\",\"menu-meta_description\":\"\",\"robots\":\"\",\"helixultimatemenulayout\":\"\",\"helixultimate_enable_page_title\":\"0\",\"helixultimate_page_title_alt\":\"\",\"helixultimate_page_subtitle\":\"\",\"helixultimate_page_title_heading\":\"h2\",\"helixultimate_page_title_bg_color\":\"\",\"helixultimate_page_title_bg_image\":\"\",\"dropdown_position\":\"right\",\"showmenutitle\":\"1\",\"icon\":\"\",\"class\":\"\",\"enable_page_title\":\"0\",\"page_title_alt\":\"\",\"page_subtitle\":\"\",\"page_title_bg_color\":\"\",\"page_title_bg_image\":\"\",\"menu-meta_keywords\":\"\"}',13,14,0,'*',0,NULL,NULL),
(1441,'affiliate-menu','MARKETING ASSETS','marketing-assets','','marketing-assets','index.php?option=com_affiliatetracker&view=marketings','component',1,1,1,10345,NULL,NULL,0,1,' ',0,'{\"menu-anchor_title\":\"\",\"menu-anchor_css\":\"\",\"menu_icon_css\":\"\",\"menu_image\":\"\",\"menu_image_css\":\"\",\"menu_text\":1,\"menu_show\":1,\"page_title\":\"\",\"show_page_heading\":\"\",\"page_heading\":\"\",\"pageclass_sfx\":\"\",\"menu-meta_description\":\"\",\"robots\":\"\",\"helixultimatemenulayout\":\"\",\"helixultimate_enable_page_title\":\"0\",\"helixultimate_page_title_alt\":\"\",\"helixultimate_page_subtitle\":\"\",\"helixultimate_page_title_heading\":\"h2\",\"helixultimate_page_title_bg_color\":\"\",\"helixultimate_page_title_bg_image\":\"\",\"dropdown_position\":\"right\",\"showmenutitle\":\"1\",\"icon\":\"\",\"class\":\"\",\"enable_page_title\":\"0\",\"page_title_alt\":\"\",\"page_subtitle\":\"\",\"page_title_bg_color\":\"\",\"page_title_bg_image\":\"\",\"menu-meta_keywords\":\"\"}',15,16,0,'*',0,NULL,NULL),
(1442,'affiliate-menu','PAYMENTS PORTAL','payment-portal','','payment-portal','index.php?option=com_affiliatetracker&view=payments','component',1,1,1,10345,NULL,NULL,0,1,' ',0,'{\"menu-anchor_title\":\"\",\"menu-anchor_css\":\"\",\"menu_icon_css\":\"\",\"menu_image\":\"\",\"menu_image_css\":\"\",\"menu_text\":1,\"menu_show\":1,\"page_title\":\"\",\"show_page_heading\":\"\",\"page_heading\":\"\",\"pageclass_sfx\":\"\",\"menu-meta_description\":\"\",\"robots\":\"\",\"helixultimatemenulayout\":\"\",\"helixultimate_enable_page_title\":\"0\",\"helixultimate_page_title_alt\":\"\",\"helixultimate_page_subtitle\":\"\",\"helixultimate_page_title_heading\":\"h2\",\"helixultimate_page_title_bg_color\":\"\",\"helixultimate_page_title_bg_image\":\"\",\"menulayout\":\"{\\\"width\\\":600,\\\"menuItem\\\":1,\\\"menuAlign\\\":\\\"right\\\",\\\"layout\\\":[{\\\"type\\\":\\\"row\\\",\\\"attr\\\":[{\\\"type\\\":\\\"column\\\",\\\"colGrid\\\":12,\\\"menuParentId\\\":\\\"1442\\\",\\\"moduleId\\\":\\\"\\\"}]}]}\",\"megamenu\":\"0\",\"showmenutitle\":\"1\",\"icon\":\"\",\"class\":\"\",\"enable_page_title\":\"0\",\"page_title_alt\":\"\",\"page_subtitle\":\"\",\"page_title_bg_color\":\"\",\"page_title_bg_image\":\"\",\"menu-meta_keywords\":\"\"}',17,18,0,'*',0,NULL,NULL),
(1443,'affiliate-menu','*BECOME AN AFFILIATE FORM','become-an-affiliate-form','','become-an-affiliate-form','index.php?option=com_affiliatetracker&view=account&layout=form','component',1,1,1,10345,NULL,NULL,0,1,' ',0,'{\"menu-anchor_title\":\"\",\"menu-anchor_css\":\"\",\"menu_icon_css\":\"\",\"menu_image\":\"\",\"menu_image_css\":\"\",\"menu_text\":1,\"menu_show\":1,\"page_title\":\"\",\"show_page_heading\":\"\",\"page_heading\":\"\",\"pageclass_sfx\":\"\",\"menu-meta_description\":\"\",\"robots\":\"\",\"helixultimatemenulayout\":\"\",\"helixultimate_enable_page_title\":\"0\",\"helixultimate_page_title_alt\":\"\",\"helixultimate_page_subtitle\":\"\",\"helixultimate_page_title_heading\":\"h2\",\"helixultimate_page_title_bg_color\":\"\",\"helixultimate_page_title_bg_image\":\"\",\"dropdown_position\":\"right\",\"showmenutitle\":\"1\",\"icon\":\"\",\"class\":\"\",\"enable_page_title\":\"0\",\"page_title_alt\":\"\",\"page_subtitle\":\"\",\"page_title_bg_color\":\"\",\"page_title_bg_image\":\"\",\"menu-meta_keywords\":\"\"}',21,22,0,'*',0,NULL,NULL),
(1444,'affiliate-menu','UPLOAD EXPENSE','upload-expense','','upload-expense','index.php?option=com_rsform&view=rsform&formId=21','component',1,1,1,10370,NULL,NULL,0,1,' ',0,'{\"menu-anchor_title\":\"\",\"menu-anchor_css\":\"\",\"menu_icon_css\":\"\",\"menu_image\":\"\",\"menu_image_css\":\"\",\"menu_text\":1,\"menu_show\":1,\"page_title\":\"\",\"show_page_heading\":\"\",\"page_heading\":\"\",\"pageclass_sfx\":\"\",\"menu-meta_description\":\"\",\"robots\":\"\",\"helixultimatemenulayout\":\"\",\"helixultimate_enable_page_title\":\"0\",\"helixultimate_page_title_alt\":\"\",\"helixultimate_page_subtitle\":\"\",\"helixultimate_page_title_heading\":\"h2\",\"helixultimate_page_title_bg_color\":\"\",\"helixultimate_page_title_bg_image\":\"\",\"dropdown_position\":\"right\",\"showmenutitle\":\"1\",\"icon\":\"\",\"class\":\"\",\"enable_page_title\":\"0\",\"page_title_alt\":\"\",\"page_subtitle\":\"\",\"page_title_bg_color\":\"\",\"page_title_bg_image\":\"\",\"menu-meta_keywords\":\"\"}',19,20,0,'*',0,NULL,NULL),
(1445,'affiliate-menu','VIEW EXPENSES','view-expenses','','view-expenses','index.php?option=com_rsform&view=directory','component',1,1,1,10370,NULL,NULL,0,1,' ',0,'{\"formId\":\"21\",\"lang\":\"\",\"enable_directory\":\"1\",\"alignment\":\"left\",\"show_descriptions\":\"1\",\"show_confirmed\":\"1\",\"show_filtering_result\":\"1\",\"show_all_submissions\":\"1\",\"show_logged_in_submissions\":\"0\",\"userId\":\"\",\"display_num\":\"50\",\"enclosure\":\"\\\"\",\"delimiter\":\",\",\"total_cache\":0,\"default_ordering\":\"SubmissionId\",\"default_direction\":\"desc\",\"filter_glue\":\"OR\",\"menu-anchor_title\":\"\",\"menu-anchor_css\":\"\",\"menu_icon_css\":\"\",\"menu_image\":\"\",\"menu_image_css\":\"\",\"menu_text\":1,\"menu_show\":1,\"page_title\":\"\",\"show_page_heading\":\"\",\"page_heading\":\"\",\"pageclass_sfx\":\"\",\"menu-meta_description\":\"\",\"robots\":\"\",\"helixultimatemenulayout\":\"\",\"helixultimate_enable_page_title\":\"0\",\"helixultimate_page_title_alt\":\"\",\"helixultimate_page_subtitle\":\"\",\"helixultimate_page_title_heading\":\"h2\",\"helixultimate_page_title_bg_color\":\"\",\"helixultimate_page_title_bg_image\":\"\",\"dropdown_position\":\"right\",\"showmenutitle\":\"1\",\"icon\":\"\",\"class\":\"\",\"enable_page_title\":\"0\",\"page_title_alt\":\"\",\"page_subtitle\":\"\",\"page_title_bg_color\":\"\",\"page_title_bg_image\":\"\",\"menu-meta_keywords\":\"\"}',739,740,0,'*',0,NULL,NULL),
(1736,'main','COM_SPPAGEBUILDER_ADMIN_MENU_CATEGORIES','com-sppagebuilder-admin-menu-categories','','com-sppagebuilder/com-sppagebuilder-admin-menu-categories','index.php?option=com_categories&extension=com_sppagebuilder','component',1,1732,2,10000,NULL,NULL,0,1,'class:component',0,'{}',886,887,0,'',1,NULL,NULL),
(1734,'main','COM_SPPAGEBUILDER_ADMIN_MENU_DYNAMIC_CONTENT','com-sppagebuilder-admin-menu-dynamic-content','','com-sppagebuilder/com-sppagebuilder-admin-menu-dynamic-content','index.php?option=com_sppagebuilder&view=editor&tmpl=component#/dynamic-content','component',1,1732,2,10000,NULL,NULL,0,1,'class:component',0,'{}',882,883,0,'',1,NULL,NULL),
(1735,'main','COM_SPPAGEBUILDER_ADMIN_MENU_MEDIA','com-sppagebuilder-admin-menu-media','','com-sppagebuilder/com-sppagebuilder-admin-menu-media','index.php?option=com_sppagebuilder&view=editor&tmpl=component#/media-manager','component',1,1732,2,10000,NULL,NULL,0,1,'class:component',0,'{}',884,885,0,'',1,NULL,NULL),
(1732,'main','COM_SPPAGEBUILDER','com-sppagebuilder','','com-sppagebuilder','index.php?option=com_sppagebuilder&view=editor','component',1,1,1,10000,NULL,NULL,0,1,'class:component',0,'{}',879,892,0,'',1,NULL,NULL),
(1733,'main','COM_SPPAGEBUILDER_ADMIN_MENU_PAGES','com-sppagebuilder-admin-menu-pages','','com-sppagebuilder/com-sppagebuilder-admin-menu-pages','index.php?option=com_sppagebuilder&view=editor&tmpl=component','component',1,1732,2,10000,NULL,NULL,0,1,'class:component',0,'{}',880,881,0,'',1,NULL,NULL),
(1808,'main','COM_TJVENDORS_TJNOTIFICATIONS_MENU','com-tjvendors-tjnotifications-menu','','com-tjvendors/com-tjvendors-tjnotifications-menu','index.php?option=com_tjnotifications&extension=com_tjvendors','component',1,1807,2,10259,NULL,NULL,0,1,'../.../../media/com_jgive/images/icon-16-campaigns.png',0,'{}',948,949,0,'',1,NULL,NULL),
(1820,'main','COM_QUICK2CART_PROMOTIONS','com-quick2cart-promotions','','com-quick2cart/com-quick2cart-promotions','index.php?option=com_quick2cart&view=promotions','component',1,1811,2,10267,NULL,NULL,0,1,'components/com_quick2cart/assets/images/coupons_16.png',0,'{}',972,973,0,'',1,NULL,NULL),
(1819,'main','COM_QUICK2CART_PRODUCT','com-quick2cart-product','','com-quick2cart/com-quick2cart-product','index.php?option=com_quick2cart&view=products','component',1,1811,2,10267,NULL,NULL,0,1,'components/com_quick2cart/assets/images/products_16.png',0,'{}',970,971,0,'',1,NULL,NULL),
(1794,'main','com_tjnotifications','com-tjnotifications','','com-tjnotifications','index.php?option=com_tjnotifications','component',1,1,1,10256,NULL,NULL,0,1,'class:component',0,'{}',921,922,0,'',1,NULL,NULL),
(1817,'main','COM_QUICK2CART_TITLE_ATTRIBUTESETS','com-quick2cart-title-attributesets','','com-quick2cart/com-quick2cart-title-attributesets','index.php?option=com_quick2cart&view=attributesets','component',1,1811,2,10267,NULL,NULL,0,1,'components/com_quick2cart/assets/images/categories_16.png',0,'{}',966,967,0,'',1,NULL,NULL),
(1572,'main','COM_RSFORM_CONFIGURATION','com-rsform-configuration','','rsformpro/com-rsform-configuration','index.php?option=com_rsform&view=configuration','component',1,1567,2,10370,NULL,NULL,0,1,'class:component',0,'{}',774,775,0,'',1,NULL,NULL),
(1691,'main','COM_SPBOOKING_TITLE_CATEGORIES','com-spbooking-title-categories','','com-spbooking/com-spbooking-title-categories','index.php?option=com_spbooking&view=categories','component',1,1689,2,10678,NULL,NULL,0,1,'class:component',0,'{}',806,807,0,'',1,NULL,NULL),
(1692,'main','COM_SPBOOKING_TITLE_ADDITIONALSERVICES','com-spbooking-title-additionalservices','','com-spbooking/com-spbooking-title-additionalservices','index.php?option=com_spbooking&view=additionalservices','component',1,1689,2,10678,NULL,NULL,0,1,'class:component',0,'{}',808,809,0,'',1,NULL,NULL),
(1818,'main','COM_QUICK2CART_ATTRIBUTESET_CATEGORY_MAPPING','com-quick2cart-attributeset-category-mapping','','com-quick2cart/com-quick2cart-attributeset-category-mapping','index.php?option=com_quick2cart&view=attributesetmapping','component',1,1811,2,10267,NULL,NULL,0,1,'components/com_quick2cart/assets/images/categories_16.png',0,'{}',968,969,0,'',1,NULL,NULL),
(1816,'main','COM_QUICK2CART_GLOBAL_ATTRIBUTES','com-quick2cart-global-attributes','','com-quick2cart/com-quick2cart-global-attributes','index.php?option=com_quick2cart&view=globalattributes','component',1,1811,2,10267,NULL,NULL,0,1,'components/com_quick2cart/assets/images/categories_16.png',0,'{}',964,965,0,'',1,NULL,NULL),
(1694,'main','COM_SPBOOKING_TITLE_ROOMS','com-spbooking-title-rooms','','com-spbooking/com-spbooking-title-rooms','index.php?option=com_spbooking&view=rooms','component',1,1689,2,10678,NULL,NULL,0,1,'class:component',0,'{}',812,813,0,'',1,NULL,NULL),
(1695,'main','COM_SPBOOKING_TITLE_COUPONS','com-spbooking-title-coupons','','com-spbooking/com-spbooking-title-coupons','index.php?option=com_spbooking&view=coupons','component',1,1689,2,10678,NULL,NULL,0,1,'class:component',0,'{}',814,815,0,'',1,NULL,NULL),
(1696,'main','COM_SPBOOKING_TITLE_PACKAGES','com-spbooking-title-packages','','com-spbooking/com-spbooking-title-packages','index.php?option=com_spbooking&view=packages','component',1,1689,2,10678,NULL,NULL,0,1,'class:component',0,'{}',816,817,0,'',1,NULL,NULL),
(1697,'main','COM_SPBOOKING_TITLE_PACKAGE_TYPES','com-spbooking-title-package-types','','com-spbooking/com-spbooking-title-package-types','index.php?option=com_spbooking&view=packagetypes','component',1,1689,2,10678,NULL,NULL,0,1,'class:component',0,'{}',818,819,0,'',1,NULL,NULL),
(1698,'main','COM_SPBOOKING_TITLE_TRANSPORTS','com-spbooking-title-transports','','com-spbooking/com-spbooking-title-transports','index.php?option=com_spbooking&view=transports','component',1,1689,2,10678,NULL,NULL,0,1,'class:component',0,'{}',820,821,0,'',1,NULL,NULL),
(1699,'main','COM_SPBOOKING_TITLE_PLACES','com-spbooking-title-places','','com-spbooking/com-spbooking-title-places','index.php?option=com_spbooking&view=places','component',1,1689,2,10678,NULL,NULL,0,1,'class:component',0,'{}',822,823,0,'',1,NULL,NULL),
(1700,'main','COM_SPBOOKING_TITLE_BOOKINGS','com-spbooking-title-bookings','','com-spbooking/com-spbooking-title-bookings','index.php?option=com_spbooking&view=bookings','component',1,1689,2,10678,NULL,NULL,0,1,'class:component',0,'{}',824,825,0,'',1,NULL,NULL),
(1701,'main','COM_SPBOOKING_TITLE_TAGS','com-spbooking-title-tags','','com-spbooking/com-spbooking-title-tags','index.php?option=com_spbooking&view=tags','component',1,1689,2,10678,NULL,NULL,0,1,'class:component',0,'{}',826,827,0,'',1,NULL,NULL),
(1702,'main','COM_SPBOOKING_TITLE_REVIEWS','com-spbooking-title-reviews','','com-spbooking/com-spbooking-title-reviews','index.php?option=com_spbooking&view=reviews','component',1,1689,2,10678,NULL,NULL,0,1,'class:component',0,'{}',828,829,0,'',1,NULL,NULL),
(1703,'main','COM_SPMEDICAL','com-spmedical','','com-spmedical','index.php?option=com_spmedical&view=dashboard','component',1,1,1,10688,NULL,NULL,0,1,'class:component',0,'{}',831,840,0,'',1,NULL,NULL),
(1704,'main','COM_SPMEDICAL_DASHBOARD','com-spmedical-dashboard','','com-spmedical/com-spmedical-dashboard','index.php?option=com_spmedical&view=dashboard','component',1,1703,2,10688,NULL,NULL,0,1,'class:component',0,'{}',832,833,0,'',1,NULL,NULL),
(1705,'main','COM_SPMEDICAL_DEPARTMENTS','com-spmedical-departments','','com-spmedical/com-spmedical-departments','index.php?option=com_spmedical&view=departments','component',1,1703,2,10688,NULL,NULL,0,1,'class:component',0,'{}',834,835,0,'',1,NULL,NULL),
(1706,'main','COM_SPMEDICAL_SPECIALISTS','com-spmedical-specialists','','com-spmedical/com-spmedical-specialists','index.php?option=com_spmedical&view=specialists','component',1,1703,2,10688,NULL,NULL,0,1,'class:component',0,'{}',836,837,0,'',1,NULL,NULL),
(1707,'main','COM_SPMEDICAL_APPOINTMENTS','com-spmedical-appointments','','com-spmedical/com-spmedical-appointments','index.php?option=com_spmedical&view=appointments','component',1,1703,2,10688,NULL,NULL,0,1,'class:component',0,'{}',838,839,0,'',1,NULL,NULL),
(1712,'main','COM_SPPOLLS','com-sppolls','','com-sppolls','index.php?option=com_sppolls&view=polls','component',1,1,1,10694,NULL,NULL,0,1,'class:component',0,'{}',847,848,0,'',1,NULL,NULL),
(1713,'main','COM_SPLMS','com-splms','','com-splms','index.php?option=com_splms&view=dashboard','component',1,1,1,10696,NULL,NULL,0,1,'class:component',0,'{}',849,878,0,'',1,NULL,NULL),
(1714,'main','COM_SPLMS_DASHBOARD','com-splms-dashboard','','com-splms/com-splms-dashboard','index.php?option=com_splms&view=dashboard','component',1,1713,2,10696,NULL,NULL,0,1,'class:component',0,'{}',850,851,0,'',1,NULL,NULL),
(1715,'main','COM_SPLMS_TEACHERS','com-splms-teachers','','com-splms/com-splms-teachers','index.php?option=com_splms&view=teachers','component',1,1713,2,10696,NULL,NULL,0,1,'class:component',0,'{}',852,853,0,'',1,NULL,NULL),
(1716,'main','COM_SPLMS_COURSE_CATEGORIES','com-splms-course-categories','','com-splms/com-splms-course-categories','index.php?option=com_splms&view=coursescategories','component',1,1713,2,10696,NULL,NULL,0,1,'class:component',0,'{}',854,855,0,'',1,NULL,NULL),
(1717,'main','COM_SPLMS_COURSES','com-splms-courses','','com-splms/com-splms-courses','index.php?option=com_splms&view=courses','component',1,1713,2,10696,NULL,NULL,0,1,'class:component',0,'{}',856,857,0,'',1,NULL,NULL),
(1718,'main','COM_SPLMS_LESSON_TOPICS','com-splms-lesson-topics','','com-splms/com-splms-lesson-topics','index.php?option=com_splms&view=lessiontopics','component',1,1713,2,10696,NULL,NULL,0,1,'class:component',0,'{}',858,859,0,'',1,NULL,NULL),
(1719,'main','COM_SPLMS_LESSONS','com-splms-lessons','','com-splms/com-splms-lessons','index.php?option=com_splms&view=lessons','component',1,1713,2,10696,NULL,NULL,0,1,'class:component',0,'{}',860,861,0,'',1,NULL,NULL),
(1720,'main','COM_SPLMS_TITLE_QUIZQUESTIONS','com-splms-title-quizquestions','','com-splms/com-splms-title-quizquestions','index.php?option=com_splms&view=quizquestions','component',1,1713,2,10696,NULL,NULL,0,1,'class:component',0,'{}',862,863,0,'',1,NULL,NULL),
(1721,'main','COM_SPLMS_TITLE_QUIZRESULTS','com-splms-title-quizresults','','com-splms/com-splms-title-quizresults','index.php?option=com_splms&view=quizresults','component',1,1713,2,10696,NULL,NULL,0,1,'class:component',0,'{}',864,865,0,'',1,NULL,NULL),
(1722,'main','COM_SPLMS_TITLE_CERTIFICATES','com-splms-title-certificates','','com-splms/com-splms-title-certificates','index.php?option=com_splms&view=certificates','component',1,1713,2,10696,NULL,NULL,0,1,'class:component',0,'{}',866,867,0,'',1,NULL,NULL),
(1723,'main','COM_SPLMS_SPEAKERS','com-splms-speakers','','com-splms/com-splms-speakers','index.php?option=com_splms&view=speakers','component',1,1713,2,10696,NULL,NULL,0,1,'class:component',0,'{}',868,869,0,'',1,NULL,NULL),
(1724,'main','COM_SPLMS_EVENT_CATEGORIES','com-splms-event-categories','','com-splms/com-splms-event-categories','index.php?option=com_splms&view=eventcategories','component',1,1713,2,10696,NULL,NULL,0,1,'class:component',0,'{}',870,871,0,'',1,NULL,NULL),
(1725,'main','COM_SPLMS_EVENTS','com-splms-events','','com-splms/com-splms-events','index.php?option=com_splms&view=events','component',1,1713,2,10696,NULL,NULL,0,1,'class:component',0,'{}',872,873,0,'',1,NULL,NULL),
(1726,'main','COM_SPLMS_REVIEWS','com-splms-reviews','','com-splms/com-splms-reviews','index.php?option=com_splms&view=reviews','component',1,1713,2,10696,NULL,NULL,0,1,'class:component',0,'{}',874,875,0,'',1,NULL,NULL),
(1727,'main','COM_SPLMS_ORDERS','com-splms-orders','','com-splms/com-splms-orders','index.php?option=com_splms&view=orders','component',1,1713,2,10696,NULL,NULL,0,1,'class:component',0,'{}',876,877,0,'',1,NULL,NULL),
(1738,'main','COM_SPPAGEBUILDER_ADMIN_MENU_SETTINGS','com-sppagebuilder-admin-menu-settings','','com-sppagebuilder/com-sppagebuilder-admin-menu-settings','index.php?option=com_sppagebuilder&view=editor&tmpl=component#/settings','component',1,1732,2,10000,NULL,NULL,0,1,'class:component',0,'{}',890,891,0,'',1,NULL,NULL),
(1739,'main','COM_SPPROPERTY','com-spproperty','','com-spproperty','index.php?option=com_spproperty&view=properties','component',1,1,1,10709,NULL,NULL,0,1,'class:component',0,'{}',893,904,0,'',1,NULL,NULL),
(1740,'main','COM_SPPROPERTY_TITLE_AGENTS','com-spproperty-title-agents','','com-spproperty/com-spproperty-title-agents','index.php?option=com_spproperty&view=agents','component',1,1739,2,10709,NULL,NULL,0,1,'class:component',0,'{}',894,895,0,'',1,NULL,NULL),
(1741,'main','COM_SPPROPERTY_TITLE_CATEGORIES','com-spproperty-title-categories','','com-spproperty/com-spproperty-title-categories','index.php?option=com_spproperty&view=categories','component',1,1739,2,10709,NULL,NULL,0,1,'class:component',0,'{}',896,897,0,'',1,NULL,NULL),
(1742,'main','COM_SPPROPERTY_TITLE_PROPERTYFEATURES','com-spproperty-title-propertyfeatures','','com-spproperty/com-spproperty-title-propertyfeatures','index.php?option=com_spproperty&view=propertyfeatures','component',1,1739,2,10709,NULL,NULL,0,1,'class:component',0,'{}',898,899,0,'',1,NULL,NULL),
(1743,'main','COM_SPPROPERTY_TITLE_PROPERTIES','com-spproperty-title-properties','','com-spproperty/com-spproperty-title-properties','index.php?option=com_spproperty&view=properties','component',1,1739,2,10709,NULL,NULL,0,1,'class:component',0,'{}',900,901,0,'',1,NULL,NULL),
(1744,'main','COM_SPPROPERTY_TITLE_VISITREQUESTS','com-spproperty-title-visitrequests','','com-spproperty/com-spproperty-title-visitrequests','index.php?option=com_spproperty&view=visitrequests','component',1,1739,2,10709,NULL,NULL,0,1,'class:component',0,'{}',902,903,0,'',1,NULL,NULL),
(1834,'main','COM_QUICK2CART_PAYOUTS_REPORT','com-quick2cart-payouts-report','','com-quick2cart/com-quick2cart-payouts-report','index.php?option=com_quick2cart&view=payouts','component',1,1811,2,10267,NULL,NULL,0,1,'components/com_quick2cart/assets/images/payouts_16.png',0,'{}',1000,1001,0,'',1,NULL,NULL),
(1815,'main','COM_QUICK2CART_CATEGORIES','com-quick2cart-categories','','com-quick2cart/com-quick2cart-categories','index.php?option=com_categories&view=categories&extension=com_quick2cart','component',1,1811,2,10267,NULL,NULL,0,1,'components/com_quick2cart/assets/images/categories_16.png',0,'{}',962,963,0,'',1,NULL,NULL),
(1814,'main','COM_QUICK2CART_VENDOR','com-quick2cart-vendor','','com-quick2cart/com-quick2cart-vendor','index.php?option=com_tjvendors&view=vendors&client=com_quick2cart','component',1,1811,2,10267,NULL,NULL,0,1,'components/com_quick2cart/assets/images/stores_16.png',0,'{}',960,961,0,'',1,NULL,NULL),
(1812,'main','COM_DASH','com-dash','','com-quick2cart/com-dash','index.php?option=com_quick2cart&view=dashboard','component',1,1811,2,10267,NULL,NULL,0,1,'components/com_quick2cart/assets/images/dashboard_16.png',0,'{}',956,957,0,'',1,NULL,NULL),
(1813,'main','COM_QUICK2CART_TITLE_STORES','com-quick2cart-title-stores','','com-quick2cart/com-quick2cart-title-stores','index.php?option=com_quick2cart&view=stores','component',1,1811,2,10267,NULL,NULL,0,1,'components/com_quick2cart/assets/images/stores_16.png',0,'{}',958,959,0,'',1,NULL,NULL);

--
