-- Table structure for table `n36ic_hotelreservation_payment_processors`
--

CREATE TABLE `n36ic_hotelreservation_payment_processors` (
  `id` int(10) NOT NULL AUTO_INCREMENT,
  `hotel_id` int(5) NOT NULL DEFAULT -1,
  `name` varchar(255) DEFAULT NULL,
  `type` varchar(255) DEFAULT NULL,
  `username` varchar(50) NOT NULL DEFAULT '',
  `password` varchar(255) NOT NULL DEFAULT '',
  `mode` enum('live','test') NOT NULL DEFAULT 'live',
  `status` tinyint(1) NOT NULL DEFAULT 1,
  `ordering` tinyint(4) NOT NULL DEFAULT 0,
  `timeout` int(10) DEFAULT NULL,
  `displayfront` tinyint(1) NOT NULL DEFAULT 1,
  `accessGroup` tinyint(1) NOT NULL DEFAULT 0,
  `max_amount` int(10) DEFAULT NULL,
  PRIMARY KEY (`id`)
) ENGINE=MyISAM AUTO_INCREMENT=6 DEFAULT CHARSET=utf8mb3 COLLATE=utf8mb3_general_ci;

--
-- Dumping data for table `n36ic_hotelreservation_payment_processors`
--

INSERT INTO `n36ic_hotelreservation_payment_processors` VALUES
(4,-1,'Pay at the hotel','paidinhotel','','','live',1,1,0,1,0,NULL),
(5,-1,'Stripe Split Pay','stripeprocessor','','','test',0,0,NULL,1,0,NULL);

--
-- Table structure for table `n36ic_hotelreservation_payment_types`
--

CREATE TABLE `n36ic_hotelreservation_payment_types` (
  `payment_type_id` int(10) NOT NULL AUTO_INCREMENT,
  `payment_type_name` char(255) DEFAULT NULL,
  PRIMARY KEY (`payment_type_id`),
  UNIQUE KEY `NewIndex` (`payment_type_name`)
) ENGINE=MyISAM AUTO_INCREMENT=13 DEFAULT CHARSET=utf8mb3 COLLATE=utf8mb3_general_ci;

--
-- Dumping data for table `n36ic_hotelreservation_payment_types`
--

INSERT INTO `n36ic_hotelreservation_payment_types` VALUES
(10,'4B'),
(6,'BANK ORDER'),
(11,'BUCKAROO'),
(2,'CANCELATION FEE'),
(7,'CASH'),
(12,'EENMALIGE INCASO'),
(8,'MPESA'),
(9,'OMNIKASSA'),
(4,'PAY RESERVATION'),
(5,'PAYPAL'),
(3,'PENALTIES'),
(1,'PREAUTHORIZATION FEE');

--
-- Table structure for table `n36ic_hotelreservation_paymentprocessors_results`
--

CREATE TABLE `n36ic_hotelreservation_paymentprocessors_results` (
  `paymentprocesor_result_id` int(10) NOT NULL AUTO_INCREMENT,
  `dataCrt` datetime DEFAULT NULL,
  `paymentprocessor_id` int(10) NOT NULL DEFAULT 0,
  `txn` blob DEFAULT NULL,
  `responce` blob DEFAULT NULL,
  `code` int(10) DEFAULT NULL,
  `answer` char(255) DEFAULT NULL,
  PRIMARY KEY (`paymentprocesor_result_id`)
) ENGINE=MyISAM AUTO_INCREMENT=11 DEFAULT CHARSET=utf8mb3 COLLATE=utf8mb3_general_ci;

--
-- Dumping data for table `n36ic_hotelreservation_paymentprocessors_results`
--


--
-- Table structure for table `n36ic_hotelreservation_paymentsettings`
--

CREATE TABLE `n36ic_hotelreservation_paymentsettings` (
  `payment_id` int(10) NOT NULL AUTO_INCREMENT,
  `hotel_id` int(10) NOT NULL DEFAULT 0,
  `payment_type_id` int(10) DEFAULT NULL,
  `payment_name` char(255) DEFAULT NULL,
  `payment_percent` int(10) DEFAULT NULL,
  `payment_value` float(18,2) DEFAULT NULL,
  `payment_days` int(5) NOT NULL DEFAULT 0,
  `payment_order` tinyint(2) unsigned NOT NULL DEFAULT 0,
  `payment_status` char(255) DEFAULT NULL,
  `is_check_days` tinyint(1) NOT NULL DEFAULT 0,
  `is_available` tinyint(1) NOT NULL DEFAULT 1,
  PRIMARY KEY (`payment_id`),
  UNIQUE KEY `NewIndex` (`payment_name`,`hotel_id`,`is_available`)
) ENGINE=MyISAM AUTO_INCREMENT=161 DEFAULT CHARSET=utf8mb3 COLLATE=utf8mb3_general_ci;

--
-- Dumping data for table `n36ic_hotelreservation_paymentsettings`
--

INSERT INTO `n36ic_hotelreservation_paymentsettings` VALUES
(1,4,1,'PREAUTHORIZATION FEE',30,0.00,0,1,'',0,1),
(2,4,2,'CANCELATION FEE',10,0.00,1,2,'',1,1),
(3,4,3,'PENALTIES',45,0.00,0,3,'',1,1),
(4,4,4,'PAY RESERVATION',0,0.00,0,10,'',0,1),
(10,5,4,'PAY RESERVATION',0,0.00,0,10,'',0,1),
(11,5,3,'PENALTIES',45,0.00,0,3,'',1,1),
(12,5,2,'CANCELATION FEE',10,0.00,1,2,'',1,1),
(15,5,1,'PREAUTHORIZATION FEE',30,0.00,0,1,'preauthorized',0,1),
(16,4,6,'BANK ORDER',100,0.00,2,6,'',1,1),
(17,0,1,'PREAUTHORIZATION FEE',30,0.00,0,1,'',0,1),
(18,0,2,'CANCELATION FEE',10,0.00,1,2,'',1,1),
(19,0,3,'PENALTIES',45,0.00,0,3,'',1,1),
(20,0,4,'PAY RESERVATION',0,0.00,0,10,'',0,1),
(21,0,6,'BANK ORDER',100,0.00,2,6,'',1,1),
(22,0,9,'OMNIKASSA',100,0.00,0,0,'',0,1),
(23,0,8,'MPESA',100,0.00,0,0,'',0,1),
(24,0,5,'PAYPAL STANDARD',100,0.00,0,0,'',0,1),
(29,11,1,'PREAUTHORIZATION FEE',30,0.00,0,1,'',0,1),
(30,11,2,'CANCELATION FEE',10,0.00,1,2,'',1,1),
(31,11,3,'PENALTIES',45,0.00,0,3,'',1,1),
(32,11,4,'PAY RESERVATION',0,0.00,0,10,'',0,1),
(33,11,6,'BANK ORDER',100,0.00,2,6,'',1,1),
(50,5,6,'BANK ORDER',100,0.00,2,6,'',1,1),
(147,5,9,'OMNIKASSA',100,0.00,0,0,'',0,1),
(148,4,9,'OMNIKASSA',100,0.00,0,0,'',0,1),
(149,11,9,'OMNIKASSA',100,0.00,0,0,'',0,1),
(150,5,5,'PAYPAL STANDARD',100,0.00,0,0,'',0,1),
(151,4,5,'PAYPAL STANDARD',100,0.00,0,0,'',0,1),
(152,11,5,'PAYPAL STANDARD',100,0.00,0,0,'',0,1),
(153,4,11,'BUCKAROO',100,0.00,0,0,'',0,1),
(154,5,11,'BUCKAROO',100,0.00,0,0,'',0,1),
(155,11,11,'BUCKAROO',100,0.00,0,0,'',0,1),
(156,0,11,'BUCKAROO',100,0.00,0,0,'',0,1),
(157,4,12,'EENMALIGE INCASO',100,0.00,0,0,'',0,1),
(158,5,12,'EENMALIGE INCASO',100,0.00,0,0,'',0,1),
(159,11,12,'EENMALIGE INCASO',100,0.00,0,0,'',0,1),
(160,0,12,'EENMALIGE INCASO',100,0.00,0,0,'',0,1);

--
-- Table structure for table `n36ic_hotelreservation_permissions`
--

CREATE TABLE `n36ic_hotelreservation_permissions` (
  `id` int(11) NOT NULL AUTO_INCREMENT,
  `name` varchar(200) DEFAULT NULL,
  `code` varchar(200) DEFAULT NULL,
  `description` varchar(200) DEFAULT NULL,
  PRIMARY KEY (`id`)
) ENGINE=MyISAM AUTO_INCREMENT=36 DEFAULT CHARSET=utf8mb3 COLLATE=utf8mb3_general_ci;

--
-- Dumping data for table `n36ic_hotelreservation_permissions`
--

INSERT INTO `n36ic_hotelreservation_permissions` VALUES
(1,'Application Settings','application_settings','Application Settings Permission'),
(2,'Payment Processors','payment_processors','Payment Processors permission'),
(3,'Manage Hotels','manage_hotels','Manage Hotels permission'),
(4,'Manage Rooms','manage_rooms','Manage Rooms permission'),
(5,'Manage Room Features','manage_room_features','Manage Room Features Permission'),
(6,'Fee Settings','fee_settings','Fee Settings '),
(7,'Currency Settings','currency_settings','Currency Settings'),
(9,'Manage Airport Transfers','manage_airport_transfers','Manage Airport Transfers'),
(10,'Manage Discounts','manage_room_discounts','Manage Discounts'),
(11,'Manage Extra Options','manage_extra_options','Manage Extra Options'),
(12,'Manage Email Templates','manage_email_templates','Manage Email Templates'),
(13,'Manage Taxes','manage_taxes','Manage Taxes'),
(14,'Manage Reservations','manage_reservations','Manage Reservations'),
(15,'Reservations Reports','reservations_reports','Reservations Reports'),
(16,'Add Reservations','add_reservations','Add Reservations'),
(17,'Manage Hotels','manage_hotels','Manage Hotels'),
(18,'Users Management','users_management','Users Management'),
(20,'Hotel Ratings','hotel_ratings','Hotel Ratings'),
(21,'Hotel Extra Info','hotel_extra_info',NULL),
(22,'Manage Invoices','manage_invoices','Manage Invoices'),
(23,'Manage Offers','manage_offers','Manage Offers'),
(25,'Manage Options','manage_options','Manage Options'),
(26,'Manage Featured Hotels','manage_featured_hotels','Manage Featured Hotels'),
(27,'Special Offers Report','special_offers_report','Special Offers Report'),
(28,'HotelReservation updates','updates_hotelreservation','HotelReservation updates'),
(29,'Course/Excursions','manage_excursions','Manage Course/Excursions'),
(30,'Hotel Availability','availability_section','Hotel Availability'),
(31,'Income Report','income_report','Income Report'),
(32,'Country Report','country_report','Country Report'),
(33,'Offers Report','offers_report','Offers Report'),
(34,'Commission Income','commission_report','Commission Income'),
(35,'Offer Rates Actions','offer_rates_actions','Offer Rates Actions');

--
-- Table structure for table `n36ic_hotelreservation_points_of_interest`
--

CREATE TABLE `n36ic_hotelreservation_points_of_interest` (
  `id` int(11) NOT NULL AUTO_INCREMENT,
  `hotel_id` int(11) DEFAULT NULL,
  `name` varchar(45) DEFAULT NULL,
  `description` varchar(255) DEFAULT NULL,
  `image` varchar(45) DEFAULT NULL,
  `meta_title` varchar(45) DEFAULT NULL,
  `meta_description` varchar(255) DEFAULT NULL,
  `meta_keywords` varchar(245) DEFAULT NULL,
  `ordering` int(11) NOT NULL DEFAULT 0,
  `publish` tinyint(1) NOT NULL DEFAULT 0,
  `poi_latitude` varchar(45) DEFAULT NULL,
  `poi_longitude` varchar(45) DEFAULT NULL,
  `poi_country_id` int(10) DEFAULT NULL,
  `poi_county` varchar(255) DEFAULT NULL,
  `poi_city` varchar(255) DEFAULT NULL,
  `poi_address` varchar(255) DEFAULT NULL,
  `poi_zipcode` varchar(45) DEFAULT NULL,
  `activity_radius` float DEFAULT NULL,
  PRIMARY KEY (`id`)
) ENGINE=MyISAM AUTO_INCREMENT=2 DEFAULT CHARSET=utf8mb3 COLLATE=utf8mb3_general_ci;

--
-- Dumping data for table `n36ic_hotelreservation_points_of_interest`
--

INSERT INTO `n36ic_hotelreservation_points_of_interest` VALUES
(1,11,'POI','','','poi','this is an awesome POI','poi',3,1,'51.0500501','-114.07083950000003',36,'Alberta','Calgary','4 Avenue Southwest, 400','T2P 0J4',3);

--
-- Table structure for table `n36ic_hotelreservation_points_of_interest_pictures`
--

CREATE TABLE `n36ic_hotelreservation_points_of_interest_pictures` (
  `id` int(11) NOT NULL AUTO_INCREMENT,
  `poid` int(11) DEFAULT NULL,
  `poi_picture_info` varchar(255) DEFAULT NULL,
  `poi_picture_path` varchar(245) DEFAULT NULL,
  `poi_picture_enable` tinyint(1) DEFAULT NULL,
  PRIMARY KEY (`id`)
) ENGINE=MyISAM DEFAULT CHARSET=utf8mb3 COLLATE=utf8mb3_general_ci;

--
-- Dumping data for table `n36ic_hotelreservation_points_of_interest_pictures`
--


--
-- Table structure for table `n36ic_hotelreservation_rating_classification`
--

CREATE TABLE `n36ic_hotelreservation_rating_classification` (
  `id` int(11) NOT NULL AUTO_INCREMENT,
  `name` varchar(45) DEFAULT NULL,
  `min_rate` float(18,2) DEFAULT NULL,
  `max_rate` float(18,2) DEFAULT NULL,
  `ordering` int(11) NOT NULL DEFAULT 0,
  PRIMARY KEY (`id`)
) ENGINE=MyISAM DEFAULT CHARSET=utf8mb3 COLLATE=utf8mb3_general_ci;

--
-- Dumping data for table `n36ic_hotelreservation_rating_classification`
--


--
-- Table structure for table `n36ic_hotelreservation_review_answers`
--

CREATE TABLE `n36ic_hotelreservation_review_answers` (
  `review_question_id` int(11) NOT NULL DEFAULT 0,
  `rating_scale_id` int(11) NOT NULL DEFAULT 0,
  `review_id` int(11) NOT NULL DEFAULT 0,
  PRIMARY KEY (`review_id`,`review_question_id`,`rating_scale_id`),
  KEY `R_8` (`review_question_id`),
  KEY `R_9` (`rating_scale_id`)
) ENGINE=MyISAM DEFAULT CHARSET=utf8mb3 COLLATE=utf8mb3_general_ci;

--
-- Dumping data for table `n36ic_hotelreservation_review_answers`
--

INSERT INTO `n36ic_hotelreservation_review_answers` VALUES
(1,7,13),
(2,7,13),
(3,8,13),
(4,8,13),
(5,7,13),
(6,8,13),
(7,8,13);

--
-- Table structure for table `n36ic_hotelreservation_review_customers`
--

CREATE TABLE `n36ic_hotelreservation_review_customers` (
  `review_id` int(11) NOT NULL AUTO_INCREMENT,
  `review_short_description` varchar(255) DEFAULT NULL,
  `review_remarks` tinytext DEFAULT NULL,
  `arrival_date` date DEFAULT NULL,
  `return_date` date DEFAULT NULL,
  `party_composition` varchar(100) DEFAULT NULL,
  `review_date` date DEFAULT NULL,
  `confirmation_id` int(11) DEFAULT NULL,
  `published` int(1) NOT NULL DEFAULT 1,
  `hotel_id` int(11) NOT NULL DEFAULT 0,
  PRIMARY KEY (`review_id`),
  UNIQUE KEY `CONF` (`confirmation_id`,`hotel_id`)
) ENGINE=MyISAM DEFAULT CHARSET=utf8mb3 COLLATE=utf8mb3_general_ci;

--
-- Dumping data for table `n36ic_hotelreservation_review_customers`
--


--
-- Table structure for table `n36ic_hotelreservation_review_questions`
--

CREATE TABLE `n36ic_hotelreservation_review_questions` (
  `review_question_id` int(11) NOT NULL AUTO_INCREMENT,
  `review_question_desc` varchar(300) DEFAULT NULL,
  `review_question_nr` int(3) NOT NULL DEFAULT 1,
  `ordering` int(5) NOT NULL DEFAULT 0,
  PRIMARY KEY (`review_question_id`)
) ENGINE=MyISAM AUTO_INCREMENT=8 DEFAULT CHARSET=utf8mb3 COLLATE=utf8mb3_general_ci;

--
-- Dumping data for table `n36ic_hotelreservation_review_questions`
--

INSERT INTO `n36ic_hotelreservation_review_questions` VALUES
(1,'Appreciation',1,0),
(3,'Service',3,0),
(2,'Location',2,0),
(4,'Price/Quality ',4,0),
(5,'Food',5,0),
(6,'Rooms',6,0),
(7,'Child Friendly ',7,0);

--
-- Table structure for table `n36ic_hotelreservation_review_rating_scale`
--

CREATE TABLE `n36ic_hotelreservation_review_rating_scale` (
  `rating_scale_id` int(11) NOT NULL DEFAULT 0,
  `rating_scale_desc` varchar(255) DEFAULT NULL,
  `weight` int(1) NOT NULL DEFAULT 0,
  PRIMARY KEY (`rating_scale_id`)
) ENGINE=MyISAM DEFAULT CHARSET=utf8mb3 COLLATE=utf8mb3_general_ci;

--
-- Dumping data for table `n36ic_hotelreservation_review_rating_scale`
--

INSERT INTO `n36ic_hotelreservation_review_rating_scale` VALUES
(1,'Very bad',1),
(2,NULL,2),
(3,NULL,3),
(4,NULL,4),
(5,NULL,5),
(6,NULL,6),
(7,NULL,7),
(8,NULL,8),
(9,NULL,9),
(10,'Excellent',10),
(11,'No Opinion',0);

--
-- Table structure for table `n36ic_hotelreservation_role_permission_mapping`
--

CREATE TABLE `n36ic_hotelreservation_role_permission_mapping` (
  `permission_id` int(11) NOT NULL DEFAULT 0,
  `role_id` int(11) NOT NULL DEFAULT 0,
  PRIMARY KEY (`permission_id`,`role_id`),
  KEY `R_10` (`role_id`)
) ENGINE=MyISAM DEFAULT CHARSET=utf8mb3 COLLATE=utf8mb3_general_ci;

--
-- Dumping data for table `n36ic_hotelreservation_role_permission_mapping`
--

INSERT INTO `n36ic_hotelreservation_role_permission_mapping` VALUES
(1,1),
(2,1),
(3,1),
(4,1),
(5,1),
(6,1),
(7,1),
(10,1),
(11,1),
(12,1),
(13,1),
(14,1),
(15,1),
(16,1),
(17,1),
(18,1),
(20,1),
(21,1),
(22,1),
(23,1),
(25,1),
(26,1),
(27,1),
(28,1),
(29,1),
(30,1);

--
-- Table structure for table `n36ic_hotelreservation_roles`
--

CREATE TABLE `n36ic_hotelreservation_roles` (
  `id` int(11) NOT NULL AUTO_INCREMENT,
  `name` varchar(200) DEFAULT NULL,
  `description` varchar(200) DEFAULT NULL,
  PRIMARY KEY (`id`)
) ENGINE=MyISAM AUTO_INCREMENT=2 DEFAULT CHARSET=utf8mb3 COLLATE=utf8mb3_general_ci;

--
-- Dumping data for table `n36ic_hotelreservation_roles`
--

INSERT INTO `n36ic_hotelreservation_roles` VALUES
(1,'Hotel Admin Role','Hotel Admin');

--
-- Table structure for table `n36ic_hotelreservation_room_availability`
--

CREATE TABLE `n36ic_hotelreservation_room_availability` (
  `id` int(11) NOT NULL AUTO_INCREMENT,
  `room_id` int(11) DEFAULT NULL,
  `date` date DEFAULT NULL,
  `availability` tinyint(4) NOT NULL DEFAULT 1,
  PRIMARY KEY (`id`),
  KEY `roomavailability_roomid_idx` (`room_id`,`date`)
) ENGINE=MyISAM DEFAULT CHARSET=utf8mb3 COLLATE=utf8mb3_general_ci;

--
-- Dumping data for table `n36ic_hotelreservation_room_availability`
--


--
-- Table structure for table `n36ic_hotelreservation_rooms`
--

CREATE TABLE `n36ic_hotelreservation_rooms` (
  `room_id` int(10) NOT NULL AUTO_INCREMENT,
  `hotel_id` int(10) DEFAULT NULL,
  `room_name` char(255) DEFAULT NULL,
  `pers_price` tinyint(1) NOT NULL DEFAULT 0,
  `type_price` tinyint(1) NOT NULL DEFAULT 0,
  `room_price_1` decimal(18,2) NOT NULL DEFAULT 0.00,
  `room_price_2` decimal(18,2) NOT NULL DEFAULT 0.00,
  `room_price_3` decimal(18,2) NOT NULL DEFAULT 0.00,
  `room_price_4` decimal(18,2) NOT NULL DEFAULT 0.00,
  `room_price_5` decimal(18,2) NOT NULL DEFAULT 0.00,
  `room_price_6` decimal(18,2) NOT NULL DEFAULT 0.00,
  `room_price_7` decimal(18,2) NOT NULL DEFAULT 0.00,
  `room_price` decimal(18,2) NOT NULL DEFAULT 0.00,
  `room_price_midweek` decimal(18,2) NOT NULL DEFAULT 0.00,
  `room_price_weekend` decimal(18,2) NOT NULL DEFAULT 0.00,
  `number_of_rooms` int(10) unsigned DEFAULT NULL,
  `max_adults` tinyint(4) NOT NULL DEFAULT 0,
  `max_children` tinyint(4) NOT NULL DEFAULT 0,
  `room_description` blob DEFAULT NULL,
  `room_short_description` blob DEFAULT NULL,
  `room_main_description` blob DEFAULT NULL,
  `room_details` blob DEFAULT NULL,
  `is_available` tinyint(1) NOT NULL DEFAULT 1,
  `front_display` tinyint(1) NOT NULL DEFAULT 1,
  `option_ids` blob DEFAULT NULL,
  `ordering` int(10) NOT NULL DEFAULT 0,
  `availability` tinyint(4) NOT NULL DEFAULT 0,
  `single_supplement` float NOT NULL DEFAULT 0,
  `single_discount` float NOT NULL DEFAULT 0,
  `has_breakfast` tinyint(1) NOT NULL DEFAULT 0,
  `min_days` tinyint(4) NOT NULL DEFAULT 0,
  `beds24_room_id` int(11) DEFAULT NULL,
  `room_capacity` int(11) DEFAULT NULL,
  `whole_house` tinyint(1) NOT NULL DEFAULT 0,
  PRIMARY KEY (`room_id`),
  KEY `rooms_hotel_idx` (`hotel_id`),
  KEY `rooms_availability_idx` (`is_available`)
) ENGINE=MyISAM AUTO_INCREMENT=31 DEFAULT CHARSET=utf8mb3 COLLATE=utf8mb3_general_ci;

--
-- Dumping data for table `n36ic_hotelreservation_rooms`
--

INSERT INTO `n36ic_hotelreservation_rooms` VALUES
(16,4,'Luxury Room',0,0,125.00,125.00,125.00,125.00,125.00,125.00,125.00,0.00,0.00,0.00,4,3,0,' All rooms offer a private bar, coffee- and tea-making facilities, a 42-inch (106-centimetre) high-definition plasma screen television, CD and DVD players, in-room movies and cable television.\r\n    \r\n','Short description:','<p>All rooms are fitted with a semi double bed and are the most suitable for those planning on staying more than a couple of nights. All rooms are also fitted with a desk, a closet and a washlet. In room AmenitiesShampoo, hair rinse, body shampoo, tooth brush set, Japanese gown, towel,bath towel, slipper and a Japanese tea.[The following are freely available next to the elevators on the 1st floor.]Shaving set, comb, ear buds, anti bacterial inner sole for the slipper, shower cap.</p>','Room details   View: 57th or 58th Street Location: 6th to 22nd floors Size: 46 m² - 500 sq. ft. Bathrooms:One full marble bathroom Occupancy: King bed:3 adults or 2 adults and 1 child',1,1,'',1,1,0,0,0,1,NULL,NULL,0),
(17,4,'Superior Room',0,0,200.00,200.00,200.00,200.00,200.00,200.00,200.00,0.00,0.00,0.00,5,3,0,'Superior Rooms feature a comfortable sitting area, writing desk, multi-line telephones, voice mail and high-speed Internet access. ','Short description:','<p>All rooms are fitted with a semi double bed and are the most suitable for those planning on staying more than a couple of nights. All rooms are also fitted with a desk, a closet and a washlet. <br /><br /><br /><strong>In room Amenities</strong><br /><br />Shampoo, hair rinse, body shampoo, tooth brush set, Japanese gown, towel,<br />bath towel, slipper and a Japanese tea.<br /><br />[The following are freely available next to the elevators on the 1st floor.]<br />Shaving set, comb, ear buds, anti bacterial inner sole for the slipper, shower cap.</p>','Room details\r\n \r\nView: 57th or 58th Street\r\nLocation: 6th to 22nd floors\r\nSize: 46 m² - 500 sq. ft.\r\nBathrooms:One full marble bathroom\r\n Occupancy:  King bed:3 adults or 2 adults and 1 child',1,1,'',2,1,0,0,0,1,NULL,NULL,0),
(18,4,'Deluxe Room',0,1,300.00,300.00,300.00,300.00,300.00,300.00,300.00,300.00,1.00,2.00,2,3,0,'Very special and large Suites located on higher floor looking onto the open Lagoon and its Islands. Beautifully appointed, these suites offer separate living rooms and provide all comforts. One or two extra beds may be added in the lounge for children sharing room with the parents.','Short description:','<p>All rooms are fitted with a semi double bed and are the most suitable for those planning on staying more than a couple of nights. All rooms are also fitted with a desk, a closet and a washlet. In room AmenitiesShampoo, hair rinse, body shampoo, tooth brush set, Japanese gown, towel,bath towel, slipper and a Japanese tea.[The following are freely available next to the elevators on the 1st floor.]Shaving set, comb, ear buds, anti bacterial inner sole for the slipper, shower cap.</p>','Room details   View: 57th or 58th Street Location: 6th to 22nd floors Size: 46 m² - 500 sq. ft. Bathrooms:One full marble bathroom Occupancy: King bed:3 adults or 2 adults and 1 child',1,1,'',3,1,0,0,0,1,NULL,NULL,0),
(19,5,'Single Room',0,0,90.00,90.00,90.00,85.00,90.00,90.00,90.00,0.00,0.00,0.00,10,1,0,'single bed, used by 1 person. The room is equipped with a toilet and a bathroom.','Short description:','<p>All rooms are fitted with a semi double bed and are the most suitable for those planning on staying more than a couple of nights. All rooms are also fitted with a desk, a closet and a washlet. <br /><br /><br /><strong>In room Amenities</strong><br /><br />Shampoo, hair rinse, body shampoo, tooth brush set, Japanese gown, towel,<br />bath towel, slipper and a Japanese tea.<br /><br />[The following are freely available next to the elevators on the 1st floor.]<br />Shaving set, comb, ear buds, anti bacterial inner sole for the slipper, shower cap.</p>','Room details\r\n \r\nView: 57th or 58th Street\r\nLocation: 6th to 22nd floors\r\nSize: 46 m² - 500 sq. ft.\r\nBathrooms:One full marble bathroom\r\n Occupancy:  King bed:3 adults or 2 adults and 1 child',1,1,'',0,1,0,0,0,1,NULL,NULL,0),
(20,5,'Double Room',0,0,120.00,120.00,120.00,120.00,120.00,120.00,120.00,0.00,0.00,0.00,12,3,0,'You can relax and feel at home as all our double rooms are fitted with a spacious double bed. Some are also fitted with a desk.','Short description:','<p>All rooms are fitted with a semi double bed and are the most suitable for those planning on staying more than a couple of nights. All rooms are also fitted with a desk, a closet and a washlet. <br /><br /><br /><strong>In room Amenities</strong><br /><br />Shampoo, hair rinse, body shampoo, tooth brush set, Japanese gown, towel,<br />bath towel, slipper and a Japanese tea.<br /><br />[The following are freely available next to the elevators on the 1st floor.]<br />Shaving set, comb, ear buds, anti bacterial inner sole for the slipper, shower cap.</p>','Room details\r\n \r\nView: 57th or 58th Street\r\nLocation: 6th to 22nd floors\r\nSize: 46 m² - 500 sq. ft.\r\nBathrooms:One full marble bathroom\r\n Occupancy:  King bed:3 adults or 2 adults and 1 child',1,1,'',3,1,0,0,0,1,NULL,NULL,0),
(21,5,'Deluxe Room',0,0,100.00,100.00,100.00,100.00,100.00,100.00,100.00,0.00,0.00,0.00,12,3,0,'Deluxe Rooms provide ultimate comfort and charming view of surrounding area coupled with our round the clock room service and all modern facilities. Being situated far from the madding crowd of city and surrounded by majestic deodar trees, our rooms provide peaceful stay. Well maintained lawns near the rooms enhance the quality of stay.\r\n','Short description:','<p>All rooms are fitted with a semi double bed and are the most suitable for those planning on staying more than a couple of nights. All rooms are also fitted with a desk, a closet and a washlet. <br /><br /><br /><strong>In room Amenities</strong><br /><br />Shampoo, hair rinse, body shampoo, tooth brush set, Japanese gown, towel,<br />bath towel, slipper and a Japanese tea.<br /><br />[The following are freely available next to the elevators on the 1st floor.]<br />Shaving set, comb, ear buds, anti bacterial inner sole for the slipper, shower cap.</p>','Room details\r\n \r\nView: 57th or 58th Street\r\nLocation: 6th to 22nd floors\r\nSize: 46 m² - 500 sq. ft.\r\nBathrooms:One full marble bathroom\r\n Occupancy:  King bed:3 adults or 2 adults and 1 child\r\n',1,1,'',2,1,0,0,0,1,NULL,NULL,0),
(22,5,'Standard Double Room',0,0,130.00,130.00,130.00,150.00,150.00,130.00,130.00,0.00,0.00,0.00,4,4,0,'','short descr','<p>All rooms are fitted with a semi double bed and are the most suitable for those planning on staying more than a couple of nights. All rooms are also fitted with a desk, a closet and a washlet. <br /><br /><br /><strong>In room Amenities</strong><br /><br />Shampoo, hair rinse, body shampoo, tooth brush set, Japanese gown, towel,<br />bath towel, slipper and a Japanese tea.<br /><br />[The following are freely available next to the elevators on the 1st floor.]<br />Shaving set, comb, ear buds, anti bacterial inner sole for the slipper, shower cap.</p>','Room details\r\n \r\nView: 57th or 58th Street\r\nLocation: 6th to 22nd floors\r\nSize: 46 m² - 500 sq. ft.\r\nBathrooms:One full marble bathroom\r\n Occupancy:  King bed:3 adults or 2 adults and 1 child\r\n',1,1,'',1,1,0,0,0,1,NULL,NULL,0),
(23,4,'Standard Room',0,0,120.50,120.50,120.50,120.50,120.50,120.50,120.50,0.00,0.00,0.00,4,1,0,'','Short descr','<p>All rooms are fitted with a semi double bed and are the most suitable for those planning on staying more than a couple of nights. All rooms are also fitted with a desk, a closet and a washlet. <br /><br /><br /><strong>In room Amenities</strong><br /><br />Shampoo, hair rinse, body shampoo, tooth brush set, Japanese gown, towel,<br />bath towel, slipper and a Japanese tea.<br /><br />[The following are freely available next to the elevators on the 1st floor.]<br />Shaving set, comb, ear buds, anti bacterial inner sole for the slipper, shower cap.</p>','Room details\r\n \r\nView: 57th or 58th Street\r\nLocation: 6th to 22nd floors\r\nSize: 46 m² - 500 sq. ft.\r\nBathrooms:One full marble bathroom\r\n Occupancy:  King bed:3 adults or 2 adults and 1 child',1,1,'',0,1,0,0,0,1,NULL,NULL,0),
(28,11,'Standard Room',0,1,40.00,50.00,60.00,89.00,89.00,89.00,89.00,45.30,0.00,0.00,100,2,0,'','Short Descr','<p>All rooms are fitted with a semi double bed and are the most suitable for those planning on staying more than a couple of nights. All rooms are also fitted with a desk, a closet and a washlet. <br /><br /><br /><strong>In room Amenities</strong><br /><br />Shampoo, hair rinse, body shampoo, tooth brush set, Japanese gown, towel,<br />bath towel, slipper and a Japanese tea.<br /><br />[The following are freely available next to the elevators on the 1st floor.]<br />Shaving set, comb, ear buds, anti bacterial inner sole for the slipper, shower cap.</p>','Room details\r\n \r\nView: 57th or 58th Street\r\nLocation: 6th to 22nd floors\r\nSize: 46 m² - 500 sq. ft.\r\nBathrooms:One full marble bathroom\r\n Occupancy:  King bed:3 adults or 2 adults and 1 child',1,1,'',8,1,15,10,0,1,NULL,NULL,0),
(29,11,'Luxury Room',0,1,0.00,0.00,0.00,0.00,0.00,0.00,0.00,1.00,0.00,0.00,2,2,0,'','Short description','<p>All rooms are fitted with a semi double bed and are the most suitable for those planning on staying more than a couple of nights. All rooms are also fitted with a desk, a closet and a washlet. <br /><br /><br /><strong>In room Amenities</strong><br /><br />Shampoo, hair rinse, body shampoo, tooth brush set, Japanese gown, towel,<br />bath towel, slipper and a Japanese tea.<br /><br />[The following are freely available next to the elevators on the 1st floor.]<br />Shaving set, comb, ear buds, anti bacterial inner sole for the slipper, shower cap.</p>','Room details\r\n \r\nView: 57th or 58th Street\r\nLocation: 6th to 22nd floors\r\nSize: 46 m² - 500 sq. ft.\r\nBathrooms:One full marble bathroom\r\n Occupancy:  King bed:3 adults or 2 adults and 1 child',1,1,'',9,1,2,0,0,1,NULL,NULL,0),
(30,11,'King Room',1,1,0.00,0.00,0.00,0.00,0.00,0.00,0.00,100.00,0.00,0.00,1,3,0,'','asdfasdf','<p>All rooms are fitted with a semi double bed and are the most suitable for those planning on staying more than a couple of nights. All rooms are also fitted with a desk, a closet and a washlet. <br /><br /><br /><strong>In room Amenities</strong><br /><br />Shampoo, hair rinse, body shampoo, tooth brush set, Japanese gown, towel,<br />bath towel, slipper and a Japanese tea.<br /><br />[The following are freely available next to the elevators on the 1st floor.]<br />Shaving set, comb, ear buds, anti bacterial inner sole for the slipper, shower cap.</p>','Room details\r\n \r\nView: 57th or 58th Street\r\nLocation: 6th to 22nd floors\r\nSize: 46 m² - 500 sq. ft.\r\nBathrooms:One full marble bathroom\r\n Occupancy:  King bed:3 adults or 2 adults and 1 child',1,1,'',10,1,10,0,0,2,NULL,NULL,0);

--
-- Table structure for table `n36ic_hotelreservation_rooms_pictures`
--

CREATE TABLE `n36ic_hotelreservation_rooms_pictures` (
  `room_picture_id` int(10) NOT NULL AUTO_INCREMENT,
  `room_id` int(10) NOT NULL DEFAULT 0,
  `room_picture_info` blob DEFAULT NULL,
  `room_picture_path` blob DEFAULT NULL,
  `room_picture_enable` tinyint(1) NOT NULL DEFAULT 1,
  PRIMARY KEY (`room_picture_id`),
  KEY `Index 2` (`room_id`)
) ENGINE=MyISAM AUTO_INCREMENT=8 DEFAULT CHARSET=utf8mb3 COLLATE=utf8mb3_general_ci;

--
-- Dumping data for table `n36ic_hotelreservation_rooms_pictures`
--

INSERT INTO `n36ic_hotelreservation_rooms_pictures` VALUES
(1,28,'','/rooms/28/standard2.jpg',1),
(2,28,'','/rooms/28/standard.jpg',1),
(3,29,'','/rooms/29/19768_299_z.jpg',1),
(4,29,'','/rooms/29/full_slider_1.jpg',1),
(5,29,'','/rooms/29/19768_368_z.jpg',1),
(6,29,'','/rooms/29/purple_bedroom_designs_20_beautiful_purple_bedroom_ideas.jpg',1),
(7,30,'','/rooms/30/Rooms_Suites_Luxury.jpg',1);

--
-- Table structure for table `n36ic_hotelreservation_rooms_rate_prices`
--

CREATE TABLE `n36ic_hotelreservation_rooms_rate_prices` (
  `id` int(11) NOT NULL AUTO_INCREMENT,
  `rate_id` int(11) DEFAULT NULL,
  `date` date DEFAULT NULL,
  `price` decimal(12,2) DEFAULT NULL,
  `extra_pers_price` decimal(12,2) DEFAULT NULL,
  `child_price` decimal(12,2) DEFAULT NULL,
  `single_use_price` decimal(12,2) DEFAULT NULL,
  `min_days` tinyint(4) NOT NULL DEFAULT 1,
  `max_days` tinyint(4) NOT NULL DEFAULT 0,
  `lock_arrival` tinyint(4) NOT NULL DEFAULT 0,
  `lock_departure` tinyint(4) NOT NULL DEFAULT 0,
  `rate_closed` int(1) NOT NULL DEFAULT 1,
  PRIMARY KEY (`id`),
  KEY `roomrateprices_rateid_idx` (`rate_id`,`date`)
) ENGINE=MyISAM DEFAULT CHARSET=utf8mb3 COLLATE=utf8mb3_general_ci;

--
-- Dumping data for table `n36ic_hotelreservation_rooms_rate_prices`
--


--
-- Table structure for table `n36ic_hotelreservation_rooms_rates`
--

CREATE TABLE `n36ic_hotelreservation_rooms_rates` (
  `id` int(11) NOT NULL AUTO_INCREMENT,
  `room_id` int(11) NOT NULL DEFAULT 0,
  `name` varchar(45) DEFAULT NULL,
  `rate_description` tinytext DEFAULT NULL,
  `price_type` tinyint(4) NOT NULL DEFAULT 0,
  `can_cancel` tinyint(4) NOT NULL DEFAULT 0,
  `cancel_days` tinyint(4) DEFAULT NULL,
  `cancel_text` tinytext DEFAULT NULL,
  `status` tinyint(4) NOT NULL DEFAULT 0,
  `price_1` decimal(12,2) NOT NULL DEFAULT 0.00,
  `price_2` decimal(12,2) NOT NULL DEFAULT 0.00,
  `price_3` decimal(12,2) NOT NULL DEFAULT 0.00,
  `price_4` decimal(12,2) NOT NULL DEFAULT 0.00,
  `price_5` decimal(12,2) NOT NULL DEFAULT 0.00,
  `price_6` decimal(12,2) NOT NULL DEFAULT 0.00,
  `price_7` decimal(12,2) NOT NULL DEFAULT 0.00,
  `single_use_price_1` decimal(12,2) NOT NULL DEFAULT 0.00,
  `single_use_price_2` decimal(12,2) NOT NULL DEFAULT 0.00,
  `single_use_price_3` decimal(12,2) NOT NULL DEFAULT 0.00,
  `single_use_price_4` decimal(12,2) NOT NULL DEFAULT 0.00,
  `single_use_price_5` decimal(12,2) NOT NULL DEFAULT 0.00,
  `single_use_price_6` decimal(12,2) NOT NULL DEFAULT 0.00,
  `single_use_price_7` decimal(12,2) NOT NULL DEFAULT 0.00,
  `child_price` decimal(12,2) NOT NULL DEFAULT 0.00,
  `single_balancing` decimal(12,2) NOT NULL DEFAULT 0.00,
  `extra_pers_price` decimal(12,2) NOT NULL DEFAULT 0.00,
  `min_days` tinyint(4) NOT NULL DEFAULT 1,
  `max_days` tinyint(4) NOT NULL DEFAULT 0,
  `base_adults` tinyint(4) NOT NULL DEFAULT 2,
  `base_children` tinyint(4) NOT NULL DEFAULT 0,
  PRIMARY KEY (`id`),
  UNIQUE KEY `ROOM_INDEX` (`room_id`)
) ENGINE=MyISAM AUTO_INCREMENT=15 DEFAULT CHARSET=utf8mb3 COLLATE=utf8mb3_general_ci;

--
-- Dumping data for table `n36ic_hotelreservation_rooms_rates`
--

INSERT INTO `n36ic_hotelreservation_rooms_rates` VALUES
(12,28,'Standard rate','',1,0,NULL,NULL,0,80.00,80.00,80.00,80.00,80.00,80.00,80.00,60.00,60.00,60.00,60.00,60.00,60.00,60.00,0.00,20.00,20.00,1,0,2,0),
(13,29,'Standard rate','',0,0,NULL,NULL,0,100.00,100.00,100.00,100.00,100.00,100.00,100.00,90.00,90.00,90.00,90.00,90.00,90.00,90.00,0.00,0.00,20.00,1,0,2,0),
(14,30,'Standard rate','',1,0,NULL,NULL,0,120.00,120.00,120.00,120.00,120.00,120.00,120.00,120.00,120.00,120.00,120.00,120.00,120.00,120.00,0.00,20.00,40.00,1,0,2,0);

--
-- Table structure for table `n36ic_hotelreservation_rooms_tags`
--

CREATE TABLE `n36ic_hotelreservation_rooms_tags` (
  `id` int(5) NOT NULL AUTO_INCREMENT,
  `name` varchar(100) NOT NULL DEFAULT '',
  PRIMARY KEY (`id`,`name`)
) ENGINE=MyISAM AUTO_INCREMENT=7 DEFAULT CHARSET=utf8mb3 COLLATE=utf8mb3_general_ci;

--
-- Dumping data for table `n36ic_hotelreservation_rooms_tags`
--

INSERT INTO `n36ic_hotelreservation_rooms_tags` VALUES
(1,'Free WiFi'),
(2,'Hair dryer'),
(3,'Jacuzzi'),
(4,'Room service'),
(5,'Large Room'),
(6,'Ocean view');

--
-- Table structure for table `n36ic_hotelreservation_rooms_tags_relation`
--

CREATE TABLE `n36ic_hotelreservation_rooms_tags_relation` (
  `roomId` int(11) NOT NULL DEFAULT 0,
  `tagId` int(5) NOT NULL DEFAULT 0,
  `ordering` tinyint(2) NOT NULL DEFAULT 0,
  PRIMARY KEY (`roomId`,`tagId`)
) ENGINE=MyISAM DEFAULT CHARSET=utf8mb3 COLLATE=utf8mb3_general_ci;

--
-- Dumping data for table `n36ic_hotelreservation_rooms_tags_relation`
--

INSERT INTO `n36ic_hotelreservation_rooms_tags_relation` VALUES
(28,1,0),
(28,2,1),
(28,3,2),
(28,5,3),
(28,6,4),
(28,4,5),
(29,1,0),
(29,2,1),
(29,3,2),
(29,5,3),
(29,6,4),
(29,4,5),
(30,1,0),
(30,2,1),
(30,3,2),
(30,5,3),
(30,6,4),
(30,4,5);

--
-- Table structure for table `n36ic_hotelreservation_status_reservation`
--

CREATE TABLE `n36ic_hotelreservation_status_reservation` (
  `status_reservation_id` int(10) NOT NULL AUTO_INCREMENT,
  `status_reservation_name` char(255) DEFAULT NULL,
  `bkcolor` char(7) DEFAULT NULL,
  `color` char(7) DEFAULT NULL,
  `order` int(1) NOT NULL DEFAULT 1,
  `is_modif` tinyint(1) NOT NULL DEFAULT 0,
  PRIMARY KEY (`status_reservation_id`),
  UNIQUE KEY `NewIndex` (`status_reservation_name`)
) ENGINE=MyISAM AUTO_INCREMENT=6 DEFAULT CHARSET=utf8mb3 COLLATE=utf8mb3_general_ci;

--
-- Dumping data for table `n36ic_hotelreservation_status_reservation`
--

INSERT INTO `n36ic_hotelreservation_status_reservation` VALUES
(1,'Reserved','#000000','#FFFFFF',1,1),
(2,'Canceled','#FF0000','#000000',2,0),
(3,'Checked in','#00FF00','#000000',3,0),
(4,'Checked out','#AAAAAA','#000000',4,0),
(5,'Late','#FF9999','#000000',5,1);

--
-- Table structure for table `n36ic_hotelreservation_taxes`
--

CREATE TABLE `n36ic_hotelreservation_taxes` (
  `tax_id` int(10) NOT NULL AUTO_INCREMENT,
  `hotel_id` int(10) NOT NULL DEFAULT 0,
  `tax_name` char(255) DEFAULT NULL,
  `tax_type` enum('Fixed','Percent') NOT NULL DEFAULT 'Fixed',
  `tax_value` float NOT NULL DEFAULT 0,
  `tax_description` blob DEFAULT NULL,
  `is_available` tinyint(1) NOT NULL DEFAULT 1,
  `apply_to_extras` tinyint(1) unsigned NOT NULL DEFAULT 1,
  `tax_scope` tinyint(1) unsigned NOT NULL DEFAULT 1,
  PRIMARY KEY (`tax_id`),
  UNIQUE KEY `NewIndex` (`tax_name`,`hotel_id`)
) ENGINE=MyISAM AUTO_INCREMENT=9 DEFAULT CHARSET=utf8mb3 COLLATE=utf8mb3_general_ci;

--
-- Dumping data for table `n36ic_hotelreservation_taxes`
--

INSERT INTO `n36ic_hotelreservation_taxes` VALUES
(1,4,'City Tax','Fixed',15,'4465736372697074696F6E2031',1,1,1),
(2,4,'Federal Tax','Percent',4,'4465736372697074696F6E2032',1,1,1),
(3,4,'State Tax','Percent',15,'4465736372697074696F6E2033',1,1,1),
(4,4,'Occupancy Tax','Fixed',30,'4465736372697074696F6E2034',1,1,1),
(5,11,'City Tax','Fixed',2.2,'4465736372697074696F6E2031',0,1,1),
(6,11,'Federal Tax','Percent',4,'4465736372697074696F6E2032',0,1,1),
(7,11,'State Tax','Percent',15,'4465736372697074696F6E2033',0,1,1),
(8,11,'Occupancy Tax','Fixed',30,'4465736372697074696F6E2034',0,1,1);

--
-- Table structure for table `n36ic_hotelreservation_type_cards`
--

CREATE TABLE `n36ic_hotelreservation_type_cards` (
  `type_card_id` int(10) NOT NULL AUTO_INCREMENT,
  `description` char(50) DEFAULT NULL,
  PRIMARY KEY (`type_card_id`)
) ENGINE=MyISAM AUTO_INCREMENT=6 DEFAULT CHARSET=utf8mb3 COLLATE=utf8mb3_general_ci;

--
-- Dumping data for table `n36ic_hotelreservation_type_cards`
--

INSERT INTO `n36ic_hotelreservation_type_cards` VALUES
(1,'Visa'),
(2,'American Express'),
(3,'Master Card'),
(4,'Discover'),
(5,'Other');

--
-- Table structure for table `n36ic_hotelreservation_user_group_mapping`
--

CREATE TABLE `n36ic_hotelreservation_user_group_mapping` (
  `user_id` int(11) NOT NULL DEFAULT 0,
  `group_id` int(11) NOT NULL DEFAULT 0,
  PRIMARY KEY (`user_id`,`group_id`),
  KEY `R_2` (`group_id`)
) ENGINE=MyISAM DEFAULT CHARSET=utf8mb3 COLLATE=utf8mb3_general_ci;

--
-- Dumping data for table `n36ic_hotelreservation_user_group_mapping`
--

INSERT INTO `n36ic_hotelreservation_user_group_mapping` VALUES
(50,1);

--
-- Table structure for table `n36ic_hotelreservation_user_hotel_mapping`
--

CREATE TABLE `n36ic_hotelreservation_user_hotel_mapping` (
  `hotel_id` char(18) NOT NULL DEFAULT '0',
  `user_id` int(11) NOT NULL DEFAULT 0,
  PRIMARY KEY (`hotel_id`,`user_id`),
  KEY `R_8` (`user_id`)
) ENGINE=MyISAM DEFAULT CHARSET=utf8mb3 COLLATE=utf8mb3_general_ci;

--
-- Dumping data for table `n36ic_hotelreservation_user_hotel_mapping`
--

INSERT INTO `n36ic_hotelreservation_user_hotel_mapping` VALUES
('11',50);

--
-- Table structure for table `n36ic_hotelreservation_user_status_mapping`
--

CREATE TABLE `n36ic_hotelreservation_user_status_mapping` (
  `user_id` int(11) NOT NULL DEFAULT 0,
  `status` int(1) DEFAULT NULL,
  PRIMARY KEY (`user_id`)
) ENGINE=MyISAM DEFAULT CHARSET=utf8mb3 COLLATE=utf8mb3_general_ci;

--
-- Dumping data for table `n36ic_hotelreservation_user_status_mapping`
--


--
-- Table structure for table `n36ic_hotelreservation_users`
--

CREATE TABLE `n36ic_hotelreservation_users` (
  `id` int(10) NOT NULL AUTO_INCREMENT,
  `user_id` int(10) DEFAULT NULL,
  `first_name` char(255) DEFAULT NULL,
  `last_name` char(255) DEFAULT NULL,
  `address` char(255) DEFAULT NULL,
  `city` char(255) DEFAULT NULL,
  `state_name` char(255) DEFAULT NULL,
  `country` char(255) DEFAULT NULL,
  `postal_code` char(255) DEFAULT NULL,
  `tel` char(255) DEFAULT NULL,
  `email` char(255) DEFAULT NULL,
  `_lang` char(255) DEFAULT NULL,
  PRIMARY KEY (`id`),
  UNIQUE KEY `user_id_UNIQUE` (`user_id`)
) ENGINE=MyISAM AUTO_INCREMENT=7 DEFAULT CHARSET=utf8mb3 COLLATE=utf8mb3_general_ci;

--
-- Dumping data for table `n36ic_hotelreservation_users`
--


--
-- Table structure for table `n36ic_hotelreservation_viewed_properties`
--

CREATE TABLE `n36ic_hotelreservation_viewed_properties` (
  `id` int(11) NOT NULL AUTO_INCREMENT,
  `user_id` int(11) DEFAULT NULL,
  `hotel_id` int(11) DEFAULT NULL,
  PRIMARY KEY (`id`)
) ENGINE=MyISAM DEFAULT CHARSET=utf8mb3 COLLATE=utf8mb3_general_ci;

--
-- Dumping data for table `n36ic_hotelreservation_viewed_properties`
--


--
-- Table structure for table `n36ic_invite_sms_delivery`
--

CREATE TABLE `n36ic_invite_sms_delivery` (
  `id` int(11) NOT NULL AUTO_INCREMENT,
  `import_email_id` int(11) NOT NULL DEFAULT 0,
  `apisms_id` varchar(255) NOT NULL DEFAULT '',
  `delivered` int(11) NOT NULL DEFAULT 0,
  PRIMARY KEY (`id`)
) ENGINE=InnoDB DEFAULT CHARSET=utf8mb4 COLLATE=utf8mb4_unicode_ci;

--
-- Dumping data for table `n36ic_invite_sms_delivery`
--


--
-- Table structure for table `n36ic_invitex_config`
--

CREATE TABLE `n36ic_invitex_config` (
  `id` int(11) NOT NULL AUTO_INCREMENT,
  `namekey` text DEFAULT NULL,
  `value` text DEFAULT NULL,
  PRIMARY KEY (`id`)
) ENGINE=InnoDB AUTO_INCREMENT=17 DEFAULT CHARSET=utf8mb4 COLLATE=utf8mb4_unicode_ci;

--
-- Dumping data for table `n36ic_invitex_config`
--

INSERT INTO `n36ic_invitex_config` VALUES
(1,'message_subject','Invitation to join the [SITENAME]'),
(2,'message_body','<p> </p>\r\n<p> </p>\r\n<table id=\"layout\" style=\"margin: 10px auto; background: #fff; width: 620px; text-align: left; border-collapse: collapse;\" border=\"0\" cellspacing=\"0\" cellpadding=\"0\">\r\n<tbody>\r\n<tr>\r\n<td class=\"rounded\" style=\"margin: 0; padding: 0; line-height: 8px;\"><img src=\"media/com_invitex/images/header_top.gif\" width=\"620\" height=\"35\" border=\"0\" /></td>\r\n</tr>\r\n<tr>\r\n<td id=\"header\" style=\"background-color: #323232; padding: 20px 30px 25px 30px; color: #ffffff; font-family: Helvetica; font-weight: normal; text-align: left;\">\r\n<h1 class=\"primary-heading\" style=\"font-size: 28px; font-weight: bold; color: #ffffff; font-family: Helvetica; margin: 0;\">[SITENAME]</h1>\r\n</td>\r\n</tr>\r\n<tr>\r\n<td id=\"content\" style=\"margin: 0; font-size: 12px; color: #555555; font-style: normal; font-weight: normal; font-family: Helvetica; line-height: 1.6em; padding: 10px 30px 0;\">\r\n<table class=\"content-grid\" border=\"0\">\r\n<tbody>\r\n<tr>\r\n<td style=\"vertical-align: top; padding-right: 30px;\" valign=\"top\">\r\n<h1 class=\"title\" style=\"font-size: 16px; font-weight: bold; color: #333333; font-style: normal; font-family: Helvetica; margin: 15px 0 10px 0; text-align: left; padding: 0;\">Hi [NAME]</h1>\r\n<p class=\"copy\" style=\"margin: 0; line-height: 1.6em; font-size: 14px;\">[INVITER_NAME] is asking you to join [SITENAME]</p>\r\n<p class=\"copy\" style=\"margin: 0; line-height: 1.6em; font-size: 14px;\">Give back to the local community when you support local businesses.<br />The link will expire on [EXPIRYDAYS]<br />Here\\\'s what he has to say-</p>\r\n</td>\r\n</tr>\r\n<tr>\r\n<td id=\"msg\" style=\"padding: 10px; background-color: #fff9d7; border: 1px solid #e2c822;\">[MESSAGE]</td>\r\n</tr>\r\n<tr>\r\n<td>\r\n<p class=\"copy\" style=\"margin: 0; line-height: 1.6em; font-size: 14px;\">Please use the link below to join so that [INVITER_NAME] knows when you sign up. Click this link to [SUBSCRIBE]<br />If you don\\\'t wish to receive any more invitation emails from [SITENAME] ,click [UNSUBSCRIBE]<br />[PWIU]</p>\r\n</td>\r\n</tr>\r\n</tbody>\r\n</table>\r\n<div>\r\n<table style=\"width: 100%;\" border=\"0\" cellspacing=\"0\" cellpadding=\"0\">\r\n<tbody>\r\n<tr>\r\n<td id=\"preference\" style=\"border: 1px solid #999; margin: 0px; padding: 10px; font-family: Helvetica; background-color: #ccc; color: #333; font-size: 11px;\">For more information please visit, <span style=\"font-family: Helvetica; font-size: 11px; color: #3b5998;\"><span style=\"font-size: 11px; color: #3b5998;\">[SITEURL]</span></span></td>\r\n</tr>\r\n</tbody>\r\n</table>\r\n</div>\r\n</td>\r\n</tr>\r\n<tr>\r\n<td class=\"rounded\" style=\"margin: 0; padding: 0; line-height: 8px;\"><img src=\"media/com_invitex/images/afooter.gif\" width=\"620\" height=\"35\" border=\"0\" /></td>\r\n</tr>\r\n<tr>\r\n<td id=\"footer\" style=\"background-color: #626262; padding: 20px; font-size: 10px; color: #ccc; line-height: 150%; font-family: Verdana; text-align: center;\">\r\n<p>This message was intended for [NAME] . If you do not wish to receive this type of email from [SITENAME] in the future, please set your preferences.</p>\r\n</td>\r\n</tr>\r\n</tbody>\r\n</table>'),
(3,'pm_message_body_sub','Invitation to join [SITENAME]'),
(4,'pm_message_body','Hi [NAME]\r\n\r\nThis is an invitation for you to join [SITENAME]\r\nThe link will expire on [EXPIRYDAYS]\r\nHere is what he has to say-\r\n\r\n[MESSAGE]\r\n\r\nPlease use the link below to join so that [INVITER_NAME] knows when you sign up. Click this link to [SUBSCRIBE]\r\n\r\n\r\nIf you do not wish to receive any more invitation emails from [SITENAME] ,click [UNSUBSCRIBE]'),
(5,'pm_message_body_no_replace_sub','Invitation to join [SITENAME]'),
(6,'pm_message_body_no_replace','Hi,\r\n\r\nThis is an invitation for you to join [SITENAME]\r\nThe link will expire on [EXPIRYDAYS]\r\nHere is what he has to say-\r\n\r\n[MESSAGE]\r\n\r\nPlease use the link below to join so that [INVITER_NAME] knows when you sign up. Click this link to [SUBSCRIBE]\r\n\r\n\r\nIf you do not wish to receive any more invitation emails from [SITENAME] ,click [UNSUBSCRIBE]'),
(7,'twitter_message_body','Hi,\r\nClick [SUBSCRIBE] & join [SITENAME].'),
(8,'sms_message_body','Hi,\r\nClick [SUBSCRIBE] & join the [SITENAME].'),
(9,'reminder_subject','Reminder about your invitation from [INVITER_NAME]'),
(10,'reminder_body','<p> </p>\r\n<p> </p>\r\n<table id=\"layout\" style=\"margin: 10px auto; background: #fff; width: 620px; text-align: left; border-collapse: collapse;\" border=\"0\" cellspacing=\"0\" cellpadding=\"0\">\r\n<tbody>\r\n<tr>\r\n<td class=\"rounded\" style=\"margin: 0; padding: 0; line-height: 8px;\"><img src=\"media/com_invitex/images/header_top.gif\" width=\"620\" height=\"35\" border=\"0\" /></td>\r\n</tr>\r\n<tr>\r\n<td id=\"header\" style=\"background-color: #323232; padding: 20px 30px 25px 30px; color: #ffffff; font-family: Helvetica; font-weight: normal; text-align: left;\">\r\n<h1 class=\"primary-heading\" style=\"font-size: 28px; font-weight: bold; color: #ffffff; font-family: Helvetica; margin: 0;\">[SITENAME]</h1>\r\n</td>\r\n</tr>\r\n<tr>\r\n<td id=\"content\" style=\"margin: 0; font-size: 12px; color: #555555; font-style: normal; font-weight: normal; font-family: Helvetica; line-height: 1.6em; padding: 10px 30px 0;\">\r\n<table class=\"content-grid\" border=\"0\">\r\n<tbody>\r\n<tr>\r\n<td style=\"vertical-align: top; padding-right: 30px;\" valign=\"top\">\r\n<h1 class=\"title\" style=\"font-size: 16px; font-weight: bold; color: #333333; font-style: normal; font-family: Helvetica; margin: 15px 0 10px 0; text-align: left; padding: 0;\">Hi [NAME]</h1>\r\n<p><strong style=\"color: #222222; font-family: arial,sans-serif; font-size: 12px; font-style: normal; font-variant: normal; letter-spacing: normal; line-height: normal; orphans: 2; text-indent: 0px; text-transform: none; white-space: normal; widows: 2; word-spacing: 0px; background-color: rgba(255, 255, 255, 0.918);\">This pending invitation is awaiting your response:</strong></p>\r\n<p class=\"copy\" style=\"margin: 0; line-height: 1.6em; font-size: 14px;\">[INVITER_NAME] is asking you to join [SITENAME]<br />Here\\\'s what he has to say-</p>\r\n</td>\r\n</tr>\r\n<tr>\r\n<td id=\"msg\" style=\"padding: 10px; background-color: #fff9d7; border: 1px solid #e2c822;\">[MESSAGE]</td>\r\n</tr>\r\n<tr>\r\n<td>\r\n<p class=\"copy\" style=\"margin: 0; line-height: 1.6em; font-size: 14px;\">Please use the link below to join so that [INVITER_NAME] knows when you sign up. Click this link to [SUBSCRIBE]<br />The link will expire on [EXPIRYDAYS]<br />If you don\\\'t wish to receive any more invitation emails from [SITENAME] ,click [UNSUBSCRIBE]<br />[PWIU]</p>\r\n</td>\r\n</tr>\r\n</tbody>\r\n</table>\r\n<div>\r\n<table style=\"width: 100%;\" border=\"0\" cellspacing=\"0\" cellpadding=\"0\">\r\n<tbody>\r\n<tr>\r\n<td id=\"preference\" style=\"border: 1px solid #999; margin: 0px; padding: 10px; font-family: Helvetica; background-color: #ccc; color: #333; font-size: 11px;\">For more information please visit, <span style=\"font-family: Helvetica; font-size: 11px; color: #3b5998;\"><span style=\"font-size: 11px; color: #3b5998;\">[SITEURL]</span></span></td>\r\n</tr>\r\n</tbody>\r\n</table>\r\n</div>\r\n</td>\r\n</tr>\r\n<tr>\r\n<td class=\"rounded\" style=\"margin: 0; padding: 0; line-height: 8px;\"><img src=\"media/com_invitex/images/afooter.gif\" width=\"620\" height=\"35\" border=\"0\" /></td>\r\n</tr>\r\n<tr>\r\n<td id=\"footer\" style=\"background-color: #626262; padding: 20px; font-size: 10px; color: #ccc; line-height: 150%; font-family: Verdana; text-align: center;\">\r\n<p>This message was intended for [NAME] . If you do not wish to receive this type of email from [SITENAME] in the future, please set your preferences.</p>\r\n</td>\r\n</tr>\r\n</tbody>\r\n</table>'),
(12,'fb_request_body','<table style=\"border-collapse: collapse; width: 620px;\" cellspacing=\"0\" cellpadding=\"0\">\r\n<tbody>\r\n<tr>\r\n<td style=\"font-size: 16px; border-top: 1px solid #4FAED2; margin-top: 29px; z-index: 13; background: url(\'media/com_invitex/images/back/header-bg2.gif\'); font-weight: bold; text-align: left; padding: 5px 20px;\"><a style=\"display: block; height: 70px; width: 220px; text-decoration: none; color: #238db4; padding: 20px 10px 10px 10px;\" title=\"[SITENAME]\" href=\"index.php\"><span style=\"font-size: 28px; font-weight: bold; color: #ffffff;\">[SITENAME]</span></a></td>\r\n</tr>\r\n<tr>\r\n<td style=\"font-size: 11px; background-color: #fff; padding: 20px; border: none;\">Lucky You [NAME], <br /><br />You have been invited by [INVITER_NAME] to join [SITENAME] <br /><br />[SUBSCRIBE]</td>\r\n</tr>\r\n<tr>\r\n<td style=\"height: 20px; background: url(\'media/com_invitex/images/back/header-bg2.gif\'); padding: 5px 20px;\"><span style=\"position: absolute; top: -1000px;\">[SITENAME]</span></td>\r\n</tr>\r\n</tbody>\r\n</table>'),
(13,'friendsonsite_subject','[NAME],You have friends on [SITENAME]'),
(14,'friendsonsite_body','<p> </p>\r\n<p> </p>\r\n<table style=\"border-collapse: collapse; width: 620px;\" cellspacing=\"0\" cellpadding=\"0\">\r\n<tbody>\r\n<tr>\r\n<td style=\"font-size: 16px; border-top: 1px solid #4FAED2; margin-top: 29px; z-index: 13; background: url(\'media/com_invitex/images/back/header-bg2.gif\'); font-weight: bold; text-align: left; padding: 5px 20px;\"><a style=\"display: block; height: 70px; width: 220px; text-decoration: none; color: #238db4; padding: 20px 10px 10px 10px;\" title=\"[SITENAME]\" href=\"index.php\"><span style=\"font-size: 28px; font-weight: bold; color: #ffffff;\">[SITENAME]</span></a></td>\r\n</tr>\r\n<tr>\r\n<td style=\"font-size: 11px; background-color: #fff; padding: 20px; border: none;\">\r\n<p>Hi [NAME],</p>\r\n<p>[NUMBEROFFRIENDS] of your friends are on [SITENAME] !</p>\r\n</td>\r\n</tr>\r\n<tr>\r\n<td>[FRINEDSONSITE]</td>\r\n</tr>\r\n<tr>\r\n<td style=\"height: 20px; background: url(\'media/com_invitex/images/back/header-bg2.gif\'); padding: 5px 20px;\"><span style=\"position: absolute; top: -1000px;\">[SITENAME]</span></td>\r\n</tr>\r\n</tbody>\r\n</table>'),
(16,'inv_look','0');

--
-- Table structure for table `n36ic_invitex_imports`
--

CREATE TABLE `n36ic_invitex_imports` (
  `id` int(11) NOT NULL AUTO_INCREMENT,
  `inviter_id` int(11) NOT NULL DEFAULT 0,
  `provider_email` varchar(50) NOT NULL DEFAULT '',
  `message` text DEFAULT NULL,
  `provider` varchar(50) NOT NULL DEFAULT '',
  `invites_count` int(11) NOT NULL DEFAULT 0,
  `date` int(11) NOT NULL DEFAULT 0,
  `invite_type` int(11) NOT NULL DEFAULT 0,
  `invite_url` text DEFAULT NULL,
  `catch_act` text DEFAULT NULL,
  `invite_type_tag` text DEFAULT NULL,
  `message_type` text DEFAULT NULL,
  PRIMARY KEY (`id`)
) ENGINE=InnoDB AUTO_INCREMENT=30 DEFAULT CHARSET=utf8mb4 COLLATE=utf8mb4_unicode_ci;

--
-- Dumping data for table `n36ic_invitex_imports`
--

INSERT INTO `n36ic_invitex_imports` VALUES
(2,49,'SEND_MANUAL','Please check out this support local site, for everyone in the community. ','manual',1,1703156474,0,'','','','email'),
(3,5222,'SEND_MANUAL','Please check out this support local site, for everyone in the community. ','manual',1,1705447957,0,'','','','email'),
(4,49,'SEND_MANUAL','Please check out this support local site, for everyone in the community. ','manual',1,1706028860,0,'','','','email'),
(5,49,'SEND_MANUAL','Please check out this support local site, for everyone in the community. ','manual',1,1706381365,0,'','','','email'),
(6,49,'SEND_MANUAL','Please join this event','manual',1,1730488867,1,'https://givebackpromotions.org/community/groups/viewgroup/88-504-give-back-community','','','email'),
(7,49,'SEND_MANUAL','Please check out this support local site, for everyone in the community. ','manual',1,1710356513,0,'','','','email'),
(8,49,'SEND_MANUAL','Please check out this support local site, for everyone in the community. ','manual',1,1710356603,0,'','','','email'),
(9,183038,'SEND_MANUAL','My name is Amanda Gemon, I\'m a local mom and realtor. My oldest son is currently in grade 1 at Vincent Massey PS. As a parent in the community I\'ve seen a need for good fundraising opportunities for the local schools. With that in mind, I have partnered up with an organization called Local Community Hero to coordinate with local businesses to support fundraising programs that allow us to have the organization in need of funding be empowered to get out and raise significant amounts of money for their cause. I wanted to book a time either this week or next to sit down and have a quick chat about this great fundraising opportunity for your organization. Let me know if you have any availability. \r\n\r\nHave a great day\r\n\r\nThanks,\r\n\r\nAmanda Gemon\r\n416-258-6721','manual',1,1713996153,0,'','','','email'),
(10,183038,'SEND_MANUAL','Please check out this support local site, for everyone in the community. ','manual',1,1714943827,0,'','','','email'),
(11,246092,'SEND_MANUAL','Please check out this support local site, for everyone in the community. ','manual',1,1715119762,0,'','','','email'),
(12,246092,'SEND_MANUAL','Please check out this support local site, for everyone in the community. ','manual',1,1715122072,0,'','','','email'),
(13,49,'SEND_MANUAL','Please check out this support local site, for everyone in the community. ','manual',1,1715755156,0,'','','','email'),
(14,49,'SEND_MANUAL','Please check out this support local site, for everyone in the community. ','manual',1,1719253852,0,'','','','email'),
(15,183038,'SEND_MANUAL','Please check out this support local site, for everyone in the community. ','manual',1,1719931044,0,'','','','email'),
(16,49,'SEND_MANUAL','Please check out this support local site, for everyone in the community. ','manual',1,1720200282,0,'','','','email'),
(17,49,'SEND_MANUAL','Please check out this support local site, for everyone in the community. ','manual',1,1720544392,0,'','','','email'),
(18,49,'SEND_MANUAL','Please check out this support local site, for everyone in the community. ','manual',1,1720544548,0,'','','','email'),
(19,49,'SEND_MANUAL','Please check out this support local site, for everyone in the community. ','manual',1,1720550882,0,'','','','email'),
(20,49,'SEND_MANUAL','Please check out this support local site, for everyone in the community. ','manual',1,1720550907,0,'','','','email'),
(21,49,'SEND_MANUAL','Please check out this support local site, for everyone in the community to get coonected. ','manual',1,1720809890,0,'','','','email'),
(22,49,'SEND_MANUAL','Please check out this support local site, for everyone in the community. ','manual',1,1721222812,0,'','','','email'),
(23,49,'SEND_MANUAL','Please check out this support local site, for everyone in the community. ','manual',1,1727819426,0,'','','','email'),
(24,49,'SEND_MANUAL','Please check out this support local site, for everyone in the community. ','manual',1,1727966845,0,'','','','email'),
(25,246152,'SEND_MANUAL','Hey, \r\n\r\nI just assumed you\'d be part of the give-back community already. Join here and we can keep each other informed with what we\'re doing. \r\n\r\nAgain, it was so nice meeting you last night. \r\n\r\nTake care,\r\n\r\nAli','manual',1,1736874289,0,'','','','email'),
(26,246179,'SEND_MANUAL','Please check out this support local site, for everyone in the community. ','manual',1,1748146507,0,'','','','email'),
(27,246184,'SEND_MANUAL','Please check out this support local site, for everyone in the community. ','manual',1,1748750431,0,'','','','email'),
(28,246184,'SEND_MANUAL','Please check out this support local site, for everyone in the community. ','manual',1,1749592722,0,'','','','email'),
(29,49,'SEND_MANUAL','Please check out this support local site, for everyone in the community. ','manual',1,1755809784,0,'','','','email');

--
-- Table structure for table `n36ic_invitex_imports_emails`
--

CREATE TABLE `n36ic_invitex_imports_emails` (
  `id` int(11) NOT NULL AUTO_INCREMENT,
  `import_id` int(11) NOT NULL DEFAULT 0,
  `inviter_id` int(11) NOT NULL DEFAULT 0,
  `guest` varchar(255) NOT NULL DEFAULT '',
  `invitee_email` varchar(400) NOT NULL DEFAULT '',
  `invitee_name` text DEFAULT NULL,
  `expires` int(11) NOT NULL DEFAULT 0,
  `sent` tinyint(4) NOT NULL DEFAULT 0,
  `sent_at` int(11) NOT NULL DEFAULT 0,
  `invitee_id` int(11) NOT NULL DEFAULT 0,
  `ip` varchar(100) NOT NULL DEFAULT '',
  `friend_count` int(11) NOT NULL DEFAULT 0,
  `click_count` int(11) NOT NULL DEFAULT 0,
  `blocked` tinyint(11) DEFAULT 0,
  `modified` int(11) NOT NULL DEFAULT 0,
  `resend` int(11) NOT NULL DEFAULT 0,
  `resend_count` int(11) NOT NULL DEFAULT 0,
  `remind` tinyint(4) NOT NULL DEFAULT 0,
  `remind_count` int(11) NOT NULL DEFAULT 0,
  `unsubscribe` tinyint(2) NOT NULL DEFAULT 0,
  PRIMARY KEY (`id`)
) ENGINE=InnoDB AUTO_INCREMENT=79 DEFAULT CHARSET=utf8mb4 COLLATE=utf8mb4_unicode_ci;

--
-- Dumping data for table `n36ic_invitex_imports_emails`
--

INSERT INTO `n36ic_invitex_imports_emails` VALUES
(50,2,49,'0','ankush_m@techjoomla.com','ankush_m@techjoomla.com',1718132638,1,1703156562,0,'',0,0,0,1710356638,1,1,0,0,0),
(51,3,5222,'0','Alexandermalacarne@gmail.com','alexandermalacarne@gmail.com',1713223957,0,0,0,'',0,0,0,0,0,0,0,0,0),
(52,4,49,'0','shannon@coolhouse.ca','shannon@coolhouse.ca',1713804860,0,0,0,'',0,0,0,0,0,0,0,0,0),
(53,5,49,'0','gian@mymortgagehub.ca','gian@mymortgagehub.ca',1714157365,0,0,0,'',0,0,0,0,0,0,0,0,0),
(54,6,49,'0','myvirtualanthony@gmail.com','myvirtualanthony@gmail.com',1714157478,0,0,0,'',0,0,0,0,0,0,0,0,0),
(55,7,49,'0','chris@yourteampros.com','chris@yourteampros.com',1718132513,0,0,0,'',0,0,0,0,0,0,0,0,0),
(56,8,49,'0','info@yourteampros.com','info@yourteampros.com',1718132603,0,0,0,'',0,0,0,0,0,0,0,0,0),
(57,9,183038,'0','mrs.a.gemon@gmail.com','mrs.a.gemon@gmail.com',1721772153,0,0,0,'',0,0,0,0,0,0,0,0,0),
(58,10,183038,'0','Chelseym2003@yahoo.ca','chelseym2003@yahoo.ca',1722719827,0,0,0,'',0,0,0,0,0,0,0,0,0),
(59,11,246092,'0','otr@live.ca','otr@live.ca',1722895762,0,0,0,'',0,0,0,0,0,0,0,0,0),
(60,12,246092,'0','canadianshingler@hotmail.com','canadianshingler@hotmail.com',1722898072,0,0,0,'',0,0,0,0,0,0,0,0,0),
(61,13,49,'0','IcanHero.com@gmail.com','icanhero.com@gmail.com',1723531156,0,0,0,'',0,0,0,0,0,0,0,0,0),
(62,14,49,'0','info@snoozeroom.ca','info@snoozeroom.ca',1727029852,0,0,0,'',0,0,0,0,0,0,0,0,0),
(63,15,183038,'0','Info@snoozeroom.ca','info@snoozeroom.ca',1727707044,0,0,0,'',0,0,0,0,0,0,0,0,0),
(64,16,49,'0','Nuhorizonco@rogers.com','nuhorizonco@rogers.com',1727976282,0,0,0,'',0,0,0,0,0,0,0,0,0),
(65,17,49,'0','Allen_walsh_18@hotmail.com','allen_walsh_18@hotmail.com',1728320392,0,0,0,'',0,0,0,0,0,0,0,0,0),
(66,18,49,'0','David@tlasales.com','david@tlasales.com',1728320548,0,0,0,'',0,0,0,0,0,0,0,0,0),
(67,19,49,'0','brent@genexpert.ca','brent@genexpert.ca',1728326882,0,0,0,'',0,0,0,0,0,0,0,0,0),
(68,20,49,'0','rachelmw11@yahoo.com','rachelmw11@yahoo.com',1728326907,0,0,0,'',0,0,0,0,0,0,0,0,0),
(69,21,49,'0','stephanie.maguire@autismontario.com','stephanie.maguire@autismontario.com',1728585890,0,0,0,'',0,0,0,0,0,0,0,0,0),
(70,22,49,'0','info@johnnycuts.ca','info@johnnycuts.ca',1728998812,0,0,0,'',0,0,0,0,0,0,0,0,0),
(71,23,49,'0','alizuccato@gmail.com','alizuccato@gmail.com',1735595426,0,0,0,'',0,0,0,0,0,0,0,0,0),
(72,24,49,'0','support@coderevolution.ro','support@coderevolution.ro',1735742845,0,0,0,'',0,0,0,0,0,0,0,0,0),
(73,6,49,'0','cmptv.ca@gmail.com','cmptv.ca@gmail.com',1738264867,0,0,0,'',0,0,0,0,0,0,0,0,0),
(74,25,246152,'0','oocampxfrc13@gmail.com','oocampxfrc13@gmail.com',1744650289,0,0,0,'',0,0,0,0,0,0,0,0,0),
(75,26,246179,'0','Whitby@GiveBackMom.com','whitby@givebackmom.com',1755922507,0,0,0,'',0,0,0,0,0,0,0,0,0),
(76,27,246184,'0','whitby@givebackmom.com','whitby@givebackmom.com',1756526431,0,0,0,'',0,0,0,0,0,0,0,0,0),
(77,28,246184,'0','Kimberlyjjc@gmail.com','kimberlyjjc@gmail.com',1757368722,0,0,0,'',0,0,0,0,0,0,0,0,0),
(78,29,49,'0','katherine.young@rogers.com','katherine.young@rogers.com',1763585784,0,0,0,'',0,0,0,0,0,0,0,0,0);

--
-- Table structure for table `n36ic_invitex_invitation_limit`
--

CREATE TABLE `n36ic_invitex_invitation_limit` (
  `id` int(11) NOT NULL AUTO_INCREMENT,
  `userid` int(11) NOT NULL DEFAULT 0,
  `limit` int(11) NOT NULL DEFAULT 0,
  PRIMARY KEY (`id`)
) ENGINE=InnoDB AUTO_INCREMENT=15759 DEFAULT CHARSET=utf8mb4 COLLATE=utf8mb4_unicode_ci;

--
-- Dumping data for table `n36ic_invitex_invitation_limit`
--

INSERT INTO `n36ic_invitex_invitation_limit` VALUES
(1,328647,50),
(2,328648,50),
(3,328649,50),
(4,328650,50),
(5,328651,50),
(6,328652,50),
(7,328653,50),
(8,328654,50),
(9,328655,50),
(10,328656,50),
(11,328657,50),
(12,328658,50),
(13,328659,50),
(14,328660,50),
(15,328661,50),
(16,328662,50),
(17,328663,50),
(18,328664,50),
(19,328665,50),
(20,328666,50),
(21,328667,50),
(22,328668,50),
(23,328669,50),
(24,328670,50),
(25,328671,50),
(26,328672,50),
(27,328673,50),
(28,328674,50),
(29,328675,50),
(30,328676,50),
(31,328677,50),
(32,328678,50),
(33,328679,50),
(34,328680,50),
(35,328681,50),
(36,328682,50),
(37,328683,50),
(38,328684,50),
(39,328685,50),
(40,328686,50),
(41,328688,50),
(42,328687,50),
(43,328689,50),
(44,328690,50),
(45,328691,50),
(46,328692,50),
(47,328693,50),
(48,328694,50),
(49,328695,50),
(50,328696,50),
(51,328697,50),
(52,328698,50),
(53,328699,50),
(54,328700,50),
(55,328701,50),
(56,328702,50),
(57,328703,50),
(58,328704,50),
(59,328705,50),
(60,328706,50),
(61,328707,50),
(62,328708,50),
(63,328709,50),
(64,328710,50),
(65,328711,50),
(66,328712,50),
(67,328713,50),
(68,328714,50),
(69,328715,50),
(70,328716,50),
(71,328717,50),
(72,328718,50),
(73,328719,50),
(74,328720,50),
(75,328721,50),
(76,328722,50),
(77,328723,50),
(78,328724,50),
(79,328725,50),
(80,328726,50),
(81,328727,50),
(82,328728,50),
(83,328729,50),
(84,328731,50),
(85,328730,50),
(86,328732,50),
(87,328733,50),
(88,328734,50),
(89,328735,50),
(90,328736,50),
(91,328737,50),
(92,328738,50),
(93,328739,50),
(94,328740,50),
(95,328741,50),
(96,328742,50),
(97,328743,50),
(98,328744,50),
(99,328745,50),
(100,328746,50),
(101,328747,50),
(102,328748,50),
(103,328749,50),
(104,328750,50),
(105,328751,50),
(106,328752,50),
(107,328753,50),
(108,328754,50),
(109,328755,50),
(110,328756,50),
(111,328757,50),
(112,328758,50),
(113,328759,50),
(114,328760,50),
(115,328761,50),
(116,328762,50),
(117,328763,50),
(118,328764,50),
(119,328765,50),
(120,328767,50),
(121,328766,50),
(122,328769,50),
(123,328768,50),
(124,328770,50),
(125,328771,50),
(126,328772,50),
(127,328773,50),
(128,328774,50),
(129,328775,50),
(130,328776,50),
(131,328777,50),
(132,328778,50),
(133,328779,50),
(134,328780,50),
(135,328781,50),
(136,328782,50),
(137,328783,50),
(138,328784,50),
(139,328785,50),
(140,328786,50),
(141,328787,50),
(142,328788,50),
(143,328789,50),
(144,328790,50),
(145,328791,50),
(146,328792,50),
(147,328793,50),
(148,328794,50),
(149,328795,50),
(150,328796,50),
(151,328797,50),
(152,328798,50),
(153,328799,50),
(154,328800,50),
(155,328801,50),
(156,328802,50),
(157,328803,50),
(158,328804,50),
(159,328805,50),
(160,328806,50),
(161,328807,50),
(162,328808,50),
(163,328809,50),
(164,328810,50),
(165,328811,50),
(166,328812,50),
(167,328813,50),
(168,328814,50),
(169,328815,50),
(170,328816,50),
(171,328817,50),
(172,328818,50),
(173,328819,50),
(174,328820,50),
(175,328821,50),
(176,328822,50),
(177,328823,50),
(178,328824,50),
(179,328825,50),
(180,328826,50),
(181,328827,50),
(182,328828,50),
(183,328830,50),
(184,328829,50),
(185,328831,50),
(186,328832,50),
(187,328833,50),
(188,328834,50),
(189,328835,50),
(190,328836,50),
(191,328837,50),
(192,328838,50),
(193,328839,50),
(194,328840,50),
(195,328841,50),
(196,328842,50),
(197,328843,50),
(198,328844,50),
(199,328845,50),
(200,328846,50),
(201,328847,50),
(202,328848,50),
(203,328849,50),
(204,328850,50),
(205,328851,50),
(206,328852,50),
(207,328853,50),
(208,328854,50),
(209,328855,50),
(210,328856,50),
(211,328857,50),
(212,328858,50),
(213,328859,50),
(214,328860,50),
(215,328861,50),
(216,328862,50),
(217,328863,50),
(218,328864,50),
(219,328865,50),
(220,328866,50),
(221,328867,50),
(222,328868,50),
(223,328869,50),
(224,328870,50),
(225,328871,50),
(226,328872,50),
(227,328873,50),
(228,328875,50),
(229,328874,50),
(230,328876,50),
(231,328877,50),
(232,328878,50),
(233,328879,50),
(234,328880,50),
(235,328881,50),
(236,328882,50),
(237,328883,50),
(238,328884,50),
(239,328885,50),
(240,328886,50),
(241,328887,50),
(242,328888,50),
(243,328889,50),
(244,328890,50),
(245,328891,50),
(246,328892,50),
(247,328893,50),
(248,328894,50),
(249,328895,50),
(250,328896,50),
(251,328897,50),
(252,328898,50),
(253,328899,50),
(254,328900,50),
(255,328901,50),
(256,328902,50),
(257,328903,50),
(258,328904,50),
(259,328905,50),
(260,328906,50),
(261,328907,50),
(262,328908,50),
(263,328909,50),
(264,328910,50),
(265,328911,50),
(266,328912,50),
(267,328913,50),
(268,328914,50),
(269,328915,50),
(270,328916,50),
(271,328917,50),
(272,328918,50),
(273,328919,50),
(274,328920,50),
(275,328921,50),
(276,328922,50),
(277,328923,50),
(278,328924,50),
(279,328925,50),
(280,328926,50),
(281,328927,50),
(282,328928,50),
(283,328929,50),
(284,328930,50),
(285,328931,50),
(286,328932,50),
(287,328933,50),
(288,328934,50),
(289,328935,50),
(290,328936,50),
(291,328937,50),
(292,328938,50),
(293,328939,50),
(294,328940,50),
(295,328941,50),
(296,328942,50),
(297,328943,50),
(298,328944,50),
(299,328945,50),
(300,328946,50),
(301,328947,50),
(302,328948,50),
(303,328949,50),
(304,328950,50),
(305,328951,50),
(306,328952,50),
(307,328953,50),
(308,328954,50),
(309,328955,50),
(310,328956,50),
(311,328957,50),
(312,328958,50),
(313,328959,50),
(314,328960,50),
(315,328961,50),
(316,328962,50),
(317,328963,50),
(318,328964,50),
(319,328965,50),
(320,328966,50),
(321,328967,50),
(322,328968,50),
(323,328969,50),
(324,328970,50),
(325,328971,50),
(326,328972,50),
(327,328973,50),
(328,328975,50),
(329,328974,50),
(330,328976,50),
(331,328977,50),
(332,328978,50),
(333,328979,50),
(334,328980,50),
(335,328981,50),
(336,328982,50),
(337,328983,50),
(338,328984,50),
(339,328985,50),
(340,328986,50),
(341,328987,50),
(342,328988,50),
(343,328989,50),
(344,328990,50),
(345,328991,50),
(346,328992,50),
(347,328993,50),
(348,328994,50),
(349,328995,50),
(350,328996,50),
(351,328997,50),
(352,328998,50),
(353,328999,50),
(354,329000,50),
(355,329001,50),
(356,329002,50),
(357,329003,50),
(358,329004,50),
(359,329005,50),
(360,329006,50),
(361,329007,50),
(362,329008,50),
(363,329009,50),
(364,329010,50),
(365,329011,50),
(366,329012,50),
(367,329013,50),
(368,329014,50),
(369,329015,50),
(370,329016,50),
(371,329017,50),
(372,329018,50),
(373,329019,50),
(374,329020,50),
(375,329021,50),
(376,329022,50),
(377,329023,50),
(378,329024,50),
(379,329025,50),
(380,329026,50),
(381,329027,50),
(382,329028,50),
(383,329029,50),
(384,329030,50),
(385,329031,50),
(386,329032,50),
(387,329033,50),
(388,329034,50),
(389,329035,50),
(390,329036,50),
(391,329037,50),
(392,329038,50),
(393,329040,50),
(394,329039,50),
(395,329041,50),
(396,329042,50),
(397,329043,50),
(398,329044,50),
(399,329045,50),
(400,329046,50),
(401,329047,50),
(402,329048,50),
(403,329049,50),
(404,329050,50),
(405,329051,50),
(406,329052,50),
(407,329053,50),
(408,329054,50),
(409,329055,50),
(410,329056,50),
(411,329057,50),
(412,329058,50),
(413,329059,50),
(414,329060,50),
(415,329061,50),
(416,329062,50),
(417,329063,50),
(418,329064,50),
(419,329065,50),
(420,329066,50),
(421,329067,50),
(422,329068,50),
(423,329069,50),
(424,329070,50),
(425,329071,50),
(426,329072,50),
(427,329073,50),
(428,329074,50),
(429,329075,50),
(430,329076,50),
(431,329077,50),
(432,329078,50),
(433,329079,50),
(434,329080,50),
(435,329081,50),
(436,329082,50),
(437,329083,50),
(438,329084,50),
(439,329085,50),
(440,329086,50),
(441,329087,50),
(442,329088,50),
(443,329089,50),
(444,329090,50),
(445,329091,50),
(446,329092,50),
(447,329093,50),
(448,329094,50),
(449,329095,50),
(450,329096,50),
(451,329097,50),
(452,329098,50),
(453,329099,50),
(454,329100,50),
(455,329101,50),
(456,329102,50),
(457,329103,50),
(458,329104,50),
(459,329105,50),
(460,329106,50),
(461,329107,50),
(462,329108,50),
(463,329109,50),
(464,329110,50),
(465,329111,50),
(466,329112,50),
(467,329113,50),
(468,329114,50),
(469,329115,50),
(470,329116,50),
(471,329117,50),
(472,329118,50),
(473,329119,50),
(474,329120,50),
(475,329121,50),
(476,329122,50),
(477,329123,50),
(478,329124,50),
(479,329125,50),
(480,329126,50),
(481,329127,50),
(482,329128,50),
(483,329129,50),
(484,329130,50),
(485,329131,50),
(486,329132,50),
(487,329133,50),
(488,329134,50),
(489,329135,50),
(490,329136,50),
(491,329137,50),
(492,329138,50),
(493,329139,50),
(494,329140,50),
(495,329141,50),
(496,329142,50),
(497,329143,50),
(498,329144,50),
(499,329145,50),
(500,329146,50),
(501,329147,50),
(502,329148,50),
(503,329149,50),
(504,329150,50),
(505,329151,50),
(506,329152,50),
(507,329153,50),
(508,329154,50),
(509,329155,50),
(510,329156,50),
(511,329157,50),
(512,329158,50),
(513,329159,50),
(514,329160,50),
(515,329161,50),
(516,329162,50),
(517,329163,50),
(518,329164,50),
(519,329165,50),
(520,329166,50),
(521,329167,50),
(522,329169,50),
(523,329168,50),
(524,329170,50),
(525,329171,50),
(526,329172,50),
(527,329173,50),
(528,329174,50),
(529,329175,50),
(530,329176,50),
(531,329177,50),
(532,329178,50),
(533,329179,50),
(534,329180,50),
(535,329181,50),
(536,329182,50),
(537,329183,50),
(538,329184,50),
(539,329185,50),
(540,329186,50),
(541,329187,50),
(542,329188,50),
(543,329189,50),
(544,329190,50),
(545,329191,50),
(546,329192,50),
(547,329193,50),
(548,329194,50),
(549,329195,50),
(550,329196,50),
(551,329197,50),
(552,329198,50),
(553,329199,50),
(554,329200,50),
(555,329201,50),
(556,329202,50),
(557,329203,50),
(558,329204,50),
(559,329205,50),
(560,329206,50),
(561,329207,50),
(562,329208,50),
(563,329209,50),
(564,329210,50),
(565,329211,50),
(566,329212,50),
(567,329213,50),
(568,329214,50),
(569,329215,50),
(570,329216,50),
(571,329217,50),
(572,329218,50),
(573,329219,50),
(574,329220,50),
(575,329221,50),
(576,329222,50),
(577,329223,50),
(578,329224,50),
(579,329225,50),
(580,329226,50),
(581,329227,50),
(582,329228,50),
(583,329229,50),
(584,329230,50),
(585,329231,50),
(586,329232,50),
(587,329233,50),
(588,329234,50),
(589,329235,50),
(590,329236,50),
(591,329237,50),
(592,329238,50),
(593,329239,50),
(594,329240,50),
(595,329241,50),
(596,329242,50),
(597,329243,50),
(598,329244,50),
(599,329245,50),
(600,329246,50),
(601,329247,50),
(602,329248,50),
(603,329249,50),
(604,329250,50),
(605,329251,50),
(606,329252,50),
(607,329253,50),
(608,329254,50),
(609,329255,50),
(610,329256,50),
(611,329257,50),
(612,329258,50),
(613,329259,50),
(614,329260,50),
(615,329261,50),
(616,329262,50),
(617,329263,50),
(618,329264,50),
(619,329265,50),
(620,329266,50),
(621,329267,50),
(622,329268,50),
(623,329269,50),
(624,329270,50),
(625,329271,50),
(626,329272,50),
(627,329273,50),
(628,329274,50),
(629,329275,50),
(630,329276,50),
(631,329277,50),
(632,329278,50),
(633,329279,50),
(634,329280,50),
(635,329281,50),
(636,329282,50),
(637,329283,50),
(638,329284,50),
(639,329285,50),
(640,329286,50),
(641,329287,50),
(642,329288,50),
(643,329289,50),
(644,329290,50),
(645,329291,50),
(646,329292,50),
(647,329293,50),
(648,329294,50),
(649,329295,50),
(650,329296,50),
(651,329297,50),
(652,329298,50),
(653,329299,50),
(654,329300,50),
(655,329301,50),
(656,329302,50),
(657,329303,50),
(658,329304,50),
(659,329305,50),
(660,329306,50),
(661,329307,50),
(662,329308,50),
(663,329309,50),
(664,329310,50),
(665,329311,50),
(666,329312,50),
(667,329313,50),
(668,329314,50),
(669,329315,50),
(670,329316,50),
(671,329317,50),
(672,329318,50),
(673,329319,50),
(674,329320,50),
(675,329321,50),
(676,329322,50),
(677,329323,50),
(678,329324,50),
(679,329325,50),
(680,329326,50),
(681,329327,50),
(682,329328,50),
(683,329329,50),
(684,329330,50),
(685,329331,50),
(686,329332,50),
(687,329333,50),
(688,329334,50),
(689,329335,50),
(690,329336,50),
(691,329337,50),
(692,329338,50),
(693,329339,50),
(694,329340,50),
(695,329341,50),
(696,329342,50),
(697,329343,50),
(698,329344,50),
(699,329345,50),
(700,329346,50),
(701,329347,50),
(702,329348,50),
(703,329349,50),
(704,329350,50),
(705,329351,50),
(706,329352,50),
(707,329353,50),
(708,329354,50),
(709,329355,50),
(710,329356,50),
(711,329357,50),
(712,329358,50),
(713,329359,50),
(714,329360,50),
(715,329361,50),
(716,329362,50),
(717,329363,50),
(718,329364,50),
(719,329365,50),
(720,329366,50),
(721,329367,50),
(722,329368,50),
(723,329369,50),
(724,329370,50),
(725,329371,50),
(726,329372,50),
(727,329373,50),
(728,329374,50),
(729,329375,50),
(730,329376,50),
(731,329377,50),
(732,329378,50),
(733,329379,50),
(734,329380,50),
(735,329381,50),
(736,329382,50),
(737,329383,50),
(738,329384,50),
(739,329385,50),
(740,329386,50),
(741,329387,50),
(742,329388,50),
(743,329389,50),
(744,329390,50),
(745,329391,50),
(746,329392,50),
(747,329393,50),
(748,329394,50),
(749,329395,50),
(750,329396,50),
(751,329397,50),
(752,329398,50),
(753,329399,50),
(754,329400,50),
(755,329401,50),
(756,329402,50),
(757,329403,50),
(758,329404,50),
(759,329405,50),
(760,329406,50),
(761,329407,50),
(762,329408,50),
(763,329409,50),
(764,329410,50),
(765,329411,50),
(766,329412,50),
(767,329413,50),
(768,329414,50),
(769,329415,50),
(770,329416,50),
(771,329417,50),
(772,329418,50),
(773,329419,50),
(774,329420,50),
(775,329421,50),
(776,329422,50),
(777,329423,50),
(778,329424,50),
(779,329425,50),
(780,329426,50),
(781,329427,50),
(782,329428,50),
(783,329429,50),
(784,329430,50),
(785,329431,50),
(786,329432,50),
(787,329433,50),
(788,329434,50),
(789,329435,50),
(790,329436,50),
(791,329437,50),
(792,329438,50),
(793,329439,50),
(794,329440,50),
(795,329441,50),
(796,329442,50),
(797,329443,50),
(798,329444,50),
(799,329445,50),
(800,329446,50),
(801,329447,50),
(802,329448,50),
(803,329449,50),
(804,329450,50),
(805,329451,50),
(806,329452,50),
(807,329453,50),
(808,329454,50),
(809,329455,50),
(810,329456,50),
(811,329457,50),
(812,329458,50),
(813,329459,50),
(814,329460,50),
(815,329461,50),
(816,329462,50),
(817,329463,50),
(818,329464,50),
(819,329465,50),
(820,329466,50),
(821,329467,50),
(822,329468,50),
(823,329469,50),
(824,329470,50),
(825,329471,50),
(826,329472,50),
(827,329473,50),
(828,329474,50),
(829,329475,50),
(830,329476,50),
(831,329477,50),
(832,329478,50),
(833,329480,50),
(834,329479,50),
(835,329481,50),
(836,329482,50),
(837,329483,50),
(838,329484,50),
(839,329485,50),
(840,329486,50),
(841,329487,50),
(842,329488,50),
(843,329489,50),
(844,329490,50),
(845,329491,50),
(846,329492,50),
(847,329493,50),
(848,329494,50),
(849,329495,50),
(850,329496,50),
(851,329497,50),
(852,329498,50),
(853,329499,50),
(854,329500,50),
(855,329501,50),
(856,329502,50),
(857,329503,50),
(858,329504,50),
(859,329505,50),
(860,329506,50),
(861,329507,50),
(862,329508,50),
(863,329509,50),
(864,329510,50),
(865,329511,50),
(866,329512,50),
(867,329513,50),
(868,329514,50),
(869,329515,50),
(870,329516,50),
(871,329517,50),
(872,329518,50),
(873,329519,50),
(874,329520,50),
(875,329521,50),
(876,329522,50),
(877,329523,50),
(878,329524,50),
(879,329525,50),
(880,329526,50),
(881,329527,50),
(882,329528,50),
(883,329529,50),
(884,329530,50),
(885,329531,50),
(886,329532,50),
(887,329533,50),
(888,329534,50),
(889,329535,50),
(890,329536,50),
(891,329537,50),
(892,329538,50),
(893,329539,50),
(894,329540,50),
(895,329541,50),
(896,329542,50),
(897,329543,50),
(898,329544,50),
(899,329545,50),
(900,329546,50),
(901,329547,50),
(902,329548,50),
(903,329549,50),
(904,329550,50),
(905,329551,50),
(906,329552,50),
(907,329553,50),
(908,329554,50),
(909,329555,50),
(910,329556,50),
(911,329557,50),
(912,329558,50),
(913,329559,50),
(914,329560,50),
(915,329561,50),
(916,329562,50),
(917,329563,50),
(918,329564,50),
(919,329565,50),
(920,329566,50),
(921,329567,50),
(922,329568,50),
(923,329569,50),
(924,329570,50),
(925,329571,50),
(926,329572,50),
(927,329573,50),
(928,329574,50),
(929,329575,50),
(930,329576,50),
(931,329577,50),
(932,329578,50),
(933,329579,50),
(934,329580,50),
(935,329581,50),
(936,329582,50),
(937,329583,50),
(938,329584,50),
(939,329585,50),
(940,329586,50),
(941,329587,50),
(942,329588,50),
(943,329589,50),
(944,329590,50),
(945,329591,50),
(946,329592,50),
(947,329593,50),
(948,329594,50),
(949,329595,50),
(950,329596,50),
(951,329597,50),
(952,329598,50),
(953,329599,50),
(954,329600,50),
(955,329601,50),
(956,329602,50),
(957,329604,50),
(958,329603,50),
(959,329605,50),
(960,329606,50),
(961,329607,50),
(962,329608,50),
(963,329609,50),
(964,329610,50),
(965,329611,50),
(966,329612,50),
(967,329613,50),
(968,329614,50),
(969,329615,50),
(970,329616,50),
(971,329617,50),
(972,329618,50),
(973,329619,50),
(974,329620,50),
(975,329621,50),
(976,329622,50),
(977,329623,50),
(978,329624,50),
(979,329625,50),
(980,329626,50),
(981,329627,50),
(982,329628,50),
(983,329629,50),
(984,329630,50),
(985,329631,50),
(986,329632,50),
(987,329633,50),
(988,329634,50),
(989,329635,50),
(990,329636,50),
(991,329637,50),
(992,329638,50),
(993,329639,50),
(994,329640,50),
(995,329641,50),
(996,329642,50),
(997,329643,50),
(998,329644,50),
(999,329645,50),
(1000,329646,50),
(1001,329647,50),
(1002,329648,50),
(1003,329649,50),
(1004,329650,50),
(1005,329651,50),
(1006,329652,50),
(1007,329653,50),
(1008,329654,50),
(1009,329655,50),
(1010,329656,50),
(1011,329657,50),
(1012,329658,50),
(1013,329659,50),
(1014,329660,50),
(1015,329661,50),
(1016,329662,50),
(1017,329663,50),
(1018,329664,50),
(1019,329665,50),
(1020,329666,50),
(1021,329667,50),
(1022,329668,50),
(1023,329669,50),
(1024,329670,50),
(1025,329671,50),
(1026,329672,50),
(1027,329673,50),
(1028,329674,50),
(1029,329675,50),
(1030,329676,50),
(1031,329677,50),
(1032,329678,50),
(1033,329679,50),
(1034,329680,50),
(1035,329681,50),
(1036,329682,50),
(1037,329683,50),
(1038,329684,50),
(1039,329685,50),
(1040,329686,50),
(1041,329687,50),
(1042,329688,50),
(1043,329690,50),
(1044,329689,50),
(1045,329691,50),
(1046,329692,50),
(1047,329693,50),
(1048,329694,50),
(1049,329695,50),
(1050,329696,50),
(1051,329697,50),
(1052,329698,50),
(1053,329699,50),
(1054,329700,50),
(1055,329701,50),
(1056,329702,50),
(1057,329703,50),
(1058,329704,50),
(1059,329705,50),
(1060,329706,50),
(1061,329707,50),
(1062,329708,50),
(1063,329709,50),
(1064,329710,50),
(1065,329711,50),
(1066,329712,50),
(1067,329713,50),
(1068,329714,50),
(1069,329715,50),
(1070,329716,50),
(1071,329717,50),
(1072,329718,50),
(1073,329719,50),
(1074,329720,50),
(1075,329721,50),
(1076,329722,50),
(1077,329723,50),
(1078,329724,50),
(1079,329726,50),
(1080,329725,50),
(1081,329727,50),
(1082,329728,50),
(1083,329729,50),
(1084,329730,50),
(1085,329731,50),
(1086,329732,50),
(1087,329733,50),
(1088,329734,50),
(1089,329735,50),
(1090,329736,50),
(1091,329737,50),
(1092,329738,50),
(1093,329739,50),
(1094,329740,50),
(1095,329741,50),
(1096,329742,50),
(1097,329743,50),
(1098,329744,50),
(1099,329745,50),
(1100,329746,50),
(1101,329747,50),
(1102,329748,50),
(1103,329749,50),
(1104,329750,50),
(1105,329751,50),
(1106,329752,50),
(1107,329753,50),
(1108,329754,50),
(1109,329755,50),
(1110,329756,50),
(1111,329757,50),
(1112,329758,50),
(1113,329759,50),
(1114,329760,50),
(1115,329761,50),
(1116,329762,50),
(1117,329763,50),
(1118,329764,50),
(1119,329765,50),
(1120,329766,50),
(1121,329767,50),
(1122,329768,50),
(1123,329769,50),
(1124,329770,50),
(1125,329771,50),
(1126,329772,50),
(1127,329773,50),
(1128,329774,50),
(1129,329775,50),
(1130,329776,50),
(1131,329777,50),
(1132,329778,50),
(1133,329779,50),
(1134,329780,50),
(1135,329781,50),
(1136,329782,50),
(1137,329783,50),
(1138,329784,50),
(1139,329785,50),
(1140,329786,50),
(1141,329787,50),
(1142,329788,50),
(1143,329789,50),
(1144,329790,50),
(1145,329791,50),
(1146,329792,50),
(1147,329793,50),
(1148,329794,50),
(1149,329795,50),
(1150,329796,50),
(1151,329797,50),
(1152,329798,50),
(1153,329799,50),
(1154,329800,50),
(1155,329801,50),
(1156,329802,50),
(1157,329803,50),
(1158,329804,50),
(1159,329805,50),
(1160,329806,50),
(1161,329807,50),
(1162,329808,50),
(1163,329809,50),
(1164,329810,50),
(1165,329811,50),
(1166,329812,50),
(1167,329813,50),
(1168,329814,50),
(1169,329815,50),
(1170,329816,50),
(1171,329817,50),
(1172,329818,50),
(1173,329819,50),
(1174,329820,50),
(1175,329821,50),
(1176,329822,50),
(1177,329823,50),
(1178,329824,50),
(1179,329825,50),
(1180,329826,50),
(1181,329827,50),
(1182,329828,50),
(1183,329829,50),
(1184,329830,50),
(1185,329831,50),
(1186,329832,50),
(1187,329833,50),
(1188,329834,50),
(1189,329835,50),
(1190,329836,50),
(1191,329837,50),
(1192,329838,50),
(1193,329839,50),
(1194,329840,50),
(1195,329841,50),
(1196,329842,50),
(1197,329843,50),
(1198,329844,50),
(1199,329845,50),
(1200,329846,50),
(1201,329847,50),
(1202,329848,50),
(1203,329849,50),
(1204,329850,50),
(1205,329851,50),
(1206,329852,50),
(1207,329853,50),
(1208,329854,50),
(1209,329855,50),
(1210,329856,50),
(1211,329857,50),
(1212,329858,50),
(1213,329859,50),
(1214,329860,50),
(1215,329861,50),
(1216,329862,50),
(1217,329863,50),
(1218,329864,50),
(1219,329865,50),
(1220,329866,50),
(1221,329867,50),
(1222,329868,50),
(1223,329869,50),
(1224,329870,50),
(1225,329871,50),
(1226,329872,50),
(1227,329873,50),
(1228,329874,50),
(1229,329875,50),
(1230,329876,50),
(1231,329877,50),
(1232,329878,50),
(1233,329879,50),
(1234,329880,50),
(1235,329881,50),
(1236,329882,50),
(1237,329883,50),
(1238,329884,50),
(1239,329885,50),
(1240,329886,50),
(1241,329887,50),
(1242,329888,50),
(1243,329889,50),
(1244,329890,50),
(1245,329891,50),
(1246,329892,50),
(1247,329893,50),
(1248,329894,50),
(1249,329895,50),
(1250,329896,50),
(1251,329897,50),
(1252,329898,50),
(1253,329899,50),
(1254,329900,50),
(1255,329901,50),
(1256,329902,50),
(1257,329903,50),
(1258,329904,50),
(1259,329905,50),
(1260,329906,50),
(1261,329908,50),
(1262,329907,50),
(1263,329909,50),
(1264,329910,50),
(1265,329911,50),
(1266,329912,50),
(1267,329913,50),
(1268,329914,50),
(1269,329915,50),
(1270,329916,50),
(1271,329917,50),
(1272,329918,50),
(1273,329919,50),
(1274,329920,50),
(1275,329921,50),
(1276,329922,50),
(1277,329923,50),
(1278,329924,50),
(1279,329925,50),
(1280,329926,50),
(1281,329927,50),
(1282,329928,50),
(1283,329929,50),
(1284,329930,50),
(1285,329932,50),
(1286,329931,50),
(1287,329933,50),
(1288,329934,50),
(1289,329935,50),
(1290,329936,50),
(1291,329937,50),
(1292,329938,50),
(1293,329939,50),
(1294,329940,50),
(1295,329941,50),
(1296,329942,50),
(1297,329943,50),
(1298,329944,50),
(1299,329945,50),
(1300,329946,50),
(1301,329947,50),
(1302,329948,50),
(1303,329949,50),
(1304,329950,50),
(1305,329951,50),
(1306,329952,50),
(1307,329953,50),
(1308,329954,50),
(1309,329955,50),
(1310,329956,50),
(1311,329957,50),
(1312,329958,50),
(1313,329959,50),
(1314,329960,50),
(1315,329961,50),
(1316,329962,50),
(1317,329963,50),
(1318,329964,50),
(1319,329965,50),
(1320,329966,50),
(1321,329967,50),
(1322,329968,50),
(1323,329969,50),
(1324,329970,50),
(1325,329971,50),
(1326,329972,50),
(1327,329973,50),
(1328,329974,50),
(1329,329975,50),
(1330,329976,50),
(1331,329977,50),
(1332,329978,50),
(1333,329979,50),
(1334,329980,50),
(1335,329981,50),
(1336,329982,50),
(1337,329983,50),
(1338,329984,50),
(1339,329985,50),
(1340,329986,50),
(1341,329987,50),
(1342,329988,50),
(1343,329989,50),
(1344,329990,50),
(1345,329991,50),
(1346,329992,50),
(1347,329993,50),
(1348,329994,50),
(1349,329995,50),
(1350,329996,50),
(1351,329997,50),
(1352,329998,50),
(1353,329999,50),
(1354,330000,50),
(1355,330001,50),
(1356,330002,50),
(1357,330003,50),
(1358,330004,50),
(1359,330005,50),
(1360,330006,50),
(1361,330007,50),
(1362,330008,50),
(1363,330009,50),
(1364,330010,50),
(1365,330011,50),
(1366,330012,50),
(1367,330013,50),
(1368,330014,50),
(1369,330015,50),
(1370,330016,50),
(1371,330017,50),
(1372,330018,50),
(1373,330019,50),
(1374,330020,50),
(1375,330021,50),
(1376,330022,50),
(1377,330023,50),
(1378,330024,50),
(1379,330025,50),
(1380,330026,50),
(1381,330027,50),
(1382,330028,50),
(1383,330029,50),
(1384,330030,50),
(1385,330031,50),
(1386,330032,50),
(1387,330033,50),
(1388,330034,50),
(1389,330035,50),
(1390,330036,50),
(1391,330037,50),
(1392,330038,50),
(1393,330039,50),
(1394,330040,50),
(1395,330041,50),
(1396,330042,50),
(1397,330043,50),
(1398,330044,50),
(1399,330045,50),
(1400,330046,50),
(1401,330047,50),
(1402,330048,50),
(1403,330049,50),
(1404,330050,50),
(1405,330051,50),
(1406,330052,50),
(1407,330053,50),
(1408,330054,50),
(1409,330055,50),
(1410,330056,50),
(1411,330057,50),
(1412,330058,50),
(1413,330059,50),
(1414,330060,50),
(1415,330061,50),
(1416,330062,50),
(1417,330063,50),
(1418,330064,50),
(1419,330065,50),
(1420,330066,50),
(1421,330067,50),
(1422,330068,50),
(1423,330069,50),
(1424,330070,50),
(1425,330071,50),
(1426,330072,50),
(1427,330073,50),
(1428,330074,50),
(1429,330075,50),
(1430,330076,50),
(1431,330077,50),
(1432,330078,50),
(1433,330079,50),
(1434,330080,50),
(1435,330081,50),
(1436,330082,50),
(1437,330083,50),
(1438,330084,50),
(1439,330085,50),
(1440,330086,50),
(1441,330087,50),
(1442,330088,50),
(1443,330089,50),
(1444,330090,50),
(1445,330091,50),
(1446,330092,50),
(1447,330093,50),
(1448,330094,50),
(1449,330095,50),
(1450,330096,50),
(1451,330097,50),
(1452,330098,50),
(1453,330099,50),
(1454,330100,50),
(1455,330101,50),
(1456,330102,50),
(1457,330103,50),
(1458,330104,50),
(1459,330105,50),
(1460,330106,50),
(1461,330107,50),
(1462,330108,50),
(1463,330109,50),
(1464,330110,50),
(1465,330111,50),
(1466,330112,50),
(1467,330113,50),
(1468,330114,50),
(1469,330115,50),
(1470,330116,50),
(1471,330117,50),
(1472,330118,50),
(1473,330119,50),
(1474,330120,50),
(1475,330121,50),
(1476,330122,50),
(1477,330123,50),
(1478,330124,50),
(1479,330125,50),
(1480,330126,50),
(1481,330127,50),
(1482,330128,50),
(1483,330129,50),
(1484,330130,50),
(1485,330131,50),
(1486,330132,50),
(1487,330133,50),
(1488,330134,50),
(1489,330135,50),
(1490,330136,50),
(1491,330137,50),
(1492,330138,50),
(1493,330139,50),
(1494,330140,50),
(1495,330141,50),
(1496,330142,50),
(1497,330143,50),
(1498,330144,50),
(1499,330145,50),
(1500,330146,50),
(1501,330147,50),
(1502,330148,50),
(1503,330149,50),
(1504,330150,50),
(1505,330151,50),
(1506,330152,50),
(1507,330153,50),
(1508,330154,50),
(1509,330155,50),
(1510,330156,50),
(1511,330157,50),
(1512,330158,50),
(1513,330159,50),
(1514,330160,50),
(1515,330161,50),
(1516,330162,50),
(1517,330163,50),
(1518,330165,50),
(1519,330164,50),
(1520,330166,50),
(1521,330167,50),
(1522,330168,50),
(1523,330169,50),
(1524,330170,50),
(1525,330171,50),
(1526,330172,50),
(1527,330173,50),
(1528,330174,50),
(1529,330175,50),
(1530,330176,50),
(1531,330177,50),
(1532,330178,50),
(1533,330179,50),
(1534,330180,50),
(1535,330181,50),
(1536,330182,50),
(1537,330183,50),
(1538,330184,50),
(1539,330185,50),
(1540,330186,50),
(1541,330187,50),
(1542,330188,50),
(1543,330189,50),
(1544,330190,50),
(1545,330191,50),
(1546,330192,50),
(1547,330193,50),
(1548,330194,50),
(1549,330195,50),
(1550,330196,50),
(1551,330197,50),
(1552,330198,50),
(1553,330199,50),
(1554,330200,50),
(1555,330201,50),
(1556,330202,50),
(1557,330203,50),
(1558,330204,50),
(1559,330205,50),
(1560,330206,50),
(1561,330207,50),
(1562,330208,50),
(1563,330209,50),
(1564,330210,50),
(1565,330211,50),
(1566,330212,50),
(1567,330213,50),
(1568,330214,50),
(1569,330215,50),
(1570,330216,50),
(1571,330217,50),
(1572,330218,50),
(1573,330219,50),
(1574,330220,50),
(1575,330221,50),
(1576,330222,50),
(1577,330223,50),
(1578,330224,50),
(1579,330225,50),
(1580,330226,50),
(1581,330227,50),
(1582,330228,50),
(1583,330229,50),
(1584,330230,50),
(1585,330231,50),
(1586,330232,50),
(1587,330233,50),
(1588,330234,50),
(1589,330235,50),
(1590,330236,50),
(1591,330237,50),
(1592,330238,50),
(1593,330239,50),
(1594,330240,50),
(1595,330241,50),
(1596,330242,50),
(1597,330243,50),
(1598,330244,50),
(1599,330245,50),
(1600,330246,50),
(1601,330247,50),
(1602,330248,50),
(1603,330249,50),
(1604,330250,50),
(1605,330251,50),
(1606,330252,50),
(1607,330253,50),
(1608,330254,50),
(1609,330255,50),
(1610,330256,50),
(1611,330257,50),
(1612,330258,50),
(1613,330259,50),
(1614,330260,50),
(1615,330261,50),
(1616,330262,50),
(1617,330263,50),
(1618,330264,50),
(1619,330265,50),
(1620,330266,50),
(1621,330267,50),
(1622,330268,50),
(1623,330269,50),
(1624,330270,50),
(1625,330271,50),
(1626,330272,50),
(1627,330273,50),
(1628,330274,50),
(1629,330275,50),
(1630,330276,50),
(1631,330277,50),
(1632,330278,50),
(1633,330279,50),
(1634,330280,50),
(1635,330281,50),
(1636,330282,50),
(1637,330283,50),
(1638,330284,50),
(1639,330285,50),
(1640,330286,50),
(1641,330287,50),
(1642,330288,50),
(1643,330289,50),
(1644,330290,50),
(1645,330291,50),
(1646,330292,50),
(1647,330293,50),
(1648,330294,50),
(1649,330295,50),
(1650,330296,50),
(1651,330297,50),
(1652,330298,50),
(1653,330300,50),
(1654,330299,50),
(1655,330301,50),
(1656,330302,50),
(1657,330303,50),
(1658,330304,50),
(1659,330305,50),
(1660,330306,50),
(1661,330307,50),
(1662,330308,50),
(1663,330309,50),
(1664,330310,50),
(1665,330311,50),
(1666,330312,50),
(1667,330313,50),
(1668,330314,50),
(1669,330315,50),
(1670,330316,50),
(1671,330317,50),
(1672,330318,50),
(1673,330319,50),
(1674,330320,50),
(1675,330321,50),
(1676,330322,50),
(1677,330323,50),
(1678,330324,50),
(1679,330325,50),
(1680,330326,50),
(1681,330327,50),
(1682,330328,50),
(1683,330329,50),
(1684,330330,50),
(1685,330331,50),
(1686,330332,50),
(1687,330333,50),
(1688,330334,50),
(1689,330335,50),
(1690,330336,50),
(1691,330337,50),
(1692,330338,50),
(1693,330339,50),
(1694,330340,50),
(1695,330341,50),
(1696,330342,50),
(1697,330343,50),
(1698,330344,50),
(1699,330345,50),
(1700,330346,50),
(1701,330347,50),
(1702,330348,50),
(1703,330349,50),
(1704,330350,50),
(1705,330351,50),
(1706,330352,50),
(1707,330353,50),
(1708,330354,50),
(1709,330355,50),
(1710,330356,50),
(1711,330357,50),
(1712,330358,50),
(1713,330359,50),
(1714,330360,50),
(1715,330361,50),
(1716,330362,50),
(1717,330363,50),
(1718,330364,50),
(1719,330365,50),
(1720,330366,50),
(1721,330367,50),
(1722,330368,50),
(1723,330369,50),
(1724,330370,50),
(1725,330371,50),
(1726,330372,50),
(1727,330373,50),
(1728,330374,50),
(1729,330375,50),
(1730,330376,50),
(1731,330377,50),
(1732,330378,50),
(1733,330379,50),
(1734,330380,50),
(1735,330381,50),
(1736,330382,50),
(1737,330383,50),
(1738,330384,50),
(1739,330385,50),
(1740,330386,50),
(1741,330387,50),
(1742,330388,50),
(1743,330389,50),
(1744,330390,50),
(1745,330391,50),
(1746,330392,50),
(1747,330393,50),
(1748,330394,50),
(1749,330395,50),
(1750,330396,50),
(1751,330397,50),
(1752,330398,50),
(1753,330399,50),
(1754,330400,50),
(1755,330401,50),
(1756,330402,50),
(1757,330403,50),
(1758,330404,50),
(1759,330405,50),
(1760,330406,50),
(1761,330407,50),
(1762,330408,50),
(1763,330409,50),
(1764,330410,50),
(1765,330411,50),
(1766,330412,50),
(1767,330413,50),
(1768,330414,50),
(1769,330415,50),
(1770,330416,50),
(1771,330417,50),
(1772,330418,50),
(1773,330419,50),
(1774,330420,50),
(1775,330421,50),
(1776,330422,50),
(1777,330423,50),
(1778,330424,50),
(1779,330425,50),
(1780,330426,50),
(1781,330427,50),
(1782,330428,50),
(1783,330429,50),
(1784,330430,50),
(1785,330431,50),
(1786,330432,50),
(1787,330433,50),
(1788,330434,50),
(1789,330435,50),
(1790,330436,50),
(1791,330437,50),
(1792,330438,50),
(1793,330439,50),
(1794,330440,50),
(1795,330441,50),
(1796,330442,50),
(1797,330443,50),
(1798,330444,50),
(1799,330445,50),
(1800,330446,50),
(1801,330447,50),
(1802,330448,50),
(1803,330449,50),
(1804,330450,50),
(1805,330451,50),
(1806,330452,50),
(1807,330453,50),
(1808,330454,50),
(1809,330455,50),
(1810,330456,50),
(1811,330457,50),
(1812,330458,50),
(1813,330459,50),
(1814,330460,50),
(1815,330461,50),
(1816,330462,50),
(1817,330463,50),
(1818,330464,50),
(1819,330465,50),
(1820,330466,50),
(1821,330467,50),
(1822,330468,50),
(1823,330469,50),
(1824,330470,50),
(1825,330471,50),
(1826,330472,50),
(1827,330473,50),
(1828,330474,50),
(1829,330475,50),
(1830,330476,50),
(1831,330477,50),
(1832,330478,50),
(1833,330479,50),
(1834,330480,50),
(1835,330481,50),
(1836,330482,50),
(1837,330483,50),
(1838,330484,50),
(1839,330485,50),
(1840,330486,50),
(1841,330487,50),
(1842,330488,50),
(1843,330489,50),
(1844,330490,50),
(1845,330491,50),
(1846,330492,50),
(1847,330493,50),
(1848,330494,50),
(1849,330495,50),
(1850,330496,50),
(1851,330497,50),
(1852,330498,50),
(1853,330499,50),
(1854,330500,50),
(1855,330501,50),
(1856,330502,50),
(1857,330503,50),
(1858,330505,50),
(1859,330504,50),
(1860,330506,50),
(1861,330507,50),
(1862,330508,50),
(1863,330509,50),
(1864,330510,50),
(1865,330511,50),
(1866,330512,50),
(1867,330513,50),
(1868,330514,50),
(1869,330515,50),
(1870,330516,50),
(1871,330517,50),
(1872,330518,50),
(1873,330519,50),
(1874,330520,50),
(1875,330521,50),
(1876,330522,50),
(1877,330523,50),
(1878,330524,50),
(1879,330525,50),
(1880,330526,50),
(1881,330527,50),
(1882,330528,50),
(1883,330529,50),
(1884,330530,50),
(1885,330531,50),
(1886,330532,50),
(1887,330533,50),
(1888,330534,50),
(1889,330535,50),
(1890,330536,50),
(1891,330537,50),
(1892,330538,50),
(1893,330539,50),
(1894,330540,50),
(1895,330541,50),
(1896,330542,50),
(1897,330543,50),
(1898,330544,50),
(1899,330545,50),
(1900,330546,50),
(1901,330547,50),
(1902,330548,50),
(1903,330549,50),
(1904,330550,50),
(1905,330551,50),
(1906,330552,50),
(1907,330553,50),
(1908,330554,50),
(1909,330555,50),
(1910,330556,50),
(1911,330557,50),
(1912,330558,50),
(1913,330559,50),
(1914,330560,50),
(1915,330561,50),
(1916,330562,50),
(1917,330563,50),
(1918,330564,50),
(1919,330565,50),
(1920,330566,50),
(1921,330567,50),
(1922,330568,50),
(1923,330569,50),
(1924,330570,50),
(1925,330571,50),
(1926,330572,50),
(1927,330573,50),
(1928,330574,50),
(1929,330575,50),
(1930,330576,50),
(1931,330577,50),
(1932,330578,50),
(1933,330579,50),
(1934,330580,50),
(1935,330581,50),
(1936,330582,50),
(1937,330583,50),
(1938,330584,50),
(1939,330585,50),
(1940,330586,50),
(1941,330587,50),
(1942,330588,50),
(1943,330589,50),
(1944,330590,50),
(1945,330591,50),
(1946,330592,50),
(1947,330593,50),
(1948,330594,50),
(1949,330595,50),
(1950,330596,50),
(1951,330597,50),
(1952,330598,50),
(1953,330599,50),
(1954,330600,50),
(1955,330601,50),
(1956,330602,50),
(1957,330603,50),
(1958,330604,50),
(1959,330605,50),
(1960,330606,50),
(1961,330607,50),
(1962,330608,50),
(1963,330609,50),
(1964,330610,50),
(1965,330611,50),
(1966,330612,50),
(1967,330613,50),
(1968,330614,50),
(1969,330615,50),
(1970,330616,50),
(1971,330617,50),
(1972,330618,50),
(1973,330619,50),
(1974,330620,50),
(1975,330621,50),
(1976,330622,50),
(1977,330623,50),
(1978,330624,50),
(1979,330625,50),
(1980,330626,50),
(1981,330627,50),
(1982,330628,50),
(1983,330629,50),
(1984,330630,50),
(1985,330631,50),
(1986,330632,50),
(1987,330633,50),
(1988,330634,50),
(1989,330635,50),
(1990,330636,50),
(1991,330637,50),
(1992,330638,50),
(1993,330639,50),
(1994,330640,50),
(1995,330641,50),
(1996,330642,50),
(1997,330643,50),
(1998,330644,50),
(1999,330645,50),
(2000,330646,50),
(2001,330647,50),
(2002,330648,50),
(2003,330649,50),
(2004,330650,50),
(2005,330651,50),
(2006,330652,50),
(2007,330653,50),
(2008,330654,50),
(2009,330655,50),
(2010,330656,50),
(2011,330657,50),
(2012,330658,50),
(2013,330659,50),
(2014,330660,50),
(2015,330661,50),
(2016,330662,50),
(2017,330663,50),
(2018,330664,50),
(2019,330665,50),
(2020,330666,50),
(2021,330667,50),
(2022,330668,50),
(2023,330669,50),
(2024,330670,50),
(2025,330671,50),
(2026,330672,50),
(2027,330673,50),
(2028,330674,50),
(2029,330675,50),
(2030,330676,50),
(2031,330677,50),
(2032,330678,50),
(2033,330679,50),
(2034,330680,50),
(2035,330681,50),
(2036,330682,50),
(2037,330683,50),
(2038,330684,50),
(2039,330685,50),
(2040,330686,50),
(2041,330687,50),
(2042,330688,50),
(2043,330689,50),
(2044,330690,50),
(2045,330691,50),
(2046,330692,50),
(2047,330693,50),
(2048,330694,50),
(2049,330695,50),
(2050,330696,50),
(2051,330697,50),
(2052,330698,50),
(2053,330699,50),
(2054,330700,50),
(2055,330701,50),
(2056,330702,50),
(2057,330703,50),
(2058,330704,50),
(2059,330705,50),
(2060,330706,50),
(2061,330707,50),
(2062,330708,50),
(2063,330709,50),
(2064,330710,50),
(2065,330711,50),
(2066,330712,50),
(2067,330713,50),
(2068,330714,50),
(2069,330715,50),
(2070,330716,50),
(2071,330717,50),
(2072,330718,50),
(2073,330719,50),
(2074,330720,50),
(2075,330721,50),
(2076,330722,50),
(2077,330723,50),
(2078,330724,50),
(2079,330725,50),
(2080,330726,50),
(2081,330727,50),
(2082,330728,50),
(2083,330729,50),
(2084,330730,50),
(2085,330731,50),
(2086,330732,50),
(2087,330733,50),
(2088,330734,50),
(2089,330735,50),
(2090,330736,50),
(2091,330737,50),
(2092,330738,50),
(2093,330739,50),
(2094,330740,50),
(2095,330741,50),
(2096,330742,50),
(2097,330743,50),
(2098,330744,50),
(2099,330745,50),
(2100,330746,50),
(2101,330747,50),
(2102,330748,50),
(2103,330749,50),
(2104,330750,50),
(2105,330751,50),
(2106,330752,50),
(2107,330753,50),
(2108,330754,50),
(2109,330755,50),
(2110,330756,50),
(2111,330757,50),
(2112,330758,50),
(2113,330759,50),
(2114,330760,50),
(2115,330761,50),
(2116,330762,50),
(2117,330763,50),
(2118,330764,50),
(2119,330765,50),
(2120,330766,50),
(2121,330767,50),
(2122,330768,50),
(2123,330769,50),
(2124,330770,50),
(2125,330771,50),
(2126,330772,50),
(2127,330773,50),
(2128,330774,50),
(2129,330775,50),
(2130,330776,50),
(2131,330777,50),
(2132,330778,50),
(2133,330779,50),
(2134,330780,50),
(2135,330781,50),
(2136,330782,50),
(2137,330783,50),
(2138,330784,50),
(2139,330785,50),
(2140,330786,50),
(2141,330787,50),
(2142,330788,50),
(2143,330789,50),
(2144,330790,50),
(2145,330791,50),
(2146,330792,50),
(2147,330793,50),
(2148,330794,50),
(2149,330795,50),
(2150,330796,50),
(2151,330797,50),
(2152,330798,50),
(2153,330799,50),
(2154,330800,50),
(2155,330801,50),
(2156,330802,50),
(2157,330803,50),
(2158,330804,50),
(2159,330805,50),
(2160,330806,50),
(2161,330807,50),
(2162,330808,50),
(2163,330809,50),
(2164,330810,50),
(2165,330811,50),
(2166,330812,50),
(2167,330813,50),
(2168,330814,50),
(2169,330815,50),
(2170,330816,50),
(2171,330817,50),
(2172,330818,50),
(2173,330819,50),
(2174,330820,50),
(2175,330821,50),
(2176,330822,50),
(2177,330823,50),
(2178,330824,50),
(2179,330825,50),
(2180,330826,50),
(2181,330827,50),
(2182,330828,50),
(2183,330829,50),
(2184,330830,50),
(2185,330831,50),
(2186,330832,50),
(2187,330833,50),
(2188,330834,50),
(2189,330835,50),
(2190,330836,50),
(2191,330837,50),
(2192,330838,50),
(2193,330839,50),
(2194,330840,50),
(2195,330841,50),
(2196,330842,50),
(2197,330843,50),
(2198,330844,50),
(2199,330845,50),
(2200,330846,50),
(2201,330847,50),
(2202,330848,50),
(2203,330849,50),
(2204,330850,50),
(2205,330851,50),
(2206,330852,50),
(2207,330853,50),
(2208,330854,50),
(2209,330855,50),
(2210,330856,50),
(2211,330857,50),
(2212,330858,50),
(2213,330859,50),
(2214,330860,50),
(2215,330861,50),
(2216,330862,50),
(2217,330863,50),
(2218,330864,50),
(2219,330865,50),
(2220,330866,50),
(2221,330867,50),
(2222,330868,50),
(2223,330869,50),
(2224,330870,50),
(2225,330871,50),
(2226,330872,50),
(2227,330873,50),
(2228,330874,50),
(2229,330875,50),
(2230,330876,50),
(2231,330877,50),
(2232,330878,50),
(2233,330879,50),
(2234,330880,50),
(2235,330881,50),
(2236,330882,50),
(2237,330883,50),
(2238,330884,50),
(2239,330885,50),
(2240,330886,50),
(2241,330887,50),
(2242,330888,50),
(2243,330889,50),
(2244,330890,50),
(2245,330891,50),
(2246,330892,50),
(2247,330893,50),
(2248,330894,50),
(2249,330895,50),
(2250,330896,50),
(2251,330897,50),
(2252,330898,50),
(2253,330899,50),
(2254,330900,50),
(2255,330901,50),
(2256,330902,50),
(2257,330903,50),
(2258,330904,50),
(2259,330905,50),
(2260,330906,50),
(2261,330907,50),
(2262,330908,50),
(2263,330909,50),
(2264,330910,50),
(2265,330911,50),
(2266,330912,50),
(2267,330913,50),
(2268,330914,50),
(2269,330915,50),
(2270,330916,50),
(2271,330917,50),
(2272,330918,50),
(2273,330919,50),
(2274,330920,50),
(2275,330921,50),
(2276,330922,50),
(2277,330923,50),
(2278,330924,50),
(2279,330925,50),
(2280,330926,50),
(2281,330927,50),
(2282,330928,50),
(2283,330929,50),
(2284,330930,50),
(2285,330931,50),
(2286,330932,50),
(2287,330933,50),
(2288,330935,50),
(2289,330934,50),
(2290,330936,50),
(2291,330937,50),
(2292,330938,50),
(2293,330939,50),
(2294,330940,50),
(2295,330941,50),
(2296,330942,50),
(2297,330943,50),
(2298,330944,50),
(2299,330945,50),
(2300,330946,50),
(2301,330947,50),
(2302,330948,50),
(2303,330949,50),
(2304,330950,50),
(2305,330951,50),
(2306,330952,50),
(2307,330953,50),
(2308,330954,50),
(2309,330955,50),
(2310,330956,50),
(2311,330957,50),
(2312,330958,50),
(2313,330959,50),
(2314,330960,50),
(2315,330961,50),
(2316,330962,50),
(2317,330963,50),
(2318,330964,50),
(2319,330965,50),
(2320,330966,50),
(2321,330967,50),
(2322,330968,50),
(2323,330969,50),
(2324,330970,50),
(2325,330971,50),
(2326,330972,50),
(2327,330973,50),
(2328,330974,50),
(2329,330975,50),
(2330,330976,50),
(2331,330977,50),
(2332,330978,50),
(2333,330979,50),
(2334,330980,50),
(2335,330981,50),
(2336,330982,50),
(2337,330983,50),
(2338,330984,50),
(2339,330985,50),
(2340,330986,50),
(2341,330987,50),
(2342,330988,50),
(2343,330989,50),
(2344,330990,50),
(2345,330991,50),
(2346,330992,50),
(2347,330993,50),
(2348,330994,50),
(2349,330995,50),
(2350,330996,50),
(2351,330997,50),
(2352,330998,50),
(2353,330999,50),
(2354,331000,50),
(2355,331001,50),
(2356,331002,50),
(2357,331003,50),
(2358,331004,50),
(2359,331005,50),
(2360,331006,50),
(2361,331007,50),
(2362,331008,50),
(2363,331009,50),
(2364,331010,50),
(2365,331011,50),
(2366,331012,50),
(2367,331013,50),
(2368,331014,50),
(2369,331015,50),
(2370,331016,50),
(2371,331017,50),
(2372,331018,50),
(2373,331019,50),
(2374,331020,50),
(2375,331021,50),
(2376,331022,50),
(2377,331023,50),
(2378,331024,50),
(2379,331025,50),
(2380,331026,50),
(2381,331027,50),
(2382,331028,50),
(2383,331029,50),
(2384,331030,50),
(2385,331031,50),
(2386,331032,50),
(2387,331033,50),
(2388,331034,50),
(2389,331035,50),
(2390,331036,50),
(2391,331037,50),
(2392,331038,50),
(2393,331039,50),
(2394,331040,50),
(2395,331041,50),
(2396,331042,50),
(2397,331043,50),
(2398,331044,50),
(2399,331045,50),
(2400,331046,50),
(2401,331047,50),
(2402,331048,50),
(2403,331049,50),
(2404,331050,50),
(2405,331051,50),
(2406,331052,50),
(2407,331053,50),
(2408,331054,50),
(2409,331055,50),
(2410,331056,50),
(2411,331057,50),
(2412,331058,50),
(2413,331059,50),
(2414,331060,50),
(2415,331061,50),
(2416,331062,50),
(2417,331063,50),
(2418,331064,50),
(2419,331065,50),
(2420,331066,50),
(2421,331067,50),
(2422,331068,50),
(2423,331069,50),
(2424,331070,50),
(2425,331071,50),
(2426,331072,50),
(2427,331073,50),
(2428,331074,50),
(2429,331075,50),
(2430,331076,50),
(2431,331077,50),
(2432,331078,50),
(2433,331079,50),
(2434,331080,50),
(2435,331081,50),
(2436,331082,50),
(2437,331083,50),
(2438,331084,50),
(2439,331085,50),
(2440,331086,50),
(2441,331087,50),
(2442,331088,50),
(2443,331089,50),
(2444,331090,50),
(2445,331091,50),
(2446,331092,50),
(2447,331093,50),
(2448,331094,50),
(2449,331095,50),
(2450,331096,50),
(2451,331097,50),
(2452,331098,50),
(2453,331099,50),
(2454,331100,50),
(2455,331101,50),
(2456,331102,50),
(2457,331103,50),
(2458,331104,50),
(2459,331105,50),
(2460,331106,50),
(2461,331107,50),
(2462,331108,50),
(2463,331109,50),
(2464,331110,50),
(2465,331111,50),
(2466,331112,50),
(2467,331113,50),
(2468,331114,50),
(2469,331115,50),
(2470,331116,50),
(2471,331117,50),
(2472,331118,50),
(2473,331119,50),
(2474,331120,50),
(2475,331121,50),
(2476,331122,50),
(2477,331123,50),
(2478,331124,50),
(2479,331125,50),
(2480,331126,50),
(2481,331127,50),
(2482,331128,50),
(2483,331129,50),
(2484,331130,50),
(2485,331131,50),
(2486,331132,50),
(2487,331133,50),
(2488,331134,50),
(2489,331135,50),
(2490,331136,50),
(2491,331137,50),
(2492,331138,50),
(2493,331139,50),
(2494,331140,50),
(2495,331141,50),
(2496,331142,50),
(2497,331143,50),
(2498,331144,50),
(2499,331145,50),
(2500,331146,50),
(2501,331147,50),
(2502,331148,50),
(2503,331149,50),
(2504,331150,50),
(2505,331151,50),
(2506,331152,50),
(2507,331153,50),
(2508,331154,50),
(2509,331155,50),
(2510,331156,50),
(2511,331157,50),
(2512,331158,50),
(2513,331159,50),
(2514,331160,50),
(2515,331161,50),
(2516,331162,50),
(2517,331163,50),
(2518,331164,50),
(2519,331165,50),
(2520,331166,50),
(2521,331167,50),
(2522,331168,50),
(2523,331169,50),
(2524,331170,50),
(2525,331171,50),
(2526,331172,50),
(2527,331173,50),
(2528,331174,50),
(2529,331175,50),
(2530,331176,50),
(2531,331177,50),
(2532,331178,50),
(2533,331179,50),
(2534,331180,50),
(2535,331181,50),
(2536,331182,50),
(2537,331183,50),
(2538,331184,50),
(2539,331185,50),
(2540,331186,50),
(2541,331187,50),
(2542,331188,50),
(2543,331189,50),
(2544,331190,50),
(2545,331191,50),
(2546,331192,50),
(2547,331193,50),
(2548,331194,50),
(2549,331195,50),
(2550,331196,50),
(2551,331197,50),
(2552,331198,50),
(2553,331199,50),
(2554,331200,50),
(2555,331201,50),
(2556,331202,50),
(2557,331203,50),
(2558,331204,50),
(2559,331205,50),
(2560,331206,50),
(2561,331207,50),
(2562,331208,50),
(2563,331209,50),
(2564,331210,50),
(2565,331211,50),
(2566,331212,50),
(2567,331213,50),
(2568,331214,50),
(2569,331215,50),
(2570,331216,50),
(2571,331217,50),
(2572,331218,50),
(2573,331219,50),
(2574,331220,50),
(2575,331221,50),
(2576,331222,50),
(2577,331223,50),
(2578,331224,50),
(2579,331225,50),
(2580,331226,50),
(2581,331227,50),
(2582,331228,50),
(2583,331229,50),
(2584,331230,50),
(2585,331231,50),
(2586,331232,50),
(2587,331233,50),
(2588,331234,50),
(2589,331235,50),
(2590,331236,50),
(2591,331237,50),
(2592,331238,50),
(2593,331239,50),
(2594,331240,50),
(2595,331241,50),
(2596,331242,50),
(2597,331243,50),
(2598,331244,50),
(2599,331245,50),
(2600,331246,50),
(2601,331247,50),
(2602,331248,50),
(2603,331249,50),
(2604,331250,50),
(2605,331251,50),
(2606,331252,50),
(2607,331253,50),
(2608,331254,50),
(2609,331255,50),
(2610,331256,50),
(2611,331257,50),
(2612,331258,50),
(2613,331259,50),
(2614,331260,50),
(2615,331261,50),
(2616,331262,50),
(2617,331263,50),
(2618,331264,50),
(2619,331265,50),
(2620,331266,50),
(2621,331267,50),
(2622,331268,50),
(2623,331269,50),
(2624,331270,50),
(2625,331271,50),
(2626,331272,50),
(2627,331273,50),
(2628,331274,50),
(2629,331275,50),
(2630,331276,50),
(2631,331277,50),
(2632,331278,50),
(2633,331279,50),
(2634,331280,50),
(2635,331281,50),
(2636,331282,50),
(2637,331283,50),
(2638,331284,50),
(2639,331285,50),
(2640,331286,50),
(2641,331287,50),
(2642,331288,50),
(2643,331289,50),
(2644,331290,50),
(2645,331291,50),
(2646,331292,50),
(2647,331293,50),
(2648,331294,50),
(2649,331295,50),
(2650,331296,50),
(2651,331297,50),
(2652,331298,50),
(2653,331299,50),
(2654,331300,50),
(2655,331301,50),
(2656,331302,50),
(2657,331303,50),
(2658,331304,50),
(2659,331305,50),
(2660,331306,50),
(2661,331307,50),
(2662,331308,50),
(2663,331309,50),
(2664,331310,50),
(2665,331311,50),
(2666,331312,50),
(2667,331313,50),
(2668,331314,50),
(2669,331315,50),
(2670,331316,50),
(2671,331317,50),
(2672,331318,50),
(2673,331319,50),
(2674,331320,50),
(2675,331321,50),
(2676,331322,50),
(2677,331323,50),
(2678,331324,50),
(2679,331325,50),
(2680,331326,50),
(2681,331327,50),
(2682,331328,50),
(2683,331329,50),
(2684,331330,50),
(2685,331331,50),
(2686,331332,50),
(2687,331333,50),
(2688,331334,50),
(2689,331335,50),
(2690,331336,50),
(2691,331337,50),
(2692,331338,50),
(2693,331339,50),
(2694,331340,50),
(2695,331341,50),
(2696,331342,50),
(2697,331343,50),
(2698,331344,50),
(2699,331345,50),
(2700,331346,50),
(2701,331347,50),
(2702,331348,50),
(2703,331349,50),
(2704,331350,50),
(2705,331351,50),
(2706,331352,50),
(2707,331353,50),
(2708,331354,50),
(2709,331355,50),
(2710,331356,50),
(2711,331357,50),
(2712,331358,50),
(2713,331359,50),
(2714,331360,50),
(2715,331361,50),
(2716,331362,50),
(2717,331363,50),
(2718,331364,50),
(2719,331365,50),
(2720,331366,50),
(2721,331367,50),
(2722,331368,50),
(2723,331369,50),
(2724,331370,50),
(2725,331371,50),
(2726,331372,50),
(2727,331373,50),
(2728,331374,50),
(2729,331375,50),
(2730,331376,50),
(2731,331377,50),
(2732,331378,50),
(2733,331379,50),
(2734,331380,50),
(2735,331381,50),
(2736,331382,50),
(2737,331383,50),
(2738,331384,50),
(2739,331385,50),
(2740,331386,50),
(2741,331387,50),
(2742,331388,50),
(2743,331389,50),
(2744,331390,50),
(2745,331391,50),
(2746,331392,50),
(2747,331393,50),
(2748,331394,50),
(2749,331395,50),
(2750,331396,50),
(2751,331397,50),
(2752,331398,50),
(2753,331399,50),
(2754,331400,50),
(2755,331401,50),
(2756,331402,50),
(2757,331403,50),
(2758,331404,50),
(2759,331405,50),
(2760,331406,50),
(2761,331407,50),
(2762,331408,50),
(2763,331409,50),
(2764,331410,50),
(2765,331411,50),
(2766,331412,50),
(2767,331413,50),
(2768,331414,50),
(2769,331415,50),
(2770,331417,50),
(2771,331416,50),
(2772,331418,50),
(2773,331419,50),
(2774,331420,50),
(2775,331421,50),
(2776,331422,50),
(2777,331423,50),
(2778,331424,50),
(2779,331425,50),
(2780,331426,50),
(2781,331427,50),
(2782,331428,50),
(2783,331429,50),
(2784,331430,50),
(2785,331431,50),
(2786,331432,50),
(2787,331433,50),
(2788,331434,50),
(2789,331435,50),
(2790,331436,50),
(2791,331437,50),
(2792,331438,50),
(2793,331439,50),
(2794,331440,50),
(2795,331441,50),
(2796,331442,50),
(2797,331443,50),
(2798,331444,50),
(2799,331445,50),
(2800,331446,50),
(2801,331447,50),
(2802,331448,50),
(2803,331449,50),
(2804,331450,50),
(2805,331451,50),
(2806,331452,50),
(2807,331453,50),
(2808,331454,50),
(2809,331455,50),
(2810,331456,50),
(2811,331457,50),
(2812,331458,50),
(2813,331459,50),
(2814,331460,50),
(2815,331461,50),
(2816,331462,50),
(2817,331463,50),
(2818,331464,50),
(2819,331465,50),
(2820,331466,50),
(2821,331467,50),
(2822,331468,50),
(2823,331469,50),
(2824,331470,50),
(2825,331471,50),
(2826,331472,50),
(2827,331473,50),
(2828,331474,50),
(2829,331475,50),
(2830,331476,50),
(2831,331477,50),
(2832,331478,50),
(2833,331479,50),
(2834,331480,50),
(2835,331481,50),
(2836,331482,50),
(2837,331483,50),
(2838,331484,50),
(2839,331485,50),
(2840,331486,50),
(2841,331488,50),
(2842,331487,50),
(2843,331489,50),
(2844,331490,50),
(2845,331491,50),
(2846,331492,50),
(2847,331493,50),
(2848,331494,50),
(2849,331495,50),
(2850,331496,50),
(2851,331497,50),
(2852,331498,50),
(2853,331499,50),
(2854,331500,50),
(2855,331501,50),
(2856,331502,50),
(2857,331503,50),
(2858,331504,50),
(2859,331505,50),
(2860,331506,50),
(2861,331507,50),
(2862,331508,50),
(2863,331509,50),
(2864,331510,50),
(2865,331511,50),
(2866,331512,50),
(2867,331513,50),
(2868,331514,50),
(2869,331515,50),
(2870,331516,50),
(2871,331517,50),
(2872,331518,50),
(2873,331519,50),
(2874,331520,50),
(2875,331521,50),
(2876,331522,50),
(2877,331523,50),
(2878,331524,50),
(2879,331525,50),
(2880,331526,50),
(2881,331527,50),
(2882,331528,50),
(2883,331529,50),
(2884,331530,50),
(2885,331531,50),
(2886,331532,50),
(2887,331533,50),
(2888,331534,50),
(2889,331535,50),
(2890,331536,50),
(2891,331537,50),
(2892,331538,50),
(2893,331539,50),
(2894,331540,50),
(2895,331541,50),
(2896,331542,50),
(2897,331543,50),
(2898,331544,50),
(2899,331545,50),
(2900,331546,50),
(2901,331547,50),
(2902,331548,50),
(2903,331549,50),
(2904,331550,50),
(2905,331551,50),
(2906,331552,50),
(2907,331553,50),
(2908,331554,50),
(2909,331555,50),
(2910,331556,50),
(2911,331557,50),
(2912,331558,50),
(2913,331559,50),
(2914,331560,50),
(2915,331561,50),
(2916,331562,50),
(2917,331563,50),
(2918,331564,50),
(2919,331565,50),
(2920,331566,50),
(2921,331567,50),
(2922,331568,50),
(2923,331569,50),
(2924,331570,50),
(2925,331571,50),
(2926,331572,50),
(2927,331573,50),
(2928,331574,50),
(2929,331575,50),
(2930,331576,50),
(2931,331577,50),
(2932,331578,50),
(2933,331579,50),
(2934,331580,50),
(2935,331581,50),
(2936,331582,50),
(2937,331583,50),
(2938,331584,50),
(2939,331585,50),
(2940,331586,50),
(2941,331587,50),
(2942,331588,50),
(2943,331589,50),
(2944,331590,50),
(2945,331591,50),
(2946,331592,50),
(2947,331593,50),
(2948,331594,50),
(2949,331595,50),
(2950,331596,50),
(2951,331597,50),
(2952,331598,50),
(2953,331599,50),
(2954,331600,50),
(2955,331601,50),
(2956,331602,50),
(2957,331603,50),
(2958,331604,50),
(2959,331605,50),
(2960,331606,50),
(2961,331607,50),
(2962,331608,50),
(2963,331609,50),
(2964,331610,50),
(2965,331611,50),
(2966,331612,50),
(2967,331613,50),
(2968,331614,50),
(2969,331615,50),
(2970,331616,50),
(2971,331617,50),
(2972,331618,50),
(2973,331619,50),
(2974,331620,50),
(2975,331621,50),
(2976,331622,50),
(2977,331623,50),
(2978,331624,50),
(2979,331625,50),
(2980,331626,50),
(2981,331627,50),
(2982,331628,50),
(2983,331629,50),
(2984,331630,50),
(2985,331631,50),
(2986,331632,50),
(2987,331633,50),
(2988,331634,50),
(2989,331635,50),
(2990,331636,50),
(2991,331637,50),
(2992,331638,50),
(2993,331639,50),
(2994,331640,50),
(2995,331641,50),
(2996,331643,50),
(2997,331642,50),
(2998,331645,50),
(2999,331644,50),
(3000,331646,50),
(3001,331647,50),
(3002,331648,50),
(3003,331649,50),
(3004,331650,50),
(3005,331651,50),
(3006,331652,50),
(3007,331653,50),
(3008,331654,50),
(3009,331655,50),
(3010,331656,50),
(3011,331657,50),
(3012,331658,50),
(3013,331659,50),
(3014,331660,50),
(3015,331661,50),
(3016,331662,50),
(3017,331663,50),
(3018,331664,50),
(3019,331665,50),
(3020,331666,50),
(3021,331667,50),
(3022,331668,50),
(3023,331669,50),
(3024,331670,50),
(3025,331671,50),
(3026,331672,50),
(3027,331673,50),
(3028,331674,50),
(3029,331675,50),
(3030,331676,50),
(3031,331677,50),
(3032,331678,50),
(3033,331679,50),
(3034,331680,50),
(3035,331681,50),
(3036,331682,50),
(3037,331683,50),
(3038,331684,50),
(3039,331685,50),
(3040,331686,50),
(3041,331687,50),
(3042,331688,50),
(3043,331689,50),
(3044,331690,50),
(3045,331691,50),
(3046,331692,50),
(3047,331693,50),
(3048,331694,50),
(3049,331695,50),
(3050,331696,50),
(3051,331697,50),
(3052,331698,50),
(3053,331699,50),
(3054,331700,50),
(3055,331701,50),
(3056,331702,50),
(3057,331703,50),
(3058,331704,50),
(3059,331705,50),
(3060,331706,50),
(3061,331707,50),
(3062,331708,50),
(3063,331709,50),
(3064,331710,50),
(3065,331711,50),
(3066,331712,50),
(3067,331713,50),
(3068,331714,50),
(3069,331715,50),
(3070,331716,50),
(3071,331717,50),
(3072,331718,50),
(3073,331719,50),
(3074,331720,50),
(3075,331721,50),
(3076,331722,50),
(3077,331723,50),
(3078,331724,50),
(3079,331725,50),
(3080,331726,50),
(3081,331727,50),
(3082,331728,50),
(3083,331729,50),
(3084,331730,50),
(3085,331731,50),
(3086,331732,50),
(3087,331733,50),
(3088,331734,50),
(3089,331735,50),
(3090,331736,50),
(3091,331737,50),
(3092,331738,50),
(3093,331739,50),
(3094,331740,50),
(3095,331741,50),
(3096,331742,50),
(3097,331743,50),
(3098,331744,50),
(3099,331745,50),
(3100,331746,50),
(3101,331747,50),
(3102,331748,50),
(3103,331749,50),
(3104,331750,50),
(3105,331751,50),
(3106,331752,50),
(3107,331753,50),
(3108,331754,50),
(3109,331755,50),
(3110,331756,50),
(3111,331757,50),
(3112,331758,50),
(3113,331759,50),
(3114,331760,50),
(3115,331761,50),
(3116,331762,50),
(3117,331763,50),
(3118,331764,50),
(3119,331765,50),
(3120,331766,50),
(3121,331767,50),
(3122,331768,50),
(3123,331769,50),
(3124,331770,50),
(3125,331771,50),
(3126,331772,50),
(3127,331773,50),
(3128,331774,50),
(3129,331775,50),
(3130,331776,50),
(3131,331777,50),
(3132,331778,50),
(3133,331779,50),
(3134,331780,50),
(3135,331781,50),
(3136,331782,50),
(3137,331783,50),
(3138,331784,50),
(3139,331785,50),
(3140,331786,50),
(3141,331787,50),
(3142,331788,50),
(3143,331789,50),
(3144,331790,50),
(3145,331791,50),
(3146,331792,50),
(3147,331793,50),
(3148,331794,50),
(3149,331795,50),
(3150,331796,50),
(3151,331797,50),
(3152,331798,50),
(3153,331799,50),
(3154,331800,50),
(3155,331801,50),
(3156,331802,50),
(3157,331803,50),
(3158,331804,50),
(3159,331805,50),
(3160,331806,50),
(3161,331807,50),
(3162,331808,50),
(3163,331809,50),
(3164,331810,50),
(3165,331811,50),
(3166,331812,50),
(3167,331813,50),
(3168,331814,50),
(3169,331815,50),
(3170,331816,50),
(3171,331817,50),
(3172,331818,50),
(3173,331819,50),
(3174,331820,50),
(3175,331821,50),
(3176,331822,50),
(3177,331823,50),
(3178,331824,50),
(3179,331825,50),
(3180,331826,50),
(3181,331827,50),
(3182,331828,50),
(3183,331829,50),
(3184,331830,50),
(3185,331831,50),
(3186,331832,50),
(3187,331833,50),
(3188,331834,50),
(3189,331835,50),
(3190,331836,50),
(3191,331837,50),
(3192,331838,50),
(3193,331839,50),
(3194,331840,50),
(3195,331841,50),
(3196,331842,50),
(3197,331843,50),
(3198,331844,50),
(3199,331845,50),
(3200,331846,50),
(3201,331847,50),
(3202,331848,50),
(3203,331849,50),
(3204,331850,50),
(3205,331851,50),
(3206,331852,50),
(3207,331853,50),
(3208,331854,50),
(3209,331855,50),
(3210,331856,50),
(3211,331857,50),
(3212,331858,50),
(3213,331859,50),
(3214,331860,50),
(3215,331861,50),
(3216,331862,50),
(3217,331863,50),
(3218,331864,50),
(3219,331865,50),
(3220,331866,50),
(3221,331867,50),
(3222,331868,50),
(3223,331869,50),
(3224,331870,50),
(3225,331871,50),
(3226,331872,50),
(3227,331873,50),
(3228,331874,50),
(3229,331875,50),
(3230,331876,50),
(3231,331877,50),
(3232,331878,50),
(3233,331879,50),
(3234,331880,50),
(3235,331881,50),
(3236,331882,50),
(3237,331883,50),
(3238,331884,50),
(3239,331885,50),
(3240,331886,50),
(3241,331887,50),
(3242,331888,50),
(3243,331889,50),
(3244,331890,50),
(3245,331891,50),
(3246,331892,50),
(3247,331893,50),
(3248,331894,50),
(3249,331895,50),
(3250,331896,50),
(3251,331897,50),
(3252,331898,50),
(3253,331899,50),
(3254,331901,50),
(3255,331900,50),
(3256,331902,50),
(3257,331903,50),
(3258,331904,50),
(3259,331905,50),
(3260,331906,50),
(3261,331907,50),
(3262,331908,50),
(3263,331909,50),
(3264,331910,50),
(3265,331911,50),
(3266,331912,50),
(3267,331913,50),
(3268,331914,50),
(3269,331915,50),
(3270,331916,50),
(3271,331917,50),
(3272,331918,50),
(3273,331919,50),
(3274,331920,50),
(3275,331921,50),
(3276,331922,50),
(3277,331923,50),
(3278,331924,50),
(3279,331925,50),
(3280,331926,50),
(3281,331927,50),
(3282,331928,50),
(3283,331929,50),
(3284,331930,50),
(3285,331931,50),
(3286,331932,50),
(3287,331933,50),
(3288,331934,50),
(3289,331935,50),
(3290,331936,50),
(3291,331937,50),
(3292,331938,50),
(3293,331939,50),
(3294,331940,50),
(3295,331941,50),
(3296,331942,50),
(3297,331943,50),
(3298,331944,50),
(3299,331945,50),
(3300,331946,50),
(3301,331947,50),
(3302,331948,50),
(3303,331949,50),
(3304,331950,50),
(3305,331951,50),
(3306,331952,50),
(3307,331953,50),
(3308,331954,50),
(3309,331955,50),
(3310,331956,50),
(3311,331957,50),
(3312,331958,50),
(3313,331959,50),
(3314,331960,50),
(3315,331961,50),
(3316,331962,50),
(3317,331963,50),
(3318,331964,50),
(3319,331965,50),
(3320,331966,50),
(3321,331967,50),
(3322,331968,50),
(3323,331969,50),
(3324,331970,50),
(3325,331971,50),
(3326,331972,50),
(3327,331973,50),
(3328,331974,50),
(3329,331975,50),
(3330,331976,50),
(3331,331977,50),
(3332,331978,50),
(3333,331979,50),
(3334,331980,50),
(3335,331981,50),
(3336,331982,50),
(3337,331983,50),
(3338,331984,50),
(3339,331985,50),
(3340,331986,50),
(3341,331987,50),
(3342,331988,50),
(3343,331989,50),
(3344,331990,50),
(3345,331991,50),
(3346,331992,50),
(3347,331993,50),
(3348,331994,50),
(3349,331995,50),
(3350,331996,50),
(3351,331997,50),
(3352,331998,50),
(3353,331999,50),
(3354,332000,50),
(3355,332001,50),
(3356,332002,50),
(3357,332003,50),
(3358,332004,50),
(3359,332005,50),
(3360,332006,50),
(3361,332007,50),
(3362,332008,50),
(3363,332009,50),
(3364,332010,50),
(3365,332011,50),
(3366,332012,50),
(3367,332013,50),
(3368,332014,50),
(3369,332015,50),
(3370,332016,50),
(3371,332017,50),
(3372,332018,50),
(3373,332019,50),
(3374,332020,50),
(3375,332021,50),
(3376,332022,50),
(3377,332023,50),
(3378,332024,50),
(3379,332025,50),
(3380,332026,50),
(3381,332027,50),
(3382,332028,50),
(3383,332029,50),
(3384,332030,50),
(3385,332031,50),
(3386,332032,50),
(3387,332033,50),
(3388,332034,50),
(3389,332035,50),
(3390,332036,50),
(3391,332037,50),
(3392,332038,50),
(3393,332039,50),
(3394,332040,50),
(3395,332041,50),
(3396,332042,50),
(3397,332043,50),
(3398,332044,50),
(3399,332045,50),
(3400,332046,50),
(3401,332047,50),
(3402,332048,50),
(3403,332049,50),
(3404,332050,50),
(3405,332051,50),
(3406,332052,50),
(3407,332053,50),
(3408,332054,50),
(3409,332055,50),
(3410,332056,50),
(3411,332057,50),
(3412,332058,50),
(3413,332059,50),
(3414,332060,50),
(3415,332061,50),
(3416,332062,50),
(3417,332063,50),
(3418,332064,50),
(3419,332065,50),
(3420,332066,50),
(3421,332067,50),
(3422,332068,50),
(3423,332069,50),
(3424,332070,50),
(3425,332071,50),
(3426,332072,50),
(3427,332073,50),
(3428,332074,50),
(3429,332076,50),
(3430,332075,50),
(3431,332077,50),
(3432,332078,50),
(3433,332079,50),
(3434,332080,50),
(3435,332081,50),
(3436,332082,50),
(3437,332083,50),
(3438,332084,50),
(3439,332085,50),
(3440,332086,50),
(3441,332087,50),
(3442,332088,50),
(3443,332089,50),
(3444,332090,50),
(3445,332091,50),
(3446,332092,50),
(3447,332093,50),
(3448,332094,50),
(3449,332095,50),
(3450,332096,50),
(3451,332097,50),
(3452,332098,50),
(3453,332099,50),
(3454,332100,50),
(3455,332101,50),
(3456,332102,50),
(3457,332103,50),
(3458,332104,50),
(3459,332105,50),
(3460,332106,50),
(3461,332108,50),
(3462,332107,50),
(3463,332109,50),
(3464,332110,50),
(3465,332111,50),
(3466,332112,50),
(3467,332113,50),
(3468,332114,50),
(3469,332116,50),
(3470,332115,50),
(3471,332117,50),
(3472,332118,50),
(3473,332119,50),
(3474,332120,50),
(3475,332121,50),
(3476,332122,50),
(3477,332123,50),
(3478,332124,50),
(3479,332125,50),
(3480,332126,50),
(3481,332127,50),
(3482,332128,50),
(3483,332129,50),
(3484,332130,50),
(3485,332131,50),
(3486,332132,50),
(3487,332133,50),
(3488,332134,50),
(3489,332135,50),
(3490,332136,50),
(3491,332137,50),
(3492,332138,50),
(3493,332139,50),
(3494,332140,50),
(3495,332141,50),
(3496,332142,50),
(3497,332143,50),
(3498,332144,50),
(3499,332145,50),
(3500,332146,50),
(3501,332147,50),
(3502,332148,50),
(3503,332149,50),
(3504,332150,50),
(3505,332151,50),
(3506,332152,50),
(3507,332153,50),
(3508,332154,50),
(3509,332155,50),
(3510,332156,50),
(3511,332157,50),
(3512,332158,50),
(3513,332159,50),
(3514,332160,50),
(3515,332161,50),
(3516,332162,50),
(3517,332163,50),
(3518,332164,50),
(3519,332165,50),
(3520,332166,50),
(3521,332167,50),
(3522,332168,50),
(3523,332169,50),
(3524,332170,50),
(3525,332171,50),
(3526,332172,50),
(3527,332173,50),
(3528,332174,50),
(3529,332175,50),
(3530,332176,50),
(3531,332177,50),
(3532,332178,50),
(3533,332179,50),
(3534,332180,50),
(3535,332181,50),
(3536,332182,50),
(3537,332183,50),
(3538,332184,50),
(3539,332185,50),
(3540,332186,50),
(3541,332187,50),
(3542,332188,50),
(3543,332189,50),
(3544,332190,50),
(3545,332191,50),
(3546,332192,50),
(3547,332193,50),
(3548,332194,50),
(3549,332195,50),
(3550,332196,50),
(3551,332197,50),
(3552,332198,50),
(3553,332199,50),
(3554,332200,50),
(3555,332201,50),
(3556,332202,50),
(3557,332203,50),
(3558,332204,50),
(3559,332205,50),
(3560,332206,50),
(3561,332207,50),
(3562,332208,50),
(3563,332209,50),
(3564,332210,50),
(3565,332211,50),
(3566,332212,50),
(3567,332213,50),
(3568,332214,50),
(3569,332215,50),
(3570,332216,50),
(3571,332217,50),
(3572,332218,50),
(3573,332219,50),
(3574,332220,50),
(3575,332221,50),
(3576,332223,50),
(3577,332222,50),
(3578,332224,50),
(3579,332225,50),
(3580,332226,50),
(3581,332227,50),
(3582,332228,50),
(3583,332229,50),
(3584,332230,50),
(3585,332231,50),
(3586,332232,50),
(3587,332233,50),
(3588,332234,50),
(3589,332235,50),
(3590,332236,50),
(3591,332237,50),
(3592,332238,50),
(3593,332239,50),
(3594,332240,50),
(3595,332241,50),
(3596,332242,50),
(3597,332243,50),
(3598,332244,50),
(3599,332245,50),
(3600,332246,50),
(3601,332247,50),
(3602,332248,50),
(3603,332249,50),
(3604,332250,50),
(3605,332251,50),
(3606,332252,50),
(3607,332253,50),
(3608,332254,50),
(3609,332255,50),
(3610,332256,50),
(3611,332257,50),
(3612,332258,50),
(3613,332259,50),
(3614,332260,50),
(3615,332261,50),
(3616,332262,50),
(3617,332263,50),
(3618,332264,50),
(3619,332265,50),
(3620,332266,50),
(3621,332267,50),
(3622,332268,50),
(3623,332269,50),
(3624,332270,50),
(3625,332271,50),
(3626,332272,50),
(3627,332273,50),
(3628,332274,50),
(3629,332275,50),
(3630,332276,50),
(3631,332277,50),
(3632,332278,50),
(3633,332279,50),
(3634,332280,50),
(3635,332281,50),
(3636,332282,50),
(3637,332283,50),
(3638,332284,50),
(3639,332285,50),
(3640,332286,50),
(3641,332287,50),
(3642,332288,50),
(3643,332289,50),
(3644,332290,50),
(3645,332291,50),
(3646,332292,50),
(3647,332293,50),
(3648,332294,50),
(3649,332295,50),
(3650,332296,50),
(3651,332297,50),
(3652,332298,50),
(3653,332299,50),
(3654,332300,50),
(3655,332301,50),
(3656,332302,50),
(3657,332303,50),
(3658,332304,50),
(3659,332305,50),
(3660,332306,50),
(3661,332307,50),
(3662,332308,50),
(3663,332309,50),
(3664,332310,50),
(3665,332311,50),
(3666,332312,50),
(3667,332313,50),
(3668,332314,50),
(3669,332315,50),
(3670,332316,50),
(3671,332317,50),
(3672,332318,50),
(3673,332319,50),
(3674,332320,50),
(3675,332321,50),
(3676,332322,50),
(3677,332323,50),
(3678,332324,50),
(3679,332325,50),
(3680,332326,50),
(3681,332327,50),
(3682,332328,50),
(3683,332329,50),
(3684,332330,50),
(3685,332331,50),
(3686,332332,50),
(3687,332333,50),
(3688,332334,50),
(3689,332335,50),
(3690,332336,50),
(3691,332337,50),
(3692,332338,50),
(3693,332339,50),
(3694,332340,50),
(3695,332341,50),
(3696,332342,50),
(3697,332343,50),
(3698,332344,50),
(3699,332345,50),
(3700,332346,50),
(3701,332347,50),
(3702,332348,50),
(3703,332349,50),
(3704,332350,50),
(3705,332351,50),
(3706,332352,50),
(3707,332353,50),
(3708,332354,50),
(3709,332355,50),
(3710,332356,50),
(3711,332357,50),
(3712,332358,50),
(3713,332359,50),
(3714,332360,50),
(3715,332361,50),
(3716,332362,50),
(3717,332363,50),
(3718,332364,50),
(3719,332365,50),
(3720,332366,50),
(3721,332367,50),
(3722,332368,50),
(3723,332369,50),
(3724,332370,50),
(3725,332371,50),
(3726,332372,50),
(3727,332373,50),
(3728,332374,50),
(3729,332375,50),
(3730,332376,50),
(3731,332377,50),
(3732,332378,50),
(3733,332379,50),
(3734,332380,50),
(3735,332381,50),
(3736,332382,50),
(3737,332383,50),
(3738,332384,50),
(3739,332385,50),
(3740,332386,50),
(3741,332387,50),
(3742,332388,50),
(3743,332389,50),
(3744,332390,50),
(3745,332391,50),
(3746,332392,50),
(3747,332393,50),
(3748,332394,50),
(3749,332395,50),
(3750,332396,50),
(3751,332397,50),
(3752,332398,50),
(3753,332399,50),
(3754,332400,50),
(3755,332401,50),
(3756,332402,50),
(3757,332403,50),
(3758,332404,50),
(3759,332405,50),
(3760,332406,50),
(3761,332407,50),
(3762,332408,50),
(3763,332409,50),
(3764,332410,50),
(3765,332411,50),
(3766,332412,50),
(3767,332413,50),
(3768,332414,50),
(3769,332415,50),
(3770,332416,50),
(3771,332417,50),
(3772,332418,50),
(3773,332419,50),
(3774,332420,50),
(3775,332421,50),
(3776,332422,50),
(3777,332423,50),
(3778,332424,50),
(3779,332425,50),
(3780,332426,50),
(3781,332427,50),
(3782,332428,50),
(3783,332429,50),
(3784,332430,50),
(3785,332431,50),
(3786,332432,50),
(3787,332433,50),
(3788,332434,50),
(3789,332435,50),
(3790,332436,50),
(3791,332437,50),
(3792,332438,50),
(3793,332439,50),
(3794,332440,50),
(3795,332441,50),
(3796,332442,50),
(3797,332443,50),
(3798,332444,50),
(3799,332445,50),
(3800,332446,50),
(3801,332447,50),
(3802,332448,50),
(3803,332449,50),
(3804,332450,50),
(3805,332451,50),
(3806,332452,50),
(3807,332453,50),
(3808,332454,50),
(3809,332455,50),
(3810,332456,50),
(3811,332457,50),
(3812,332458,50),
(3813,332459,50),
(3814,332460,50),
(3815,332461,50),
(3816,332462,50),
(3817,332463,50),
(3818,332464,50),
(3819,332465,50),
(3820,332466,50),
(3821,332467,50),
(3822,332468,50),
(3823,332469,50),
(3824,332470,50),
(3825,332471,50),
(3826,332472,50),
(3827,332473,50),
(3828,332474,50),
(3829,332475,50),
(3830,332476,50),
(3831,332477,50),
(3832,332478,50),
(3833,332479,50),
(3834,332480,50),
(3835,332481,50),
(3836,332482,50),
(3837,332483,50),
(3838,332484,50),
(3839,332485,50),
(3840,332486,50),
(3841,332487,50),
(3842,332488,50),
(3843,332489,50),
(3844,332490,50),
(3845,332491,50),
(3846,332492,50),
(3847,332493,50),
(3848,332494,50),
(3849,332495,50),
(3850,332496,50),
(3851,332497,50),
(3852,332498,50),
(3853,332499,50),
(3854,332500,50),
(3855,332501,50),
(3856,332502,50),
(3857,332503,50),
(3858,332504,50),
(3859,332505,50),
(3860,332506,50),
(3861,332507,50),
(3862,332508,50),
(3863,332509,50),
(3864,332510,50),
(3865,332511,50),
(3866,332512,50),
(3867,332513,50),
(3868,332514,50),
(3869,332515,50),
(3870,332516,50),
(3871,332517,50),
(3872,332518,50),
(3873,332519,50),
(3874,332520,50),
(3875,332521,50),
(3876,332522,50),
(3877,332523,50),
(3878,332524,50),
(3879,332525,50),
(3880,332526,50),
(3881,332527,50),
(3882,332528,50),
(3883,332529,50),
(3884,332530,50),
(3885,332531,50),
(3886,332532,50),
(3887,332533,50),
(3888,332534,50),
(3889,332535,50),
(3890,332536,50),
(3891,332537,50),
(3892,332538,50),
(3893,332539,50),
(3894,332540,50),
(3895,332541,50),
(3896,332542,50),
(3897,332543,50),
(3898,332544,50),
(3899,332545,50),
(3900,332546,50),
(3901,332547,50),
(3902,332548,50),
(3903,332549,50),
(3904,332550,50),
(3905,332551,50),
(3906,332552,50),
(3907,332553,50),
(3908,332554,50),
(3909,332555,50),
(3910,332556,50),
(3911,332557,50),
(3912,332558,50),
(3913,332559,50),
(3914,332560,50),
(3915,332561,50),
(3916,332562,50),
(3917,332563,50),
(3918,332564,50),
(3919,332565,50),
(3920,332566,50),
(3921,332567,50),
(3922,332568,50),
(3923,332569,50),
(3924,332570,50),
(3925,332571,50),
(3926,332572,50),
(3927,332573,50),
(3928,332574,50),
(3929,332575,50),
(3930,332576,50),
(3931,332577,50),
(3932,332578,50),
(3933,332579,50),
(3934,332580,50),
(3935,332581,50),
(3936,332582,50),
(3937,332583,50),
(3938,332584,50),
(3939,332585,50),
(3940,332586,50),
(3941,332587,50),
(3942,332588,50),
(3943,332589,50),
(3944,332590,50),
(3945,332591,50),
(3946,332592,50),
(3947,332593,50),
(3948,332594,50),
(3949,332595,50),
(3950,332596,50),
(3951,332597,50),
(3952,332598,50),
(3953,332599,50),
(3954,332600,50),
(3955,332601,50),
(3956,332602,50),
(3957,332603,50),
(3958,332604,50),
(3959,332605,50),
(3960,332606,50),
(3961,332607,50),
(3962,332608,50),
(3963,332609,50),
(3964,332610,50),
(3965,332611,50),
(3966,332612,50),
(3967,332613,50),
(3968,332614,50),
(3969,332615,50),
(3970,332616,50),
(3971,332617,50),
(3972,332618,50),
(3973,332619,50),
(3974,332620,50),
(3975,332621,50),
(3976,332622,50),
(3977,332623,50),
(3978,332624,50),
(3979,332625,50),
(3980,332626,50),
(3981,332627,50),
(3982,332628,50),
(3983,332629,50),
(3984,332630,50),
(3985,332631,50),
(3986,332632,50),
(3987,332633,50),
(3988,332634,50),
(3989,332635,50),
(3990,332636,50),
(3991,332637,50),
(3992,332638,50),
(3993,332639,50),
(3994,332640,50),
(3995,332641,50),
(3996,332642,50),
(3997,332643,50),
(3998,332644,50),
(3999,332645,50),
(4000,332646,50),
(4001,332647,50),
(4002,332648,50),
(4003,332649,50),
(4004,332650,50),
(4005,332651,50),
(4006,332652,50),
(4007,332653,50),
(4008,332654,50),
(4009,332655,50),
(4010,332656,50),
(4011,332657,50),
(4012,332658,50),
(4013,332659,50),
(4014,332660,50),
(4015,332661,50),
(4016,332662,50),
(4017,332663,50),
(4018,332664,50),
(4019,332665,50),
(4020,332666,50),
(4021,332667,50),
(4022,332668,50),
(4023,332669,50),
(4024,332670,50),
(4025,332671,50),
(4026,332672,50),
(4027,332673,50),
(4028,332674,50),
(4029,332675,50),
(4030,332676,50),
(4031,332677,50),
(4032,332678,50),
(4033,332679,50),
(4034,332680,50),
(4035,332681,50),
(4036,332682,50),
(4037,332683,50),
(4038,332684,50),
(4039,332685,50),
(4040,332686,50),
(4041,332687,50),
(4042,332688,50),
(4043,332689,50),
(4044,332690,50),
(4045,332691,50),
(4046,332692,50),
(4047,332693,50),
(4048,332694,50),
(4049,332695,50),
(4050,332696,50),
(4051,332697,50),
(4052,332698,50),
(4053,332699,50),
(4054,332700,50),
(4055,332701,50),
(4056,332702,50),
(4057,332703,50),
(4058,332704,50),
(4059,332705,50),
(4060,332706,50),
(4061,332707,50),
(4062,332708,50),
(4063,332709,50),
(4064,332710,50),
(4065,332711,50),
(4066,332712,50),
(4067,332713,50),
(4068,332714,50),
(4069,332715,50),
(4070,332716,50),
(4071,332717,50),
(4072,332718,50),
(4073,332719,50),
(4074,332720,50),
(4075,332721,50),
(4076,332722,50),
(4077,332723,50),
(4078,332724,50),
(4079,332725,50),
(4080,332726,50),
(4081,332727,50),
(4082,332728,50),
(4083,332729,50),
(4084,332730,50),
(4085,332731,50),
(4086,332732,50),
(4087,332733,50),
(4088,332734,50),
(4089,332735,50),
(4090,332736,50),
(4091,332737,50),
(4092,332738,50),
(4093,332739,50),
(4094,332740,50),
(4095,332741,50),
(4096,332742,50),
(4097,332743,50),
(4098,332744,50),
(4099,332745,50),
(4100,332746,50),
(4101,332747,50),
(4102,332748,50),
(4103,332749,50),
(4104,332750,50),
(4105,332751,50),
(4106,332752,50),
(4107,332753,50),
(4108,332754,50),
(4109,332755,50),
(4110,332756,50),
(4111,332757,50),
(4112,332758,50),
(4113,332759,50),
(4114,332760,50),
(4115,332761,50),
(4116,332762,50),
(4117,332763,50),
(4118,332764,50),
(4119,332765,50),
(4120,332766,50),
(4121,332767,50),
(4122,332768,50),
(4123,332769,50),
(4124,332770,50),
(4125,332771,50),
(4126,332772,50),
(4127,332773,50),
(4128,332774,50),
(4129,332775,50),
(4130,332776,50),
(4131,332777,50),
(4132,332778,50),
(4133,332779,50),
(4134,332780,50),
(4135,332781,50),
(4136,332782,50),
(4137,332783,50),
(4138,332784,50),
(4139,332785,50),
(4140,332786,50),
(4141,332787,50),
(4142,332788,50),
(4143,332789,50),
(4144,332790,50),
(4145,332791,50),
(4146,332792,50),
(4147,332793,50),
(4148,332794,50),
(4149,332795,50),
(4150,332796,50),
(4151,332797,50),
(4152,332798,50),
(4153,332799,50),
(4154,332800,50),
(4155,332801,50),
(4156,332802,50),
(4157,332803,50),
(4158,332804,50),
(4159,332805,50),
(4160,332806,50),
(4161,332807,50),
(4162,332808,50),
(4163,332809,50),
(4164,332810,50),
(4165,332811,50),
(4166,332812,50),
(4167,332813,50),
(4168,332814,50),
(4169,332815,50),
(4170,332816,50),
(4171,332817,50),
(4172,332818,50),
(4173,332819,50),
(4174,332820,50),
(4175,332821,50),
(4176,332822,50),
(4177,332823,50),
(4178,332824,50),
(4179,332825,50),
(4180,332826,50),
(4181,332827,50),
(4182,332828,50),
(4183,332829,50),
(4184,332830,50),
(4185,332831,50),
(4186,332832,50),
(4187,332833,50),
(4188,332834,50),
(4189,332835,50),
(4190,332836,50),
(4191,332837,50),
(4192,332838,50),
(4193,332839,50),
(4194,332840,50),
(4195,332841,50),
(4196,332842,50),
(4197,332843,50),
(4198,332844,50),
(4199,332845,50),
(4200,332846,50),
(4201,332847,50),
(4202,332848,50),
(4203,332849,50),
(4204,332850,50),
(4205,332851,50),
(4206,332852,50),
(4207,332853,50),
(4208,332854,50),
(4209,332855,50),
(4210,332856,50),
(4211,332857,50),
(4212,332858,50),
(4213,332859,50),
(4214,332860,50),
(4215,332861,50),
(4216,332862,50),
(4217,332863,50),
(4218,332864,50),
(4219,332865,50),
(4220,332866,50),
(4221,332867,50),
(4222,332868,50),
(4223,332869,50),
(4224,332870,50),
(4225,332871,50),
(4226,332872,50),
(4227,332873,50),
(4228,332874,50),
(4229,332875,50),
(4230,332876,50),
(4231,332877,50),
(4232,332878,50),
(4233,332879,50),
(4234,332880,50),
(4235,332881,50),
(4236,332882,50),
(4237,332883,50),
(4238,332884,50),
(4239,332885,50),
(4240,332886,50),
(4241,332887,50),
(4242,332888,50),
(4243,332889,50),
(4244,332890,50),
(4245,332891,50),
(4246,332892,50),
(4247,332893,50),
(4248,332894,50),
(4249,332895,50),
(4250,332896,50),
(4251,332897,50),
(4252,332898,50),
(4253,332899,50),
(4254,332900,50),
(4255,332901,50),
(4256,332902,50),
(4257,332903,50),
(4258,332904,50),
(4259,332905,50),
(4260,332906,50),
(4261,332907,50),
(4262,332908,50),
(4263,332909,50),
(4264,332910,50),
(4265,332911,50),
(4266,332912,50),
(4267,332913,50),
(4268,332914,50),
(4269,332915,50),
(4270,332916,50),
(4271,332917,50),
(4272,332918,50),
(4273,332919,50),
(4274,332920,50),
(4275,332921,50),
(4276,332922,50),
(4277,332923,50),
(4278,332924,50),
(4279,332925,50),
(4280,332926,50),
(4281,332927,50),
(4282,332928,50),
(4283,332929,50),
(4284,332930,50),
(4285,332931,50),
(4286,332932,50),
(4287,332933,50),
(4288,332934,50),
(4289,332935,50),
(4290,332936,50),
(4291,332937,50),
(4292,332938,50),
(4293,332939,50),
(4294,332940,50),
(4295,332941,50),
(4296,332942,50),
(4297,332943,50),
(4298,332944,50),
(4299,332945,50),
(4300,332946,50),
(4301,332947,50),
(4302,332948,50),
(4303,332949,50),
(4304,332950,50),
(4305,332951,50),
(4306,332952,50),
(4307,332953,50),
(4308,332954,50),
(4309,332955,50),
(4310,332956,50),
(4311,332957,50),
(4312,332958,50),
(4313,332959,50),
(4314,332960,50),
(4315,332961,50),
(4316,332962,50),
(4317,332963,50),
(4318,332964,50),
(4319,332965,50),
(4320,332966,50),
(4321,332967,50),
(4322,332968,50),
(4323,332969,50),
(4324,332970,50),
(4325,332971,50),
(4326,332972,50),
(4327,332973,50),
(4328,332974,50),
(4329,332975,50),
(4330,332976,50),
(4331,332977,50),
(4332,332978,50),
(4333,332979,50),
(4334,332980,50),
(4335,332981,50),
(4336,332982,50),
(4337,332983,50),
(4338,332984,50),
(4339,332985,50),
(4340,332986,50),
(4341,332987,50),
(4342,332988,50),
(4343,332989,50),
(4344,332990,50),
(4345,332991,50),
(4346,332992,50),
(4347,332993,50),
(4348,332994,50),
(4349,332995,50),
(4350,332996,50),
(4351,332997,50),
(4352,332998,50),
(4353,332999,50),
(4354,333000,50),
(4355,333001,50),
(4356,333002,50),
(4357,333003,50),
(4358,333004,50),
(4359,333005,50),
(4360,333006,50),
(4361,333007,50),
(4362,333008,50),
(4363,333009,50),
(4364,333010,50),
(4365,333011,50),
(4366,333012,50),
(4367,333013,50),
(4368,333014,50),
(4369,333015,50),
(4370,333016,50),
(4371,333017,50),
(4372,333018,50),
(4373,333019,50),
(4374,333020,50),
(4375,333021,50),
(4376,333022,50),
(4377,333023,50),
(4378,333024,50),
(4379,333025,50),
(4380,333026,50),
(4381,333027,50),
(4382,333028,50),
(4383,333029,50),
(4384,333030,50),
(4385,333031,50),
(4386,333032,50),
(4387,333033,50),
(4388,333034,50),
(4389,333035,50),
(4390,333036,50),
(4391,333037,50),
(4392,333038,50),
(4393,333039,50),
(4394,333040,50),
(4395,333041,50),
(4396,333042,50),
(4397,333043,50),
(4398,333044,50),
(4399,333045,50),
(4400,333046,50),
(4401,333047,50),
(4402,333048,50),
(4403,333049,50),
(4404,333050,50),
(4405,333051,50),
(4406,333052,50),
(4407,333053,50),
(4408,333054,50),
(4409,333055,50),
(4410,333056,50),
(4411,333057,50),
(4412,333058,50),
(4413,333059,50),
(4414,333060,50),
(4415,333061,50),
(4416,333062,50),
(4417,333063,50),
(4418,333064,50),
(4419,333065,50),
(4420,333066,50),
(4421,333067,50),
(4422,333068,50),
(4423,333069,50),
(4424,333070,50),
(4425,333071,50),
(4426,333072,50),
(4427,333073,50),
(4428,333074,50),
(4429,333075,50),
(4430,333076,50),
(4431,333077,50),
(4432,333078,50),
(4433,333079,50),
(4434,333080,50),
(4435,333081,50),
(4436,333082,50),
(4437,333083,50),
(4438,333084,50),
(4439,333085,50),
(4440,333086,50),
(4441,333087,50),
(4442,333088,50),
(4443,333089,50),
(4444,333090,50),
(4445,333091,50),
(4446,333092,50),
(4447,333093,50),
(4448,333094,50),
(4449,333095,50),
(4450,333096,50),
(4451,333097,50),
(4452,333098,50),
(4453,333099,50),
(4454,333100,50),
(4455,333101,50),
(4456,333102,50),
(4457,333103,50),
(4458,333104,50),
(4459,333105,50),
(4460,333106,50),
(4461,333107,50),
(4462,333108,50),
(4463,333109,50),
(4464,333110,50),
(4465,333111,50),
(4466,333112,50),
(4467,333113,50),
(4468,333114,50),
(4469,333115,50),
(4470,333116,50),
(4471,333117,50),
(4472,333118,50),
(4473,333119,50),
(4474,333120,50),
(4475,333121,50),
(4476,333122,50),
(4477,333123,50),
(4478,333124,50),
(4479,333125,50),
(4480,333126,50),
(4481,333127,50),
(4482,333128,50),
(4483,333129,50),
(4484,333130,50),
(4485,333131,50),
(4486,333132,50),
(4487,333133,50),
(4488,333134,50),
(4489,333135,50),
(4490,333136,50),
(4491,333137,50),
(4492,333138,50),
(4493,333139,50),
(4494,333140,50),
(4495,333141,50),
(4496,333142,50),
(4497,333143,50),
(4498,333144,50),
(4499,333145,50),
(4500,333146,50),
(4501,333147,50),
(4502,333148,50),
(4503,333149,50),
(4504,333150,50),
(4505,333151,50),
(4506,333152,50),
(4507,333153,50),
(4508,333154,50),
(4509,333155,50),
(4510,333156,50),
(4511,333157,50),
(4512,333158,50),
(4513,333159,50),
(4514,333160,50),
(4515,333161,50),
(4516,333162,50),
(4517,333163,50),
(4518,333164,50),
(4519,333165,50),
(4520,333166,50),
(4521,333167,50),
(4522,333168,50),
(4523,333169,50),
(4524,333170,50),
(4525,333171,50),
(4526,333172,50),
(4527,333173,50),
(4528,333174,50),
(4529,333175,50),
(4530,333176,50),
(4531,333177,50),
(4532,333178,50),
(4533,333179,50),
(4534,333180,50),
(4535,333181,50),
(4536,333182,50),
(4537,333183,50),
(4538,333184,50),
(4539,333185,50),
(4540,333186,50),
(4541,333187,50),
(4542,333188,50),
(4543,333189,50),
(4544,333190,50),
(4545,333191,50),
(4546,333192,50),
(4547,333193,50),
(4548,333194,50),
(4549,333195,50),
(4550,333196,50),
(4551,333197,50),
(4552,333198,50),
(4553,333199,50),
(4554,333200,50),
(4555,333201,50),
(4556,333202,50),
(4557,333203,50),
(4558,333204,50),
(4559,333205,50),
(4560,333206,50),
(4561,333207,50),
(4562,333208,50),
(4563,333209,50),
(4564,333210,50),
(4565,333211,50),
(4566,333212,50),
(4567,333213,50),
(4568,333214,50),
(4569,333215,50),
(4570,333216,50),
(4571,333217,50),
(4572,333218,50),
(4573,333219,50),
(4574,333220,50),
(4575,333221,50),
(4576,333222,50),
(4577,333223,50),
(4578,333224,50),
(4579,333225,50),
(4580,333226,50),
(4581,333227,50),
(4582,333228,50),
(4583,333229,50),
(4584,333230,50),
(4585,333231,50),
(4586,333232,50),
(4587,333233,50),
(4588,333234,50),
(4589,333235,50),
(4590,333236,50),
(4591,333237,50),
(4592,333238,50),
(4593,333239,50),
(4594,333240,50),
(4595,333241,50),
(4596,333242,50),
(4597,333243,50),
(4598,333244,50),
(4599,333245,50),
(4600,333246,50),
(4601,333247,50),
(4602,333248,50),
(4603,333249,50),
(4604,333250,50),
(4605,333251,50),
(4606,333252,50),
(4607,333253,50),
(4608,333254,50),
(4609,333255,50),
(4610,333256,50),
(4611,333257,50),
(4612,333258,50),
(4613,333259,50),
(4614,333260,50),
(4615,333261,50),
(4616,333262,50),
(4617,333263,50),
(4618,333264,50),
(4619,333265,50),
(4620,333266,50),
(4621,333267,50),
(4622,333268,50),
(4623,333269,50),
(4624,333270,50),
(4625,333271,50),
(4626,333272,50),
(4627,333273,50),
(4628,333274,50),
(4629,333275,50),
(4630,333276,50),
(4631,333277,50),
(4632,333278,50),
(4633,333280,50),
(4634,333279,50),
(4635,333281,50),
(4636,333282,50),
(4637,333283,50),
(4638,333284,50),
(4639,333285,50),
(4640,333286,50),
(4641,333287,50),
(4642,333288,50),
(4643,333289,50),
(4644,333290,50),
(4645,333291,50),
(4646,333292,50),
(4647,333293,50),
(4648,333294,50),
(4649,333295,50),
(4650,333296,50),
(4651,333297,50),
(4652,333298,50),
(4653,333299,50),
(4654,333300,50),
(4655,333301,50),
(4656,333302,50),
(4657,333303,50),
(4658,333304,50),
(4659,333305,50),
(4660,333306,50),
(4661,333307,50),
(4662,333308,50),
(4663,333309,50),
(4664,333310,50),
(4665,333311,50),
(4666,333312,50),
(4667,333313,50),
(4668,333314,50),
(4669,333315,50),
(4670,333316,50),
(4671,333317,50),
(4672,333318,50),
(4673,333319,50),
(4674,333320,50),
(4675,333321,50),
(4676,333322,50),
(4677,333323,50),
(4678,333324,50),
(4679,333325,50),
(4680,333326,50),
(4681,333327,50),
(4682,333328,50),
(4683,333329,50),
(4684,333330,50),
(4685,333331,50),
(4686,333332,50),
(4687,333333,50),
(4688,333334,50),
(4689,333335,50),
(4690,333336,50),
(4691,333337,50),
(4692,333338,50),
(4693,333339,50),
(4694,333340,50),
(4695,333341,50),
(4696,333342,50),
(4697,333343,50),
(4698,333344,50),
(4699,333345,50),
(4700,333346,50),
(4701,333347,50),
(4702,333348,50),
(4703,333349,50),
(4704,333350,50),
(4705,333351,50),
(4706,333352,50),
(4707,333353,50),
(4708,333354,50),
(4709,333355,50),
(4710,333356,50),
(4711,333357,50),
(4712,333358,50),
(4713,333359,50),
(4714,333360,50),
(4715,333361,50),
(4716,333362,50),
(4717,333363,50),
(4718,333364,50),
(4719,333365,50),
(4720,333366,50),
(4721,333367,50),
(4722,333368,50),
(4723,333369,50),
(4724,333370,50),
(4725,333371,50),
(4726,333372,50),
(4727,333373,50),
(4728,333374,50),
(4729,333375,50),
(4730,333376,50),
(4731,333377,50),
(4732,333378,50),
(4733,333379,50),
(4734,333380,50),
(4735,333381,50),
(4736,333382,50),
(4737,333383,50),
(4738,333384,50),
(4739,333385,50),
(4740,333386,50),
(4741,333387,50),
(4742,333388,50),
(4743,333389,50),
(4744,333390,50),
(4745,333391,50),
(4746,333392,50),
(4747,333393,50),
(4748,333394,50),
(4749,333395,50),
(4750,333396,50),
(4751,333397,50),
(4752,333398,50),
(4753,333399,50),
(4754,333400,50),
(4755,333401,50),
(4756,333402,50),
(4757,333403,50),
(4758,333404,50),
(4759,333405,50),
(4760,333406,50),
(4761,333407,50),
(4762,333408,50),
(4763,333409,50),
(4764,333410,50),
(4765,333411,50),
(4766,333412,50),
(4767,333413,50),
(4768,333414,50),
(4769,333415,50),
(4770,333416,50),
(4771,333417,50),
(4772,333418,50),
(4773,333419,50),
(4774,333420,50),
(4775,333421,50),
(4776,333422,50),
(4777,333423,50),
(4778,333424,50),
(4779,333425,50),
(4780,333426,50),
(4781,333427,50),
(4782,333428,50),
(4783,333429,50),
(4784,333430,50),
(4785,333431,50),
(4786,333432,50),
(4787,333433,50),
(4788,333434,50),
(4789,333435,50),
(4790,333436,50),
(4791,333437,50),
(4792,333438,50),
(4793,333439,50),
(4794,333440,50),
(4795,333441,50),
(4796,333442,50),
(4797,333443,50),
(4798,333444,50),
(4799,333445,50),
(4800,333446,50),
(4801,333447,50),
(4802,333448,50),
(4803,333449,50),
(4804,333450,50),
(4805,333451,50),
(4806,333452,50),
(4807,333453,50),
(4808,333454,50),
(4809,333455,50),
(4810,333456,50),
(4811,333457,50),
(4812,333458,50),
(4813,333459,50),
(4814,333460,50),
(4815,333461,50),
(4816,333462,50),
(4817,333463,50),
(4818,333464,50),
(4819,333465,50),
(4820,333466,50),
(4821,333467,50),
(4822,333468,50),
(4823,333469,50),
(4824,333470,50),
(4825,333471,50),
(4826,333472,50),
(4827,333473,50),
(4828,333474,50),
(4829,333475,50),
(4830,333476,50),
(4831,333477,50),
(4832,333478,50),
(4833,333479,50),
(4834,333480,50),
(4835,333481,50),
(4836,333482,50),
(4837,333483,50),
(4838,333484,50),
(4839,333485,50),
(4840,333486,50),
(4841,333487,50),
(4842,333488,50),
(4843,333489,50),
(4844,333490,50),
(4845,333491,50),
(4846,333492,50),
(4847,333493,50),
(4848,333494,50),
(4849,333495,50),
(4850,333496,50),
(4851,333497,50),
(4852,333498,50),
(4853,333499,50),
(4854,333500,50),
(4855,333501,50),
(4856,333502,50),
(4857,333503,50),
(4858,333504,50),
(4859,333505,50),
(4860,333506,50),
(4861,333507,50),
(4862,333508,50),
(4863,333509,50),
(4864,333510,50),
(4865,333511,50),
(4866,333512,50),
(4867,333513,50),
(4868,333514,50),
(4869,333515,50),
(4870,333516,50),
(4871,333517,50),
(4872,333518,50),
(4873,333519,50),
(4874,333520,50),
(4875,333521,50),
(4876,333522,50),
(4877,333523,50),
(4878,333524,50),
(4879,333525,50),
(4880,333526,50),
(4881,333527,50),
(4882,333528,50),
(4883,333529,50),
(4884,333530,50),
(4885,333531,50),
(4886,333532,50),
(4887,333533,50),
(4888,333534,50),
(4889,333535,50),
(4890,333536,50),
(4891,333537,50),
(4892,333538,50),
(4893,333539,50),
(4894,333540,50),
(4895,333541,50),
(4896,333542,50),
(4897,333543,50),
(4898,333544,50),
(4899,333545,50),
(4900,333546,50),
(4901,333547,50),
(4902,333548,50),
(4903,333549,50),
(4904,333550,50),
(4905,333551,50),
(4906,333552,50),
(4907,333553,50),
(4908,333554,50),
(4909,333555,50),
(4910,333556,50),
(4911,333557,50),
(4912,333558,50),
(4913,333559,50),
(4914,333560,50),
(4915,333561,50),
(4916,333563,50),
(4917,333562,50),
(4918,333564,50),
(4919,333565,50),
(4920,333566,50),
(4921,333567,50),
(4922,333568,50),
(4923,333569,50),
(4924,333570,50),
(4925,333571,50),
(4926,333572,50),
(4927,333573,50),
(4928,333574,50),
(4929,333575,50),
(4930,333576,50),
(4931,333577,50),
(4932,333578,50),
(4933,333579,50),
(4934,333580,50),
(4935,333581,50),
(4936,333582,50),
(4937,333583,50),
(4938,333584,50),
(4939,333585,50),
(4940,333586,50),
(4941,333587,50),
(4942,333588,50),
(4943,333589,50),
(4944,333590,50),
(4945,333591,50),
(4946,333592,50),
(4947,333593,50),
(4948,333594,50),
(4949,333595,50),
(4950,333596,50),
(4951,333597,50),
(4952,333598,50),
(4953,333599,50),
(4954,333600,50),
(4955,333601,50),
(4956,333602,50),
(4957,333603,50),
(4958,333604,50),
(4959,333605,50),
(4960,333606,50),
(4961,333607,50),
(4962,333608,50),
(4963,333609,50),
(4964,333610,50),
(4965,333611,50),
(4966,333612,50),
(4967,333613,50),
(4968,333614,50),
(4969,333615,50),
(4970,333616,50),
(4971,333617,50),
(4972,333618,50),
(4973,333619,50),
(4974,333620,50),
(4975,333621,50),
(4976,333622,50),
(4977,333623,50),
(4978,333624,50),
(4979,333625,50),
(4980,333626,50),
(4981,333627,50),
(4982,333628,50),
(4983,333629,50),
(4984,333630,50),
(4985,333631,50),
(4986,333632,50),
(4987,333633,50),
(4988,333634,50),
(4989,333635,50),
(4990,333636,50),
(4991,333637,50),
(4992,333638,50),
(4993,333639,50),
(4994,333640,50),
(4995,333641,50),
(4996,333642,50),
(4997,333643,50),
(4998,333644,50),
(4999,333645,50),
(5000,333646,50),
(5001,333647,50),
(5002,333648,50),
(5003,333649,50),
(5004,333650,50),
(5005,333651,50),
(5006,333652,50),
(5007,333653,50),
(5008,333654,50),
(5009,333655,50),
(5010,333656,50),
(5011,333657,50),
(5012,333658,50),
(5013,333659,50),
(5014,333660,50),
(5015,333661,50),
(5016,333662,50),
(5017,333663,50),
(5018,333664,50),
(5019,333665,50),
(5020,333666,50),
(5021,333667,50),
(5022,333668,50),
(5023,333669,50),
(5024,333670,50),
(5025,333671,50),
(5026,333672,50),
(5027,333673,50),
(5028,333674,50),
(5029,333675,50),
(5030,333676,50),
(5031,333677,50),
(5032,333678,50),
(5033,333679,50),
(5034,333680,50),
(5035,333681,50),
(5036,333682,50),
(5037,333683,50),
(5038,333684,50),
(5039,333685,50),
(5040,333686,50),
(5041,333687,50),
(5042,333688,50),
(5043,333689,50),
(5044,333690,50),
(5045,333691,50),
(5046,333692,50),
(5047,333693,50),
(5048,333694,50),
(5049,333695,50),
(5050,333696,50),
(5051,333697,50),
(5052,333698,50),
(5053,333699,50),
(5054,333700,50),
(5055,333701,50),
(5056,333702,50),
(5057,333703,50),
(5058,333704,50),
(5059,333705,50),
(5060,333706,50),
(5061,333707,50),
(5062,333708,50),
(5063,333709,50),
(5064,333710,50),
(5065,333711,50),
(5066,333712,50),
(5067,333713,50),
(5068,333714,50),
(5069,333715,50),
(5070,333716,50),
(5071,333717,50),
(5072,333718,50),
(5073,333719,50),
(5074,333720,50),
(5075,333721,50),
(5076,333722,50),
(5077,333723,50),
(5078,333724,50),
(5079,333725,50),
(5080,333726,50),
(5081,333727,50),
(5082,333728,50),
(5083,333729,50),
(5084,333730,50),
(5085,333731,50),
(5086,333732,50),
(5087,333733,50),
(5088,333734,50),
(5089,333735,50),
(5090,333736,50),
(5091,333737,50),
(5092,333738,50),
(5093,333739,50),
(5094,333740,50),
(5095,333741,50),
(5096,333742,50),
(5097,333743,50),
(5098,333744,50),
(5099,333745,50),
(5100,333746,50),
(5101,333747,50),
(5102,333748,50),
(5103,333749,50),
(5104,333750,50),
(5105,333751,50),
(5106,333752,50),
(5107,333753,50),
(5108,333754,50),
(5109,333755,50),
(5110,333756,50),
(5111,333757,50),
(5112,333758,50),
(5113,333759,50),
(5114,333760,50),
(5115,333761,50),
(5116,333762,50),
(5117,333763,50),
(5118,333764,50),
(5119,333765,50),
(5120,333766,50),
(5121,333767,50),
(5122,333768,50),
(5123,333769,50),
(5124,333770,50),
(5125,333771,50),
(5126,333772,50),
(5127,333773,50),
(5128,333774,50),
(5129,333775,50),
(5130,333776,50),
(5131,333777,50),
(5132,333778,50),
(5133,333779,50),
(5134,333780,50),
(5135,333781,50),
(5136,333782,50),
(5137,333783,50),
(5138,333784,50),
(5139,333785,50),
(5140,333786,50),
(5141,333787,50),
(5142,333788,50),
(5143,333789,50),
(5144,333790,50),
(5145,333791,50),
(5146,333792,50),
(5147,333793,50),
(5148,333794,50),
(5149,333795,50),
(5150,333796,50),
(5151,333797,50),
(5152,333798,50),
(5153,333799,50),
(5154,333800,50),
(5155,333801,50),
(5156,333802,50),
(5157,333803,50),
(5158,333804,50),
(5159,333805,50),
(5160,333806,50),
(5161,333807,50),
(5162,333808,50),
(5163,333809,50),
(5164,333810,50),
(5165,333811,50),
(5166,333812,50),
(5167,333813,50),
(5168,333814,50),
(5169,333815,50),
(5170,333816,50),
(5171,333817,50),
(5172,333818,50),
(5173,333819,50),
(5174,333820,50),
(5175,333821,50),
(5176,333822,50),
(5177,333823,50),
(5178,333824,50),
(5179,333825,50),
(5180,333826,50),
(5181,333827,50),
(5182,333828,50),
(5183,333829,50),
(5184,333830,50),
(5185,333831,50),
(5186,333832,50),
(5187,333833,50),
(5188,333834,50),
(5189,333835,50),
(5190,333836,50),
(5191,333837,50),
(5192,333838,50),
(5193,333839,50),
(5194,333840,50),
(5195,333841,50),
(5196,333842,50),
(5197,333843,50),
(5198,333844,50),
(5199,333845,50),
(5200,333846,50),
(5201,333847,50),
(5202,333848,50),
(5203,333849,50),
(5204,333850,50),
(5205,333851,50),
(5206,333852,50),
(5207,333853,50),
(5208,333854,50),
(5209,333855,50),
(5210,333856,50),
(5211,333857,50),
(5212,333858,50),
(5213,333859,50),
(5214,333860,50),
(5215,333861,50),
(5216,333862,50),
(5217,333863,50),
(5218,333864,50),
(5219,333865,50),
(5220,333866,50),
(5221,333867,50),
(5222,333868,50),
(5223,333869,50),
(5224,333870,50),
(5225,333871,50),
(5226,333872,50),
(5227,333873,50),
(5228,333874,50),
(5229,333875,50),
(5230,333876,50),
(5231,333877,50),
(5232,333878,50),
(5233,333879,50),
(5234,333880,50),
(5235,333881,50),
(5236,333882,50),
(5237,333883,50),
(5238,333884,50),
(5239,333885,50),
(5240,333886,50),
(5241,333887,50),
(5242,333888,50),
(5243,333889,50),
(5244,333890,50),
(5245,333891,50),
(5246,333892,50),
(5247,333893,50),
(5248,333894,50),
(5249,333895,50),
(5250,333896,50),
(5251,333897,50),
(5252,333898,50),
(5253,333899,50),
(5254,333900,50),
(5255,333901,50),
(5256,333902,50),
(5257,333903,50),
(5258,333904,50),
(5259,333905,50),
(5260,333906,50),
(5261,333907,50),
(5262,333908,50),
(5263,333909,50),
(5264,333910,50),
(5265,333911,50),
(5266,333912,50),
(5267,333913,50),
(5268,333914,50),
(5269,333915,50),
(5270,333916,50),
(5271,333917,50),
(5272,333918,50),
(5273,333919,50),
(5274,333920,50),
(5275,333921,50),
(5276,333922,50),
(5277,333923,50),
(5278,333924,50),
(5279,333925,50),
(5280,333926,50),
(5281,333927,50),
(5282,333928,50),
(5283,333929,50),
(5284,333930,50),
(5285,333931,50),
(5286,333932,50),
(5287,333933,50),
(5288,333934,50),
(5289,333935,50),
(5290,333936,50),
(5291,333937,50),
(5292,333938,50),
(5293,333939,50),
(5294,333940,50),
(5295,333941,50),
(5296,333942,50),
(5297,333943,50),
(5298,333944,50),
(5299,333945,50),
(5300,333946,50),
(5301,333947,50),
(5302,333948,50),
(5303,333949,50),
(5304,333950,50),
(5305,333951,50),
(5306,333952,50),
(5307,333953,50),
(5308,333954,50),
(5309,333955,50),
(5310,333956,50),
(5311,333957,50),
(5312,333958,50),
(5313,333959,50),
(5314,333960,50),
(5315,333961,50),
(5316,333962,50),
(5317,333963,50),
(5318,333964,50),
(5319,333965,50),
(5320,333966,50),
(5321,333967,50),
(5322,333968,50),
(5323,333969,50),
(5324,333970,50),
(5325,333971,50),
(5326,333972,50),
(5327,333973,50),
(5328,333974,50),
(5329,333975,50),
(5330,333976,50),
(5331,333977,50),
(5332,333978,50),
(5333,333979,50),
(5334,333980,50),
(5335,333981,50),
(5336,333982,50),
(5337,333983,50),
(5338,333984,50),
(5339,333985,50),
(5340,333986,50),
(5341,333987,50),
(5342,333988,50),
(5343,333989,50),
(5344,333990,50),
(5345,333991,50),
(5346,333992,50),
(5347,333993,50),
(5348,333994,50),
(5349,333995,50),
(5350,333996,50),
(5351,333997,50),
(5352,333998,50),
(5353,333999,50),
(5354,334000,50),
(5355,334001,50),
(5356,334002,50),
(5357,334003,50),
(5358,334004,50),
(5359,334005,50),
(5360,334006,50),
(5361,334007,50),
(5362,334008,50),
(5363,334009,50),
(5364,334010,50),
(5365,334011,50),
(5366,334012,50),
(5367,334013,50),
(5368,334014,50),
(5369,334015,50),
(5370,334016,50),
(5371,334017,50),
(5372,334018,50),
(5373,334019,50),
(5374,334020,50),
(5375,334021,50),
(5376,334022,50),
(5377,334023,50),
(5378,334024,50),
(5379,334025,50),
(5380,334026,50),
(5381,334027,50),
(5382,334028,50),
(5383,334029,50),
(5384,334030,50),
(5385,334031,50),
(5386,334032,50),
(5387,334033,50),
(5388,334034,50),
(5389,334035,50),
(5390,334036,50),
(5391,334037,50),
(5392,334038,50),
(5393,334039,50),
(5394,334040,50),
(5395,334041,50),
(5396,334042,50),
(5397,334043,50),
(5398,334044,50),
(5399,334045,50),
(5400,334046,50),
(5401,334047,50),
(5402,334048,50),
(5403,334049,50),
(5404,334050,50),
(5405,334051,50),
(5406,334052,50),
(5407,334053,50),
(5408,334054,50),
(5409,334055,50),
(5410,334056,50),
(5411,334057,50),
(5412,334058,50),
(5413,334059,50),
(5414,334060,50),
(5415,334061,50),
(5416,334062,50),
(5417,334063,50),
(5418,334064,50),
(5419,334065,50),
(5420,334066,50),
(5421,334067,50),
(5422,334068,50),
(5423,334069,50),
(5424,334070,50),
(5425,334071,50),
(5426,334072,50),
(5427,334073,50),
(5428,334074,50),
(5429,334075,50),
(5430,334076,50),
(5431,334077,50),
(5432,334078,50),
(5433,334079,50),
(5434,334080,50),
(5435,334081,50),
(5436,334082,50),
(5437,334083,50),
(5438,334084,50),
(5439,334085,50),
(5440,334086,50),
(5441,334087,50),
(5442,334088,50),
(5443,334089,50),
(5444,334090,50),
(5445,334091,50),
(5446,334092,50),
(5447,334093,50),
(5448,334094,50),
(5449,334095,50),
(5450,334096,50),
(5451,334097,50),
(5452,334098,50),
(5453,334099,50),
(5454,334100,50),
(5455,334101,50),
(5456,334102,50),
(5457,334103,50),
(5458,334104,50),
(5459,334105,50),
(5460,334106,50),
(5461,334107,50),
(5462,334108,50),
(5463,334109,50),
(5464,334110,50),
(5465,334111,50),
(5466,334112,50),
(5467,334113,50),
(5468,334114,50),
(5469,334115,50),
(5470,334116,50),
(5471,334117,50),
(5472,334118,50),
(5473,334119,50),
(5474,334120,50),
(5475,334121,50),
(5476,334122,50),
(5477,334123,50),
(5478,334124,50),
(5479,334125,50),
(5480,334126,50),
(5481,334127,50),
(5482,334128,50),
(5483,334129,50),
(5484,334130,50),
(5485,334131,50),
(5486,334132,50),
(5487,334133,50),
(5488,334134,50),
(5489,334135,50),
(5490,334136,50),
(5491,334137,50),
(5492,334138,50),
(5493,334139,50),
(5494,334140,50),
(5495,334141,50),
(5496,334142,50),
(5497,334143,50),
(5498,334144,50),
(5499,334145,50),
(5500,334146,50),
(5501,334147,50),
(5502,334148,50),
(5503,334149,50),
(5504,334150,50),
(5505,334151,50),
(5506,334152,50),
(5507,334153,50),
(5508,334154,50),
(5509,334155,50),
(5510,334156,50),
(5511,334157,50),
(5512,334158,50),
(5513,334159,50),
(5514,334160,50),
(5515,334161,50),
(5516,334162,50),
(5517,334163,50),
(5518,334164,50),
(5519,334165,50),
(5520,334166,50),
(5521,334167,50),
(5522,334168,50),
(5523,334169,50),
(5524,334170,50),
(5525,334171,50),
(5526,334172,50),
(5527,334173,50),
(5528,334174,50),
(5529,334175,50),
(5530,334177,50),
(5531,334176,50),
(5532,334178,50),
(5533,334179,50),
(5534,334180,50),
(5535,334181,50),
(5536,334182,50),
(5537,334183,50),
(5538,334184,50),
(5539,334185,50),
(5540,334186,50),
(5541,334187,50),
(5542,334188,50),
(5543,334189,50),
(5544,334190,50),
(5545,334191,50),
(5546,334192,50),
(5547,334193,50),
(5548,334194,50),
(5549,334195,50),
(5550,334196,50),
(5551,334197,50),
(5552,334198,50),
(5553,334199,50),
(5554,334200,50),
(5555,334201,50),
(5556,334202,50),
(5557,334203,50),
(5558,334204,50),
(5559,334205,50),
(5560,334206,50),
(5561,334207,50),
(5562,334208,50),
(5563,334209,50),
(5564,334210,50),
(5565,334211,50),
(5566,334212,50),
(5567,334213,50),
(5568,334214,50),
(5569,334215,50),
(5570,334216,50),
(5571,334217,50),
(5572,334218,50),
(5573,334219,50),
(5574,334220,50),
(5575,334221,50),
(5576,334222,50),
(5577,334223,50),
(5578,334224,50),
(5579,334225,50),
(5580,334226,50),
(5581,334227,50),
(5582,334228,50),
(5583,334229,50),
(5584,334230,50),
(5585,334231,50),
(5586,334232,50),
(5587,334233,50),
(5588,334234,50),
(5589,334235,50),
(5590,334236,50),
(5591,334237,50),
(5592,334238,50),
(5593,334239,50),
(5594,334240,50),
(5595,334241,50),
(5596,334242,50),
(5597,334243,50),
(5598,334244,50),
(5599,334245,50),
(5600,334246,50),
(5601,334247,50),
(5602,334248,50),
(5603,334249,50),
(5604,334250,50),
(5605,334251,50),
(5606,334252,50),
(5607,334253,50),
(5608,334254,50),
(5609,334255,50),
(5610,334256,50),
(5611,334257,50),
(5612,334258,50),
(5613,334259,50),
(5614,334260,50),
(5615,334261,50),
(5616,334262,50),
(5617,334263,50),
(5618,334264,50),
(5619,334265,50),
(5620,334266,50),
(5621,334267,50),
(5622,334268,50),
(5623,334269,50),
(5624,334270,50),
(5625,334271,50),
(5626,334272,50),
(5627,334273,50),
(5628,334274,50),
(5629,334275,50),
(5630,334276,50),
(5631,334277,50),
(5632,334278,50),
(5633,334279,50),
(5634,334280,50),
(5635,334281,50),
(5636,334282,50),
(5637,334283,50),
(5638,334284,50),
(5639,334285,50),
(5640,334286,50),
(5641,334287,50),
(5642,334288,50),
(5643,334289,50),
(5644,334290,50),
(5645,334291,50),
(5646,334292,50),
(5647,334293,50),
(5648,334294,50),
(5649,334295,50),
(5650,334296,50),
(5651,334297,50),
(5652,334298,50),
(5653,334300,50),
(5654,334299,50),
(5655,334301,50),
(5656,334302,50),
(5657,334303,50),
(5658,334304,50),
(5659,334305,50),
(5660,334306,50),
(5661,334307,50),
(5662,334308,50),
(5663,334309,50),
(5664,334310,50),
(5665,334311,50),
(5666,334312,50),
(5667,334313,50),
(5668,334314,50),
(5669,334315,50),
(5670,334316,50),
(5671,334317,50),
(5672,334318,50),
(5673,334319,50),
(5674,334320,50),
(5675,334321,50),
(5676,334322,50),
(5677,334323,50),
(5678,334324,50),
(5679,334325,50),
(5680,334326,50),
(5681,334327,50),
(5682,334328,50),
(5683,334329,50),
(5684,334330,50),
(5685,334331,50),
(5686,334332,50),
(5687,334333,50),
(5688,334334,50),
(5689,334335,50),
(5690,334336,50),
(5691,334337,50),
(5692,334338,50),
(5693,334339,50),
(5694,334340,50),
(5695,334341,50),
(5696,334342,50),
(5697,334343,50),
(5698,334344,50),
(5699,334345,50),
(5700,334346,50),
(5701,334347,50),
(5702,334348,50),
(5703,334349,50),
(5704,334350,50),
(5705,334351,50),
(5706,334352,50),
(5707,334353,50),
(5708,334354,50),
(5709,334355,50),
(5710,334356,50),
(5711,334357,50),
(5712,334358,50),
(5713,334359,50),
(5714,334360,50),
(5715,334361,50),
(5716,334362,50),
(5717,334363,50),
(5718,334364,50),
(5719,334365,50),
(5720,334366,50),
(5721,334367,50),
(5722,334368,50),
(5723,334369,50),
(5724,334370,50),
(5725,334371,50),
(5726,334372,50),
(5727,334373,50),
(5728,334374,50),
(5729,334375,50),
(5730,334376,50),
(5731,334377,50),
(5732,334378,50),
(5733,334379,50),
(5734,334380,50),
(5735,334381,50),
(5736,334382,50),
(5737,334383,50),
(5738,334384,50),
(5739,334385,50),
(5740,334386,50),
(5741,334387,50),
(5742,334388,50),
(5743,334389,50),
(5744,334390,50),
(5745,334391,50),
(5746,334392,50),
(5747,334394,50),
(5748,334393,50),
(5749,334395,50),
(5750,334396,50),
(5751,334397,50),
(5752,334398,50),
(5753,334399,50),
(5754,334400,50),
(5755,334401,50),
(5756,334402,50),
(5757,334403,50),
(5758,334404,50),
(5759,334405,50),
(5760,334406,50),
(5761,334407,50),
(5762,334408,50),
(5763,334409,50),
(5764,334410,50),
(5765,334411,50),
(5766,334412,50),
(5767,334413,50),
(5768,334414,50),
(5769,334415,50),
(5770,334416,50),
(5771,334417,50),
(5772,334418,50),
(5773,334419,50),
(5774,334420,50),
(5775,334421,50),
(5776,334422,50),
(5777,334423,50),
(5778,334424,50),
(5779,334425,50),
(5780,334426,50),
(5781,334427,50),
(5782,334428,50),
(5783,334429,50),
(5784,334430,50),
(5785,334431,50),
(5786,334432,50),
(5787,334433,50),
(5788,334434,50),
(5789,334435,50),
(5790,334436,50),
(5791,334437,50),
(5792,334438,50),
(5793,334439,50),
(5794,334440,50),
(5795,334441,50),
(5796,334442,50),
(5797,334443,50),
(5798,334444,50),
(5799,334445,50),
(5800,334446,50),
(5801,334447,50),
(5802,334448,50),
(5803,334449,50),
(5804,334450,50),
(5805,334451,50),
(5806,334452,50),
(5807,334453,50),
(5808,334454,50),
(5809,334455,50),
(5810,334456,50),
(5811,334457,50),
(5812,334458,50),
(5813,334459,50),
(5814,334460,50),
(5815,334461,50),
(5816,334462,50),
(5817,334463,50),
(5818,334464,50),
(5819,334465,50),
(5820,334466,50),
(5821,334467,50),
(5822,334468,50),
(5823,334469,50),
(5824,334470,50),
(5825,334471,50),
(5826,334472,50),
(5827,334473,50),
(5828,334474,50),
(5829,334475,50),
(5830,334476,50),
(5831,334477,50),
(5832,334478,50),
(5833,334479,50),
(5834,334480,50),
(5835,334481,50),
(5836,334482,50),
(5837,334483,50),
(5838,334484,50),
(5839,334485,50),
(5840,334486,50),
(5841,334487,50),
(5842,334488,50),
(5843,334489,50),
(5844,334490,50),
(5845,334491,50),
(5846,334492,50),
(5847,334493,50),
(5848,334494,50),
(5849,334495,50),
(5850,334496,50),
(5851,334497,50),
(5852,334498,50),
(5853,334499,50),
(5854,334500,50),
(5855,334501,50),
(5856,334502,50),
(5857,334503,50),
(5858,334504,50),
(5859,334505,50),
(5860,334506,50),
(5861,334507,50),
(5862,334508,50),
(5863,334509,50),
(5864,334510,50),
(5865,334511,50),
(5866,334512,50),
(5867,334513,50),
(5868,334514,50),
(5869,334515,50),
(5870,334516,50),
(5871,334517,50),
(5872,334518,50),
(5873,334519,50),
(5874,334520,50),
(5875,334521,50),
(5876,334522,50),
(5877,334523,50),
(5878,334524,50),
(5879,334525,50),
(5880,334526,50),
(5881,334527,50),
(5882,334528,50),
(5883,334529,50),
(5884,334530,50),
(5885,334531,50),
(5886,334532,50),
(5887,334533,50),
(5888,334534,50),
(5889,334535,50),
(5890,334536,50),
(5891,334537,50),
(5892,334538,50),
(5893,334539,50),
(5894,334540,50),
(5895,334541,50),
(5896,334542,50),
(5897,334543,50),
(5898,334544,50),
(5899,334545,50),
(5900,334546,50),
(5901,334547,50),
(5902,334548,50),
(5903,334549,50),
(5904,334550,50),
(5905,334551,50),
(5906,334552,50),
(5907,334553,50),
(5908,334554,50),
(5909,334555,50),
(5910,334556,50),
(5911,334557,50),
(5912,334558,50),
(5913,334559,50),
(5914,334560,50),
(5915,334561,50),
(5916,334562,50),
(5917,334563,50),
(5918,334564,50),
(5919,334565,50),
(5920,334566,50),
(5921,334567,50),
(5922,334568,50),
(5923,334569,50),
(5924,334570,50),
(5925,334571,50),
(5926,334572,50),
(5927,334573,50),
(5928,334574,50),
(5929,334575,50),
(5930,334576,50),
(5931,334577,50),
(5932,334578,50),
(5933,334579,50),
(5934,334580,50),
(5935,334581,50),
(5936,334582,50),
(5937,334583,50),
(5938,334584,50),
(5939,334585,50),
(5940,334586,50),
(5941,334587,50),
(5942,334588,50),
(5943,334589,50),
(5944,334590,50),
(5945,334591,50),
(5946,334592,50),
(5947,334593,50),
(5948,334594,50),
(5949,334595,50),
(5950,334596,50),
(5951,334597,50),
(5952,334598,50),
(5953,334599,50),
(5954,334600,50),
(5955,334601,50),
(5956,334602,50),
(5957,334603,50),
(5958,334604,50),
(5959,334605,50),
(5960,334606,50),
(5961,334607,50),
(5962,334608,50),
(5963,334609,50),
(5964,334610,50),
(5965,334611,50),
(5966,334612,50),
(5967,334613,50),
(5968,334614,50),
(5969,334615,50),
(5970,334616,50),
(5971,334617,50),
(5972,334618,50),
(5973,334619,50),
(5974,334620,50),
(5975,334621,50),
(5976,334622,50),
(5977,334623,50),
(5978,334624,50),
(5979,334625,50),
(5980,334626,50),
(5981,334627,50),
(5982,334628,50),
(5983,334629,50),
(5984,334630,50),
(5985,334631,50),
(5986,334632,50),
(5987,334633,50),
(5988,334634,50),
(5989,334635,50),
(5990,334636,50),
(5991,334637,50),
(5992,334638,50),
(5993,334639,50),
(5994,334640,50),
(5995,334641,50),
(5996,334642,50),
(5997,334643,50),
(5998,334644,50),
(5999,334645,50),
(6000,334646,50),
(6001,334647,50),
(6002,334648,50),
(6003,334649,50),
(6004,334650,50),
(6005,334651,50),
(6006,334652,50),
(6007,334653,50),
(6008,334654,50),
(6009,334655,50),
(6010,334656,50),
(6011,334657,50),
(6012,334658,50),
(6013,334659,50),
(6014,334660,50),
(6015,334661,50),
(6016,334662,50),
(6017,334663,50),
(6018,334664,50),
(6019,334665,50),
(6020,334666,50),
(6021,334667,50),
(6022,334668,50),
(6023,334669,50),
(6024,334670,50),
(6025,334671,50),
(6026,334672,50),
(6027,334673,50),
(6028,334674,50),
(6029,334675,50),
(6030,334676,50),
(6031,334677,50),
(6032,334678,50),
(6033,334679,50),
(6034,334680,50),
(6035,334681,50),
(6036,334682,50),
(6037,334683,50),
(6038,334684,50),
(6039,334685,50),
(6040,334686,50),
(6041,334687,50),
(6042,334688,50),
(6043,334689,50),
(6044,334690,50),
(6045,334691,50),
(6046,334692,50),
(6047,334693,50),
(6048,334694,50),
(6049,334695,50),
(6050,334696,50),
(6051,334697,50),
(6052,334698,50),
(6053,334699,50),
(6054,334700,50),
(6055,334701,50),
(6056,334702,50),
(6057,334703,50),
(6058,334704,50),
(6059,334705,50),
(6060,334706,50),
(6061,334707,50),
(6062,334708,50),
(6063,334709,50),
(6064,334710,50),
(6065,334711,50),
(6066,334712,50),
(6067,334713,50),
(6068,334714,50),
(6069,334715,50),
(6070,334716,50),
(6071,334717,50),
(6072,334718,50),
(6073,334719,50),
(6074,334720,50),
(6075,334721,50),
(6076,334722,50),
(6077,334723,50),
(6078,334724,50),
(6079,334725,50),
(6080,334726,50),
(6081,334727,50),
(6082,334728,50),
(6083,334729,50),
(6084,334730,50),
(6085,334731,50),
(6086,334732,50),
(6087,334733,50),
(6088,334734,50),
(6089,334735,50),
(6090,334736,50),
(6091,334737,50),
(6092,334738,50),
(6093,334739,50),
(6094,334740,50),
(6095,334741,50),
(6096,334742,50),
(6097,334743,50),
(6098,334744,50),
(6099,334745,50),
(6100,334746,50),
(6101,334747,50),
(6102,334748,50),
(6103,334749,50),
(6104,334750,50),
(6105,334751,50),
(6106,334752,50),
(6107,334753,50),
(6108,334754,50),
(6109,334755,50),
(6110,334756,50),
(6111,334757,50),
(6112,334758,50),
(6113,334759,50),
(6114,334760,50),
(6115,334761,50),
(6116,334762,50),
(6117,334763,50),
(6118,334764,50),
(6119,334765,50),
(6120,334766,50),
(6121,334767,50),
(6122,334768,50),
(6123,334769,50),
(6124,334770,50),
(6125,334771,50),
(6126,334772,50),
(6127,334773,50),
(6128,334775,50),
(6129,334774,50),
(6130,334776,50),
(6131,334777,50),
(6132,334778,50),
(6133,334779,50),
(6134,334780,50),
(6135,334781,50),
(6136,334782,50),
(6137,334783,50),
(6138,334784,50),
(6139,334785,50),
(6140,334786,50),
(6141,334787,50),
(6142,334788,50),
(6143,334789,50),
(6144,334790,50),
(6145,334791,50),
(6146,334792,50),
(6147,334793,50),
(6148,334794,50),
(6149,334795,50),
(6150,334796,50),
(6151,334797,50),
(6152,334798,50),
(6153,334799,50),
(6154,334800,50),
(6155,334801,50),
(6156,334802,50),
(6157,334803,50),
(6158,334804,50),
(6159,334805,50),
(6160,334806,50),
(6161,334807,50),
(6162,334808,50),
(6163,334809,50),
(6164,334810,50),
(6165,334811,50),
(6166,334812,50),
(6167,334813,50),
(6168,334814,50),
(6169,334815,50),
(6170,334816,50),
(6171,334817,50),
(6172,334818,50),
(6173,334819,50),
(6174,334820,50),
(6175,334821,50),
(6176,334822,50),
(6177,334823,50),
(6178,334824,50),
(6179,334825,50),
(6180,334826,50),
(6181,334827,50),
(6182,334828,50),
(6183,334829,50),
(6184,334830,50),
(6185,334831,50),
(6186,334832,50),
(6187,334833,50),
(6188,334834,50),
(6189,334835,50),
(6190,334836,50),
(6191,334837,50),
(6192,334838,50),
(6193,334839,50),
(6194,334840,50),
(6195,334841,50),
(6196,334842,50),
(6197,334843,50),
(6198,334844,50),
(6199,334845,50),
(6200,334846,50),
(6201,334847,50),
(6202,334848,50),
(6203,334849,50),
(6204,334850,50),
(6205,334851,50),
(6206,334852,50),
(6207,334853,50),
(6208,334854,50),
(6209,334855,50),
(6210,334856,50),
(6211,334857,50),
(6212,334858,50),
(6213,334859,50),
(6214,334860,50),
(6215,334861,50),
(6216,334862,50),
(6217,334863,50),
(6218,334864,50),
(6219,334865,50),
(6220,334866,50),
(6221,334867,50),
(6222,334868,50),
(6223,334869,50),
(6224,334870,50),
(6225,334871,50),
(6226,334872,50),
(6227,334873,50),
(6228,334874,50),
(6229,334875,50),
(6230,334876,50),
(6231,334877,50),
(6232,334878,50),
(6233,334879,50),
(6234,334880,50),
(6235,334881,50),
(6236,334882,50),
(6237,334883,50),
(6238,334884,50),
(6239,334885,50),
(6240,334886,50),
(6241,334887,50),
(6242,334888,50),
(6243,334889,50),
(6244,334890,50),
(6245,334891,50),
(6246,334892,50),
(6247,334893,50),
(6248,334894,50),
(6249,334895,50),
(6250,334896,50),
(6251,334897,50),
(6252,334898,50),
(6253,334899,50),
(6254,334900,50),
(6255,334901,50),
(6256,334902,50),
(6257,334903,50),
(6258,334904,50),
(6259,334905,50),
(6260,334906,50),
(6261,334907,50),
(6262,334908,50),
(6263,334909,50),
(6264,334910,50),
(6265,334911,50),
(6266,334912,50),
(6267,334913,50),
(6268,334914,50),
(6269,334915,50),
(6270,334916,50),
(6271,334917,50),
(6272,334918,50),
(6273,334919,50),
(6274,334920,50),
(6275,334921,50),
(6276,334922,50),
(6277,334923,50),
(6278,334924,50),
(6279,334925,50),
(6280,334926,50),
(6281,334927,50),
(6282,334928,50),
(6283,334929,50),
(6284,334930,50),
(6285,334931,50),
(6286,334932,50),
(6287,334933,50),
(6288,334934,50),
(6289,334935,50),
(6290,334936,50),
(6291,334937,50),
(6292,334938,50),
(6293,334939,50),
(6294,334940,50),
(6295,334941,50),
(6296,334942,50),
(6297,334943,50),
(6298,334944,50),
(6299,334945,50),
(6300,334946,50),
(6301,334947,50),
(6302,334948,50),
(6303,334949,50),
(6304,334950,50),
(6305,334951,50),
(6306,334952,50),
(6307,334953,50),
(6308,334954,50),
(6309,334955,50),
(6310,334956,50),
(6311,334957,50),
(6312,334958,50),
(6313,334959,50),
(6314,334960,50),
(6315,334961,50),
(6316,334962,50),
(6317,334963,50),
(6318,334964,50),
(6319,334965,50),
(6320,334966,50),
(6321,334967,50),
(6322,334968,50),
(6323,334969,50),
(6324,334970,50),
(6325,334971,50),
(6326,334972,50),
(6327,334973,50),
(6328,334974,50),
(6329,334975,50),
(6330,334976,50),
(6331,334977,50),
(6332,334978,50),
(6333,334979,50),
(6334,334980,50),
(6335,334981,50),
(6336,334982,50),
(6337,334983,50),
(6338,334984,50),
(6339,334985,50),
(6340,334986,50),
(6341,334987,50),
(6342,334988,50),
(6343,334989,50),
(6344,334990,50),
(6345,334991,50),
(6346,334992,50),
(6347,334993,50),
(6348,334994,50),
(6349,334995,50),
(6350,334996,50),
(6351,334997,50),
(6352,334998,50),
(6353,334999,50),
(6354,335000,50),
(6355,335001,50),
(6356,335002,50),
(6357,335003,50),
(6358,335004,50),
(6359,335005,50),
(6360,335006,50),
(6361,335007,50),
(6362,335008,50),
(6363,335009,50),
(6364,335010,50),
(6365,335011,50),
(6366,335012,50),
(6367,335013,50),
(6368,335014,50),
(6369,335015,50),
(6370,335016,50),
(6371,335017,50),
(6372,335018,50),
(6373,335019,50),
(6374,335020,50),
(6375,335021,50),
(6376,335022,50),
(6377,335023,50),
(6378,335024,50),
(6379,335025,50),
(6380,335026,50),
(6381,335027,50),
(6382,335028,50),
(6383,335029,50),
(6384,335030,50),
(6385,335031,50),
(6386,335032,50),
(6387,335033,50),
(6388,335034,50),
(6389,335035,50),
(6390,335036,50),
(6391,335037,50),
(6392,335038,50),
(6393,335039,50),
(6394,335040,50),
(6395,335041,50),
(6396,335042,50),
(6397,335043,50),
(6398,335044,50),
(6399,335045,50),
(6400,335046,50),
(6401,335047,50),
(6402,335048,50),
(6403,335049,50),
(6404,335050,50),
(6405,335051,50),
(6406,335052,50),
(6407,335053,50),
(6408,335054,50),
(6409,335055,50),
(6410,335056,50),
(6411,335057,50),
(6412,335058,50),
(6413,335059,50),
(6414,335060,50),
(6415,335061,50),
(6416,335062,50),
(6417,335063,50),
(6418,335064,50),
(6419,335065,50),
(6420,335066,50),
(6421,335067,50),
(6422,335068,50),
(6423,335069,50),
(6424,335070,50),
(6425,335071,50),
(6426,335072,50),
(6427,335073,50),
(6428,335074,50),
(6429,335075,50),
(6430,335076,50),
(6431,335077,50),
(6432,335078,50),
(6433,335079,50),
(6434,335080,50),
(6435,335081,50),
(6436,335082,50),
(6437,335083,50),
(6438,335084,50),
(6439,335085,50),
(6440,335086,50),
(6441,335087,50),
(6442,335088,50),
(6443,335089,50),
(6444,335090,50),
(6445,335091,50),
(6446,335092,50),
(6447,335093,50),
(6448,335094,50),
(6449,335095,50),
(6450,335096,50),
(6451,335097,50),
(6452,335098,50),
(6453,335099,50),
(6454,335100,50),
(6455,335101,50),
(6456,335102,50),
(6457,335103,50),
(6458,335104,50),
(6459,335105,50),
(6460,335106,50),
(6461,335107,50),
(6462,335108,50),
(6463,335109,50),
(6464,335110,50),
(6465,335111,50),
(6466,335112,50),
(6467,335113,50),
(6468,335114,50),
(6469,335115,50),
(6470,335116,50),
(6471,335117,50),
(6472,335118,50),
(6473,335119,50),
(6474,335120,50),
(6475,335121,50),
(6476,335122,50),
(6477,335123,50),
(6478,335124,50),
(6479,335125,50),
(6480,335126,50),
(6481,335127,50),
(6482,335128,50),
(6483,335129,50),
(6484,335130,50),
(6485,335131,50),
(6486,335132,50),
(6487,335133,50),
(6488,335134,50),
(6489,335135,50),
(6490,335136,50),
(6491,335137,50),
(6492,335138,50),
(6493,335139,50),
(6494,335140,50),
(6495,335141,50),
(6496,335142,50),
(6497,335143,50),
(6498,335144,50),
(6499,335145,50),
(6500,335146,50),
(6501,335147,50),
(6502,335148,50),
(6503,335149,50),
(6504,335150,50),
(6505,335151,50),
(6506,335152,50),
(6507,335153,50),
(6508,335154,50),
(6509,335155,50),
(6510,335156,50),
(6511,335157,50),
(6512,335158,50),
(6513,335159,50),
(6514,335160,50),
(6515,335161,50),
(6516,335162,50),
(6517,335163,50),
(6518,335164,50),
(6519,335165,50),
(6520,335166,50),
(6521,335167,50),
(6522,335168,50),
(6523,335169,50),
(6524,335170,50),
(6525,335171,50),
(6526,335172,50),
(6527,335173,50),
(6528,335174,50),
(6529,335175,50),
(6530,335176,50),
(6531,335177,50),
(6532,335178,50),
(6533,335179,50),
(6534,335180,50),
(6535,335181,50),
(6536,335182,50),
(6537,335183,50),
(6538,335184,50),
(6539,335185,50),
(6540,335186,50),
(6541,335187,50),
(6542,335188,50),
(6543,335189,50),
(6544,335190,50),
(6545,335191,50),
(6546,335192,50),
(6547,335193,50),
(6548,335194,50),
(6549,335195,50),
(6550,335196,50),
(6551,335197,50),
(6552,335198,50),
(6553,335199,50),
(6554,335200,50),
(6555,335201,50),
(6556,335202,50),
(6557,335203,50),
(6558,335204,50),
(6559,335205,50),
(6560,335206,50),
(6561,335207,50),
(6562,335208,50),
(6563,335209,50),
(6564,335210,50),
(6565,335211,50),
(6566,335212,50),
(6567,335213,50),
(6568,335214,50),
(6569,335215,50),
(6570,335216,50),
(6571,335217,50),
(6572,335218,50),
(6573,335219,50),
(6574,335220,50),
(6575,335221,50),
(6576,335222,50),
(6577,335223,50),
(6578,335224,50),
(6579,335225,50),
(6580,335226,50),
(6581,335227,50),
(6582,335228,50),
(6583,335229,50),
(6584,335230,50),
(6585,335231,50),
(6586,335232,50),
(6587,335233,50),
(6588,335234,50),
(6589,335235,50),
(6590,335236,50),
(6591,335237,50),
(6592,335238,50),
(6593,335239,50),
(6594,335240,50),
(6595,335241,50),
(6596,335242,50),
(6597,335243,50),
(6598,335244,50),
(6599,335245,50),
(6600,335246,50),
(6601,335247,50),
(6602,335248,50),
(6603,335249,50),
(6604,335250,50),
(6605,335251,50),
(6606,335252,50),
(6607,335253,50),
(6608,335254,50),
(6609,335255,50),
(6610,335256,50),
(6611,335257,50),
(6612,335258,50),
(6613,335259,50),
(6614,335260,50),
(6615,335261,50),
(6616,335262,50),
(6617,335263,50),
(6618,335264,50),
(6619,335265,50),
(6620,335266,50),
(6621,335267,50),
(6622,335268,50),
(6623,335269,50),
(6624,335270,50),
(6625,335271,50),
(6626,335272,50),
(6627,335273,50),
(6628,335274,50),
(6629,335275,50),
(6630,335276,50),
(6631,335277,50),
(6632,335278,50),
(6633,335279,50),
(6634,335280,50),
(6635,335281,50),
(6636,335282,50),
(6637,335283,50),
(6638,335284,50),
(6639,335285,50),
(6640,335286,50),
(6641,335287,50),
(6642,335288,50),
(6643,335289,50),
(6644,335290,50),
(6645,335291,50),
(6646,335292,50),
(6647,335293,50),
(6648,335294,50),
(6649,335295,50),
(6650,335296,50),
(6651,335297,50),
(6652,335298,50),
(6653,335299,50),
(6654,335300,50),
(6655,335301,50),
(6656,335302,50),
(6657,335303,50),
(6658,335304,50),
(6659,335305,50),
(6660,335306,50),
(6661,335307,50),
(6662,335308,50),
(6663,335309,50),
(6664,335310,50),
(6665,335311,50),
(6666,335312,50),
(6667,335313,50),
(6668,335314,50),
(6669,335315,50),
(6670,335316,50),
(6671,335317,50),
(6672,335318,50),
(6673,335319,50),
(6674,335320,50),
(6675,335321,50),
(6676,335322,50),
(6677,335323,50),
(6678,335324,50),
(6679,335325,50),
(6680,335326,50),
(6681,335327,50),
(6682,335328,50),
(6683,335329,50),
(6684,335330,50),
(6685,335331,50),
(6686,335332,50),
(6687,335333,50),
(6688,335334,50),
(6689,335335,50),
(6690,335336,50),
(6691,335337,50),
(6692,335338,50),
(6693,335339,50),
(6694,335340,50),
(6695,335341,50),
(6696,335342,50),
(6697,335343,50),
(6698,335344,50),
(6699,335345,50),
(6700,335346,50),
(6701,335347,50),
(6702,335348,50),
(6703,335349,50),
(6704,335350,50),
(6705,335351,50),
(6706,335352,50),
(6707,335353,50),
(6708,335354,50),
(6709,335355,50),
(6710,335356,50),
(6711,335357,50),
(6712,335358,50),
(6713,335359,50),
(6714,335360,50),
(6715,335361,50),
(6716,335362,50),
(6717,335363,50),
(6718,335364,50),
(6719,335365,50),
(6720,335366,50),
(6721,335367,50),
(6722,335368,50),
(6723,335369,50),
(6724,335370,50),
(6725,335371,50),
(6726,335372,50),
(6727,335373,50),
(6728,335374,50),
(6729,335375,50),
(6730,335376,50),
(6731,335377,50),
(6732,335378,50),
(6733,335379,50),
(6734,335380,50),
(6735,335381,50),
(6736,335382,50),
(6737,335383,50),
(6738,335384,50),
(6739,335385,50),
(6740,335386,50),
(6741,335387,50),
(6742,335388,50),
(6743,335389,50),
(6744,335390,50),
(6745,335391,50),
(6746,335392,50),
(6747,335393,50),
(6748,335394,50),
(6749,335395,50),
(6750,335396,50),
(6751,335397,50),
(6752,335398,50),
(6753,335399,50),
(6754,335400,50),
(6755,335401,50),
(6756,335402,50),
(6757,335403,50),
(6758,335404,50),
(6759,335405,50),
(6760,335406,50),
(6761,335407,50),
(6762,335408,50),
(6763,335409,50),
(6764,335410,50),
(6765,335411,50),
(6766,335412,50),
(6767,335413,50),
(6768,335414,50),
(6769,335415,50),
(6770,335416,50),
(6771,335417,50),
(6772,335418,50),
(6773,335419,50),
(6774,335420,50),
(6775,335421,50),
(6776,335422,50),
(6777,335423,50),
(6778,335424,50),
(6779,335425,50),
(6780,335426,50),
(6781,335427,50),
(6782,335428,50),
(6783,335430,50),
(6784,335429,50),
(6785,335431,50),
(6786,335432,50),
(6787,335433,50),
(6788,335434,50),
(6789,335435,50),
(6790,335436,50),
(6791,335437,50),
(6792,335438,50),
(6793,335439,50),
(6794,335440,50),
(6795,335441,50),
(6796,335442,50),
(6797,335443,50),
(6798,335444,50),
(6799,335445,50),
(6800,335446,50),
(6801,335447,50),
(6802,335448,50),
(6803,335449,50),
(6804,335450,50),
(6805,335451,50),
(6806,335452,50),
(6807,335453,50),
(6808,335454,50),
(6809,335455,50),
(6810,335456,50),
(6811,335457,50),
(6812,335458,50),
(6813,335459,50),
(6814,335460,50),
(6815,335461,50),
(6816,335462,50),
(6817,335463,50),
(6818,335464,50),
(6819,335465,50),
(6820,335466,50),
(6821,335467,50),
(6822,335468,50),
(6823,335469,50),
(6824,335470,50),
(6825,335471,50),
(6826,335472,50),
(6827,335473,50),
(6828,335474,50),
(6829,335475,50),
(6830,335476,50),
(6831,335477,50),
(6832,335478,50),
(6833,335479,50),
(6834,335480,50),
(6835,335481,50),
(6836,335482,50),
(6837,335483,50),
(6838,335484,50),
(6839,335485,50),
(6840,335486,50),
(6841,335487,50),
(6842,335488,50),
(6843,335489,50),
(6844,335490,50),
(6845,335491,50),
(6846,335492,50),
(6847,335493,50),
(6848,335494,50),
(6849,335495,50),
(6850,335496,50),
(6851,335497,50),
(6852,335498,50),
(6853,335499,50),
(6854,335500,50),
(6855,335501,50),
(6856,335502,50),
(6857,335503,50),
(6858,335504,50),
(6859,335505,50),
(6860,335506,50),
(6861,335507,50),
(6862,335508,50),
(6863,335509,50),
(6864,335510,50),
(6865,335511,50),
(6866,335512,50),
(6867,335513,50),
(6868,335514,50),
(6869,335515,50),
(6870,335516,50),
(6871,335517,50),
(6872,335518,50),
(6873,335519,50),
(6874,335520,50),
(6875,335521,50),
(6876,335522,50),
(6877,335523,50),
(6878,335524,50),
(6879,335525,50),
(6880,335526,50),
(6881,335527,50),
(6882,335528,50),
(6883,335529,50),
(6884,335530,50),
(6885,335531,50),
(6886,335532,50),
(6887,335533,50),
(6888,335534,50),
(6889,335535,50),
(6890,335536,50),
(6891,335537,50),
(6892,335538,50),
(6893,335539,50),
(6894,335540,50),
(6895,335541,50),
(6896,335542,50),
(6897,335543,50),
(6898,335544,50),
(6899,335545,50),
(6900,335546,50),
(6901,335547,50),
(6902,335548,50),
(6903,335549,50),
(6904,335550,50),
(6905,335551,50),
(6906,335552,50),
(6907,335553,50),
(6908,335554,50),
(6909,335555,50),
(6910,335556,50),
(6911,335557,50),
(6912,335558,50),
(6913,335559,50),
(6914,335560,50),
(6915,335561,50),
(6916,335562,50),
(6917,335563,50),
(6918,335564,50),
(6919,335565,50),
(6920,335566,50),
(6921,335567,50),
(6922,335568,50),
(6923,335569,50),
(6924,335570,50),
(6925,335571,50),
(6926,335572,50),
(6927,335573,50),
(6928,335574,50),
(6929,335575,50),
(6930,335576,50),
(6931,335577,50),
(6932,335578,50),
(6933,335579,50),
(6934,335580,50),
(6935,335581,50),
(6936,335583,50),
(6937,335582,50),
(6938,335584,50),
(6939,335585,50),
(6940,335586,50),
(6941,335587,50),
(6942,335588,50),
(6943,335589,50),
(6944,335590,50),
(6945,335591,50),
(6946,335592,50),
(6947,335593,50),
(6948,335594,50),
(6949,335595,50),
(6950,335596,50),
(6951,335597,50),
(6952,335598,50),
(6953,335599,50),
(6954,335600,50),
(6955,335601,50),
(6956,335602,50),
(6957,335603,50),
(6958,335604,50),
(6959,335605,50),
(6960,335606,50),
(6961,335607,50),
(6962,335608,50),
(6963,335609,50),
(6964,335610,50),
(6965,335611,50),
(6966,335612,50),
(6967,335613,50),
(6968,335614,50),
(6969,335615,50),
(6970,335616,50),
(6971,335617,50),
(6972,335618,50),
(6973,335619,50),
(6974,335620,50),
(6975,335621,50),
(6976,335622,50),
(6977,335623,50),
(6978,335624,50),
(6979,335625,50),
(6980,335626,50),
(6981,335627,50),
(6982,335628,50),
(6983,335629,50),
(6984,335630,50),
(6985,335631,50),
(6986,335632,50),
(6987,335633,50),
(6988,335634,50),
(6989,335635,50),
(6990,335636,50),
(6991,335637,50),
(6992,335638,50),
(6993,335639,50),
(6994,335640,50),
(6995,335641,50),
(6996,335642,50),
(6997,335643,50),
(6998,335644,50),
(6999,335645,50),
(7000,335646,50),
(7001,335647,50),
(7002,335648,50),
(7003,335649,50),
(7004,335650,50),
(7005,335651,50),
(7006,335652,50),
(7007,335653,50),
(7008,335654,50),
(7009,335655,50),
(7010,335656,50),
(7011,335657,50),
(7012,335658,50),
(7013,335659,50),
(7014,335660,50),
(7015,335661,50),
(7016,335662,50),
(7017,335663,50),
(7018,335664,50),
(7019,335665,50),
(7020,335666,50),
(7021,335667,50),
(7022,335668,50),
(7023,335669,50),
(7024,335670,50),
(7025,335671,50),
(7026,335672,50),
(7027,335673,50),
(7028,335674,50),
(7029,335675,50),
(7030,335676,50),
(7031,335677,50),
(7032,335678,50),
(7033,335679,50),
(7034,335680,50),
(7035,335681,50),
(7036,335682,50),
(7037,335683,50),
(7038,335684,50),
(7039,335685,50),
(7040,335686,50),
(7041,335687,50),
(7042,335688,50),
(7043,335689,50),
(7044,335690,50),
(7045,335691,50),
(7046,335692,50),
(7047,335693,50),
(7048,335694,50),
(7049,335695,50),
(7050,335696,50),
(7051,335697,50),
(7052,335698,50),
(7053,335699,50),
(7054,335700,50),
(7055,335701,50),
(7056,335702,50),
(7057,335703,50),
(7058,335704,50),
(7059,335705,50),
(7060,335706,50),
(7061,335707,50),
(7062,335708,50),
(7063,335709,50),
(7064,335710,50),
(7065,335711,50),
(7066,335712,50),
(7067,335713,50),
(7068,335714,50),
(7069,335715,50),
(7070,335716,50),
(7071,335717,50),
(7072,335718,50),
(7073,335719,50),
(7074,335720,50),
(7075,335721,50),
(7076,335722,50),
(7077,335723,50),
(7078,335724,50),
(7079,335725,50),
(7080,335726,50),
(7081,335727,50),
(7082,335728,50),
(7083,335729,50),
(7084,335730,50),
(7085,335731,50),
(7086,335732,50),
(7087,335733,50),
(7088,335734,50),
(7089,335735,50),
(7090,335736,50),
(7091,335737,50),
(7092,335738,50),
(7093,335739,50),
(7094,335740,50),
(7095,335741,50),
(7096,335742,50),
(7097,335743,50),
(7098,335744,50),
(7099,335745,50),
(7100,335746,50),
(7101,335747,50),
(7102,335748,50),
(7103,335749,50),
(7104,335750,50),
(7105,335751,50),
(7106,335752,50),
(7107,335753,50),
(7108,335754,50),
(7109,335755,50),
(7110,335756,50),
(7111,335757,50),
(7112,335758,50),
(7113,335759,50),
(7114,335760,50),
(7115,335761,50),
(7116,335762,50),
(7117,335763,50),
(7118,335764,50),
(7119,335765,50),
(7120,335766,50),
(7121,335767,50),
(7122,335768,50),
(7123,335769,50),
(7124,335770,50),
(7125,335771,50),
(7126,335772,50),
(7127,335773,50),
(7128,335774,50),
(7129,335775,50),
(7130,335776,50),
(7131,335777,50),
(7132,335778,50),
(7133,335779,50),
(7134,335780,50),
(7135,335781,50),
(7136,335782,50),
(7137,335783,50),
(7138,335784,50),
(7139,335785,50),
(7140,335786,50),
(7141,335787,50),
(7142,335788,50),
(7143,335789,50),
(7144,335790,50),
(7145,335791,50),
(7146,335792,50),
(7147,335793,50),
(7148,335794,50),
(7149,335795,50),
(7150,335796,50),
(7151,335797,50),
(7152,335798,50),
(7153,335799,50),
(7154,335800,50),
(7155,335801,50),
(7156,335802,50),
(7157,335803,50),
(7158,335804,50),
(7159,335805,50),
(7160,335806,50),
(7161,335807,50),
(7162,335808,50),
(7163,335809,50),
(7164,335810,50),
(7165,335811,50),
(7166,335812,50),
(7167,335813,50),
(7168,335814,50),
(7169,335815,50),
(7170,335816,50),
(7171,335817,50),
(7172,335818,50),
(7173,335819,50),
(7174,335820,50),
(7175,335821,50),
(7176,335822,50),
(7177,335823,50),
(7178,335824,50),
(7179,335825,50),
(7180,335826,50),
(7181,335827,50),
(7182,335828,50),
(7183,335829,50),
(7184,335830,50),
(7185,335831,50),
(7186,335832,50),
(7187,335833,50),
(7188,335834,50),
(7189,335835,50),
(7190,335836,50),
(7191,335837,50),
(7192,335838,50),
(7193,335839,50),
(7194,335840,50),
(7195,335841,50),
(7196,335842,50),
(7197,335843,50),
(7198,335844,50),
(7199,335845,50),
(7200,335846,50),
(7201,335847,50),
(7202,335848,50),
(7203,335849,50),
(7204,335850,50),
(7205,335851,50),
(7206,335852,50),
(7207,335853,50),
(7208,335854,50),
(7209,335855,50),
(7210,335856,50),
(7211,335857,50),
(7212,335858,50),
(7213,335859,50),
(7214,335860,50),
(7215,335861,50),
(7216,335862,50),
(7217,335863,50),
(7218,335864,50),
(7219,335865,50),
(7220,335866,50),
(7221,335867,50),
(7222,335868,50),
(7223,335869,50),
(7224,335870,50),
(7225,335871,50),
(7226,335872,50),
(7227,335873,50),
(7228,335874,50),
(7229,335875,50),
(7230,335876,50),
(7231,335877,50),
(7232,335878,50),
(7233,335879,50),
(7234,335880,50),
(7235,335881,50),
(7236,335882,50),
(7237,335883,50),
(7238,335884,50),
(7239,335885,50),
(7240,335886,50),
(7241,335887,50),
(7242,335888,50),
(7243,335889,50),
(7244,335890,50),
(7245,335891,50),
(7246,335892,50),
(7247,335893,50),
(7248,335894,50),
(7249,335895,50),
(7250,335896,50),
(7251,335897,50),
(7252,335898,50),
(7253,335899,50),
(7254,335900,50),
(7255,335901,50),
(7256,335902,50),
(7257,335903,50),
(7258,335904,50),
(7259,335905,50),
(7260,335906,50),
(7261,335907,50),
(7262,335908,50),
(7263,335909,50),
(7264,335910,50),
(7265,335911,50),
(7266,335912,50),
(7267,335913,50),
(7268,335914,50),
(7269,335915,50),
(7270,335916,50),
(7271,335917,50),
(7272,335918,50),
(7273,335919,50),
(7274,335920,50),
(7275,335922,50),
(7276,335921,50),
(7277,335923,50),
(7278,335924,50),
(7279,335925,50),
(7280,335926,50),
(7281,335927,50),
(7282,335928,50),
(7283,335929,50),
(7284,335930,50),
(7285,335931,50),
(7286,335932,50),
(7287,335933,50),
(7288,335934,50),
(7289,335935,50),
(7290,335936,50),
(7291,335937,50),
(7292,335938,50),
(7293,335939,50),
(7294,335940,50),
(7295,335941,50),
(7296,335942,50),
(7297,335943,50),
(7298,335944,50),
(7299,335945,50),
(7300,335946,50),
(7301,335947,50),
(7302,335948,50),
(7303,335949,50),
(7304,335950,50),
(7305,335951,50),
(7306,335952,50),
(7307,335953,50),
(7308,335954,50),
(7309,335955,50),
(7310,335956,50),
(7311,335957,50),
(7312,335958,50),
(7313,335959,50),
(7314,335960,50),
(7315,335961,50),
(7316,335962,50),
(7317,335963,50),
(7318,335964,50),
(7319,335965,50),
(7320,335966,50),
(7321,335967,50),
(7322,335968,50),
(7323,335969,50),
(7324,335970,50),
(7325,335971,50),
(7326,335972,50),
(7327,335973,50),
(7328,335974,50),
(7329,335975,50),
(7330,335976,50),
(7331,335977,50),
(7332,335978,50),
(7333,335979,50),
(7334,335980,50),
(7335,335981,50),
(7336,335982,50),
(7337,335983,50),
(7338,335984,50),
(7339,335985,50),
(7340,335986,50),
(7341,335987,50),
(7342,335988,50),
(7343,335989,50),
(7344,335990,50),
(7345,335991,50),
(7346,335992,50),
(7347,335993,50),
(7348,335994,50),
(7349,335995,50),
(7350,335996,50),
(7351,335997,50),
(7352,335998,50),
(7353,335999,50),
(7354,336000,50),
(7355,336001,50),
(7356,336002,50),
(7357,336003,50),
(7358,336004,50),
(7359,336005,50),
(7360,336006,50),
(7361,336007,50),
(7362,336008,50),
(7363,336009,50),
(7364,336010,50),
(7365,336011,50),
(7366,336012,50),
(7367,336013,50),
(7368,336014,50),
(7369,336015,50),
(7370,336016,50),
(7371,336017,50),
(7372,336018,50),
(7373,336019,50),
(7374,336020,50),
(7375,336021,50),
(7376,336022,50),
(7377,336023,50),
(7378,336024,50),
(7379,336025,50),
(7380,336026,50),
(7381,336028,50),
(7382,336027,50),
(7383,336029,50),
(7384,336030,50),
(7385,336031,50),
(7386,336032,50),
(7387,336033,50),
(7388,336034,50),
(7389,336035,50),
(7390,336036,50),
(7391,336037,50),
(7392,336038,50),
(7393,336039,50),
(7394,336040,50),
(7395,336041,50),
(7396,336042,50),
(7397,336043,50),
(7398,336044,50),
(7399,336045,50),
(7400,336046,50),
(7401,336047,50),
(7402,336048,50),
(7403,336049,50),
(7404,336050,50),
(7405,336051,50),
(7406,336052,50),
(7407,336053,50),
(7408,336054,50),
(7409,336055,50),
(7410,336056,50),
(7411,336057,50),
(7412,336058,50),
(7413,336059,50),
(7414,336060,50),
(7415,336061,50),
(7416,336062,50),
(7417,336063,50),
(7418,336064,50),
(7419,336065,50),
(7420,336066,50),
(7421,336067,50),
(7422,336068,50),
(7423,336069,50),
(7424,336070,50),
(7425,336071,50),
(7426,336072,50),
(7427,336073,50),
(7428,336074,50),
(7429,336075,50),
(7430,336076,50),
(7431,336077,50),
(7432,336078,50),
(7433,336079,50),
(7434,336080,50),
(7435,336081,50),
(7436,336082,50),
(7437,336083,50),
(7438,336084,50),
(7439,336085,50),
(7440,336086,50),
(7441,336087,50),
(7442,336088,50),
(7443,336089,50),
(7444,336090,50),
(7445,336091,50),
(7446,336092,50),
(7447,336093,50),
(7448,336094,50),
(7449,336095,50),
(7450,336096,50),
(7451,336097,50),
(7452,336098,50),
(7453,336099,50),
(7454,336100,50),
(7455,336101,50),
(7456,336102,50),
(7457,336103,50),
(7458,336104,50),
(7459,336105,50),
(7460,336106,50),
(7461,336107,50),
(7462,336108,50),
(7463,336109,50),
(7464,336110,50),
(7465,336111,50),
(7466,336112,50),
(7467,336113,50),
(7468,336114,50),
(7469,336115,50),
(7470,336116,50),
(7471,336117,50),
(7472,336118,50),
(7473,336119,50),
(7474,336120,50),
(7475,336121,50),
(7476,336122,50),
(7477,336123,50),
(7478,336124,50),
(7479,336125,50),
(7480,336126,50),
(7481,336127,50),
(7482,336128,50),
(7483,336129,50),
(7484,336130,50),
(7485,336131,50),
(7486,336132,50),
(7487,336133,50),
(7488,336134,50),
(7489,336135,50),
(7490,336136,50),
(7491,336137,50),
(7492,336138,50),
(7493,336139,50),
(7494,336140,50),
(7495,336141,50),
(7496,336142,50),
(7497,336143,50),
(7498,336144,50),
(7499,336145,50),
(7500,336146,50),
(7501,336147,50),
(7502,336148,50),
(7503,336149,50),
(7504,336150,50),
(7505,336151,50),
(7506,336152,50),
(7507,336153,50),
(7508,336154,50),
(7509,336155,50),
(7510,336156,50),
(7511,336157,50),
(7512,336158,50),
(7513,336159,50),
(7514,336160,50),
(7515,336161,50),
(7516,336162,50),
(7517,336163,50),
(7518,336164,50),
(7519,336165,50),
(7520,336166,50),
(7521,336167,50),
(7522,336168,50),
(7523,336169,50),
(7524,336170,50),
(7525,336171,50),
(7526,336172,50),
(7527,336173,50),
(7528,336174,50),
(7529,336175,50),
(7530,336176,50),
(7531,336177,50),
(7532,336178,50),
(7533,336179,50),
(7534,336180,50),
(7535,336181,50),
(7536,336182,50),
(7537,336183,50),
(7538,336184,50),
(7539,336185,50),
(7540,336186,50),
(7541,336187,50),
(7542,336188,50),
(7543,336189,50),
(7544,336190,50),
(7545,336191,50),
(7546,336192,50),
(7547,336193,50),
(7548,336195,50),
(7549,336194,50),
(7550,336196,50),
(7551,336197,50),
(7552,336198,50),
(7553,336199,50),
(7554,336200,50),
(7555,336201,50),
(7556,336202,50),
(7557,336203,50),
(7558,336204,50),
(7559,336205,50),
(7560,336206,50),
(7561,336207,50),
(7562,336208,50),
(7563,336209,50),
(7564,336210,50),
(7565,336211,50),
(7566,336212,50),
(7567,336213,50),
(7568,336214,50),
(7569,336215,50),
(7570,336216,50),
(7571,336217,50),
(7572,336218,50),
(7573,336219,50),
(7574,336220,50),
(7575,336221,50),
(7576,336222,50),
(7577,336223,50),
(7578,336224,50),
(7579,336225,50),
(7580,336226,50),
(7581,336227,50),
(7582,336228,50),
(7583,336229,50),
(7584,336230,50),
(7585,336231,50),
(7586,336232,50),
(7587,336233,50),
(7588,336234,50),
(7589,336235,50),
(7590,336236,50),
(7591,336237,50),
(7592,336238,50),
(7593,336239,50),
(7594,336240,50),
(7595,336241,50),
(7596,336242,50),
(7597,336243,50),
(7598,336244,50),
(7599,336245,50),
(7600,336246,50),
(7601,336247,50),
(7602,336248,50),
(7603,336249,50),
(7604,336250,50),
(7605,336251,50),
(7606,336252,50),
(7607,336253,50),
(7608,336254,50),
(7609,336255,50),
(7610,336256,50),
(7611,336257,50),
(7612,336258,50),
(7613,336259,50),
(7614,336260,50),
(7615,336261,50),
(7616,336262,50),
(7617,336263,50),
(7618,336264,50),
(7619,336265,50),
(7620,336266,50),
(7621,336267,50),
(7622,336268,50),
(7623,336269,50),
(7624,336270,50),
(7625,336271,50),
(7626,336272,50),
(7627,336273,50),
(7628,336274,50),
(7629,336275,50),
(7630,336276,50),
(7631,336277,50),
(7632,336278,50),
(7633,336279,50),
(7634,336280,50),
(7635,336281,50),
(7636,336282,50),
(7637,336283,50),
(7638,336284,50),
(7639,336285,50),
(7640,336286,50),
(7641,336287,50),
(7642,336288,50),
(7643,336289,50),
(7644,336290,50),
(7645,336291,50),
(7646,336292,50),
(7647,336293,50),
(7648,336294,50),
(7649,336295,50),
(7650,336296,50),
(7651,336297,50),
(7652,336298,50),
(7653,336299,50),
(7654,336300,50),
(7655,336301,50),
(7656,336302,50),
(7657,336303,50),
(7658,336304,50),
(7659,336305,50),
(7660,336306,50),
(7661,336307,50),
(7662,336308,50),
(7663,336309,50),
(7664,336310,50),
(7665,336311,50),
(7666,336312,50),
(7667,336313,50),
(7668,336314,50),
(7669,336315,50),
(7670,336316,50),
(7671,336317,50),
(7672,336318,50),
(7673,336319,50),
(7674,336320,50),
(7675,336321,50),
(7676,336322,50),
(7677,336323,50),
(7678,336324,50),
(7679,336325,50),
(7680,336326,50),
(7681,336327,50),
(7682,336328,50),
(7683,336329,50),
(7684,336330,50),
(7685,336331,50),
(7686,336332,50),
(7687,336333,50),
(7688,336334,50),
(7689,336335,50),
(7690,336336,50),
(7691,336337,50),
(7692,336338,50),
(7693,336339,50),
(7694,336340,50),
(7695,336341,50),
(7696,336342,50),
(7697,336343,50),
(7698,336344,50),
(7699,336345,50),
(7700,336346,50),
(7701,336347,50),
(7702,336349,50),
(7703,336348,50),
(7704,336350,50),
(7705,336351,50),
(7706,336352,50),
(7707,336353,50),
(7708,336354,50),
(7709,336355,50),
(7710,336356,50),
(7711,336357,50),
(7712,336358,50),
(7713,336359,50),
(7714,336360,50),
(7715,336361,50),
(7716,336362,50),
(7717,336363,50),
(7718,336364,50),
(7719,336365,50),
(7720,336366,50),
(7721,336367,50),
(7722,336368,50),
(7723,336369,50),
(7724,336370,50),
(7725,336371,50),
(7726,336372,50),
(7727,336373,50),
(7728,336374,50),
(7729,336375,50),
(7730,336376,50),
(7731,336377,50),
(7732,336378,50),
(7733,336379,50),
(7734,336380,50),
(7735,336381,50),
(7736,336382,50),
(7737,336383,50),
(7738,336384,50),
(7739,336385,50),
(7740,336386,50),
(7741,336387,50),
(7742,336388,50),
(7743,336389,50),
(7744,336390,50),
(7745,336391,50),
(7746,336392,50),
(7747,336393,50),
(7748,336394,50),
(7749,336395,50),
(7750,336396,50),
(7751,336397,50),
(7752,336398,50),
(7753,336399,50),
(7754,336400,50),
(7755,336401,50),
(7756,336402,50),
(7757,336403,50),
(7758,336404,50),
(7759,336405,50),
(7760,336406,50),
(7761,336407,50),
(7762,336408,50),
(7763,336409,50),
(7764,336410,50),
(7765,336411,50),
(7766,336412,50),
(7767,336413,50),
(7768,336414,50),
(7769,336415,50),
(7770,336416,50),
(7771,336417,50),
(7772,336418,50),
(7773,336419,50),
(7774,336420,50),
(7775,336421,50),
(7776,336422,50),
(7777,336423,50),
(7778,336424,50),
(7779,336425,50),
(7780,336426,50),
(7781,336427,50),
(7782,336428,50),
(7783,336429,50),
(7784,336430,50),
(7785,336431,50),
(7786,336432,50),
(7787,336433,50),
(7788,336434,50),
(7789,336435,50),
(7790,336436,50),
(7791,336437,50),
(7792,336438,50),
(7793,336439,50),
(7794,336440,50),
(7795,336441,50),
(7796,336442,50),
(7797,336443,50),
(7798,336444,50),
(7799,336445,50),
(7800,336446,50),
(7801,336447,50),
(7802,336448,50),
(7803,336449,50),
(7804,336450,50),
(7805,336451,50),
(7806,336452,50),
(7807,336453,50),
(7808,336454,50),
(7809,336455,50),
(7810,336456,50),
(7811,336457,50),
(7812,336458,50),
(7813,336459,50),
(7814,336460,50),
(7815,336461,50),
(7816,336462,50),
(7817,336463,50),
(7818,336464,50),
(7819,336465,50),
(7820,336466,50),
(7821,336467,50),
(7822,336468,50),
(7823,336469,50),
(7824,336470,50),
(7825,336471,50),
(7826,336472,50),
(7827,336473,50),
(7828,336474,50),
(7829,336475,50),
(7830,336476,50),
(7831,336477,50),
(7832,336478,50),
(7833,336479,50),
(7834,336480,50),
(7835,336481,50),
(7836,336482,50),
(7837,336483,50),
(7838,336484,50),
(7839,336485,50),
(7840,336486,50),
(7841,336487,50),
(7842,336488,50),
(7843,336489,50),
(7844,336490,50),
(7845,336491,50),
(7846,336492,50),
(7847,336493,50),
(7848,336494,50),
(7849,336495,50),
(7850,336496,50),
(7851,336497,50),
(7852,336498,50),
(7853,336499,50),
(7854,336500,50),
(7855,336501,50),
(7856,336502,50),
(7857,336503,50),
(7858,336504,50),
(7859,336505,50),
(7860,336506,50),
(7861,336507,50),
(7862,336508,50),
(7863,336509,50),
(7864,336510,50),
(7865,336511,50),
(7866,336512,50),
(7867,336513,50),
(7868,336514,50),
(7869,336515,50),
(7870,336516,50),
(7871,336517,50),
(7872,336518,50),
(7873,336519,50),
(7874,336520,50),
(7875,336521,50),
(7876,336522,50),
(7877,336523,50),
(7878,336524,50),
(7879,336525,50),
(7880,336526,50),
(7881,336527,50),
(7882,336528,50),
(7883,336529,50),
(7884,336530,50),
(7885,336531,50),
(7886,336532,50),
(7887,336533,50),
(7888,336534,50),
(7889,336535,50),
(7890,336536,50),
(7891,336537,50),
(7892,336538,50),
(7893,336539,50),
(7894,336540,50),
(7895,336541,50),
(7896,336542,50),
(7897,336543,50),
(7898,336544,50),
(7899,336545,50),
(7900,336546,50),
(7901,336547,50),
(7902,336548,50),
(7903,336549,50),
(7904,336550,50),
(7905,336551,50),
(7906,336552,50),
(7907,336553,50),
(7908,336554,50),
(7909,336555,50),
(7910,336556,50),
(7911,336557,50),
(7912,336558,50),
(7913,336559,50),
(7914,336560,50),
(7915,336561,50),
(7916,336562,50),
(7917,336563,50),
(7918,336564,50),
(7919,336565,50),
(7920,336566,50),
(7921,336567,50),
(7922,336568,50),
(7923,336569,50),
(7924,336570,50),
(7925,336571,50),
(7926,336572,50),
(7927,336573,50),
(7928,336574,50),
(7929,336575,50),
(7930,336576,50),
(7931,336577,50),
(7932,336578,50),
(7933,336579,50),
(7934,336580,50),
(7935,336581,50),
(7936,336582,50),
(7937,336583,50),
(7938,336584,50),
(7939,336585,50),
(7940,336586,50),
(7941,336587,50),
(7942,336588,50),
(7943,336589,50),
(7944,336590,50),
(7945,336591,50),
(7946,336592,50),
(7947,336593,50),
(7948,336594,50),
(7949,336595,50),
(7950,336596,50),
(7951,336597,50),
(7952,336598,50),
(7953,336599,50),
(7954,336600,50),
(7955,336601,50),
(7956,336602,50),
(7957,336603,50),
(7958,336604,50),
(7959,336605,50),
(7960,336606,50),
(7961,336607,50),
(7962,336608,50),
(7963,336609,50),
(7964,336610,50),
(7965,336611,50),
(7966,336612,50),
(7967,336613,50),
(7968,336614,50),
(7969,336615,50),
(7970,336616,50),
(7971,336617,50),
(7972,336618,50),
(7973,336619,50),
(7974,336620,50),
(7975,336621,50),
(7976,336622,50),
(7977,336623,50),
(7978,336624,50),
(7979,336625,50),
(7980,336626,50),
(7981,336627,50),
(7982,336628,50),
(7983,336629,50),
(7984,336630,50),
(7985,336631,50),
(7986,336632,50),
(7987,336633,50),
(7988,336634,50),
(7989,336635,50),
(7990,336636,50),
(7991,336637,50),
(7992,336638,50),
(7993,336639,50),
(7994,336640,50),
(7995,336641,50),
(7996,336642,50),
(7997,336643,50),
(7998,336644,50),
(7999,336645,50),
(8000,336646,50),
(8001,336647,50),
(8002,336648,50),
(8003,336649,50),
(8004,336650,50),
(8005,336651,50),
(8006,336652,50),
(8007,336653,50),
(8008,336654,50),
(8009,336655,50),
(8010,336656,50),
(8011,336657,50),
(8012,336658,50),
(8013,336659,50),
(8014,336660,50),
(8015,336661,50),
(8016,336662,50),
(8017,336663,50),
(8018,336664,50),
(8019,336665,50),
(8020,336666,50),
(8021,336667,50),
(8022,336668,50),
(8023,336669,50),
(8024,336670,50),
(8025,336671,50),
(8026,336672,50),
(8027,336673,50),
(8028,336674,50),
(8029,336675,50),
(8030,336676,50),
(8031,336677,50),
(8032,336678,50),
(8033,336679,50),
(8034,336680,50),
(8035,336681,50),
(8036,336682,50),
(8037,336683,50),
(8038,336684,50),
(8039,336685,50),
(8040,336686,50),
(8041,336687,50),
(8042,336688,50),
(8043,336689,50),
(8044,336690,50),
(8045,336691,50),
(8046,336692,50),
(8047,336693,50),
(8048,336694,50),
(8049,336695,50),
(8050,336696,50),
(8051,336697,50),
(8052,336698,50),
(8053,336699,50),
(8054,336700,50),
(8055,336701,50),
(8056,336702,50),
(8057,336703,50),
(8058,336704,50),
(8059,336705,50),
(8060,336706,50),
(8061,336707,50),
(8062,336708,50),
(8063,336709,50),
(8064,336710,50),
(8065,336711,50),
(8066,336712,50),
(8067,336713,50),
(8068,336714,50),
(8069,336715,50),
(8070,336716,50),
(8071,336717,50),
(8072,336718,50),
(8073,336719,50),
(8074,336720,50),
(8075,336721,50),
(8076,336722,50),
(8077,336723,50),
(8078,336724,50),
(8079,336725,50),
(8080,336726,50),
(8081,336727,50),
(8082,336728,50),
(8083,336729,50),
(8084,336730,50),
(8085,336731,50),
(8086,336732,50),
(8087,336733,50),
(8088,336734,50),
(8089,336735,50),
(8090,336736,50),
(8091,336737,50),
(8092,336738,50),
(8093,336739,50),
(8094,336740,50),
(8095,336741,50),
(8096,336742,50),
(8097,336743,50),
(8098,336744,50),
(8099,336745,50),
(8100,336746,50),
(8101,336747,50),
(8102,336748,50),
(8103,336749,50),
(8104,336750,50),
(8105,336751,50),
(8106,336752,50),
(8107,336753,50),
(8108,336754,50),
(8109,336755,50),
(8110,336756,50),
(8111,336757,50),
(8112,336758,50),
(8113,336759,50),
(8114,336760,50),
(8115,336761,50),
(8116,336762,50),
(8117,336763,50),
(8118,336764,50),
(8119,336765,50),
(8120,336766,50),
(8121,336767,50),
(8122,336768,50),
(8123,336769,50),
(8124,336770,50),
(8125,336771,50),
(8126,336772,50),
(8127,336773,50),
(8128,336774,50),
(8129,336775,50),
(8130,336776,50),
(8131,336777,50),
(8132,336778,50),
(8133,336779,50),
(8134,336780,50),
(8135,336781,50),
(8136,336782,50),
(8137,336783,50),
(8138,336784,50),
(8139,336785,50),
(8140,336786,50),
(8141,336787,50),
(8142,336788,50),
(8143,336789,50),
(8144,336790,50),
(8145,336791,50),
(8146,336792,50),
(8147,336793,50),
(8148,336794,50),
(8149,336795,50),
(8150,336797,50),
(8151,336796,50),
(8152,336798,50),
(8153,336799,50),
(8154,336800,50),
(8155,336801,50),
(8156,336802,50),
(8157,336803,50),
(8158,336804,50),
(8159,336805,50),
(8160,336806,50),
(8161,336807,50),
(8162,336808,50),
(8163,336809,50),
(8164,336810,50),
(8165,336811,50),
(8166,336812,50),
(8167,336813,50),
(8168,336814,50),
(8169,336815,50),
(8170,336816,50),
(8171,336817,50),
(8172,336818,50),
(8173,336819,50),
(8174,336820,50),
(8175,336821,50),
(8176,336822,50),
(8177,336823,50),
(8178,336824,50),
(8179,336825,50),
(8180,336826,50),
(8181,336827,50),
(8182,336828,50),
(8183,336829,50),
(8184,336830,50),
(8185,336831,50),
(8186,336832,50),
(8187,336833,50),
(8188,336834,50),
(8189,336835,50),
(8190,336836,50),
(8191,336837,50),
(8192,336838,50),
(8193,336840,50),
(8194,336839,50),
(8195,336841,50),
(8196,336842,50),
(8197,336843,50),
(8198,336844,50),
(8199,336845,50),
(8200,336846,50),
(8201,336847,50),
(8202,336848,50),
(8203,336849,50),
(8204,336850,50),
(8205,336851,50),
(8206,336852,50),
(8207,336853,50),
(8208,336854,50),
(8209,336855,50),
(8210,336856,50),
(8211,336857,50),
(8212,336858,50),
(8213,336859,50),
(8214,336860,50),
(8215,336861,50),
(8216,336862,50),
(8217,336863,50),
(8218,336864,50),
(8219,336865,50),
(8220,336866,50),
(8221,336867,50),
(8222,336868,50),
(8223,336870,50),
(8224,336869,50),
(8225,336871,50),
(8226,336872,50),
(8227,336873,50),
(8228,336874,50),
(8229,336875,50),
(8230,336876,50),
(8231,336878,50),
(8232,336877,50),
(8233,336879,50),
(8234,336880,50),
(8235,336881,50),
(8236,336882,50),
(8237,336883,50),
(8238,336884,50),
(8239,336885,50),
(8240,336886,50),
(8241,336887,50),
(8242,336888,50),
(8243,336889,50),
(8244,336890,50),
(8245,336891,50),
(8246,336892,50),
(8247,336893,50),
(8248,336894,50),
(8249,336895,50),
(8250,336896,50),
(8251,336897,50),
(8252,336898,50),
(8253,336899,50),
(8254,336900,50),
(8255,336901,50),
(8256,336902,50),
(8257,336903,50),
(8258,336904,50),
(8259,336905,50),
(8260,336906,50),
(8261,336907,50),
(8262,336908,50),
(8263,336909,50),
(8264,336910,50),
(8265,336911,50),
(8266,336912,50),
(8267,336913,50),
(8268,336914,50),
(8269,336916,50),
(8270,336915,50),
(8271,336917,50),
(8272,336918,50),
(8273,336919,50),
(8274,336920,50),
(8275,336921,50),
(8276,336922,50),
(8277,336923,50),
(8278,336924,50),
(8279,336925,50),
(8280,336926,50),
(8281,336927,50),
(8282,336928,50),
(8283,336929,50),
(8284,336930,50),
(8285,336931,50),
(8286,336932,50),
(8287,336933,50),
(8288,336934,50),
(8289,336935,50),
(8290,336936,50),
(8291,336937,50),
(8292,336938,50),
(8293,336939,50),
(8294,336940,50),
(8295,336941,50),
(8296,336942,50),
(8297,336943,50),
(8298,336944,50),
(8299,336945,50),
(8300,336946,50),
(8301,336947,50),
(8302,336948,50),
(8303,336949,50),
(8304,336950,50),
(8305,336951,50),
(8306,336952,50),
(8307,336953,50),
(8308,336954,50),
(8309,336955,50),
(8310,336956,50),
(8311,336957,50),
(8312,336958,50),
(8313,336959,50),
(8314,336960,50),
(8315,336961,50),
(8316,336962,50),
(8317,336963,50),
(8318,336964,50),
(8319,336965,50),
(8320,336966,50),
(8321,336967,50),
(8322,336968,50),
(8323,336969,50),
(8324,336970,50),
(8325,336971,50),
(8326,336972,50),
(8327,336973,50),
(8328,336974,50),
(8329,336976,50),
(8330,336975,50),
(8331,336977,50),
(8332,336978,50),
(8333,336979,50),
(8334,336980,50),
(8335,336981,50),
(8336,336982,50),
(8337,336983,50),
(8338,336984,50),
(8339,336985,50),
(8340,336986,50),
(8341,336987,50),
(8342,336988,50),
(8343,336989,50),
(8344,336990,50),
(8345,336991,50),
(8346,336992,50),
(8347,336993,50),
(8348,336994,50),
(8349,336995,50),
(8350,336996,50),
(8351,336997,50),
(8352,336998,50),
(8353,336999,50),
(8354,337000,50),
(8355,337001,50),
(8356,337002,50),
(8357,337003,50),
(8358,337004,50),
(8359,337005,50),
(8360,337006,50),
(8361,337007,50),
(8362,337008,50),
(8363,337009,50),
(8364,337010,50),
(8365,337011,50),
(8366,337012,50),
(8367,337013,50),
(8368,337014,50),
(8369,337015,50),
(8370,337016,50),
(8371,337017,50),
(8372,337018,50),
(8373,337019,50),
(8374,337020,50),
(8375,337021,50),
(8376,337023,50),
(8377,337022,50),
(8378,337024,50),
(8379,337025,50),
(8380,337026,50),
(8381,337027,50),
(8382,337028,50),
(8383,337029,50),
(8384,337030,50),
(8385,337031,50),
(8386,337032,50),
(8387,337033,50),
(8388,337034,50),
(8389,337035,50),
(8390,337036,50),
(8391,337037,50),
(8392,337038,50),
(8393,337039,50),
(8394,337040,50),
(8395,337041,50),
(8396,337042,50),
(8397,337043,50),
(8398,337044,50),
(8399,337045,50),
(8400,337046,50),
(8401,337047,50),
(8402,337048,50),
(8403,337049,50),
(8404,337050,50),
(8405,337051,50),
(8406,337052,50),
(8407,337053,50),
(8408,337054,50),
(8409,337055,50),
(8410,337056,50),
(8411,337057,50),
(8412,337058,50),
(8413,337059,50),
(8414,337060,50),
(8415,337061,50),
(8416,337062,50),
(8417,337063,50),
(8418,337064,50),
(8419,337065,50),
(8420,337066,50),
(8421,337067,50),
(8422,337068,50),
(8423,337069,50),
(8424,337070,50),
(8425,337071,50),
(8426,337072,50),
(8427,337073,50),
(8428,337074,50),
(8429,337075,50),
(8430,337076,50),
(8431,337077,50),
(8432,337078,50),
(8433,337079,50),
(8434,337080,50),
(8435,337081,50),
(8436,337082,50),
(8437,337083,50),
(8438,337084,50),
(8439,337085,50),
(8440,337086,50),
(8441,337087,50),
(8442,337088,50),
(8443,337089,50),
(8444,337090,50),
(8445,337091,50),
(8446,337092,50),
(8447,337093,50),
(8448,337094,50),
(8449,337095,50),
(8450,337096,50),
(8451,337097,50),
(8452,337098,50),
(8453,337099,50),
(8454,337100,50),
(8455,337101,50),
(8456,337102,50),
(8457,337103,50),
(8458,337104,50),
(8459,337105,50),
(8460,337106,50),
(8461,337107,50),
(8462,337108,50),
(8463,337109,50),
(8464,337110,50),
(8465,337111,50),
(8466,337112,50),
(8467,337113,50),
(8468,337114,50),
(8469,337115,50),
(8470,337116,50),
(8471,337117,50),
(8472,337118,50),
(8473,337119,50),
(8474,337120,50),
(8475,337121,50),
(8476,337122,50),
(8477,337123,50),
(8478,337124,50),
(8479,337125,50),
(8480,337126,50),
(8481,337127,50),
(8482,337128,50),
(8483,337129,50),
(8484,337130,50),
(8485,337131,50),
(8486,337132,50),
(8487,337133,50),
(8488,337134,50),
(8489,337135,50),
(8490,337136,50),
(8491,337137,50),
(8492,337138,50),
(8493,337139,50),
(8494,337141,50),
(8495,337140,50),
(8496,337142,50),
(8497,337143,50),
(8498,337144,50),
(8499,337145,50),
(8500,337146,50),
(8501,337147,50),
(8502,337148,50),
(8503,337149,50),
(8504,337150,50),
(8505,337151,50),
(8506,337152,50),
(8507,337154,50),
(8508,337153,50),
(8509,337155,50),
(8510,337156,50),
(8511,337157,50),
(8512,337158,50),
(8513,337159,50),
(8514,337160,50),
(8515,337161,50),
(8516,337162,50),
(8517,337163,50),
(8518,337164,50),
(8519,337165,50),
(8520,337166,50),
(8521,337167,50),
(8522,337168,50),
(8523,337169,50),
(8524,337170,50),
(8525,337171,50),
(8526,337172,50),
(8527,337173,50),
(8528,337174,50),
(8529,337175,50),
(8530,337176,50),
(8531,337177,50),
(8532,337178,50),
(8533,337179,50),
(8534,337180,50),
(8535,337181,50),
(8536,337182,50),
(8537,337183,50),
(8538,337184,50),
(8539,337185,50),
(8540,337186,50),
(8541,337187,50),
(8542,337188,50),
(8543,337189,50),
(8544,337190,50),
(8545,337191,50),
(8546,337192,50),
(8547,337193,50),
(8548,337194,50),
(8549,337195,50),
(8550,337196,50),
(8551,337197,50),
(8552,337198,50),
(8553,337199,50),
(8554,337200,50),
(8555,337201,50),
(8556,337202,50),
(8557,337203,50),
(8558,337204,50),
(8559,337205,50),
(8560,337206,50),
(8561,337207,50),
(8562,337208,50),
(8563,337209,50),
(8564,337210,50),
(8565,337211,50),
(8566,337212,50),
(8567,337213,50),
(8568,337214,50),
(8569,337215,50),
(8570,337216,50),
(8571,337217,50),
(8572,337218,50),
(8573,337219,50),
(8574,337220,50),
(8575,337221,50),
(8576,337222,50),
(8577,337223,50),
(8578,337224,50),
(8579,337225,50),
(8580,337226,50),
(8581,337227,50),
(8582,337228,50),
(8583,337229,50),
(8584,337230,50),
(8585,337231,50),
(8586,337232,50),
(8587,337233,50),
(8588,337234,50),
(8589,337235,50),
(8590,337236,50),
(8591,337237,50),
(8592,337238,50),
(8593,337239,50),
(8594,337240,50),
(8595,337241,50),
(8596,337242,50),
(8597,337243,50),
(8598,337244,50),
(8599,337245,50),
(8600,337246,50),
(8601,337247,50),
(8602,337248,50),
(8603,337249,50),
(8604,337250,50),
(8605,337251,50),
(8606,337252,50),
(8607,337253,50),
(8608,337254,50),
(8609,337255,50),
(8610,337256,50),
(8611,337257,50),
(8612,337258,50),
(8613,337259,50),
(8614,337260,50),
(8615,337261,50),
(8616,337262,50),
(8617,337263,50),
(8618,337264,50),
(8619,337265,50),
(8620,337266,50),
(8621,337267,50),
(8622,337268,50),
(8623,337269,50),
(8624,337270,50),
(8625,337271,50),
(8626,337272,50),
(8627,337273,50),
(8628,337274,50),
(8629,337275,50),
(8630,337276,50),
(8631,337277,50),
(8632,337278,50),
(8633,337279,50),
(8634,337280,50),
(8635,337281,50),
(8636,337282,50),
(8637,337283,50),
(8638,337284,50),
(8639,337285,50),
(8640,337286,50),
(8641,337287,50),
(8642,337288,50),
(8643,337289,50),
(8644,337290,50),
(8645,337291,50),
(8646,337292,50),
(8647,337293,50),
(8648,337294,50),
(8649,337295,50),
(8650,337296,50),
(8651,337297,50),
(8652,337298,50),
(8653,337299,50),
(8654,337300,50),
(8655,337301,50),
(8656,337302,50),
(8657,337303,50),
(8658,337304,50),
(8659,337305,50),
(8660,337306,50),
(8661,337307,50),
(8662,337308,50),
(8663,337309,50),
(8664,337310,50),
(8665,337311,50),
(8666,337312,50),
(8667,337313,50),
(8668,337314,50),
(8669,337315,50),
(8670,337316,50),
(8671,337317,50),
(8672,337318,50),
(8673,337319,50),
(8674,337320,50),
(8675,337321,50),
(8676,337322,50),
(8677,337323,50),
(8678,337324,50),
(8679,337325,50),
(8680,337326,50),
(8681,337327,50),
(8682,337328,50),
(8683,337329,50),
(8684,337330,50),
(8685,337331,50),
(8686,337332,50),
(8687,337333,50),
(8688,337334,50),
(8689,337335,50),
(8690,337336,50),
(8691,337337,50),
(8692,337338,50),
(8693,337339,50),
(8694,337340,50),
(8695,337341,50),
(8696,337342,50),
(8697,337343,50),
(8698,337344,50),
(8699,337345,50),
(8700,337346,50),
(8701,337347,50),
(8702,337348,50),
(8703,337349,50),
(8704,337350,50),
(8705,337351,50),
(8706,337352,50),
(8707,337353,50),
(8708,337354,50),
(8709,337355,50),
(8710,337356,50),
(8711,337357,50),
(8712,337358,50),
(8713,337359,50),
(8714,337360,50),
(8715,337361,50),
(8716,337362,50),
(8717,337363,50),
(8718,337364,50),
(8719,337365,50),
(8720,337366,50),
(8721,337367,50),
(8722,337368,50),
(8723,337369,50),
(8724,337370,50),
(8725,337371,50),
(8726,337372,50),
(8727,337373,50),
(8728,337374,50),
(8729,337375,50),
(8730,337376,50),
(8731,337377,50),
(8732,337378,50),
(8733,337379,50),
(8734,337380,50),
(8735,337381,50),
(8736,337382,50),
(8737,337383,50),
(8738,337384,50),
(8739,337385,50),
(8740,337386,50),
(8741,337387,50),
(8742,337388,50),
(8743,337389,50),
(8744,337390,50),
(8745,337391,50),
(8746,337392,50),
(8747,337393,50),
(8748,337394,50),
(8749,337395,50),
(8750,337396,50),
(8751,337397,50),
(8752,337398,50),
(8753,337399,50),
(8754,337400,50),
(8755,337401,50),
(8756,337402,50),
(8757,337403,50),
(8758,337404,50),
(8759,337405,50),
(8760,337406,50),
(8761,337407,50),
(8762,337408,50),
(8763,337409,50),
(8764,337410,50),
(8765,337411,50),
(8766,337412,50),
(8767,337413,50),
(8768,337414,50),
(8769,337415,50),
(8770,337416,50),
(8771,337417,50),
(8772,337418,50),
(8773,337419,50),
(8774,337420,50),
(8775,337421,50),
(8776,337422,50),
(8777,337423,50),
(8778,337424,50),
(8779,337425,50),
(8780,337426,50),
(8781,337427,50),
(8782,337428,50),
(8783,337429,50),
(8784,337430,50),
(8785,337431,50),
(8786,337432,50),
(8787,337433,50),
(8788,337434,50),
(8789,337435,50),
(8790,337436,50),
(8791,337437,50),
(8792,337438,50),
(8793,337439,50),
(8794,337440,50),
(8795,337441,50),
(8796,337442,50),
(8797,337443,50),
(8798,337444,50),
(8799,337445,50),
(8800,337446,50),
(8801,337447,50),
(8802,337448,50),
(8803,337449,50),
(8804,337450,50),
(8805,337451,50),
(8806,337452,50),
(8807,337453,50),
(8808,337454,50),
(8809,337455,50),
(8810,337456,50),
(8811,337457,50),
(8812,337458,50),
(8813,337459,50),
(8814,337460,50),
(8815,337461,50),
(8816,337462,50),
(8817,337463,50),
(8818,337464,50),
(8819,337465,50),
(8820,337466,50),
(8821,337467,50),
(8822,337468,50),
(8823,337469,50),
(8824,337470,50),
(8825,337471,50),
(8826,337472,50),
(8827,337473,50),
(8828,337474,50),
(8829,337475,50),
(8830,337476,50),
(8831,337477,50),
(8832,337478,50),
(8833,337479,50),
(8834,337480,50),
(8835,337481,50),
(8836,337482,50),
(8837,337483,50),
(8838,337484,50),
(8839,337485,50),
(8840,337486,50),
(8841,337487,50),
(8842,337488,50),
(8843,337489,50),
(8844,337490,50),
(8845,337491,50),
(8846,337492,50),
(8847,337493,50),
(8848,337494,50),
(8849,337495,50),
(8850,337496,50),
(8851,337497,50),
(8852,337498,50),
(8853,337499,50),
(8854,337500,50),
(8855,337501,50),
(8856,337502,50),
(8857,337503,50),
(8858,337504,50),
(8859,337505,50),
(8860,337506,50),
(8861,337507,50),
(8862,337508,50),
(8863,337509,50),
(8864,337510,50),
(8865,337511,50),
(8866,337512,50),
(8867,337513,50),
(8868,337514,50),
(8869,337515,50),
(8870,337516,50),
(8871,337517,50),
(8872,337518,50),
(8873,337519,50),
(8874,337520,50),
(8875,337521,50),
(8876,337522,50),
(8877,337523,50),
(8878,337524,50),
(8879,337525,50),
(8880,337526,50),
(8881,337527,50),
(8882,337528,50),
(8883,337529,50),
(8884,337530,50),
(8885,337531,50),
(8886,337532,50),
(8887,337533,50),
(8888,337534,50),
(8889,337535,50),
(8890,337536,50),
(8891,337537,50),
(8892,337538,50),
(8893,337539,50),
(8894,337540,50),
(8895,337541,50),
(8896,337542,50),
(8897,337543,50),
(8898,337544,50),
(8899,337545,50),
(8900,337546,50),
(8901,337547,50),
(8902,337548,50),
(8903,337549,50),
(8904,337550,50),
(8905,337551,50),
(8906,337552,50),
(8907,337553,50),
(8908,337554,50),
(8909,337555,50),
(8910,337556,50),
(8911,337557,50),
(8912,337558,50),
(8913,337559,50),
(8914,337560,50),
(8915,337561,50),
(8916,337562,50),
(8917,337563,50),
(8918,337564,50),
(8919,337565,50),
(8920,337566,50),
(8921,337567,50),
(8922,337568,50),
(8923,337569,50),
(8924,337570,50),
(8925,337571,50),
(8926,337572,50),
(8927,337573,50),
(8928,337574,50),
(8929,337575,50),
(8930,337576,50),
(8931,337577,50),
(8932,337578,50),
(8933,337579,50),
(8934,337580,50),
(8935,337581,50),
(8936,337582,50),
(8937,337583,50),
(8938,337584,50),
(8939,337585,50),
(8940,337586,50),
(8941,337587,50),
(8942,337588,50),
(8943,337589,50),
(8944,337590,50),
(8945,337591,50),
(8946,337592,50),
(8947,337593,50),
(8948,337594,50),
(8949,337595,50),
(8950,337596,50),
(8951,337597,50),
(8952,337598,50),
(8953,337599,50),
(8954,337600,50),
(8955,337601,50),
(8956,337602,50),
(8957,337603,50),
(8958,337604,50),
(8959,337605,50),
(8960,337606,50),
(8961,337607,50),
(8962,337608,50),
(8963,337609,50),
(8964,337610,50),
(8965,337611,50),
(8966,337612,50),
(8967,337614,50),
(8968,337613,50),
(8969,337615,50),
(8970,337616,50),
(8971,337617,50),
(8972,337618,50),
(8973,337619,50),
(8974,337620,50),
(8975,337621,50),
(8976,337622,50),
(8977,337623,50),
(8978,337624,50),
(8979,337625,50),
(8980,337626,50),
(8981,337627,50),
(8982,337628,50),
(8983,337629,50),
(8984,337630,50),
(8985,337631,50),
(8986,337632,50),
(8987,337633,50),
(8988,337634,50),
(8989,337635,50),
(8990,337636,50),
(8991,337637,50),
(8992,337638,50),
(8993,337639,50),
(8994,337640,50),
(8995,337641,50),
(8996,337642,50),
(8997,337643,50),
(8998,337644,50),
(8999,337645,50),
(9000,337646,50),
(9001,337647,50),
(9002,337648,50),
(9003,337649,50),
(9004,337650,50),
(9005,337651,50),
(9006,337652,50),
(9007,337653,50),
(9008,337654,50),
(9009,337655,50),
(9010,337656,50),
(9011,337657,50),
(9012,337658,50),
(9013,337659,50),
(9014,337660,50),
(9015,337661,50),
(9016,337662,50),
(9017,337663,50),
(9018,337664,50),
(9019,337665,50),
(9020,337666,50),
(9021,337667,50),
(9022,337668,50),
(9023,337669,50),
(9024,337670,50),
(9025,337671,50),
(9026,337672,50),
(9027,337673,50),
(9028,337674,50),
(9029,337675,50),
(9030,337676,50),
(9031,337677,50),
(9032,337678,50),
(9033,337679,50),
(9034,337680,50),
(9035,337681,50),
(9036,337682,50),
(9037,337683,50),
(9038,337684,50),
(9039,337685,50),
(9040,337686,50),
(9041,337687,50),
(9042,337688,50),
(9043,337689,50),
(9044,337690,50),
(9045,337691,50),
(9046,337692,50),
(9047,337693,50),
(9048,337694,50),
(9049,337695,50),
(9050,337696,50),
(9051,337697,50),
(9052,337698,50),
(9053,337699,50),
(9054,337700,50),
(9055,337701,50),
(9056,337702,50),
(9057,337703,50),
(9058,337704,50),
(9059,337705,50),
(9060,337706,50),
(9061,337707,50),
(9062,337708,50),
(9063,337709,50),
(9064,337710,50),
(9065,337711,50),
(9066,337712,50),
(9067,337713,50),
(9068,337714,50),
(9069,337715,50),
(9070,337716,50),
(9071,337717,50),
(9072,337718,50),
(9073,337719,50),
(9074,337720,50),
(9075,337721,50),
(9076,337722,50),
(9077,337723,50),
(9078,337724,50),
(9079,337725,50),
(9080,337726,50),
(9081,337727,50),
(9082,337728,50),
(9083,337729,50),
(9084,337730,50),
(9085,337731,50),
(9086,337732,50),
(9087,337733,50),
(9088,337734,50),
(9089,337735,50),
(9090,337736,50),
(9091,337737,50),
(9092,337738,50),
(9093,337739,50),
(9094,337740,50),
(9095,337741,50),
(9096,337742,50),
(9097,337743,50),
(9098,337744,50),
(9099,337745,50),
(9100,337746,50),
(9101,337747,50),
(9102,337748,50),
(9103,337749,50),
(9104,337750,50),
(9105,337751,50),
(9106,337752,50),
(9107,337753,50),
(9108,337754,50),
(9109,337755,50),
(9110,337756,50),
(9111,337757,50),
(9112,337758,50),
(9113,337759,50),
(9114,337760,50),
(9115,337761,50),
(9116,337762,50),
(9117,337763,50),
(9118,337764,50),
(9119,337765,50),
(9120,337766,50),
(9121,337767,50),
(9122,337768,50),
(9123,337769,50),
(9124,337770,50),
(9125,337771,50),
(9126,337772,50),
(9127,337773,50),
(9128,337774,50),
(9129,337775,50),
(9130,337776,50),
(9131,337778,50),
(9132,337777,50),
(9133,337779,50),
(9134,337780,50),
(9135,337781,50),
(9136,337782,50),
(9137,337783,50),
(9138,337784,50),
(9139,337785,50),
(9140,337786,50),
(9141,337787,50),
(9142,337788,50),
(9143,337789,50),
(9144,337790,50),
(9145,337791,50),
(9146,337792,50),
(9147,337793,50),
(9148,337794,50),
(9149,337795,50),
(9150,337796,50),
(9151,337797,50),
(9152,337798,50),
(9153,337799,50),
(9154,337800,50),
(9155,337801,50),
(9156,337802,50),
(9157,337803,50),
(9158,337804,50),
(9159,337805,50),
(9160,337806,50),
(9161,337807,50),
(9162,337808,50),
(9163,337809,50),
(9164,337810,50),
(9165,337811,50),
(9166,337812,50),
(9167,337813,50),
(9168,337814,50),
(9169,337815,50),
(9170,337816,50),
(9171,337817,50),
(9172,337818,50),
(9173,337819,50),
(9174,337820,50),
(9175,337822,50),
(9176,337823,50),
(9177,337824,50),
(9178,337825,50),
(9179,337826,50),
(9180,337827,50),
(9181,337828,50),
(9182,337829,50),
(9183,337830,50),
(9184,337831,50),
(9185,337832,50),
(9186,337833,50),
(9187,337834,50),
(9188,337835,50),
(9189,337836,50),
(9190,337837,50),
(9191,337838,50),
(9192,337839,50),
(9193,337840,50),
(9194,337841,50),
(9195,337842,50),
(9196,337843,50),
(9197,337844,50),
(9198,337845,50),
(9199,337846,50),
(9200,337847,50),
(9201,337848,50),
(9202,337849,50),
(9203,337850,50),
(9204,337851,50),
(9205,337852,50),
(9206,337853,50),
(9207,337854,50),
(9208,337855,50),
(9209,337856,50),
(9210,337857,50),
(9211,337858,50),
(9212,337859,50),
(9213,337860,50),
(9214,337861,50),
(9215,337862,50),
(9216,337863,50),
(9217,337864,50),
(9218,337865,50),
(9219,337866,50),
(9220,337867,50),
(9221,337868,50),
(9222,337869,50),
(9223,337870,50),
(9224,337871,50),
(9225,337872,50),
(9226,337873,50),
(9227,337874,50),
(9228,337875,50),
(9229,337876,50),
(9230,337877,50),
(9231,337878,50),
(9232,337879,50),
(9233,337880,50),
(9234,337881,50),
(9235,337882,50),
(9236,337883,50),
(9237,337884,50),
(9238,337885,50),
(9239,337886,50),
(9240,337887,50),
(9241,337888,50),
(9242,337889,50),
(9243,337890,50),
(9244,337891,50),
(9245,337892,50),
(9246,337893,50),
(9247,337894,50),
(9248,337895,50),
(9249,337896,50),
(9250,337897,50),
(9251,337898,50),
(9252,337899,50),
(9253,337900,50),
(9254,337901,50),
(9255,337902,50),
(9256,337903,50),
(9257,337904,50),
(9258,337905,50),
(9259,337906,50),
(9260,337907,50),
(9261,337908,50),
(9262,337909,50),
(9263,337910,50),
(9264,337911,50),
(9265,337912,50),
(9266,337913,50),
(9267,337914,50),
(9268,337915,50),
(9269,337916,50),
(9270,337917,50),
(9271,337918,50),
(9272,337919,50),
(9273,337920,50),
(9274,337921,50),
(9275,337922,50),
(9276,337923,50),
(9277,337924,50),
(9278,337925,50),
(9279,337926,50),
(9280,337927,50),
(9281,337928,50),
(9282,337929,50),
(9283,337930,50),
(9284,337931,50),
(9285,337932,50),
(9286,337933,50),
(9287,337934,50),
(9288,337935,50),
(9289,337936,50),
(9290,337937,50),
(9291,337938,50),
(9292,337939,50),
(9293,337940,50),
(9294,337941,50),
(9295,337942,50),
(9296,337943,50),
(9297,337944,50),
(9298,337945,50),
(9299,337946,50),
(9300,337947,50),
(9301,337948,50),
(9302,337949,50),
(9303,337950,50),
(9304,337951,50),
(9305,337952,50),
(9306,337953,50),
(9307,337954,50),
(9308,337955,50),
(9309,337956,50),
(9310,337957,50),
(9311,337958,50),
(9312,337959,50),
(9313,337960,50),
(9314,337961,50),
(9315,337962,50),
(9316,337963,50),
(9317,337964,50),
(9318,337965,50),
(9319,337966,50),
(9320,337967,50),
(9321,337968,50),
(9322,337969,50),
(9323,337970,50),
(9324,337971,50),
(9325,337972,50),
(9326,337973,50),
(9327,337974,50),
(9328,337975,50),
(9329,337976,50),
(9330,337977,50),
(9331,337978,50),
(9332,337979,50),
(9333,337980,50),
(9334,337981,50),
(9335,337982,50),
(9336,337983,50),
(9337,337984,50),
(9338,337985,50),
(9339,337986,50),
(9340,337987,50),
(9341,337988,50),
(9342,337989,50),
(9343,337990,50),
(9344,337991,50),
(9345,337992,50),
(9346,337993,50),
(9347,337994,50),
(9348,337995,50),
(9349,337996,50),
(9350,337997,50),
(9351,337998,50),
(9352,337999,50),
(9353,338000,50),
(9354,338001,50),
(9355,338002,50),
(9356,338003,50),
(9357,338004,50),
(9358,338005,50),
(9359,338006,50),
(9360,338007,50),
(9361,338008,50),
(9362,338009,50),
(9363,338010,50),
(9364,338011,50),
(9365,338012,50),
(9366,338013,50),
(9367,338014,50),
(9368,338015,50),
(9369,338016,50),
(9370,338017,50),
(9371,338018,50),
(9372,338019,50),
(9373,338020,50),
(9374,338021,50),
(9375,338022,50),
(9376,338023,50),
(9377,338024,50),
(9378,338025,50),
(9379,338026,50),
(9380,338027,50),
(9381,338028,50),
(9382,338029,50),
(9383,338030,50),
(9384,338031,50),
(9385,338032,50),
(9386,338033,50),
(9387,338034,50),
(9388,338035,50),
(9389,338036,50),
(9390,338037,50),
(9391,338038,50),
(9392,338039,50),
(9393,338040,50),
(9394,338041,50),
(9395,338042,50),
(9396,338043,50),
(9397,338044,50),
(9398,338045,50),
(9399,338046,50),
(9400,338047,50),
(9401,338048,50),
(9402,338049,50),
(9403,338050,50),
(9404,338051,50),
(9405,338052,50),
(9406,338053,50),
(9407,338054,50),
(9408,338055,50),
(9409,338056,50),
(9410,338057,50),
(9411,338058,50),
(9412,338059,50),
(9413,338060,50),
(9414,338061,50),
(9415,338062,50),
(9416,338063,50),
(9417,338064,50),
(9418,338065,50),
(9419,338066,50),
(9420,338067,50),
(9421,338068,50),
(9422,338069,50),
(9423,338070,50),
(9424,338071,50),
(9425,338072,50),
(9426,338073,50),
(9427,338074,50),
(9428,338075,50),
(9429,338076,50),
(9430,338077,50),
(9431,338078,50),
(9432,338079,50),
(9433,338080,50),
(9434,338081,50),
(9435,338082,50),
(9436,338083,50),
(9437,338084,50),
(9438,338085,50),
(9439,338086,50),
(9440,338087,50),
(9441,338088,50),
(9442,338089,50),
(9443,338090,50),
(9444,338091,50),
(9445,338092,50),
(9446,338093,50),
(9447,338094,50),
(9448,338095,50),
(9449,338096,50),
(9450,338097,50),
(9451,338098,50),
(9452,338099,50),
(9453,338100,50),
(9454,338101,50),
(9455,338102,50),
(9456,338103,50),
(9457,338104,50),
(9458,338105,50),
(9459,338106,50),
(9460,338107,50),
(9461,338108,50),
(9462,338109,50),
(9463,338110,50),
(9464,338111,50),
(9465,338112,50),
(9466,338113,50),
(9467,338114,50),
(9468,338115,50),
(9469,338116,50),
(9470,338117,50),
(9471,338118,50),
(9472,338119,50),
(9473,338120,50),
(9474,338121,50),
(9475,338122,50),
(9476,338123,50),
(9477,338124,50),
(9478,338125,50),
(9479,338126,50),
(9480,338127,50),
(9481,338128,50),
(9482,338129,50),
(9483,338130,50),
(9484,338131,50),
(9485,338132,50),
(9486,338133,50),
(9487,338134,50),
(9488,338135,50),
(9489,338136,50),
(9490,338137,50),
(9491,338138,50),
(9492,338139,50),
(9493,338140,50),
(9494,338141,50),
(9495,338142,50),
(9496,338143,50),
(9497,338144,50),
(9498,338145,50),
(9499,338146,50),
(9500,338147,50),
(9501,338148,50),
(9502,338149,50),
(9503,338150,50),
(9504,338151,50),
(9505,338152,50),
(9506,338153,50),
(9507,338154,50),
(9508,338155,50),
(9509,338156,50),
(9510,338157,50),
(9511,338158,50),
(9512,338159,50),
(9513,338160,50),
(9514,338161,50),
(9515,338162,50),
(9516,338163,50),
(9517,338164,50),
(9518,338165,50),
(9519,338166,50),
(9520,338167,50),
(9521,338168,50),
(9522,338169,50),
(9523,338170,50),
(9524,338171,50),
(9525,338172,50),
(9526,338173,50),
(9527,338174,50),
(9528,338175,50),
(9529,338176,50),
(9530,338177,50),
(9531,338178,50),
(9532,338179,50),
(9533,338180,50),
(9534,338181,50),
(9535,338182,50),
(9536,338183,50),
(9537,338184,50),
(9538,338185,50),
(9539,338186,50),
(9540,338187,50),
(9541,338188,50),
(9542,338189,50),
(9543,338190,50),
(9544,338191,50),
(9545,338192,50),
(9546,338193,50),
(9547,338194,50),
(9548,338195,50),
(9549,338196,50),
(9550,338197,50),
(9551,338198,50),
(9552,338199,50),
(9553,338200,50),
(9554,338201,50),
(9555,338202,50),
(9556,338203,50),
(9557,338204,50),
(9558,338205,50),
(9559,338206,50),
(9560,338207,50),
(9561,338208,50),
(9562,338209,50),
(9563,338210,50),
(9564,338211,50),
(9565,338212,50),
(9566,338213,50),
(9567,338214,50),
(9568,338215,50),
(9569,338216,50),
(9570,338217,50),
(9571,338218,50),
(9572,338219,50),
(9573,338220,50),
(9574,338221,50),
(9575,338222,50),
(9576,338223,50),
(9577,338224,50),
(9578,338225,50),
(9579,338226,50),
(9580,338227,50),
(9581,338228,50),
(9582,338229,50),
(9583,338230,50),
(9584,338231,50),
(9585,338232,50),
(9586,338233,50),
(9587,338234,50),
(9588,338235,50),
(9589,338236,50),
(9590,338237,50),
(9591,338238,50),
(9592,338239,50),
(9593,338240,50),
(9594,338241,50),
(9595,338242,50),
(9596,338243,50),
(9597,338244,50),
(9598,338245,50),
(9599,338246,50),
(9600,338247,50),
(9601,338248,50),
(9602,338249,50),
(9603,338250,50),
(9604,338251,50),
(9605,338252,50),
(9606,338253,50),
(9607,338254,50),
(9608,338255,50),
(9609,338256,50),
(9610,338257,50),
(9611,338258,50),
(9612,338259,50),
(9613,338260,50),
(9614,338261,50),
(9615,338262,50),
(9616,338263,50),
(9617,338264,50),
(9618,338265,50),
(9619,338266,50),
(9620,338267,50),
(9621,338268,50),
(9622,338269,50),
(9623,338270,50),
(9624,338271,50),
(9625,338272,50),
(9626,338273,50),
(9627,338274,50),
(9628,338275,50),
(9629,338276,50),
(9630,338277,50),
(9631,338278,50),
(9632,338279,50),
(9633,338280,50),
(9634,338281,50),
(9635,338282,50),
(9636,338283,50),
(9637,338284,50),
(9638,338285,50),
(9639,338286,50),
(9640,338287,50),
(9641,338288,50),
(9642,338289,50),
(9643,338290,50),
(9644,338291,50),
(9645,338292,50),
(9646,338293,50),
(9647,338294,50),
(9648,338295,50),
(9649,338296,50),
(9650,338297,50),
(9651,338298,50),
(9652,338299,50),
(9653,338300,50),
(9654,338301,50),
(9655,338302,50),
(9656,338303,50),
(9657,338304,50),
(9658,338305,50),
(9659,338306,50),
(9660,338307,50),
(9661,338308,50),
(9662,338309,50),
(9663,338310,50),
(9664,338311,50),
(9665,338312,50),
(9666,338313,50),
(9667,338314,50),
(9668,338315,50),
(9669,338316,50),
(9670,338317,50),
(9671,338318,50),
(9672,338319,50),
(9673,338320,50),
(9674,338321,50),
(9675,338322,50),
(9676,338323,50),
(9677,338324,50),
(9678,338325,50),
(9679,338326,50),
(9680,338327,50),
(9681,338328,50),
(9682,338329,50),
(9683,338330,50),
(9684,338331,50),
(9685,338332,50),
(9686,338333,50),
(9687,338334,50),
(9688,338335,50),
(9689,338336,50),
(9690,338337,50),
(9691,338338,50),
(9692,338339,50),
(9693,338340,50),
(9694,338341,50),
(9695,338342,50),
(9696,338343,50),
(9697,338344,50),
(9698,338345,50),
(9699,338346,50),
(9700,338347,50),
(9701,338348,50),
(9702,338349,50),
(9703,338350,50),
(9704,338351,50),
(9705,338352,50),
(9706,338353,50),
(9707,338354,50),
(9708,338355,50),
(9709,338356,50),
(9710,338357,50),
(9711,338358,50),
(9712,338359,50),
(9713,338360,50),
(9714,338361,50),
(9715,338362,50),
(9716,338363,50),
(9717,338364,50),
(9718,338365,50),
(9719,338366,50),
(9720,338367,50),
(9721,338368,50),
(9722,338369,50),
(9723,338370,50),
(9724,338371,50),
(9725,338372,50),
(9726,338373,50),
(9727,338374,50),
(9728,338375,50),
(9729,338376,50),
(9730,338377,50),
(9731,338378,50),
(9732,338379,50),
(9733,338380,50),
(9734,338381,50),
(9735,338382,50),
(9736,338383,50),
(9737,338384,50),
(9738,338385,50),
(9739,338386,50),
(9740,338387,50),
(9741,338388,50),
(9742,338389,50),
(9743,338390,50),
(9744,338391,50),
(9745,338392,50),
(9746,338393,50),
(9747,338394,50),
(9748,338395,50),
(9749,338396,50),
(9750,338397,50),
(9751,338398,50),
(9752,338399,50),
(9753,338400,50),
(9754,338401,50),
(9755,338402,50),
(9756,338403,50),
(9757,338404,50),
(9758,338405,50),
(9759,338406,50),
(9760,338407,50),
(9761,338408,50),
(9762,338409,50),
(9763,338410,50),
(9764,338411,50),
(9765,338412,50),
(9766,338413,50),
(9767,338414,50),
(9768,338415,50),
(9769,338416,50),
(9770,338417,50),
(9771,338418,50),
(9772,338419,50),
(9773,338420,50),
(9774,338421,50),
(9775,338422,50),
(9776,338423,50),
(9777,338424,50),
(9778,338425,50),
(9779,338426,50),
(9780,338427,50),
(9781,338428,50),
(9782,338429,50),
(9783,338430,50),
(9784,338431,50),
(9785,338432,50),
(9786,338433,50),
(9787,338434,50),
(9788,338435,50),
(9789,338436,50),
(9790,338437,50),
(9791,338438,50),
(9792,338439,50),
(9793,338440,50),
(9794,338441,50),
(9795,338442,50),
(9796,338443,50),
(9797,338444,50),
(9798,338445,50),
(9799,338446,50),
(9800,338447,50),
(9801,338448,50),
(9802,338449,50),
(9803,338450,50),
(9804,338451,50),
(9805,338452,50),
(9806,338453,50),
(9807,338454,50),
(9808,338455,50),
(9809,338456,50),
(9810,338457,50),
(9811,338458,50),
(9812,338459,50),
(9813,338460,50),
(9814,338461,50),
(9815,338462,50),
(9816,338463,50),
(9817,338464,50),
(9818,338465,50),
(9819,338466,50),
(9820,338467,50),
(9821,338468,50),
(9822,338469,50),
(9823,338470,50),
(9824,338471,50),
(9825,338472,50),
(9826,338473,50),
(9827,338474,50),
(9828,338475,50),
(9829,338476,50),
(9830,338477,50),
(9831,338478,50),
(9832,338479,50),
(9833,338480,50),
(9834,338481,50),
(9835,338482,50),
(9836,338483,50),
(9837,338484,50),
(9838,338485,50),
(9839,338486,50),
(9840,338487,50),
(9841,338488,50),
(9842,338489,50),
(9843,338490,50),
(9844,338491,50),
(9845,338492,50),
(9846,338493,50),
(9847,338494,50),
(9848,338495,50),
(9849,338496,50),
(9850,338497,50),
(9851,338498,50),
(9852,338499,50),
(9853,338500,50),
(9854,338501,50),
(9855,338502,50),
(9856,338503,50),
(9857,338504,50),
(9858,338505,50),
(9859,338506,50),
(9860,338507,50),
(9861,338508,50),
(9862,338509,50),
(9863,338510,50),
(9864,338511,50),
(9865,338512,50),
(9866,338513,50),
(9867,338514,50),
(9868,338515,50),
(9869,338516,50),
(9870,338518,50),
(9871,338517,50),
(9872,338519,50),
(9873,338520,50),
(9874,338521,50),
(9875,338522,50),
(9876,338523,50),
(9877,338524,50),
(9878,338525,50),
(9879,338526,50),
(9880,338527,50),
(9881,338528,50),
(9882,338529,50),
(9883,338530,50),
(9884,338531,50),
(9885,338532,50),
(9886,338533,50),
(9887,338534,50),
(9888,338535,50),
(9889,338536,50),
(9890,338537,50),
(9891,338538,50),
(9892,338539,50),
(9893,338540,50),
(9894,338541,50),
(9895,338542,50),
(9896,338543,50),
(9897,338544,50),
(9898,338545,50),
(9899,338546,50),
(9900,338547,50),
(9901,338548,50),
(9902,338549,50),
(9903,338550,50),
(9904,338551,50),
(9905,338552,50),
(9906,338553,50),
(9907,338554,50),
(9908,338555,50),
(9909,338556,50),
(9910,338557,50),
(9911,338558,50),
(9912,338559,50),
(9913,338560,50),
(9914,338561,50),
(9915,338562,50),
(9916,338563,50),
(9917,338564,50),
(9918,338565,50),
(9919,338566,50),
(9920,338567,50),
(9921,338568,50),
(9922,338569,50),
(9923,338570,50),
(9924,338571,50),
(9925,338572,50),
(9926,338573,50),
(9927,338574,50),
(9928,338575,50),
(9929,338576,50),
(9930,338577,50),
(9931,338578,50),
(9932,338579,50),
(9933,338580,50),
(9934,338581,50),
(9935,338582,50),
(9936,338583,50),
(9937,338584,50),
(9938,338585,50),
(9939,338586,50),
(9940,338587,50),
(9941,338588,50),
(9942,338589,50),
(9943,338590,50),
(9944,338591,50),
(9945,338592,50),
(9946,338593,50),
(9947,338594,50),
(9948,338595,50),
(9949,338596,50),
(9950,338597,50),
(9951,338598,50),
(9952,338599,50),
(9953,338600,50),
(9954,338601,50),
(9955,338602,50),
(9956,338603,50),
(9957,338604,50),
(9958,338605,50),
(9959,338606,50),
(9960,338607,50),
(9961,338608,50),
(9962,338609,50),
(9963,338610,50),
(9964,338611,50),
(9965,338612,50),
(9966,338613,50),
(9967,338614,50),
(9968,338615,50),
(9969,338616,50),
(9970,338617,50),
(9971,338618,50),
(9972,338619,50),
(9973,338620,50),
(9974,338621,50),
(9975,338622,50),
(9976,338623,50),
(9977,338624,50),
(9978,338625,50),
(9979,338626,50),
(9980,338627,50),
(9981,338628,50),
(9982,338629,50),
(9983,338630,50),
(9984,338631,50),
(9985,338632,50),
(9986,338633,50),
(9987,338634,50),
(9988,338635,50),
(9989,338636,50),
(9990,338637,50),
(9991,338638,50),
(9992,338639,50),
(9993,338640,50),
(9994,338641,50),
(9995,338642,50),
(9996,338643,50),
(9997,338644,50),
(9998,338645,50),
(9999,338646,50),
(10000,338647,50),
(10001,338648,50),
(10002,338649,50),
(10003,338650,50),
(10004,338651,50),
(10005,338652,50),
(10006,338653,50),
(10007,338654,50),
(10008,338655,50),
(10009,338656,50),
(10010,338657,50),
(10011,338658,50),
(10012,338659,50),
(10013,338660,50),
(10014,338661,50),
(10015,338662,50),
(10016,338663,50),
(10017,338664,50),
(10018,338665,50),
(10019,338666,50),
(10020,338667,50),
(10021,338668,50),
(10022,338669,50),
(10023,338670,50),
(10024,338671,50),
(10025,338672,50),
(10026,338673,50),
(10027,338674,50),
(10028,338675,50),
(10029,338676,50),
(10030,338677,50),
(10031,338678,50),
(10032,338679,50),
(10033,338680,50),
(10034,338681,50),
(10035,338682,50),
(10036,338683,50),
(10037,338684,50),
(10038,338685,50),
(10039,338686,50),
(10040,338687,50),
(10041,338688,50),
(10042,338689,50),
(10043,338690,50),
(10044,338691,50),
(10045,338692,50),
(10046,338693,50),
(10047,338694,50),
(10048,338695,50),
(10049,338696,50),
(10050,338697,50),
(10051,338698,50),
(10052,338699,50),
(10053,338700,50),
(10054,338701,50),
(10055,338702,50),
(10056,338703,50),
(10057,338704,50),
(10058,338705,50),
(10059,338706,50),
(10060,338708,50),
(10061,338707,50),
(10062,338709,50),
(10063,338710,50),
(10064,338711,50),
(10065,338712,50),
(10066,338713,50),
(10067,338714,50),
(10068,338715,50),
(10069,338716,50),
(10070,338717,50),
(10071,338718,50),
(10072,338719,50),
(10073,338720,50),
(10074,338721,50),
(10075,338722,50),
(10076,338723,50),
(10077,338724,50),
(10078,338725,50),
(10079,338726,50),
(10080,338727,50),
(10081,338728,50),
(10082,338729,50),
(10083,338730,50),
(10084,338731,50),
(10085,338732,50),
(10086,338733,50),
(10087,338734,50),
(10088,338735,50),
(10089,338736,50),
(10090,338737,50),
(10091,338738,50),
(10092,338739,50),
(10093,338740,50),
(10094,338741,50),
(10095,338742,50),
(10096,338743,50),
(10097,338744,50),
(10098,338745,50),
(10099,338746,50),
(10100,338747,50),
(10101,338748,50),
(10102,338749,50),
(10103,338750,50),
(10104,338751,50),
(10105,338752,50),
(10106,338753,50),
(10107,338754,50),
(10108,338755,50),
(10109,338756,50),
(10110,338757,50),
(10111,338758,50),
(10112,338759,50),
(10113,338760,50),
(10114,338761,50),
(10115,338762,50),
(10116,338763,50),
(10117,338764,50),
(10118,338765,50),
(10119,338766,50),
(10120,338767,50),
(10121,338768,50),
(10122,338769,50),
(10123,338770,50),
(10124,338771,50),
(10125,338772,50),
(10126,338773,50),
(10127,338774,50),
(10128,338775,50),
(10129,338776,50),
(10130,338777,50),
(10131,338778,50),
(10132,338779,50),
(10133,338780,50),
(10134,338781,50),
(10135,338782,50),
(10136,338783,50),
(10137,338784,50),
(10138,338785,50),
(10139,338786,50),
(10140,338787,50),
(10141,338788,50),
(10142,338789,50),
(10143,338790,50),
(10144,338791,50),
(10145,338792,50),
(10146,338793,50),
(10147,338794,50),
(10148,338795,50),
(10149,338796,50),
(10150,338797,50),
(10151,338798,50),
(10152,338799,50),
(10153,338800,50),
(10154,338801,50),
(10155,338802,50),
(10156,338803,50),
(10157,338804,50),
(10158,338805,50),
(10159,338806,50),
(10160,338807,50),
(10161,338808,50),
(10162,338809,50),
(10163,338810,50),
(10164,338811,50),
(10165,338812,50),
(10166,338813,50),
(10167,338814,50),
(10168,338815,50),
(10169,338816,50),
(10170,338817,50),
(10171,338818,50),
(10172,338819,50),
(10173,338820,50),
(10174,338821,50),
(10175,338822,50),
(10176,338823,50),
(10177,338824,50),
(10178,338825,50),
(10179,338826,50),
(10180,338827,50),
(10181,338828,50),
(10182,338829,50),
(10183,338830,50),
(10184,338831,50),
(10185,338832,50),
(10186,338833,50),
(10187,338834,50),
(10188,338835,50),
(10189,338836,50),
(10190,338837,50),
(10191,338838,50),
(10192,338839,50),
(10193,338840,50),
(10194,338841,50),
(10195,338842,50),
(10196,338843,50),
(10197,338844,50),
(10198,338845,50),
(10199,338846,50),
(10200,338847,50),
(10201,338848,50),
(10202,338849,50),
(10203,338850,50),
(10204,338851,50),
(10205,338852,50),
(10206,338853,50),
(10207,338854,50),
(10208,338855,50),
(10209,338856,50),
(10210,338857,50),
(10211,338858,50),
(10212,338859,50),
(10213,338860,50),
(10214,338861,50),
(10215,338862,50),
(10216,338863,50),
(10217,338864,50),
(10218,338865,50),
(10219,338866,50),
(10220,338867,50),
(10221,338868,50),
(10222,338869,50),
(10223,338870,50),
(10224,338871,50),
(10225,338872,50),
(10226,338873,50),
(10227,338874,50),
(10228,338875,50),
(10229,338876,50),
(10230,338877,50),
(10231,338878,50),
(10232,338879,50),
(10233,338880,50),
(10234,338881,50),
(10235,338882,50),
(10236,338883,50),
(10237,338884,50),
(10238,338885,50),
(10239,338886,50),
(10240,338887,50),
(10241,338888,50),
(10242,338889,50),
(10243,338890,50),
(10244,338891,50),
(10245,338892,50),
(10246,338893,50),
(10247,338894,50),
(10248,338895,50),
(10249,338896,50),
(10250,338897,50),
(10251,338898,50),
(10252,338899,50),
(10253,338900,50),
(10254,338901,50),
(10255,338902,50),
(10256,338903,50),
(10257,338904,50),
(10258,338905,50),
(10259,338906,50),
(10260,338907,50),
(10261,338908,50),
(10262,338909,50),
(10263,338910,50),
(10264,338911,50),
(10265,338912,50),
(10266,338913,50),
(10267,338914,50),
(10268,338915,50),
(10269,338916,50),
(10270,338917,50),
(10271,338918,50),
(10272,338919,50),
(10273,338920,50),
(10274,338921,50),
(10275,338922,50),
(10276,338923,50),
(10277,338924,50),
(10278,338925,50),
(10279,338926,50),
(10280,338927,50),
(10281,338928,50),
(10282,338929,50),
(10283,338930,50),
(10284,338931,50),
(10285,338932,50),
(10286,338933,50),
(10287,338934,50),
(10288,338935,50),
(10289,338936,50),
(10290,338937,50),
(10291,338938,50),
(10292,338939,50),
(10293,338940,50),
(10294,338941,50),
(10295,338942,50),
(10296,338943,50),
(10297,338944,50),
(10298,338945,50),
(10299,338946,50),
(10300,338947,50),
(10301,338948,50),
(10302,338949,50),
(10303,338950,50),
(10304,338951,50),
(10305,338952,50),
(10306,338953,50),
(10307,338954,50),
(10308,338955,50),
(10309,338956,50),
(10310,338957,50),
(10311,338958,50),
(10312,338959,50),
(10313,338960,50),
(10314,338961,50),
(10315,338962,50),
(10316,338963,50),
(10317,338964,50),
(10318,338965,50),
(10319,338966,50),
(10320,338967,50),
(10321,338968,50),
(10322,338969,50),
(10323,338970,50),
(10324,338971,50),
(10325,338972,50),
(10326,338973,50),
(10327,338974,50),
(10328,338975,50),
(10329,338976,50),
(10330,338977,50),
(10331,338978,50),
(10332,338979,50),
(10333,338980,50),
(10334,338981,50),
(10335,338982,50),
(10336,338983,50),
(10337,338984,50),
(10338,338985,50),
(10339,338986,50),
(10340,338987,50),
(10341,338988,50),
(10342,338989,50),
(10343,338990,50),
(10344,338991,50),
(10345,338992,50),
(10346,338993,50),
(10347,338994,50),
(10348,338995,50),
(10349,338996,50),
(10350,338997,50),
(10351,338998,50),
(10352,338999,50),
(10353,339000,50),
(10354,339002,50),
(10355,339001,50),
(10356,339003,50),
(10357,339004,50),
(10358,339005,50),
(10359,339006,50),
(10360,339007,50),
(10361,339008,50),
(10362,339009,50),
(10363,339010,50),
(10364,339011,50),
(10365,339012,50),
(10366,339013,50),
(10367,339014,50),
(10368,339015,50),
(10369,339016,50),
(10370,339017,50),
(10371,339018,50),
(10372,339019,50),
(10373,339020,50),
(10374,339021,50),
(10375,339022,50),
(10376,339023,50),
(10377,339024,50),
(10378,339025,50),
(10379,339026,50),
(10380,339027,50),
(10381,339028,50),
(10382,339029,50),
(10383,339030,50),
(10384,339031,50),
(10385,339032,50),
(10386,339033,50),
(10387,339034,50),
(10388,339035,50),
(10389,339036,50),
(10390,339037,50),
(10391,339038,50),
(10392,339039,50),
(10393,339040,50),
(10394,339041,50),
(10395,339042,50),
(10396,339043,50),
(10397,339044,50),
(10398,339045,50),
(10399,339046,50),
(10400,339047,50),
(10401,339048,50),
(10402,339049,50),
(10403,339050,50),
(10404,339051,50),
(10405,339052,50),
(10406,339053,50),
(10407,339054,50),
(10408,339055,50),
(10409,339056,50),
(10410,339057,50),
(10411,339058,50),
(10412,339059,50),
(10413,339060,50),
(10414,339061,50),
(10415,339062,50),
(10416,339063,50),
(10417,339064,50),
(10418,339065,50),
(10419,339066,50),
(10420,339067,50),
(10421,339068,50),
(10422,339069,50),
(10423,339070,50),
(10424,339071,50),
(10425,339072,50),
(10426,339073,50),
(10427,339074,50),
(10428,339075,50),
(10429,339076,50),
(10430,339077,50),
(10431,339078,50),
(10432,339079,50),
(10433,339080,50),
(10434,339081,50),
(10435,339082,50),
(10436,339083,50),
(10437,339084,50),
(10438,339085,50),
(10439,339086,50),
(10440,339087,50),
(10441,339088,50),
(10442,339089,50),
(10443,339090,50),
(10444,339091,50),
(10445,339092,50),
(10446,339093,50),
(10447,339094,50),
(10448,339095,50),
(10449,339096,50),
(10450,339097,50),
(10451,339098,50),
(10452,339099,50),
(10453,339100,50),
(10454,339101,50),
(10455,339102,50),
(10456,339103,50),
(10457,339104,50),
(10458,339105,50),
(10459,339106,50),
(10460,339107,50),
(10461,339108,50),
(10462,339109,50),
(10463,339110,50),
(10464,339111,50),
(10465,339112,50),
(10466,339113,50),
(10467,339114,50),
(10468,339115,50),
(10469,339116,50),
(10470,339117,50),
(10471,339118,50),
(10472,339119,50),
(10473,339120,50),
(10474,339121,50),
(10475,339122,50),
(10476,339123,50),
(10477,339124,50),
(10478,339125,50),
(10479,339126,50),
(10480,339127,50),
(10481,339128,50),
(10482,339129,50),
(10483,339130,50),
(10484,339131,50),
(10485,339132,50),
(10486,339133,50),
(10487,339134,50),
(10488,339135,50),
(10489,339136,50),
(10490,339137,50),
(10491,339138,50),
(10492,339139,50),
(10493,339140,50),
(10494,339141,50),
(10495,339142,50),
(10496,339143,50),
(10497,339144,50),
(10498,339145,50),
(10499,339147,50),
(10500,339146,50),
(10501,339148,50),
(10502,339149,50),
(10503,339150,50),
(10504,339151,50),
(10505,339152,50),
(10506,339153,50),
(10507,339154,50),
(10508,339155,50),
(10509,339156,50),
(10510,339157,50),
(10511,339158,50),
(10512,339159,50),
(10513,339160,50),
(10514,339161,50),
(10515,339162,50),
(10516,339163,50),
(10517,339164,50),
(10518,339165,50),
(10519,339166,50),
(10520,339167,50),
(10521,339168,50),
(10522,339169,50),
(10523,339170,50),
(10524,339171,50),
(10525,339172,50),
(10526,339173,50),
(10527,339174,50),
(10528,339175,50),
(10529,339176,50),
(10530,339177,50),
(10531,339178,50),
(10532,339179,50),
(10533,339180,50),
(10534,339181,50),
(10535,339182,50),
(10536,339183,50),
(10537,339185,50),
(10538,339184,50),
(10539,339186,50),
(10540,339187,50),
(10541,339188,50),
(10542,339189,50),
(10543,339190,50),
(10544,339191,50),
(10545,339192,50),
(10546,339193,50),
(10547,339194,50),
(10548,339195,50),
(10549,339196,50),
(10550,339197,50),
(10551,339198,50),
(10552,339199,50),
(10553,339200,50),
(10554,339201,50),
(10555,339202,50),
(10556,339203,50),
(10557,339204,50),
(10558,339205,50),
(10559,339206,50),
(10560,339207,50),
(10561,339208,50),
(10562,339209,50),
(10563,339210,50),
(10564,339211,50),
(10565,339212,50),
(10566,339213,50),
(10567,339214,50),
(10568,339215,50),
(10569,339216,50),
(10570,339217,50),
(10571,339218,50),
(10572,339219,50),
(10573,339220,50),
(10574,339221,50),
(10575,339222,50),
(10576,339223,50),
(10577,339224,50),
(10578,339225,50),
(10579,339226,50),
(10580,339227,50),
(10581,339228,50),
(10582,339229,50),
(10583,339230,50),
(10584,339231,50),
(10585,339232,50),
(10586,339233,50),
(10587,339234,50),
(10588,339235,50),
(10589,339236,50),
(10590,339237,50),
(10591,339238,50),
(10592,339239,50),
(10593,339240,50),
(10594,339241,50),
(10595,339242,50),
(10596,339243,50),
(10597,339244,50),
(10598,339245,50),
(10599,339246,50),
(10600,339247,50),
(10601,339248,50),
(10602,339249,50),
(10603,339250,50),
(10604,339251,50),
(10605,339252,50),
(10606,339253,50),
(10607,339254,50),
(10608,339255,50),
(10609,339256,50),
(10610,339257,50),
(10611,339258,50),
(10612,339259,50),
(10613,339260,50),
(10614,339261,50),
(10615,339262,50),
(10616,339263,50),
(10617,339264,50),
(10618,339265,50),
(10619,339266,50),
(10620,339267,50),
(10621,339268,50),
(10622,339269,50),
(10623,339270,50),
(10624,339271,50),
(10625,339272,50),
(10626,339273,50),
(10627,339274,50),
(10628,339275,50),
(10629,339276,50),
(10630,339277,50),
(10631,339278,50),
(10632,339279,50),
(10633,339280,50),
(10634,339281,50),
(10635,339282,50),
(10636,339283,50),
(10637,339284,50),
(10638,339285,50),
(10639,339286,50),
(10640,339287,50),
(10641,339288,50),
(10642,339289,50),
(10643,339290,50),
(10644,339291,50),
(10645,339292,50),
(10646,339293,50),
(10647,339294,50),
(10648,339295,50),
(10649,339296,50),
(10650,339297,50),
(10651,339298,50),
(10652,339299,50),
(10653,339300,50),
(10654,339301,50),
(10655,339302,50),
(10656,339303,50),
(10657,339304,50),
(10658,339305,50),
(10659,339306,50),
(10660,339307,50),
(10661,339308,50),
(10662,339309,50),
(10663,339310,50),
(10664,339311,50),
(10665,339312,50),
(10666,339313,50),
(10667,339314,50),
(10668,339315,50),
(10669,339316,50),
(10670,339317,50),
(10671,339318,50),
(10672,339319,50),
(10673,339320,50),
(10674,339321,50),
(10675,339322,50),
(10676,339323,50),
(10677,339324,50),
(10678,339325,50),
(10679,339326,50),
(10680,339327,50),
(10681,339328,50),
(10682,339329,50),
(10683,339330,50),
(10684,339331,50),
(10685,339332,50),
(10686,339333,50),
(10687,339334,50),
(10688,339335,50),
(10689,339336,50),
(10690,339337,50),
(10691,339338,50),
(10692,339339,50),
(10693,339340,50),
(10694,339341,50),
(10695,339342,50),
(10696,339343,50),
(10697,339344,50),
(10698,339345,50),
(10699,339346,50),
(10700,339347,50),
(10701,339348,50),
(10702,339349,50),
(10703,339350,50),
(10704,339351,50),
(10705,339352,50),
(10706,339353,50),
(10707,339354,50),
(10708,339355,50),
(10709,339356,50),
(10710,339357,50),
(10711,339358,50),
(10712,339359,50),
(10713,339360,50),
(10714,339361,50),
(10715,339362,50),
(10716,339363,50),
(10717,339364,50),
(10718,339365,50),
(10719,339366,50),
(10720,339367,50),
(10721,339368,50),
(10722,339369,50),
(10723,339370,50),
(10724,339371,50),
(10725,339373,50),
(10726,339372,50),
(10727,339374,50),
(10728,339375,50),
(10729,339376,50),
(10730,339377,50),
(10731,339378,50),
(10732,339379,50),
(10733,339380,50),
(10734,339381,50),
(10735,339382,50),
(10736,339383,50),
(10737,339384,50),
(10738,339385,50),
(10739,339386,50),
(10740,339387,50),
(10741,339388,50),
(10742,339389,50),
(10743,339390,50),
(10744,339391,50),
(10745,339392,50),
(10746,339393,50),
(10747,339394,50),
(10748,339395,50),
(10749,339396,50),
(10750,339397,50),
(10751,339398,50),
(10752,339399,50),
(10753,339400,50),
(10754,339401,50),
(10755,339402,50),
(10756,339403,50),
(10757,339404,50),
(10758,339405,50),
(10759,339406,50),
(10760,339407,50),
(10761,339408,50),
(10762,339409,50),
(10763,339410,50),
(10764,339411,50),
(10765,339412,50),
(10766,339413,50),
(10767,339414,50),
(10768,339415,50),
(10769,339416,50),
(10770,339417,50),
(10771,339418,50),
(10772,339419,50),
(10773,339420,50),
(10774,339421,50),
(10775,339422,50),
(10776,339423,50),
(10777,339424,50),
(10778,339425,50),
(10779,339426,50),
(10780,339427,50),
(10781,339428,50),
(10782,339429,50),
(10783,339430,50),
(10784,339431,50),
(10785,339432,50),
(10786,339433,50),
(10787,339434,50),
(10788,339435,50),
(10789,339436,50),
(10790,339437,50),
(10791,339438,50),
(10792,339439,50),
(10793,339440,50),
(10794,339441,50),
(10795,339442,50),
(10796,339443,50),
(10797,339444,50),
(10798,339445,50),
(10799,339446,50),
(10800,339447,50),
(10801,339448,50),
(10802,339449,50),
(10803,339450,50),
(10804,339451,50),
(10805,339452,50),
(10806,339454,50),
(10807,339453,50),
(10808,339455,50),
(10809,339456,50),
(10810,339457,50),
(10811,339458,50),
(10812,339459,50),
(10813,339460,50),
(10814,339461,50),
(10815,339462,50),
(10816,339463,50),
(10817,339464,50),
(10818,339465,50),
(10819,339466,50),
(10820,339467,50),
(10821,339468,50),
(10822,339469,50),
(10823,339470,50),
(10824,339471,50),
(10825,339472,50),
(10826,339473,50),
(10827,339474,50),
(10828,339475,50),
(10829,339476,50),
(10830,339477,50),
(10831,339478,50),
(10832,339479,50),
(10833,339480,50),
(10834,339481,50),
(10835,339482,50),
(10836,339483,50),
(10837,339484,50),
(10838,339485,50),
(10839,339486,50),
(10840,339487,50),
(10841,339488,50),
(10842,339489,50),
(10843,339490,50),
(10844,339491,50),
(10845,339492,50),
(10846,339493,50),
(10847,339494,50),
(10848,339495,50),
(10849,339496,50),
(10850,339497,50),
(10851,339498,50),
(10852,339499,50),
(10853,339500,50),
(10854,339501,50),
(10855,339502,50),
(10856,339503,50),
(10857,339505,50),
(10858,339504,50),
(10859,339506,50),
(10860,339507,50),
(10861,339508,50),
(10862,339509,50),
(10863,339510,50),
(10864,339511,50),
(10865,339512,50),
(10866,339513,50),
(10867,339514,50),
(10868,339515,50),
(10869,339516,50),
(10870,339517,50),
(10871,339518,50),
(10872,339519,50),
(10873,339520,50),
(10874,339521,50),
(10875,339522,50),
(10876,339523,50),
(10877,339524,50),
(10878,339525,50),
(10879,339526,50),
(10880,339527,50),
(10881,339528,50),
(10882,339529,50),
(10883,339531,50),
(10884,339530,50),
(10885,339532,50),
(10886,339533,50),
(10887,339534,50),
(10888,339535,50),
(10889,339536,50),
(10890,339537,50),
(10891,339538,50),
(10892,339539,50),
(10893,339540,50),
(10894,339541,50),
(10895,339542,50),
(10896,339543,50),
(10897,339544,50),
(10898,339545,50),
(10899,339546,50),
(10900,339547,50),
(10901,339548,50),
(10902,339549,50),
(10903,339550,50),
(10904,339551,50),
(10905,339552,50),
(10906,339553,50),
(10907,339554,50),
(10908,339555,50),
(10909,339556,50),
(10910,339557,50),
(10911,339558,50),
(10912,339559,50),
(10913,339560,50),
(10914,339561,50),
(10915,339562,50),
(10916,339563,50),
(10917,339564,50),
(10918,339565,50),
(10919,339567,50),
(10920,339566,50),
(10921,339568,50),
(10922,339569,50),
(10923,339570,50),
(10924,339571,50),
(10925,339572,50),
(10926,339573,50),
(10927,339574,50),
(10928,339575,50),
(10929,339576,50),
(10930,339577,50),
(10931,339578,50),
(10932,339579,50),
(10933,339580,50),
(10934,339581,50),
(10935,339582,50),
(10936,339583,50),
(10937,339584,50),
(10938,339585,50),
(10939,339586,50),
(10940,339587,50),
(10941,339588,50),
(10942,339589,50),
(10943,339590,50),
(10944,339591,50),
(10945,339592,50),
(10946,339593,50),
(10947,339594,50),
(10948,339595,50),
(10949,339596,50),
(10950,339597,50),
(10951,339598,50),
(10952,339599,50),
(10953,339600,50),
(10954,339601,50),
(10955,339602,50),
(10956,339603,50),
(10957,339604,50),
(10958,339605,50),
(10959,339606,50),
(10960,339607,50),
(10961,339608,50),
(10962,339609,50),
(10963,339610,50),
(10964,339611,50),
(10965,339612,50),
(10966,339613,50),
(10967,339614,50),
(10968,339615,50),
(10969,339616,50),
(10970,339617,50),
(10971,339618,50),
(10972,339619,50),
(10973,339620,50),
(10974,339621,50),
(10975,339622,50),
(10976,339623,50),
(10977,339624,50),
(10978,339625,50),
(10979,339626,50),
(10980,339627,50),
(10981,339628,50),
(10982,339629,50),
(10983,339630,50),
(10984,339631,50),
(10985,339632,50),
(10986,339633,50),
(10987,339634,50),
(10988,339635,50),
(10989,339636,50),
(10990,339637,50),
(10991,339638,50),
(10992,339639,50),
(10993,339640,50),
(10994,339641,50),
(10995,339642,50),
(10996,339643,50),
(10997,339644,50),
(10998,339645,50),
(10999,339646,50),
(11000,339647,50),
(11001,339648,50),
(11002,339649,50),
(11003,339650,50),
(11004,339651,50),
(11005,339652,50),
(11006,339653,50),
(11007,339654,50),
(11008,339655,50),
(11009,339656,50),
(11010,339657,50),
(11011,339658,50),
(11012,339659,50),
(11013,339660,50),
(11014,339661,50),
(11015,339662,50),
(11016,339663,50),
(11017,339664,50),
(11018,339665,50),
(11019,339666,50),
(11020,339667,50),
(11021,339668,50),
(11022,339669,50),
(11023,339670,50),
(11024,339671,50),
(11025,339672,50),
(11026,339673,50),
(11027,339674,50),
(11028,339675,50),
(11029,339676,50),
(11030,339677,50),
(11031,339678,50),
(11032,339679,50),
(11033,339681,50),
(11034,339680,50),
(11035,339682,50),
(11036,339683,50),
(11037,339684,50),
(11038,339685,50),
(11039,339686,50),
(11040,339687,50),
(11041,339688,50),
(11042,339689,50),
(11043,339690,50),
(11044,339691,50),
(11045,339692,50),
(11046,339693,50),
(11047,339694,50),
(11048,339695,50),
(11049,339696,50),
(11050,339697,50),
(11051,339698,50),
(11052,339699,50),
(11053,339700,50),
(11054,339701,50),
(11055,339702,50),
(11056,339703,50),
(11057,339704,50),
(11058,339705,50),
(11059,339706,50),
(11060,339707,50),
(11061,339708,50),
(11062,339709,50),
(11063,339710,50),
(11064,339711,50),
(11065,339712,50),
(11066,339713,50),
(11067,339714,50),
(11068,339715,50),
(11069,339716,50),
(11070,339717,50),
(11071,339718,50),
(11072,339719,50),
(11073,339720,50),
(11074,339721,50),
(11075,339722,50),
(11076,339723,50),
(11077,339724,50),
(11078,339725,50),
(11079,339726,50),
(11080,339727,50),
(11081,339728,50),
(11082,339729,50),
(11083,339730,50),
(11084,339731,50),
(11085,339732,50),
(11086,339733,50),
(11087,339734,50),
(11088,339735,50),
(11089,339736,50),
(11090,339737,50),
(11091,339738,50),
(11092,339739,50),
(11093,339740,50),
(11094,339741,50),
(11095,339742,50),
(11096,339743,50),
(11097,339744,50),
(11098,339745,50),
(11099,339746,50),
(11100,339747,50),
(11101,339748,50),
(11102,339749,50),
(11103,339750,50),
(11104,339751,50),
(11105,339752,50),
(11106,339753,50),
(11107,339754,50),
(11108,339755,50),
(11109,339756,50),
(11110,339757,50),
(11111,339758,50),
(11112,339759,50),
(11113,339760,50),
(11114,339761,50),
(11115,339762,50),
(11116,339763,50),
(11117,339764,50),
(11118,339765,50),
(11119,339766,50),
(11120,339767,50),
(11121,339768,50),
(11122,339769,50),
(11123,339770,50),
(11124,339771,50),
(11125,339772,50),
(11126,339773,50),
(11127,339774,50),
(11128,339775,50),
(11129,339776,50),
(11130,339777,50),
(11131,339778,50),
(11132,339779,50),
(11133,339780,50),
(11134,339781,50),
(11135,339782,50),
(11136,339783,50),
(11137,339784,50),
(11138,339785,50),
(11139,339786,50),
(11140,339787,50),
(11141,339788,50),
(11142,339789,50),
(11143,339790,50),
(11144,339791,50),
(11145,339792,50),
(11146,339793,50),
(11147,339794,50),
(11148,339795,50),
(11149,339796,50),
(11150,339797,50),
(11151,339798,50),
(11152,339799,50),
(11153,339800,50),
(11154,339801,50),
(11155,339802,50),
(11156,339803,50),
(11157,339804,50),
(11158,339805,50),
(11159,339806,50),
(11160,339807,50),
(11161,339808,50),
(11162,339809,50),
(11163,339810,50),
(11164,339811,50),
(11165,339812,50),
(11166,339813,50),
(11167,339814,50),
(11168,339815,50),
(11169,339816,50),
(11170,339817,50),
(11171,339818,50),
(11172,339819,50),
(11173,339820,50),
(11174,339821,50),
(11175,339822,50),
(11176,339823,50),
(11177,339824,50),
(11178,339825,50),
(11179,339826,50),
(11180,339827,50),
(11181,339828,50),
(11182,339829,50),
(11183,339830,50),
(11184,339831,50),
(11185,339832,50),
(11186,339833,50),
(11187,339834,50),
(11188,339835,50),
(11189,339836,50),
(11190,339837,50),
(11191,339838,50),
(11192,339839,50),
(11193,339840,50),
(11194,339841,50),
(11195,339842,50),
(11196,339843,50),
(11197,339844,50),
(11198,339845,50),
(11199,339846,50),
(11200,339847,50),
(11201,339848,50),
(11202,339849,50),
(11203,339850,50),
(11204,339851,50),
(11205,339852,50),
(11206,339853,50),
(11207,339854,50),
(11208,339855,50),
(11209,339856,50),
(11210,339857,50),
(11211,339858,50),
(11212,339859,50),
(11213,339860,50),
(11214,339861,50),
(11215,339862,50),
(11216,339863,50),
(11217,339864,50),
(11218,339865,50),
(11219,339866,50),
(11220,339867,50),
(11221,339868,50),
(11222,339869,50),
(11223,339870,50),
(11224,339871,50),
(11225,339872,50),
(11226,339873,50),
(11227,339874,50),
(11228,339875,50),
(11229,339876,50),
(11230,339877,50),
(11231,339878,50),
(11232,339879,50),
(11233,339880,50),
(11234,339881,50),
(11235,339882,50),
(11236,339883,50),
(11237,339884,50),
(11238,339885,50),
(11239,339886,50),
(11240,339887,50),
(11241,339888,50),
(11242,339889,50),
(11243,339890,50),
(11244,339891,50),
(11245,339892,50),
(11246,339893,50),
(11247,339894,50),
(11248,339895,50),
(11249,339896,50),
(11250,339897,50),
(11251,339898,50),
(11252,339899,50),
(11253,339900,50),
(11254,339901,50),
(11255,339902,50),
(11256,339903,50),
(11257,339904,50),
(11258,339905,50),
(11259,339906,50),
(11260,339907,50),
(11261,339908,50),
(11262,339909,50),
(11263,339910,50),
(11264,339911,50),
(11265,339912,50),
(11266,339913,50),
(11267,339914,50),
(11268,339915,50),
(11269,339916,50),
(11270,339917,50),
(11271,339918,50),
(11272,339919,50),
(11273,339920,50),
(11274,339921,50),
(11275,339922,50),
(11276,339923,50),
(11277,339924,50),
(11278,339925,50),
(11279,339926,50),
(11280,339927,50),
(11281,339928,50),
(11282,339929,50),
(11283,339930,50),
(11284,339931,50),
(11285,339932,50),
(11286,339933,50),
(11287,339934,50),
(11288,339935,50),
(11289,339936,50),
(11290,339937,50),
(11291,339938,50),
(11292,339939,50),
(11293,339940,50),
(11294,339941,50),
(11295,339942,50),
(11296,339943,50),
(11297,339944,50),
(11298,339945,50),
(11299,339946,50),
(11300,339947,50),
(11301,339948,50),
(11302,339949,50),
(11303,339950,50),
(11304,339951,50),
(11305,339952,50),
(11306,339953,50),
(11307,339954,50),
(11308,339955,50),
(11309,339956,50),
(11310,339957,50),
(11311,339958,50),
(11312,339959,50),
(11313,339960,50),
(11314,339961,50),
(11315,339962,50),
(11316,339963,50),
(11317,339964,50),
(11318,339965,50),
(11319,339966,50),
(11320,339967,50),
(11321,339968,50),
(11322,339969,50),
(11323,339970,50),
(11324,339971,50),
(11325,339972,50),
(11326,339973,50),
(11327,339974,50),
(11328,339975,50),
(11329,339976,50),
(11330,339977,50),
(11331,339978,50),
(11332,339979,50),
(11333,339980,50),
(11334,339981,50),
(11335,339982,50),
(11336,339983,50),
(11337,339984,50),
(11338,339985,50),
(11339,339986,50),
(11340,339987,50),
(11341,339988,50),
(11342,339989,50),
(11343,339990,50),
(11344,339991,50),
(11345,339992,50),
(11346,339993,50),
(11347,339994,50),
(11348,339995,50),
(11349,339996,50),
(11350,339997,50),
(11351,339998,50),
(11352,339999,50),
(11353,340000,50),
(11354,340001,50),
(11355,340002,50),
(11356,340003,50),
(11357,340004,50),
(11358,340005,50),
(11359,340006,50),
(11360,340007,50),
(11361,340008,50),
(11362,340009,50),
(11363,340010,50),
(11364,340011,50),
(11365,340012,50),
(11366,340013,50),
(11367,340014,50),
(11368,340015,50),
(11369,340016,50),
(11370,340017,50),
(11371,340018,50),
(11372,340019,50),
(11373,340020,50),
(11374,340021,50),
(11375,340022,50),
(11376,340023,50),
(11377,340024,50),
(11378,340025,50),
(11379,340026,50),
(11380,340027,50),
(11381,340028,50),
(11382,340029,50),
(11383,340030,50),
(11384,340031,50),
(11385,340032,50),
(11386,340033,50),
(11387,340034,50),
(11388,340035,50),
(11389,340036,50),
(11390,340037,50),
(11391,340038,50),
(11392,340039,50),
(11393,340040,50),
(11394,340041,50),
(11395,340042,50),
(11396,340043,50),
(11397,340044,50),
(11398,340045,50),
(11399,340046,50),
(11400,340047,50),
(11401,340048,50),
(11402,340049,50),
(11403,340050,50),
(11404,340051,50),
(11405,340052,50),
(11406,340053,50),
(11407,340054,50),
(11408,340055,50),
(11409,340056,50),
(11410,340057,50),
(11411,340058,50),
(11412,340059,50),
(11413,340060,50),
(11414,340061,50),
(11415,340062,50),
(11416,340063,50),
(11417,340064,50),
(11418,340065,50),
(11419,340066,50),
(11420,340067,50),
(11421,340068,50),
(11422,340069,50),
(11423,340070,50),
(11424,340071,50),
(11425,340072,50),
(11426,340073,50),
(11427,340074,50),
(11428,340075,50),
(11429,340076,50),
(11430,340077,50),
(11431,340078,50),
(11432,340079,50),
(11433,340080,50),
(11434,340081,50),
(11435,340082,50),
(11436,340083,50),
(11437,340084,50),
(11438,340085,50),
(11439,340086,50),
(11440,340087,50),
(11441,340088,50),
(11442,340089,50),
(11443,340090,50),
(11444,340091,50),
(11445,340092,50),
(11446,340093,50),
(11447,340094,50),
(11448,340095,50),
(11449,340096,50),
(11450,340097,50),
(11451,340098,50),
(11452,340099,50),
(11453,340100,50),
(11454,340101,50),
(11455,340102,50),
(11456,340103,50),
(11457,340104,50),
(11458,340105,50),
(11459,340106,50),
(11460,340107,50),
(11461,340108,50),
(11462,340109,50),
(11463,340110,50),
(11464,340111,50),
(11465,340112,50),
(11466,340113,50),
(11467,340114,50),
(11468,340115,50),
(11469,340116,50),
(11470,340117,50),
(11471,340118,50),
(11472,340119,50),
(11473,340120,50),
(11474,340121,50),
(11475,340122,50),
(11476,340123,50),
(11477,340124,50),
(11478,340125,50),
(11479,340126,50),
(11480,340127,50),
(11481,340128,50),
(11482,340129,50),
(11483,340130,50),
(11484,340131,50),
(11485,340132,50),
(11486,340133,50),
(11487,340134,50),
(11488,340135,50),
(11489,340136,50),
(11490,340137,50),
(11491,340138,50),
(11492,340139,50),
(11493,340140,50),
(11494,340141,50),
(11495,340142,50),
(11496,340143,50),
(11497,340144,50),
(11498,340145,50),
(11499,340146,50),
(11500,340147,50),
(11501,340148,50),
(11502,340149,50),
(11503,340150,50),
(11504,340151,50),
(11505,340152,50),
(11506,340153,50),
(11507,340154,50),
(11508,340155,50),
(11509,340156,50),
(11510,340157,50),
(11511,340158,50),
(11512,340159,50),
(11513,340160,50),
(11514,340161,50),
(11515,340162,50),
(11516,340163,50),
(11517,340164,50),
(11518,340165,50),
(11519,340166,50),
(11520,340167,50),
(11521,340168,50),
(11522,340169,50),
(11523,340170,50),
(11524,340171,50),
(11525,340172,50),
(11526,340173,50),
(11527,340174,50),
(11528,340175,50),
(11529,340176,50),
(11530,340177,50),
(11531,340178,50),
(11532,340179,50),
(11533,340180,50),
(11534,340181,50),
(11535,340182,50),
(11536,340183,50),
(11537,340184,50),
(11538,340185,50),
(11539,340186,50),
(11540,340187,50),
(11541,340188,50),
(11542,340189,50),
(11543,340190,50),
(11544,340191,50),
(11545,340192,50),
(11546,340193,50),
(11547,340194,50),
(11548,340195,50),
(11549,340196,50),
(11550,340197,50),
(11551,340198,50),
(11552,340199,50),
(11553,340201,50),
(11554,340200,50),
(11555,340202,50),
(11556,340203,50),
(11557,340204,50),
(11558,340205,50),
(11559,340206,50),
(11560,340207,50),
(11561,340208,50),
(11562,340209,50),
(11563,340210,50),
(11564,340211,50),
(11565,340212,50),
(11566,340213,50),
(11567,340214,50),
(11568,340215,50),
(11569,340216,50),
(11570,340217,50),
(11571,340218,50),
(11572,340219,50),
(11573,340220,50),
(11574,340221,50),
(11575,340222,50),
(11576,340223,50),
(11577,340224,50),
(11578,340225,50),
(11579,340226,50),
(11580,340227,50),
(11581,340228,50),
(11582,340229,50),
(11583,340230,50),
(11584,340231,50),
(11585,340232,50),
(11586,340233,50),
(11587,340234,50),
(11588,340235,50),
(11589,340236,50),
(11590,340237,50),
(11591,340238,50),
(11592,340239,50),
(11593,340240,50),
(11594,340241,50),
(11595,340242,50),
(11596,340243,50),
(11597,340244,50),
(11598,340245,50),
(11599,340246,50),
(11600,340247,50),
(11601,340248,50),
(11602,340249,50),
(11603,340250,50),
(11604,340251,50),
(11605,340252,50),
(11606,340253,50),
(11607,340254,50),
(11608,340255,50),
(11609,340256,50),
(11610,340257,50),
(11611,340258,50),
(11612,340259,50),
(11613,340260,50),
(11614,340261,50),
(11615,340262,50),
(11616,340263,50),
(11617,340264,50),
(11618,340265,50),
(11619,340266,50),
(11620,340267,50),
(11621,340268,50),
(11622,340269,50),
(11623,340270,50),
(11624,340271,50),
(11625,340272,50),
(11626,340273,50),
(11627,340274,50),
(11628,340275,50),
(11629,340276,50),
(11630,340277,50),
(11631,340278,50),
(11632,340279,50),
(11633,340280,50),
(11634,340281,50),
(11635,340282,50),
(11636,340283,50),
(11637,340284,50),
(11638,340285,50),
(11639,340286,50),
(11640,340287,50),
(11641,340288,50),
(11642,340289,50),
(11643,340290,50),
(11644,340291,50),
(11645,340292,50),
(11646,340293,50),
(11647,340294,50),
(11648,340295,50),
(11649,340296,50),
(11650,340297,50),
(11651,340298,50),
(11652,340299,50),
(11653,340300,50),
(11654,340301,50),
(11655,340302,50),
(11656,340304,50),
(11657,340303,50),
(11658,340305,50),
(11659,340306,50),
(11660,340307,50),
(11661,340308,50),
(11662,340309,50),
(11663,340310,50),
(11664,340311,50),
(11665,340312,50),
(11666,340313,50),
(11667,340314,50),
(11668,340315,50),
(11669,340316,50),
(11670,340317,50),
(11671,340318,50),
(11672,340319,50),
(11673,340320,50),
(11674,340321,50),
(11675,340322,50),
(11676,340323,50),
(11677,340324,50),
(11678,340325,50),
(11679,340326,50),
(11680,340327,50),
(11681,340328,50),
(11682,340329,50),
(11683,340330,50),
(11684,340331,50),
(11685,340332,50),
(11686,340333,50),
(11687,340334,50),
(11688,340335,50),
(11689,340336,50),
(11690,340337,50),
(11691,340338,50),
(11692,340339,50),
(11693,340340,50),
(11694,340341,50),
(11695,340342,50),
(11696,340343,50),
(11697,340344,50),
(11698,340345,50),
(11699,340346,50),
(11700,340347,50),
(11701,340348,50),
(11702,340349,50),
(11703,340350,50),
(11704,340351,50),
(11705,340352,50),
(11706,340353,50),
(11707,340354,50),
(11708,340355,50),
(11709,340356,50),
(11710,340357,50),
(11711,340358,50),
(11712,340359,50),
(11713,340360,50),
(11714,340361,50),
(11715,340362,50),
(11716,340363,50),
(11717,340364,50),
(11718,340365,50),
(11719,340366,50),
(11720,340367,50),
(11721,340368,50),
(11722,340369,50),
(11723,340370,50),
(11724,340371,50),
(11725,340372,50),
(11726,340373,50),
(11727,340374,50),
(11728,340375,50),
(11729,340376,50),
(11730,340377,50),
(11731,340378,50),
(11732,340379,50),
(11733,340380,50),
(11734,340381,50),
(11735,340382,50),
(11736,340383,50),
(11737,340384,50),
(11738,340385,50),
(11739,340386,50),
(11740,340387,50),
(11741,340388,50),
(11742,340389,50),
(11743,340390,50),
(11744,340391,50),
(11745,340392,50),
(11746,340393,50),
(11747,340394,50),
(11748,340395,50),
(11749,340396,50),
(11750,340397,50),
(11751,340398,50),
(11752,340399,50),
(11753,340400,50),
(11754,340401,50),
(11755,340402,50),
(11756,340403,50),
(11757,340404,50),
(11758,340405,50),
(11759,340406,50),
(11760,340407,50),
(11761,340408,50),
(11762,340409,50),
(11763,340410,50),
(11764,340411,50),
(11765,340412,50),
(11766,340413,50),
(11767,340414,50),
(11768,340415,50),
(11769,340416,50),
(11770,340417,50),
(11771,340418,50),
(11772,340419,50),
(11773,340420,50),
(11774,340421,50),
(11775,340422,50),
(11776,340423,50),
(11777,340424,50),
(11778,340425,50),
(11779,340426,50),
(11780,340427,50),
(11781,340428,50),
(11782,340429,50),
(11783,340430,50),
(11784,340431,50),
(11785,340432,50),
(11786,340433,50),
(11787,340434,50),
(11788,340435,50),
(11789,340436,50),
(11790,340437,50),
(11791,340438,50),
(11792,340439,50),
(11793,340440,50),
(11794,340441,50),
(11795,340442,50),
(11796,340443,50),
(11797,340444,50),
(11798,340445,50),
(11799,340446,50),
(11800,340447,50),
(11801,340448,50),
(11802,340449,50),
(11803,340450,50),
(11804,340451,50),
(11805,340452,50),
(11806,340453,50),
(11807,340454,50),
(11808,340455,50),
(11809,340456,50),
(11810,340457,50),
(11811,340458,50),
(11812,340459,50),
(11813,340460,50),
(11814,340461,50),
(11815,340462,50),
(11816,340463,50),
(11817,340464,50),
(11818,340465,50),
(11819,340466,50),
(11820,340467,50),
(11821,340468,50),
(11822,340469,50),
(11823,340470,50),
(11824,340471,50),
(11825,340472,50),
(11826,340473,50),
(11827,340474,50),
(11828,340475,50),
(11829,340476,50),
(11830,340477,50),
(11831,340478,50),
(11832,340479,50),
(11833,340480,50),
(11834,340481,50),
(11835,340482,50),
(11836,340483,50),
(11837,340484,50),
(11838,340485,50),
(11839,340486,50),
(11840,340487,50),
(11841,340488,50),
(11842,340489,50),
(11843,340490,50),
(11844,340491,50),
(11845,340492,50),
(11846,340493,50),
(11847,340494,50),
(11848,340495,50),
(11849,340496,50),
(11850,340497,50),
(11851,340498,50),
(11852,340499,50),
(11853,340500,50),
(11854,340501,50),
(11855,340502,50),
(11856,340503,50),
(11857,340504,50),
(11858,340505,50),
(11859,340506,50),
(11860,340507,50),
(11861,340508,50),
(11862,340509,50),
(11863,340510,50),
(11864,340511,50),
(11865,340512,50),
(11866,340513,50),
(11867,340514,50),
(11868,340515,50),
(11869,340516,50),
(11870,340517,50),
(11871,340518,50),
(11872,340519,50),
(11873,340520,50),
(11874,340521,50),
(11875,340522,50),
(11876,340523,50),
(11877,340524,50),
(11878,340525,50),
(11879,340526,50),
(11880,340527,50),
(11881,340528,50),
(11882,340529,50),
(11883,340530,50),
(11884,340531,50),
(11885,340532,50),
(11886,340533,50),
(11887,340534,50),
(11888,340535,50),
(11889,340536,50),
(11890,340537,50),
(11891,340538,50),
(11892,340539,50),
(11893,340540,50),
(11894,340541,50),
(11895,340542,50),
(11896,340543,50),
(11897,340544,50),
(11898,340545,50),
(11899,340546,50),
(11900,340547,50),
(11901,340548,50),
(11902,340549,50),
(11903,340550,50),
(11904,340551,50),
(11905,340552,50),
(11906,340553,50),
(11907,340554,50),
(11908,340555,50),
(11909,340556,50),
(11910,340557,50),
(11911,340558,50),
(11912,340559,50),
(11913,340560,50),
(11914,340561,50),
(11915,340562,50),
(11916,340563,50),
(11917,340564,50),
(11918,340565,50),
(11919,340566,50),
(11920,340567,50),
(11921,340568,50),
(11922,340569,50),
(11923,340570,50),
(11924,340571,50),
(11925,340572,50),
(11926,340573,50),
(11927,340574,50),
(11928,340575,50),
(11929,340576,50),
(11930,340577,50),
(11931,340578,50),
(11932,340579,50),
(11933,340580,50),
(11934,340581,50),
(11935,340582,50),
(11936,340584,50),
(11937,340583,50),
(11938,340585,50),
(11939,340586,50),
(11940,340587,50),
(11941,340588,50),
(11942,340589,50),
(11943,340590,50),
(11944,340591,50),
(11945,340592,50),
(11946,340593,50),
(11947,340594,50),
(11948,340595,50),
(11949,340596,50),
(11950,340597,50),
(11951,340598,50),
(11952,340599,50),
(11953,340600,50),
(11954,340601,50),
(11955,340602,50),
(11956,340603,50),
(11957,340604,50),
(11958,340605,50),
(11959,340606,50),
(11960,340607,50),
(11961,340608,50),
(11962,340609,50),
(11963,340610,50),
(11964,340611,50),
(11965,340612,50),
(11966,340613,50),
(11967,340614,50),
(11968,340615,50),
(11969,340616,50),
(11970,340617,50),
(11971,340618,50),
(11972,340619,50),
(11973,340620,50),
(11974,340621,50),
(11975,340622,50),
(11976,340623,50),
(11977,340624,50),
(11978,340625,50),
(11979,340626,50),
(11980,340627,50),
(11981,340628,50),
(11982,340629,50),
(11983,340630,50),
(11984,340631,50),
(11985,340632,50),
(11986,340633,50),
(11987,340634,50),
(11988,340635,50),
(11989,340636,50),
(11990,340637,50),
(11991,340638,50),
(11992,340639,50),
(11993,340640,50),
(11994,340641,50),
(11995,340642,50),
(11996,340643,50),
(11997,340644,50),
(11998,340645,50),
(11999,340646,50),
(12000,340647,50),
(12001,340648,50),
(12002,340649,50),
(12003,340650,50),
(12004,340651,50),
(12005,340652,50),
(12006,340653,50),
(12007,340654,50),
(12008,340655,50),
(12009,340656,50),
(12010,340657,50),
(12011,340658,50),
(12012,340659,50),
(12013,340660,50),
(12014,340661,50),
(12015,340662,50),
(12016,340663,50),
(12017,340664,50),
(12018,340665,50),
(12019,340666,50),
(12020,340667,50),
(12021,340668,50),
(12022,340669,50),
(12023,340670,50),
(12024,340671,50),
(12025,340672,50),
(12026,340673,50),
(12027,340674,50),
(12028,340675,50),
(12029,340676,50),
(12030,340677,50),
(12031,340678,50),
(12032,340679,50),
(12033,340680,50),
(12034,340681,50),
(12035,340682,50),
(12036,340683,50),
(12037,340684,50),
(12038,340685,50),
(12039,340686,50),
(12040,340687,50),
(12041,340688,50),
(12042,340689,50),
(12043,340690,50),
(12044,340691,50),
(12045,340692,50),
(12046,340693,50),
(12047,340694,50),
(12048,340695,50),
(12049,340696,50),
(12050,340697,50),
(12051,340698,50),
(12052,340699,50),
(12053,340700,50),
(12054,340701,50),
(12055,340702,50),
(12056,340703,50),
(12057,340704,50),
(12058,340705,50),
(12059,340706,50),
(12060,340707,50),
(12061,340708,50),
(12062,340709,50),
(12063,340710,50),
(12064,340711,50),
(12065,340712,50),
(12066,340713,50),
(12067,340714,50),
(12068,340715,50),
(12069,340716,50),
(12070,340717,50),
(12071,340718,50),
(12072,340719,50),
(12073,340720,50),
(12074,340721,50),
(12075,340722,50),
(12076,340723,50),
(12077,340724,50),
(12078,340725,50),
(12079,340726,50),
(12080,340727,50),
(12081,340728,50),
(12082,340729,50),
(12083,340730,50),
(12084,340731,50),
(12085,340732,50),
(12086,340733,50),
(12087,340734,50),
(12088,340735,50),
(12089,340736,50),
(12090,340737,50),
(12091,340738,50),
(12092,340739,50),
(12093,340740,50),
(12094,340741,50),
(12095,340742,50),
(12096,340743,50),
(12097,340744,50),
(12098,340745,50),
(12099,340746,50),
(12100,340747,50),
(12101,340748,50),
(12102,340749,50),
(12103,340750,50),
(12104,340751,50),
(12105,340752,50),
(12106,340753,50),
(12107,340754,50),
(12108,340755,50),
(12109,340756,50),
(12110,340757,50),
(12111,340758,50),
(12112,340759,50),
(12113,340760,50),
(12114,340761,50),
(12115,340762,50),
(12116,340763,50),
(12117,340764,50),
(12118,340765,50),
(12119,340766,50),
(12120,340767,50),
(12121,340768,50),
(12122,340769,50),
(12123,340770,50),
(12124,340771,50),
(12125,340772,50),
(12126,340773,50),
(12127,340774,50),
(12128,340775,50),
(12129,340776,50),
(12130,340777,50),
(12131,340778,50),
(12132,340779,50),
(12133,340780,50),
(12134,340781,50),
(12135,340782,50),
(12136,340783,50),
(12137,340784,50),
(12138,340785,50),
(12139,340786,50),
(12140,340787,50),
(12141,340788,50),
(12142,340789,50),
(12143,340790,50),
(12144,340791,50),
(12145,340792,50),
(12146,340793,50),
(12147,340794,50),
(12148,340795,50),
(12149,340796,50),
(12150,340797,50),
(12151,340798,50),
(12152,340799,50),
(12153,340800,50),
(12154,340801,50),
(12155,340802,50),
(12156,340803,50),
(12157,340804,50),
(12158,340805,50),
(12159,340806,50),
(12160,340807,50),
(12161,340808,50),
(12162,340809,50),
(12163,340810,50),
(12164,340811,50),
(12165,340812,50),
(12166,340813,50),
(12167,340814,50),
(12168,340815,50),
(12169,340816,50),
(12170,340817,50),
(12171,340818,50),
(12172,340819,50),
(12173,340820,50),
(12174,340821,50),
(12175,340822,50),
(12176,340823,50),
(12177,340824,50),
(12178,340825,50),
(12179,340826,50),
(12180,340827,50),
(12181,340828,50),
(12182,340829,50),
(12183,340830,50),
(12184,340831,50),
(12185,340832,50),
(12186,340833,50),
(12187,340834,50),
(12188,340835,50),
(12189,340836,50),
(12190,340837,50),
(12191,340838,50),
(12192,340839,50),
(12193,340840,50),
(12194,340841,50),
(12195,340842,50),
(12196,340843,50),
(12197,340844,50),
(12198,340845,50),
(12199,340846,50),
(12200,340847,50),
(12201,340848,50),
(12202,340849,50),
(12203,340850,50),
(12204,340851,50),
(12205,340852,50),
(12206,340853,50),
(12207,340854,50),
(12208,340855,50),
(12209,340856,50),
(12210,340857,50),
(12211,340858,50),
(12212,340859,50),
(12213,340860,50),
(12214,340861,50),
(12215,340862,50),
(12216,340863,50),
(12217,340864,50),
(12218,340865,50),
(12219,340866,50),
(12220,340867,50),
(12221,340868,50),
(12222,340869,50),
(12223,340870,50),
(12224,340871,50),
(12225,340872,50),
(12226,340873,50),
(12227,340874,50),
(12228,340875,50),
(12229,340876,50),
(12230,340877,50),
(12231,340878,50),
(12232,340879,50),
(12233,340880,50),
(12234,340881,50),
(12235,340882,50),
(12236,340883,50),
(12237,340884,50),
(12238,340885,50),
(12239,340886,50),
(12240,340887,50),
(12241,340888,50),
(12242,340889,50),
(12243,340890,50),
(12244,340891,50),
(12245,340892,50),
(12246,340893,50),
(12247,340894,50),
(12248,340895,50),
(12249,340896,50),
(12250,340897,50),
(12251,340898,50),
(12252,340899,50),
(12253,340900,50),
(12254,340901,50),
(12255,340902,50),
(12256,340903,50),
(12257,340904,50),
(12258,340905,50),
(12259,340906,50),
(12260,340907,50),
(12261,340908,50),
(12262,340909,50),
(12263,340910,50),
(12264,340911,50),
(12265,340912,50),
(12266,340913,50),
(12267,340914,50),
(12268,340915,50),
(12269,340916,50),
(12270,340917,50),
(12271,340918,50),
(12272,340919,50),
(12273,340920,50),
(12274,340921,50),
(12275,340922,50),
(12276,340923,50),
(12277,340924,50),
(12278,340925,50),
(12279,340926,50),
(12280,340927,50),
(12281,340928,50),
(12282,340929,50),
(12283,340930,50),
(12284,340931,50),
(12285,340932,50),
(12286,340933,50),
(12287,340934,50),
(12288,340935,50),
(12289,340936,50),
(12290,340937,50),
(12291,340938,50),
(12292,340939,50),
(12293,340940,50),
(12294,340941,50),
(12295,340942,50),
(12296,340943,50),
(12297,340944,50),
(12298,340945,50),
(12299,340946,50),
(12300,340947,50),
(12301,340948,50),
(12302,340949,50),
(12303,340950,50),
(12304,340951,50),
(12305,340952,50),
(12306,340953,50),
(12307,340954,50),
(12308,340955,50),
(12309,340956,50),
(12310,340957,50),
(12311,340958,50),
(12312,340959,50),
(12313,340960,50),
(12314,340961,50),
(12315,340962,50),
(12316,340963,50),
(12317,340964,50),
(12318,340965,50),
(12319,340966,50),
(12320,340967,50),
(12321,340968,50),
(12322,340969,50),
(12323,340970,50),
(12324,340971,50),
(12325,340972,50),
(12326,340973,50),
(12327,340974,50),
(12328,340975,50),
(12329,340976,50),
(12330,340977,50),
(12331,340978,50),
(12332,340979,50),
(12333,340980,50),
(12334,340981,50),
(12335,340982,50),
(12336,340983,50),
(12337,340984,50),
(12338,340985,50),
(12339,340986,50),
(12340,340987,50),
(12341,340988,50),
(12342,340989,50),
(12343,340990,50),
(12344,340991,50),
(12345,340992,50),
(12346,340993,50),
(12347,340994,50),
(12348,340995,50),
(12349,340996,50),
(12350,340997,50),
(12351,340998,50),
(12352,340999,50),
(12353,341000,50),
(12354,341001,50),
(12355,341002,50),
(12356,341003,50),
(12357,341004,50),
(12358,341005,50),
(12359,341006,50),
(12360,341007,50),
(12361,341008,50),
(12362,341009,50),
(12363,341010,50),
(12364,341011,50),
(12365,341012,50),
(12366,341013,50),
(12367,341014,50),
(12368,341015,50),
(12369,341016,50),
(12370,341017,50),
(12371,341018,50),
(12372,341019,50),
(12373,341020,50),
(12374,341021,50),
(12375,341022,50),
(12376,341023,50),
(12377,341024,50),
(12378,341025,50),
(12379,341026,50),
(12380,341027,50),
(12381,341028,50),
(12382,341029,50),
(12383,341030,50),
(12384,341031,50),
(12385,341032,50),
(12386,341033,50),
(12387,341034,50),
(12388,341035,50),
(12389,341036,50),
(12390,341037,50),
(12391,341038,50),
(12392,341039,50),
(12393,341040,50),
(12394,341041,50),
(12395,341042,50),
(12396,341043,50),
(12397,341044,50),
(12398,341045,50),
(12399,341046,50),
(12400,341047,50),
(12401,341048,50),
(12402,341049,50),
(12403,341050,50),
(12404,341051,50),
(12405,341052,50),
(12406,341053,50),
(12407,341054,50),
(12408,341055,50),
(12409,341056,50),
(12410,341057,50),
(12411,341058,50),
(12412,341059,50),
(12413,341060,50),
(12414,341061,50),
(12415,341062,50),
(12416,341063,50),
(12417,341064,50),
(12418,341065,50),
(12419,341066,50),
(12420,341067,50),
(12421,341068,50),
(12422,341069,50),
(12423,341070,50),
(12424,341071,50),
(12425,341072,50),
(12426,341073,50),
(12427,341074,50),
(12428,341075,50),
(12429,341076,50),
(12430,341077,50),
(12431,341078,50),
(12432,341079,50),
(12433,341080,50),
(12434,341081,50),
(12435,341082,50),
(12436,341083,50),
(12437,341084,50),
(12438,341085,50),
(12439,341086,50),
(12440,341087,50),
(12441,341088,50),
(12442,341089,50),
(12443,341090,50),
(12444,341091,50),
(12445,341092,50),
(12446,341093,50),
(12447,341094,50),
(12448,341095,50),
(12449,341096,50),
(12450,341097,50),
(12451,341098,50),
(12452,341099,50),
(12453,341100,50),
(12454,341101,50),
(12455,341102,50),
(12456,341103,50),
(12457,341104,50),
(12458,341105,50),
(12459,341106,50),
(12460,341107,50),
(12461,341108,50),
(12462,341109,50),
(12463,341110,50),
(12464,341111,50),
(12465,341112,50),
(12466,341113,50),
(12467,341114,50),
(12468,341115,50),
(12469,341116,50),
(12470,341117,50),
(12471,341118,50),
(12472,341119,50),
(12473,341120,50),
(12474,341121,50),
(12475,341122,50),
(12476,341123,50),
(12477,341124,50),
(12478,341125,50),
(12479,341126,50),
(12480,341127,50),
(12481,341128,50),
(12482,341129,50),
(12483,341130,50),
(12484,341131,50),
(12485,341132,50),
(12486,341133,50),
(12487,341134,50),
(12488,341135,50),
(12489,341136,50),
(12490,341137,50),
(12491,341138,50),
(12492,341139,50),
(12493,341140,50),
(12494,341141,50),
(12495,341142,50),
(12496,341143,50),
(12497,341144,50),
(12498,341145,50),
(12499,341146,50),
(12500,341147,50),
(12501,341148,50),
(12502,341149,50),
(12503,341150,50),
(12504,341151,50),
(12505,341152,50),
(12506,341153,50),
(12507,341154,50),
(12508,341155,50),
(12509,341156,50),
(12510,341157,50),
(12511,341158,50),
(12512,341159,50),
(12513,341160,50),
(12514,341161,50),
(12515,341162,50),
(12516,341163,50),
(12517,341164,50),
(12518,341165,50),
(12519,341166,50),
(12520,341167,50),
(12521,341168,50),
(12522,341169,50),
(12523,341170,50),
(12524,341171,50),
(12525,341172,50),
(12526,341173,50),
(12527,341174,50),
(12528,341175,50),
(12529,341176,50),
(12530,341177,50),
(12531,341178,50),
(12532,341179,50),
(12533,341180,50),
(12534,341181,50),
(12535,341182,50),
(12536,341183,50),
(12537,341184,50),
(12538,341185,50),
(12539,341186,50),
(12540,341187,50),
(12541,341188,50),
(12542,341189,50),
(12543,341190,50),
(12544,341191,50),
(12545,341192,50),
(12546,341193,50),
(12547,341194,50),
(12548,341195,50),
(12549,341196,50),
(12550,341197,50),
(12551,341198,50),
(12552,341199,50),
(12553,341200,50),
(12554,341201,50),
(12555,341202,50),
(12556,341203,50),
(12557,341204,50),
(12558,341205,50),
(12559,341206,50),
(12560,341207,50),
(12561,341208,50),
(12562,341209,50),
(12563,341210,50),
(12564,341211,50),
(12565,341212,50),
(12566,341213,50),
(12567,341214,50),
(12568,341215,50),
(12569,341216,50),
(12570,341217,50),
(12571,341218,50),
(12572,341219,50),
(12573,341220,50),
(12574,341221,50),
(12575,341222,50),
(12576,341223,50),
(12577,341224,50),
(12578,341225,50),
(12579,341226,50),
(12580,341227,50),
(12581,341228,50),
(12582,341229,50),
(12583,341230,50),
(12584,341231,50),
(12585,341232,50),
(12586,341233,50),
(12587,341234,50),
(12588,341235,50),
(12589,341236,50),
(12590,341237,50),
(12591,341238,50),
(12592,341239,50),
(12593,341240,50),
(12594,341241,50),
(12595,341242,50),
(12596,341243,50),
(12597,341244,50),
(12598,341245,50),
(12599,341246,50),
(12600,341247,50),
(12601,341248,50),
(12602,341249,50),
(12603,341250,50),
(12604,341251,50),
(12605,341252,50),
(12606,341253,50),
(12607,341254,50),
(12608,341255,50),
(12609,341256,50),
(12610,341257,50),
(12611,341258,50),
(12612,341259,50),
(12613,341260,50),
(12614,341261,50),
(12615,341262,50),
(12616,341263,50),
(12617,341264,50),
(12618,341265,50),
(12619,341266,50),
(12620,341267,50),
(12621,341268,50),
(12622,341269,50),
(12623,341270,50),
(12624,341271,50),
(12625,341272,50),
(12626,341273,50),
(12627,341274,50),
(12628,341275,50),
(12629,341276,50),
(12630,341277,50),
(12631,341278,50),
(12632,341279,50),
(12633,341280,50),
(12634,341281,50),
(12635,341282,50),
(12636,341283,50),
(12637,341284,50),
(12638,341285,50),
(12639,341286,50),
(12640,341287,50),
(12641,341288,50),
(12642,341289,50),
(12643,341290,50),
(12644,341291,50),
(12645,341292,50),
(12646,341293,50),
(12647,341294,50),
(12648,341295,50),
(12649,341296,50),
(12650,341297,50),
(12651,341298,50),
(12652,341299,50),
(12653,341300,50),
(12654,341301,50),
(12655,341302,50),
(12656,341303,50),
(12657,341304,50),
(12658,341305,50),
(12659,341306,50),
(12660,341307,50),
(12661,341308,50),
(12662,341309,50),
(12663,341310,50),
(12664,341311,50),
(12665,341312,50),
(12666,341313,50),
(12667,341314,50),
(12668,341315,50),
(12669,341316,50),
(12670,341317,50),
(12671,341318,50),
(12672,341319,50),
(12673,341320,50),
(12674,341321,50),
(12675,341322,50),
(12676,341323,50),
(12677,341324,50),
(12678,341325,50),
(12679,341326,50),
(12680,341327,50),
(12681,341328,50),
(12682,341329,50),
(12683,341330,50),
(12684,341331,50),
(12685,341332,50),
(12686,341333,50),
(12687,341334,50),
(12688,341335,50),
(12689,341336,50),
(12690,341337,50),
(12691,341338,50),
(12692,341339,50),
(12693,341340,50),
(12694,341341,50),
(12695,341342,50),
(12696,341343,50),
(12697,341344,50),
(12698,341345,50),
(12699,341346,50),
(12700,341347,50),
(12701,341348,50),
(12702,341349,50),
(12703,341350,50),
(12704,341351,50),
(12705,341352,50),
(12706,341353,50),
(12707,341354,50),
(12708,341355,50),
(12709,341356,50),
(12710,341357,50),
(12711,341358,50),
(12712,341359,50),
(12713,341360,50),
(12714,341361,50),
(12715,341362,50),
(12716,341363,50),
(12717,341364,50),
(12718,341365,50),
(12719,341366,50),
(12720,341367,50),
(12721,341368,50),
(12722,341369,50),
(12723,341370,50),
(12724,341371,50),
(12725,341372,50),
(12726,341373,50),
(12727,341374,50),
(12728,341375,50),
(12729,341376,50),
(12730,341377,50),
(12731,341378,50),
(12732,341379,50),
(12733,341380,50),
(12734,341381,50),
(12735,341382,50),
(12736,341383,50),
(12737,341384,50),
(12738,341385,50),
(12739,341386,50),
(12740,341387,50),
(12741,341388,50),
(12742,341389,50),
(12743,341390,50),
(12744,341391,50),
(12745,341392,50),
(12746,341393,50),
(12747,341394,50),
(12748,341395,50),
(12749,341396,50),
(12750,341397,50),
(12751,341398,50),
(12752,341399,50),
(12753,341400,50),
(12754,341401,50),
(12755,341402,50),
(12756,341403,50),
(12757,341404,50),
(12758,341405,50),
(12759,341406,50),
(12760,341407,50),
(12761,341408,50),
(12762,341409,50),
(12763,341410,50),
(12764,341411,50),
(12765,341412,50),
(12766,341413,50),
(12767,341414,50),
(12768,341415,50),
(12769,341416,50),
(12770,341417,50),
(12771,341418,50),
(12772,341419,50),
(12773,341420,50),
(12774,341421,50),
(12775,341422,50),
(12776,341423,50),
(12777,341424,50),
(12778,341425,50),
(12779,341426,50),
(12780,341427,50),
(12781,341428,50),
(12782,341429,50),
(12783,341430,50),
(12784,341431,50),
(12785,341432,50),
(12786,341433,50),
(12787,341434,50),
(12788,341435,50),
(12789,341436,50),
(12790,341437,50),
(12791,341438,50),
(12792,341439,50),
(12793,341440,50),
(12794,341441,50),
(12795,341442,50),
(12796,341443,50),
(12797,341444,50),
(12798,341445,50),
(12799,341446,50),
(12800,341447,50),
(12801,341448,50),
(12802,341449,50),
(12803,341450,50),
(12804,341451,50),
(12805,341452,50),
(12806,341453,50),
(12807,341454,50),
(12808,341455,50),
(12809,341456,50),
(12810,341457,50),
(12811,341458,50),
(12812,341459,50),
(12813,341460,50),
(12814,341461,50),
(12815,341462,50),
(12816,341463,50),
(12817,341464,50),
(12818,341465,50),
(12819,341466,50),
(12820,341467,50),
(12821,341468,50),
(12822,341469,50),
(12823,341470,50),
(12824,341471,50),
(12825,341472,50),
(12826,341473,50),
(12827,341474,50),
(12828,341475,50),
(12829,341476,50),
(12830,341477,50),
(12831,341478,50),
(12832,341479,50),
(12833,341480,50),
(12834,341481,50),
(12835,341482,50),
(12836,341483,50),
(12837,341484,50),
(12838,341485,50),
(12839,341486,50),
(12840,341487,50),
(12841,341488,50),
(12842,341489,50),
(12843,341490,50),
(12844,341491,50),
(12845,341492,50),
(12846,341493,50),
(12847,341494,50),
(12848,341495,50),
(12849,341496,50),
(12850,341497,50),
(12851,341498,50),
(12852,341499,50),
(12853,341500,50),
(12854,341501,50),
(12855,341502,50),
(12856,341503,50),
(12857,341504,50),
(12858,341505,50),
(12859,341506,50),
(12860,341507,50),
(12861,341508,50),
(12862,341509,50),
(12863,341510,50),
(12864,341511,50),
(12865,341512,50),
(12866,341513,50),
(12867,341514,50),
(12868,341515,50),
(12869,341516,50),
(12870,341517,50),
(12871,341518,50),
(12872,341519,50),
(12873,341520,50),
(12874,341521,50),
(12875,341522,50),
(12876,341523,50),
(12877,341524,50),
(12878,341525,50),
(12879,341526,50),
(12880,341527,50),
(12881,341528,50),
(12882,341529,50),
(12883,341530,50),
(12884,341531,50),
(12885,341532,50),
(12886,341533,50),
(12887,341534,50),
(12888,341535,50),
(12889,341536,50),
(12890,341537,50),
(12891,341538,50),
(12892,341539,50),
(12893,341540,50),
(12894,341541,50),
(12895,341542,50),
(12896,341543,50),
(12897,341544,50),
(12898,341545,50),
(12899,341546,50),
(12900,341547,50),
(12901,341548,50),
(12902,341549,50),
(12903,341550,50),
(12904,341551,50),
(12905,341552,50),
(12906,341553,50),
(12907,341554,50),
(12908,341555,50),
(12909,341556,50),
(12910,341557,50),
(12911,341558,50),
(12912,341559,50),
(12913,341560,50),
(12914,341561,50),
(12915,341562,50),
(12916,341563,50),
(12917,341564,50),
(12918,341565,50),
(12919,341566,50),
(12920,341567,50),
(12921,341568,50),
(12922,341569,50),
(12923,341570,50),
(12924,341571,50),
(12925,341572,50),
(12926,341573,50),
(12927,341574,50),
(12928,341575,50),
(12929,341576,50),
(12930,341577,50),
(12931,341578,50),
(12932,341579,50),
(12933,341580,50),
(12934,341581,50),
(12935,341582,50),
(12936,341583,50),
(12937,341584,50),
(12938,341585,50),
(12939,341586,50),
(12940,341587,50),
(12941,341588,50),
(12942,341589,50),
(12943,341590,50),
(12944,341591,50),
(12945,341592,50),
(12946,341593,50),
(12947,341594,50),
(12948,341595,50),
(12949,341596,50),
(12950,341597,50),
(12951,341598,50),
(12952,341599,50),
(12953,341600,50),
(12954,341601,50),
(12955,341602,50),
(12956,341603,50),
(12957,341604,50),
(12958,341605,50),
(12959,341606,50),
(12960,341607,50),
(12961,341608,50),
(12962,341609,50),
(12963,341610,50),
(12964,341611,50),
(12965,341612,50),
(12966,341613,50),
(12967,341614,50),
(12968,341615,50),
(12969,341616,50),
(12970,341617,50),
(12971,341618,50),
(12972,341619,50),
(12973,341620,50),
(12974,341621,50),
(12975,341622,50),
(12976,341623,50),
(12977,341624,50),
(12978,341625,50),
(12979,341626,50),
(12980,341627,50),
(12981,341628,50),
(12982,341629,50),
(12983,341630,50),
(12984,341631,50),
(12985,341632,50),
(12986,341633,50),
(12987,341634,50),
(12988,341635,50),
(12989,341636,50),
(12990,341637,50),
(12991,341638,50),
(12992,341639,50),
(12993,341640,50),
(12994,341641,50),
(12995,341642,50),
(12996,341643,50),
(12997,341644,50),
(12998,341645,50),
(12999,341646,50),
(13000,341647,50),
(13001,341648,50),
(13002,341649,50),
(13003,341650,50),
(13004,341651,50),
(13005,341652,50),
(13006,341653,50),
(13007,341654,50),
(13008,341655,50),
(13009,341656,50),
(13010,341657,50),
(13011,341658,50),
(13012,341659,50),
(13013,341660,50),
(13014,341661,50),
(13015,341662,50),
(13016,341663,50),
(13017,341664,50),
(13018,341665,50),
(13019,341666,50),
(13020,341667,50),
(13021,341668,50),
(13022,341669,50),
(13023,341670,50),
(13024,341671,50),
(13025,341672,50),
(13026,341673,50),
(13027,341674,50),
(13028,341675,50),
(13029,341676,50),
(13030,341677,50),
(13031,341678,50),
(13032,341679,50),
(13033,341680,50),
(13034,341681,50),
(13035,341682,50),
(13036,341683,50),
(13037,341684,50),
(13038,341685,50),
(13039,341686,50),
(13040,341687,50),
(13041,341688,50),
(13042,341689,50),
(13043,341690,50),
(13044,341691,50),
(13045,341692,50),
(13046,341693,50),
(13047,341694,50),
(13048,341695,50),
(13049,341696,50),
(13050,341697,50),
(13051,341698,50),
(13052,341699,50),
(13053,341700,50),
(13054,341701,50),
(13055,341702,50),
(13056,341703,50),
(13057,341704,50),
(13058,341705,50),
(13059,341706,50),
(13060,341707,50),
(13061,341708,50),
(13062,341710,50),
(13063,341709,50),
(13064,341711,50),
(13065,341712,50),
(13066,341713,50),
(13067,341714,50),
(13068,341715,50),
(13069,341716,50),
(13070,341717,50),
(13071,341718,50),
(13072,341719,50),
(13073,341720,50),
(13074,341721,50),
(13075,341722,50),
(13076,341723,50),
(13077,341724,50),
(13078,341725,50),
(13079,341726,50),
(13080,341727,50),
(13081,341728,50),
(13082,341729,50),
(13083,341730,50),
(13084,341731,50),
(13085,341732,50),
(13086,341733,50),
(13087,341734,50),
(13088,341735,50),
(13089,341736,50),
(13090,341737,50),
(13091,341738,50),
(13092,341739,50),
(13093,341740,50),
(13094,341741,50),
(13095,341742,50),
(13096,341743,50),
(13097,341744,50),
(13098,341745,50),
(13099,341746,50),
(13100,341747,50),
(13101,341748,50),
(13102,341749,50),
(13103,341750,50),
(13104,341751,50),
(13105,341752,50),
(13106,341753,50),
(13107,341754,50),
(13108,341755,50),
(13109,341756,50),
(13110,341757,50),
(13111,341758,50),
(13112,341759,50),
(13113,341760,50),
(13114,341761,50),
(13115,341762,50),
(13116,341763,50),
(13117,341764,50),
(13118,341765,50),
(13119,341766,50),
(13120,341767,50),
(13121,341768,50),
(13122,341769,50),
(13123,341770,50),
(13124,341771,50),
(13125,341772,50),
(13126,341773,50),
(13127,341774,50),
(13128,341775,50),
(13129,341776,50),
(13130,341777,50),
(13131,341778,50),
(13132,341779,50),
(13133,341780,50),
(13134,341781,50),
(13135,341782,50),
(13136,341783,50),
(13137,341784,50),
(13138,341785,50),
(13139,341786,50),
(13140,341787,50),
(13141,341788,50),
(13142,341789,50),
(13143,341790,50),
(13144,341791,50),
(13145,341792,50),
(13146,341793,50),
(13147,341794,50),
(13148,341795,50),
(13149,341796,50),
(13150,341797,50),
(13151,341798,50),
(13152,341799,50),
(13153,341800,50),
(13154,341801,50),
(13155,341802,50),
(13156,341803,50),
(13157,341804,50),
(13158,341805,50),
(13159,341806,50),
(13160,341807,50),
(13161,341808,50),
(13162,341809,50),
(13163,341810,50),
(13164,341811,50),
(13165,341812,50),
(13166,341813,50),
(13167,341814,50),
(13168,341815,50),
(13169,341816,50),
(13170,341817,50),
(13171,341818,50),
(13172,341819,50),
(13173,341820,50),
(13174,341821,50),
(13175,341822,50),
(13176,341823,50),
(13177,341824,50),
(13178,341825,50),
(13179,341826,50),
(13180,341827,50),
(13181,341828,50),
(13182,341829,50),
(13183,341830,50),
(13184,341831,50),
(13185,341832,50),
(13186,341833,50),
(13187,341834,50),
(13188,341835,50),
(13189,341836,50),
(13190,341837,50),
(13191,341838,50),
(13192,341839,50),
(13193,341840,50),
(13194,341841,50),
(13195,341842,50),
(13196,341843,50),
(13197,341844,50),
(13198,341845,50),
(13199,341847,50),
(13200,341846,50),
(13201,341848,50),
(13202,341849,50),
(13203,341850,50),
(13204,341851,50),
(13205,341852,50),
(13206,341853,50),
(13207,341854,50),
(13208,341855,50),
(13209,341856,50),
(13210,341857,50),
(13211,341858,50),
(13212,341859,50),
(13213,341860,50),
(13214,341861,50),
(13215,341862,50),
(13216,341863,50),
(13217,341864,50),
(13218,341865,50),
(13219,341866,50),
(13220,341867,50),
(13221,341868,50),
(13222,341869,50),
(13223,341870,50),
(13224,341871,50),
(13225,341872,50),
(13226,341873,50),
(13227,341874,50),
(13228,341875,50),
(13229,341876,50),
(13230,341877,50),
(13231,341878,50),
(13232,341879,50),
(13233,341880,50),
(13234,341881,50),
(13235,341882,50),
(13236,341883,50),
(13237,341884,50),
(13238,341885,50),
(13239,341886,50),
(13240,341887,50),
(13241,341888,50),
(13242,341889,50),
(13243,341890,50),
(13244,341891,50),
(13245,341892,50),
(13246,341893,50),
(13247,341894,50),
(13248,341895,50),
(13249,341896,50),
(13250,341897,50),
(13251,341898,50),
(13252,341899,50),
(13253,341900,50),
(13254,341901,50),
(13255,341902,50),
(13256,341903,50),
(13257,341904,50),
(13258,341905,50),
(13259,341906,50),
(13260,341907,50),
(13261,341908,50),
(13262,341909,50),
(13263,341910,50),
(13264,341911,50),
(13265,341912,50),
(13266,341913,50),
(13267,341914,50),
(13268,341915,50),
(13269,341916,50),
(13270,341917,50),
(13271,341918,50),
(13272,341919,50),
(13273,341920,50),
(13274,341922,50),
(13275,341921,50),
(13276,341923,50),
(13277,341924,50),
(13278,341925,50),
(13279,341926,50),
(13280,341927,50),
(13281,341928,50),
(13282,341929,50),
(13283,341930,50),
(13284,341931,50),
(13285,341932,50),
(13286,341933,50),
(13287,341934,50),
(13288,341935,50),
(13289,341936,50),
(13290,341937,50),
(13291,341938,50),
(13292,341939,50),
(13293,341940,50),
(13294,341941,50),
(13295,341942,50),
(13296,341943,50),
(13297,341944,50),
(13298,341945,50),
(13299,341946,50),
(13300,341947,50),
(13301,341948,50),
(13302,341949,50),
(13303,341950,50),
(13304,341951,50),
(13305,341952,50),
(13306,341953,50),
(13307,341954,50),
(13308,341955,50),
(13309,341956,50),
(13310,341957,50),
(13311,341958,50),
(13312,341959,50),
(13313,341960,50),
(13314,341961,50),
(13315,341962,50),
(13316,341963,50),
(13317,341964,50),
(13318,341965,50),
(13319,341966,50),
(13320,341967,50),
(13321,341968,50),
(13322,341969,50),
(13323,341970,50),
(13324,341971,50),
(13325,341972,50),
(13326,341973,50),
(13327,341974,50),
(13328,341975,50),
(13329,341976,50),
(13330,341977,50),
(13331,341978,50),
(13332,341979,50),
(13333,341980,50),
(13334,341981,50),
(13335,341982,50),
(13336,341983,50),
(13337,341984,50),
(13338,341985,50),
(13339,341986,50),
(13340,341987,50),
(13341,341988,50),
(13342,341989,50),
(13343,341990,50),
(13344,341991,50),
(13345,341992,50),
(13346,341993,50),
(13347,341994,50),
(13348,341995,50),
(13349,341996,50),
(13350,341997,50),
(13351,341998,50),
(13352,341999,50),
(13353,342001,50),
(13354,342000,50),
(13355,342002,50),
(13356,342003,50),
(13357,342004,50),
(13358,342005,50),
(13359,342006,50),
(13360,342007,50),
(13361,342008,50),
(13362,342009,50),
(13363,342010,50),
(13364,342011,50),
(13365,342012,50),
(13366,342013,50),
(13367,342014,50),
(13368,342015,50),
(13369,342016,50),
(13370,342017,50),
(13371,342018,50),
(13372,342019,50),
(13373,342020,50),
(13374,342021,50),
(13375,342022,50),
(13376,342023,50),
(13377,342024,50),
(13378,342025,50),
(13379,342026,50),
(13380,342027,50),
(13381,342028,50),
(13382,342029,50),
(13383,342030,50),
(13384,342031,50),
(13385,342032,50),
(13386,342033,50),
(13387,342034,50),
(13388,342035,50),
(13389,342036,50),
(13390,342037,50),
(13391,342038,50),
(13392,342039,50),
(13393,342040,50),
(13394,342041,50),
(13395,342042,50),
(13396,342043,50),
(13397,342044,50),
(13398,342045,50),
(13399,342046,50),
(13400,342047,50),
(13401,342048,50),
(13402,342049,50),
(13403,342050,50),
(13404,342051,50),
(13405,342052,50),
(13406,342053,50),
(13407,342054,50),
(13408,342055,50),
(13409,342056,50),
(13410,342057,50),
(13411,342058,50),
(13412,342059,50),
(13413,342060,50),
(13414,342061,50),
(13415,342062,50),
(13416,342063,50),
(13417,342064,50),
(13418,342065,50),
(13419,342066,50),
(13420,342067,50),
(13421,342068,50),
(13422,342069,50),
(13423,342070,50),
(13424,342071,50),
(13425,342072,50),
(13426,342073,50),
(13427,342074,50),
(13428,342075,50),
(13429,342076,50),
(13430,342077,50),
(13431,342078,50),
(13432,342079,50),
(13433,342080,50),
(13434,342081,50),
(13435,342082,50),
(13436,342083,50),
(13437,342084,50),
(13438,342085,50),
(13439,342086,50),
(13440,342087,50),
(13441,342088,50),
(13442,342089,50),
(13443,342090,50),
(13444,342091,50),
(13445,342092,50),
(13446,342093,50),
(13447,342094,50),
(13448,342095,50),
(13449,342096,50),
(13450,342097,50),
(13451,342098,50),
(13452,342099,50),
(13453,342100,50),
(13454,342101,50),
(13455,342102,50),
(13456,342103,50),
(13457,342104,50),
(13458,342105,50),
(13459,342106,50),
(13460,342107,50),
(13461,342108,50),
(13462,342109,50),
(13463,342110,50),
(13464,342111,50),
(13465,342112,50),
(13466,342113,50),
(13467,342114,50),
(13468,342115,50),
(13469,342116,50),
(13470,342117,50),
(13471,342118,50),
(13472,342119,50),
(13473,342120,50),
(13474,342121,50),
(13475,342122,50),
(13476,342123,50),
(13477,342124,50),
(13478,342125,50),
(13479,342126,50),
(13480,342127,50),
(13481,342128,50),
(13482,342129,50),
(13483,342130,50),
(13484,342131,50),
(13485,342132,50),
(13486,342133,50),
(13487,342134,50),
(13488,342135,50),
(13489,342136,50),
(13490,342137,50),
(13491,342138,50),
(13492,342139,50),
(13493,342140,50),
(13494,342141,50),
(13495,342142,50),
(13496,342143,50),
(13497,342144,50),
(13498,342145,50),
(13499,342146,50),
(13500,342147,50),
(13501,342148,50),
(13502,342149,50),
(13503,342150,50),
(13504,342151,50),
(13505,342152,50),
(13506,342153,50),
(13507,342154,50),
(13508,342155,50),
(13509,342156,50),
(13510,342157,50),
(13511,342158,50),
(13512,342159,50),
(13513,342160,50),
(13514,342161,50),
(13515,342162,50),
(13516,342163,50),
(13517,342164,50),
(13518,342165,50),
(13519,342166,50),
(13520,342167,50),
(13521,342168,50),
(13522,342169,50),
(13523,342170,50),
(13524,342171,50),
(13525,342172,50),
(13526,342173,50),
(13527,342174,50),
(13528,342175,50),
(13529,342176,50),
(13530,342177,50),
(13531,342178,50),
(13532,342179,50),
(13533,342180,50),
(13534,342181,50),
(13535,342182,50),
(13536,342183,50),
(13537,342184,50),
(13538,342185,50),
(13539,342186,50),
(13540,342187,50),
(13541,342188,50),
(13542,342189,50),
(13543,342190,50),
(13544,342191,50),
(13545,342192,50),
(13546,342193,50),
(13547,342194,50),
(13548,342195,50),
(13549,342196,50),
(13550,342197,50),
(13551,342198,50),
(13552,342199,50),
(13553,342200,50),
(13554,342201,50),
(13555,342202,50),
(13556,342203,50),
(13557,342204,50),
(13558,342205,50),
(13559,342206,50),
(13560,342207,50),
(13561,342208,50),
(13562,342209,50),
(13563,342210,50),
(13564,342211,50),
(13565,342212,50),
(13566,342213,50),
(13567,342214,50),
(13568,342215,50),
(13569,342216,50),
(13570,342217,50),
(13571,342218,50),
(13572,342219,50),
(13573,342220,50),
(13574,342221,50),
(13575,342222,50),
(13576,342223,50),
(13577,342224,50),
(13578,342225,50),
(13579,342227,50),
(13580,342226,50),
(13581,342228,50),
(13582,342229,50),
(13583,342230,50),
(13584,342231,50),
(13585,342232,50),
(13586,342233,50),
(13587,342234,50),
(13588,342235,50),
(13589,342236,50),
(13590,342237,50),
(13591,342238,50),
(13592,342239,50),
(13593,342240,50),
(13594,342241,50),
(13595,342242,50),
(13596,342243,50),
(13597,342244,50),
(13598,342245,50),
(13599,342246,50),
(13600,342247,50),
(13601,342248,50),
(13602,342249,50),
(13603,342250,50),
(13604,342251,50),
(13605,342252,50),
(13606,342253,50),
(13607,342254,50),
(13608,342255,50),
(13609,342256,50),
(13610,342257,50),
(13611,342258,50),
(13612,342259,50),
(13613,342260,50),
(13614,342261,50),
(13615,342262,50),
(13616,342263,50),
(13617,342264,50),
(13618,342265,50),
(13619,342266,50),
(13620,342267,50),
(13621,342268,50),
(13622,342269,50),
(13623,342270,50),
(13624,342271,50),
(13625,342272,50),
(13626,342273,50),
(13627,342274,50),
(13628,342275,50),
(13629,342276,50),
(13630,342277,50),
(13631,342278,50),
(13632,342279,50),
(13633,342280,50),
(13634,342281,50),
(13635,342282,50),
(13636,342283,50),
(13637,342284,50),
(13638,342285,50),
(13639,342286,50),
(13640,342287,50),
(13641,342288,50),
(13642,342289,50),
(13643,342290,50),
(13644,342291,50),
(13645,342292,50),
(13646,342293,50),
(13647,342294,50),
(13648,342295,50),
(13649,342296,50),
(13650,342297,50),
(13651,342298,50),
(13652,342299,50),
(13653,342300,50),
(13654,342301,50),
(13655,342302,50),
(13656,342303,50),
(13657,342304,50),
(13658,342305,50),
(13659,342306,50),
(13660,342307,50),
(13661,342308,50),
(13662,342309,50),
(13663,342310,50),
(13664,342311,50),
(13665,342312,50),
(13666,342313,50),
(13667,342314,50),
(13668,342315,50),
(13669,342316,50),
(13670,342317,50),
(13671,342318,50),
(13672,342319,50),
(13673,342320,50),
(13674,342321,50),
(13675,342322,50),
(13676,342323,50),
(13677,342324,50),
(13678,342325,50),
(13679,342326,50),
(13680,342327,50),
(13681,342328,50),
(13682,342329,50),
(13683,342330,50),
(13684,342331,50),
(13685,342332,50),
(13686,342333,50),
(13687,342334,50),
(13688,342335,50),
(13689,342336,50),
(13690,342337,50),
(13691,342338,50),
(13692,342339,50),
(13693,342340,50),
(13694,342341,50),
(13695,342342,50),
(13696,342343,50),
(13697,342344,50),
(13698,342345,50),
(13699,342346,50),
(13700,342347,50),
(13701,342348,50),
(13702,342349,50),
(13703,342350,50),
(13704,342351,50),
(13705,342352,50),
(13706,342353,50),
(13707,342354,50),
(13708,342355,50),
(13709,342356,50),
(13710,342357,50),
(13711,342358,50),
(13712,342359,50),
(13713,342360,50),
(13714,342361,50),
(13715,342362,50),
(13716,342363,50),
(13717,342364,50),
(13718,342365,50),
(13719,342366,50),
(13720,342367,50),
(13721,342368,50),
(13722,342369,50),
(13723,342370,50),
(13724,342371,50),
(13725,342372,50),
(13726,342373,50),
(13727,342374,50),
(13728,342375,50),
(13729,342376,50),
(13730,342377,50),
(13731,342378,50),
(13732,342379,50),
(13733,342380,50),
(13734,342381,50),
(13735,342382,50),
(13736,342383,50),
(13737,342384,50),
(13738,342385,50),
(13739,342386,50),
(13740,342387,50),
(13741,342388,50),
(13742,342389,50),
(13743,342390,50),
(13744,342391,50),
(13745,342392,50),
(13746,342393,50),
(13747,342394,50),
(13748,342395,50),
(13749,342396,50),
(13750,342397,50),
(13751,342398,50),
(13752,342399,50),
(13753,342400,50),
(13754,342401,50),
(13755,342402,50),
(13756,342403,50),
(13757,342404,50),
(13758,342405,50),
(13759,342406,50),
(13760,342407,50),
(13761,342408,50),
(13762,342409,50),
(13763,342410,50),
(13764,342411,50),
(13765,342412,50),
(13766,342413,50),
(13767,342414,50),
(13768,342415,50),
(13769,342416,50),
(13770,342417,50),
(13771,342418,50),
(13772,342419,50),
(13773,342420,50),
(13774,342421,50),
(13775,342422,50),
(13776,342423,50),
(13777,342424,50),
(13778,342425,50),
(13779,342426,50),
(13780,342427,50),
(13781,342428,50),
(13782,342429,50),
(13783,342430,50),
(13784,342431,50),
(13785,342432,50),
(13786,342433,50),
(13787,342434,50),
(13788,342435,50),
(13789,342436,50),
(13790,342437,50),
(13791,342438,50),
(13792,342439,50),
(13793,342440,50),
(13794,342441,50),
(13795,342442,50),
(13796,342443,50),
(13797,342444,50),
(13798,342445,50),
(13799,342446,50),
(13800,342447,50),
(13801,342448,50),
(13802,342449,50),
(13803,342450,50),
(13804,342451,50),
(13805,342452,50),
(13806,342453,50),
(13807,342454,50),
(13808,342455,50),
(13809,342456,50),
(13810,342457,50),
(13811,342458,50),
(13812,342459,50),
(13813,342460,50),
(13814,342461,50),
(13815,342462,50),
(13816,342463,50),
(13817,342464,50),
(13818,342465,50),
(13819,342466,50),
(13820,342467,50),
(13821,342468,50),
(13822,342469,50),
(13823,342470,50),
(13824,342471,50),
(13825,342472,50),
(13826,342473,50),
(13827,342474,50),
(13828,342475,50),
(13829,342476,50),
(13830,342477,50),
(13831,342478,50),
(13832,342479,50),
(13833,342480,50),
(13834,342481,50),
(13835,342482,50),
(13836,342483,50),
(13837,342484,50),
(13838,342485,50),
(13839,342486,50),
(13840,342487,50),
(13841,342488,50),
(13842,342489,50),
(13843,342490,50),
(13844,342491,50),
(13845,342492,50),
(13846,342493,50),
(13847,342494,50),
(13848,342495,50),
(13849,342496,50),
(13850,342497,50),
(13851,342498,50),
(13852,342499,50),
(13853,342500,50),
(13854,342501,50),
(13855,342502,50),
(13856,342503,50),
(13857,342504,50),
(13858,342505,50),
(13859,342506,50),
(13860,342507,50),
(13861,342508,50),
(13862,342509,50),
(13863,342510,50),
(13864,342511,50),
(13865,342512,50),
(13866,342513,50),
(13867,342514,50),
(13868,342515,50),
(13869,342516,50),
(13870,342517,50),
(13871,342518,50),
(13872,342519,50),
(13873,342520,50),
(13874,342521,50),
(13875,342522,50),
(13876,342523,50),
(13877,342524,50),
(13878,342525,50),
(13879,342526,50),
(13880,342527,50),
(13881,342528,50),
(13882,342529,50),
(13883,342530,50),
(13884,342531,50),
(13885,342532,50),
(13886,342533,50),
(13887,342534,50),
(13888,342535,50),
(13889,342536,50),
(13890,342537,50),
(13891,342538,50),
(13892,342539,50),
(13893,342540,50),
(13894,342541,50),
(13895,342542,50),
(13896,342543,50),
(13897,342544,50),
(13898,342545,50),
(13899,342546,50),
(13900,342547,50),
(13901,342548,50),
(13902,342549,50),
(13903,342550,50),
(13904,342551,50),
(13905,342552,50),
(13906,342553,50),
(13907,342554,50),
(13908,342555,50),
(13909,342556,50),
(13910,342557,50),
(13911,342558,50),
(13912,342559,50),
(13913,342560,50),
(13914,342561,50),
(13915,342562,50),
(13916,342563,50),
(13917,342564,50),
(13918,342565,50),
(13919,342566,50),
(13920,342567,50),
(13921,342568,50),
(13922,342569,50),
(13923,342570,50),
(13924,342571,50),
(13925,342572,50),
(13926,342573,50),
(13927,342574,50),
(13928,342575,50),
(13929,342576,50),
(13930,342577,50),
(13931,342578,50),
(13932,342579,50),
(13933,342580,50),
(13934,342581,50),
(13935,342582,50),
(13936,342583,50),
(13937,342584,50),
(13938,342585,50),
(13939,342586,50),
(13940,342587,50),
(13941,342588,50),
(13942,342589,50),
(13943,342590,50),
(13944,342591,50),
(13945,342592,50),
(13946,342593,50),
(13947,342594,50),
(13948,342595,50),
(13949,342596,50),
(13950,342597,50),
(13951,342598,50),
(13952,342599,50),
(13953,342600,50),
(13954,342601,50),
(13955,342602,50),
(13956,342603,50),
(13957,342604,50),
(13958,342605,50),
(13959,342606,50),
(13960,342607,50),
(13961,342608,50),
(13962,342609,50),
(13963,342610,50),
(13964,342611,50),
(13965,342612,50),
(13966,342613,50),
(13967,342614,50),
(13968,342615,50),
(13969,342616,50),
(13970,342617,50),
(13971,342618,50),
(13972,342619,50),
(13973,342620,50),
(13974,342621,50),
(13975,342622,50),
(13976,342623,50),
(13977,342624,50),
(13978,342625,50),
(13979,342626,50),
(13980,342627,50),
(13981,342628,50),
(13982,342629,50),
(13983,342630,50),
(13984,342631,50),
(13985,342632,50),
(13986,342633,50),
(13987,342634,50),
(13988,342635,50),
(13989,342636,50),
(13990,342637,50),
(13991,342638,50),
(13992,342639,50),
(13993,342640,50),
(13994,342641,50),
(13995,342642,50),
(13996,342643,50),
(13997,342644,50),
(13998,342645,50),
(13999,342646,50),
(14000,342647,50),
(14001,342648,50),
(14002,342649,50),
(14003,342650,50),
(14004,342651,50),
(14005,342652,50),
(14006,342653,50),
(14007,342654,50),
(14008,342655,50),
(14009,342656,50),
(14010,342657,50),
(14011,342658,50),
(14012,342659,50),
(14013,342660,50),
(14014,342661,50),
(14015,342662,50),
(14016,342663,50),
(14017,342664,50),
(14018,342665,50),
(14019,342666,50),
(14020,342667,50),
(14021,342668,50),
(14022,342669,50),
(14023,342670,50),
(14024,342671,50),
(14025,342672,50),
(14026,342673,50),
(14027,342674,50),
(14028,342675,50),
(14029,342677,50),
(14030,342676,50),
(14031,342678,50),
(14032,342679,50),
(14033,342680,50),
(14034,342681,50),
(14035,342682,50),
(14036,342683,50),
(14037,342684,50),
(14038,342685,50),
(14039,342686,50),
(14040,342687,50),
(14041,342688,50),
(14042,342689,50),
(14043,342690,50),
(14044,342691,50),
(14045,342692,50),
(14046,342693,50),
(14047,342694,50),
(14048,342695,50),
(14049,342696,50),
(14050,342697,50),
(14051,342698,50),
(14052,342699,50),
(14053,342700,50),
(14054,342701,50),
(14055,342702,50),
(14056,342703,50),
(14057,342704,50),
(14058,342705,50),
(14059,342706,50),
(14060,342707,50),
(14061,342708,50),
(14062,342709,50),
(14063,342710,50),
(14064,342711,50),
(14065,342712,50),
(14066,342713,50),
(14067,342714,50),
(14068,342715,50),
(14069,342716,50),
(14070,342717,50),
(14071,342718,50),
(14072,342719,50),
(14073,342720,50),
(14074,342721,50),
(14075,342722,50),
(14076,342723,50),
(14077,342724,50),
(14078,342725,50),
(14079,342726,50),
(14080,342727,50),
(14081,342728,50),
(14082,342729,50),
(14083,342730,50),
(14084,342731,50),
(14085,342732,50),
(14086,342733,50),
(14087,342734,50),
(14088,342735,50),
(14089,342736,50),
(14090,342737,50),
(14091,342738,50),
(14092,342739,50),
(14093,342740,50),
(14094,342741,50),
(14095,342742,50),
(14096,342743,50),
(14097,342744,50),
(14098,342745,50),
(14099,342746,50),
(14100,342747,50),
(14101,342748,50),
(14102,342749,50),
(14103,342750,50),
(14104,342751,50),
(14105,342752,50),
(14106,342753,50),
(14107,342754,50),
(14108,342755,50),
(14109,342757,50),
(14110,342756,50),
(14111,342758,50),
(14112,342759,50),
(14113,342760,50),
(14114,342761,50),
(14115,342762,50),
(14116,342763,50),
(14117,342764,50),
(14118,342765,50),
(14119,342766,50),
(14120,342767,50),
(14121,342768,50),
(14122,342769,50),
(14123,342770,50),
(14124,342771,50),
(14125,342772,50),
(14126,342773,50),
(14127,342774,50),
(14128,342775,50),
(14129,342776,50),
(14130,342777,50),
(14131,342778,50),
(14132,342779,50),
(14133,342780,50),
(14134,342781,50),
(14135,342782,50),
(14136,342783,50),
(14137,342784,50),
(14138,342785,50),
(14139,342786,50),
(14140,342787,50),
(14141,342788,50),
(14142,342789,50),
(14143,342790,50),
(14144,342791,50),
(14145,342792,50),
(14146,342793,50),
(14147,342794,50),
(14148,342795,50),
(14149,342796,50),
(14150,342797,50),
(14151,342798,50),
(14152,342799,50),
(14153,342800,50),
(14154,342801,50),
(14155,342802,50),
(14156,342803,50),
(14157,342804,50),
(14158,342805,50),
(14159,342806,50),
(14160,342807,50),
(14161,342808,50),
(14162,342809,50),
(14163,342810,50),
(14164,342811,50),
(14165,342812,50),
(14166,342813,50),
(14167,342814,50),
(14168,342815,50),
(14169,342816,50),
(14170,342817,50),
(14171,342818,50),
(14172,342819,50),
(14173,342820,50),
(14174,342821,50),
(14175,342822,50),
(14176,342823,50),
(14177,342824,50),
(14178,342825,50),
(14179,342826,50),
(14180,342827,50),
(14181,342828,50),
(14182,342829,50),
(14183,342830,50),
(14184,342831,50),
(14185,342832,50),
(14186,342833,50),
(14187,342834,50),
(14188,342835,50),
(14189,342836,50),
(14190,342837,50),
(14191,342838,50),
(14192,342839,50),
(14193,342840,50),
(14194,342841,50),
(14195,342842,50),
(14196,342843,50),
(14197,342844,50),
(14198,342845,50),
(14199,342846,50),
(14200,342847,50),
(14201,342848,50),
(14202,342849,50),
(14203,342850,50),
(14204,342851,50),
(14205,342852,50),
(14206,342853,50),
(14207,342854,50),
(14208,342855,50),
(14209,342856,50),
(14210,342857,50),
(14211,342858,50),
(14212,342859,50),
(14213,342860,50),
(14214,342861,50),
(14215,342862,50),
(14216,342863,50),
(14217,342864,50),
(14218,342865,50),
(14219,342866,50),
(14220,342867,50),
(14221,342868,50),
(14222,342869,50),
(14223,342870,50),
(14224,342871,50),
(14225,342872,50),
(14226,342873,50),
(14227,342874,50),
(14228,342875,50),
(14229,342876,50),
(14230,342878,50),
(14231,342877,50),
(14232,342879,50),
(14233,342880,50),
(14234,342881,50),
(14235,342882,50),
(14236,342883,50),
(14237,342884,50),
(14238,342885,50),
(14239,342886,50),
(14240,342887,50),
(14241,342888,50),
(14242,342889,50),
(14243,342890,50),
(14244,342891,50),
(14245,342892,50),
(14246,342893,50),
(14247,342894,50),
(14248,342895,50),
(14249,342896,50),
(14250,342897,50),
(14251,342898,50),
(14252,342899,50),
(14253,342900,50),
(14254,342901,50),
(14255,342902,50),
(14256,342903,50),
(14257,342904,50),
(14258,342905,50),
(14259,342906,50),
(14260,342907,50),
(14261,342908,50),
(14262,342909,50),
(14263,342910,50),
(14264,342911,50),
(14265,342912,50),
(14266,342913,50),
(14267,342914,50),
(14268,342915,50),
(14269,342916,50),
(14270,342917,50),
(14271,342918,50),
(14272,342919,50),
(14273,342920,50),
(14274,342921,50),
(14275,342922,50),
(14276,342923,50),
(14277,342924,50),
(14278,342925,50),
(14279,342926,50),
(14280,342927,50),
(14281,342928,50),
(14282,342929,50),
(14283,342930,50),
(14284,342931,50),
(14285,342932,50),
(14286,342933,50),
(14287,342934,50),
(14288,342935,50),
(14289,342936,50),
(14290,342937,50),
(14291,342938,50),
(14292,342939,50),
(14293,342940,50),
(14294,342941,50),
(14295,342942,50),
(14296,342943,50),
(14297,342944,50),
(14298,342945,50),
(14299,342946,50),
(14300,342947,50),
(14301,342948,50),
(14302,342949,50),
(14303,342950,50),
(14304,342951,50),
(14305,342952,50),
(14306,342953,50),
(14307,342954,50),
(14308,342955,50),
(14309,342956,50),
(14310,342957,50),
(14311,342958,50),
(14312,342959,50),
(14313,342960,50),
(14314,342961,50),
(14315,342962,50),
(14316,342963,50),
(14317,342964,50),
(14318,342965,50),
(14319,342966,50),
(14320,342967,50),
(14321,342968,50),
(14322,342969,50),
(14323,342970,50),
(14324,342971,50),
(14325,342972,50),
(14326,342973,50),
(14327,342974,50),
(14328,342975,50),
(14329,342976,50),
(14330,342977,50),
(14331,342978,50),
(14332,342979,50),
(14333,342981,50),
(14334,342980,50),
(14335,342982,50),
(14336,342983,50),
(14337,342984,50),
(14338,342985,50),
(14339,342986,50),
(14340,342987,50),
(14341,342988,50),
(14342,342989,50),
(14343,342990,50),
(14344,342991,50),
(14345,342992,50),
(14346,342993,50),
(14347,342994,50),
(14348,342995,50),
(14349,342996,50),
(14350,342997,50),
(14351,342998,50),
(14352,342999,50),
(14353,343000,50),
(14354,343001,50),
(14355,343002,50),
(14356,343003,50),
(14357,343004,50),
(14358,343005,50),
(14359,343006,50),
(14360,343007,50),
(14361,343008,50),
(14362,343009,50),
(14363,343010,50),
(14364,343011,50),
(14365,343012,50),
(14366,343013,50),
(14367,343014,50),
(14368,343015,50),
(14369,343016,50),
(14370,343017,50),
(14371,343018,50),
(14372,343019,50),
(14373,343020,50),
(14374,343021,50),
(14375,343022,50),
(14376,343023,50),
(14377,343024,50),
(14378,343025,50),
(14379,343026,50),
(14380,343027,50),
(14381,343028,50),
(14382,343029,50),
(14383,343030,50),
(14384,343031,50),
(14385,343032,50),
(14386,343033,50),
(14387,343034,50),
(14388,343035,50),
(14389,343036,50),
(14390,343037,50),
(14391,343038,50),
(14392,343039,50),
(14393,343040,50),
(14394,343041,50),
(14395,343042,50),
(14396,343043,50),
(14397,343044,50),
(14398,343045,50),
(14399,343046,50),
(14400,343047,50),
(14401,343048,50),
(14402,343049,50),
(14403,343050,50),
(14404,343051,50),
(14405,343052,50),
(14406,343053,50),
(14407,343054,50),
(14408,343055,50),
(14409,343056,50),
(14410,343057,50),
(14411,343058,50),
(14412,343059,50),
(14413,343060,50),
(14414,343061,50),
(14415,343062,50),
(14416,343063,50),
(14417,343064,50),
(14418,343065,50),
(14419,343066,50),
(14420,343067,50),
(14421,343068,50),
(14422,343069,50),
(14423,343070,50),
(14424,343071,50),
(14425,343072,50),
(14426,343073,50),
(14427,343074,50),
(14428,343075,50),
(14429,343076,50),
(14430,343077,50),
(14431,343078,50),
(14432,343079,50),
(14433,343080,50),
(14434,343081,50),
(14435,343082,50),
(14436,343083,50),
(14437,343084,50),
(14438,343085,50),
(14439,343086,50),
(14440,343087,50),
(14441,343088,50),
(14442,343089,50),
(14443,343090,50),
(14444,343091,50),
(14445,343092,50),
(14446,343093,50),
(14447,343094,50),
(14448,343095,50),
(14449,343096,50),
(14450,343097,50),
(14451,343098,50),
(14452,343099,50),
(14453,343100,50),
(14454,343101,50),
(14455,343102,50),
(14456,343103,50),
(14457,343104,50),
(14458,343105,50),
(14459,343106,50),
(14460,343107,50),
(14461,343108,50),
(14462,343109,50),
(14463,343110,50),
(14464,343111,50),
(14465,343112,50),
(14466,343113,50),
(14467,343114,50),
(14468,343115,50),
(14469,343116,50),
(14470,343117,50),
(14471,343118,50),
(14472,343119,50),
(14473,343120,50),
(14474,343121,50),
(14475,343122,50),
(14476,343123,50),
(14477,343124,50),
(14478,343125,50),
(14479,343126,50),
(14480,343127,50),
(14481,343128,50),
(14482,343129,50),
(14483,343130,50),
(14484,343131,50),
(14485,343132,50),
(14486,343133,50),
(14487,343134,50),
(14488,343135,50),
(14489,343136,50),
(14490,343137,50),
(14491,343138,50),
(14492,343139,50),
(14493,343140,50),
(14494,343141,50),
(14495,343142,50),
(14496,343143,50),
(14497,343144,50),
(14498,343145,50),
(14499,343146,50),
(14500,343147,50),
(14501,343148,50),
(14502,343149,50),
(14503,343150,50),
(14504,343151,50),
(14505,343152,50),
(14506,343153,50),
(14507,343154,50),
(14508,343155,50),
(14509,343156,50),
(14510,343157,50),
(14511,343158,50),
(14512,343159,50),
(14513,343160,50),
(14514,343161,50),
(14515,343162,50),
(14516,343163,50),
(14517,343164,50),
(14518,343165,50),
(14519,343166,50),
(14520,343167,50),
(14521,343168,50),
(14522,343169,50),
(14523,343170,50),
(14524,343171,50),
(14525,343172,50),
(14526,343173,50),
(14527,343174,50),
(14528,343175,50),
(14529,343176,50),
(14530,343177,50),
(14531,343178,50),
(14532,343179,50),
(14533,343180,50),
(14534,343181,50),
(14535,343182,50),
(14536,343183,50),
(14537,343184,50),
(14538,343187,50),
(14539,343188,50),
(14540,343189,50),
(14541,343190,50),
(14542,343191,50),
(14543,343192,50),
(14544,343193,50),
(14545,343194,50),
(14546,343195,50),
(14547,343196,50),
(14548,343197,50),
(14549,343198,50),
(14550,343199,50),
(14551,343200,50),
(14552,343201,50),
(14553,343202,50),
(14554,343203,50),
(14555,343204,50),
(14556,343205,50),
(14557,343206,50),
(14558,343207,50),
(14559,343208,50),
(14560,343209,50),
(14561,343210,50),
(14562,343211,50),
(14563,343212,50),
(14564,343213,50),
(14565,343214,50),
(14566,343215,50),
(14567,343216,50),
(14568,343217,50),
(14569,343218,50),
(14570,343219,50),
(14571,343220,50),
(14572,343221,50),
(14573,343222,50),
(14574,343223,50),
(14575,343224,50),
(14576,343225,50),
(14577,343226,50),
(14578,343227,50),
(14579,343228,50),
(14580,343229,50),
(14581,343230,50),
(14582,343231,50),
(14583,343232,50),
(14584,343233,50),
(14585,343234,50),
(14586,343236,50),
(14587,343235,50),
(14588,343237,50),
(14589,343238,50),
(14590,343239,50),
(14591,343240,50),
(14592,343241,50),
(14593,343242,50),
(14594,343243,50),
(14595,343244,50),
(14596,343245,50),
(14597,343246,50),
(14598,343247,50),
(14599,343248,50),
(14600,343249,50),
(14601,343250,50),
(14602,343251,50),
(14603,343252,50),
(14604,343253,50),
(14605,343254,50),
(14606,343255,50),
(14607,343256,50),
(14608,343257,50),
(14609,343258,50),
(14610,343259,50),
(14611,343260,50),
(14612,343261,50),
(14613,343262,50),
(14614,343263,50),
(14615,343264,50),
(14616,343265,50),
(14617,343266,50),
(14618,343267,50),
(14619,343268,50),
(14620,343269,50),
(14621,343270,50),
(14622,343271,50),
(14623,343272,50),
(14624,343273,50),
(14625,343274,50),
(14626,343275,50),
(14627,343276,50),
(14628,343277,50),
(14629,343278,50),
(14630,343279,50),
(14631,343280,50),
(14632,343281,50),
(14633,343282,50),
(14634,343283,50),
(14635,343284,50),
(14636,343285,50),
(14637,343286,50),
(14638,343287,50),
(14639,343288,50),
(14640,343289,50),
(14641,343290,50),
(14642,343291,50),
(14643,343292,50),
(14644,343293,50),
(14645,343294,50),
(14646,343295,50),
(14647,343296,50),
(14648,343297,50),
(14649,343298,50),
(14650,343299,50),
(14651,343300,50),
(14652,343301,50),
(14653,343302,50),
(14654,343303,50),
(14655,343304,50),
(14656,343305,50),
(14657,343306,50),
(14658,343307,50),
(14659,343308,50),
(14660,343309,50),
(14661,343310,50),
(14662,343311,50),
(14663,343312,50),
(14664,343313,50),
(14665,343314,50),
(14666,343315,50),
(14667,343316,50),
(14668,343317,50),
(14669,343318,50),
(14670,343319,50),
(14671,343320,50),
(14672,343321,50),
(14673,343322,50),
(14674,343323,50),
(14675,343324,50),
(14676,343325,50),
(14677,343326,50),
(14678,343327,50),
(14679,343328,50),
(14680,343329,50),
(14681,343330,50),
(14682,343331,50),
(14683,343332,50),
(14684,343333,50),
(14685,343334,50),
(14686,343335,50),
(14687,343336,50),
(14688,343337,50),
(14689,343338,50),
(14690,343339,50),
(14691,343340,50),
(14692,343341,50),
(14693,343342,50),
(14694,343343,50),
(14695,343344,50),
(14696,343345,50),
(14697,343346,50),
(14698,343347,50),
(14699,343348,50),
(14700,343349,50),
(14701,343350,50),
(14702,343351,50),
(14703,343352,50),
(14704,343353,50),
(14705,343354,50),
(14706,343355,50),
(14707,343356,50),
(14708,343357,50),
(14709,343358,50),
(14710,343359,50),
(14711,343360,50),
(14712,343361,50),
(14713,343362,50),
(14714,343363,50),
(14715,343364,50),
(14716,343365,50),
(14717,343366,50),
(14718,343367,50),
(14719,343368,50),
(14720,343369,50),
(14721,343370,50),
(14722,343371,50),
(14723,343372,50),
(14724,343373,50),
(14725,343374,50),
(14726,343375,50),
(14727,343376,50),
(14728,343377,50),
(14729,343378,50),
(14730,343379,50),
(14731,343380,50),
(14732,343381,50),
(14733,343382,50),
(14734,343383,50),
(14735,343384,50),
(14736,343385,50),
(14737,343386,50),
(14738,343387,50),
(14739,343388,50),
(14740,343389,50),
(14741,343390,50),
(14742,343391,50),
(14743,343392,50),
(14744,343393,50),
(14745,343394,50),
(14746,343395,50),
(14747,343396,50),
(14748,343397,50),
(14749,343398,50),
(14750,343399,50),
(14751,343400,50),
(14752,343401,50),
(14753,343402,50),
(14754,343403,50),
(14755,343404,50),
(14756,343405,50),
(14757,343406,50),
(14758,343407,50),
(14759,343408,50),
(14760,343409,50),
(14761,343410,50),
(14762,343411,50),
(14763,343412,50),
(14764,343413,50),
(14765,343414,50),
(14766,343415,50),
(14767,343416,50),
(14768,343417,50),
(14769,343418,50),
(14770,343419,50),
(14771,343420,50),
(14772,343421,50),
(14773,343422,50),
(14774,343423,50),
(14775,343424,50),
(14776,343425,50),
(14777,343426,50),
(14778,343427,50),
(14779,343428,50),
(14780,343429,50),
(14781,343430,50),
(14782,343431,50),
(14783,343432,50),
(14784,343433,50),
(14785,343434,50),
(14786,343435,50),
(14787,343436,50),
(14788,343437,50),
(14789,343438,50),
(14790,343439,50),
(14791,343440,50),
(14792,343441,50),
(14793,343442,50),
(14794,343443,50),
(14795,343444,50),
(14796,343445,50),
(14797,343446,50),
(14798,343447,50),
(14799,343448,50),
(14800,343449,50),
(14801,343450,50),
(14802,343451,50),
(14803,343452,50),
(14804,343453,50),
(14805,343454,50),
(14806,343455,50),
(14807,343456,50),
(14808,343457,50),
(14809,343458,50),
(14810,343459,50),
(14811,343460,50),
(14812,343461,50),
(14813,343462,50),
(14814,343463,50),
(14815,343464,50),
(14816,343465,50),
(14817,343466,50),
(14818,343467,50),
(14819,343468,50),
(14820,343469,50),
(14821,343470,50),
(14822,343471,50),
(14823,343472,50),
(14824,343473,50),
(14825,343474,50),
(14826,343475,50),
(14827,343476,50),
(14828,343477,50),
(14829,343478,50),
(14830,343479,50),
(14831,343480,50),
(14832,343481,50),
(14833,343482,50),
(14834,343483,50),
(14835,343484,50),
(14836,343485,50),
(14837,343486,50),
(14838,343487,50),
(14839,343488,50),
(14840,343489,50),
(14841,343490,50),
(14842,343491,50),
(14843,343492,50),
(14844,343493,50),
(14845,343494,50),
(14846,343495,50),
(14847,343496,50),
(14848,343497,50),
(14849,343498,50),
(14850,343499,50),
(14851,343500,50),
(14852,343501,50),
(14853,343502,50),
(14854,343503,50),
(14855,343504,50),
(14856,343505,50),
(14857,343506,50),
(14858,343507,50),
(14859,343508,50),
(14860,343509,50),
(14861,343510,50),
(14862,343511,50),
(14863,343512,50),
(14864,343513,50),
(14865,343514,50),
(14866,343515,50),
(14867,343516,50),
(14868,343517,50),
(14869,343518,50),
(14870,343519,50),
(14871,343521,50),
(14872,343520,50),
(14873,343522,50),
(14874,343523,50),
(14875,343524,50),
(14876,343525,50),
(14877,343526,50),
(14878,343527,50),
(14879,343528,50),
(14880,343529,50),
(14881,343530,50),
(14882,343531,50),
(14883,343532,50),
(14884,343533,50),
(14885,343534,50),
(14886,343535,50),
(14887,343536,50),
(14888,343537,50),
(14889,343538,50),
(14890,343539,50),
(14891,343540,50),
(14892,343541,50),
(14893,343542,50),
(14894,343543,50),
(14895,343544,50),
(14896,343545,50),
(14897,343546,50),
(14898,343547,50),
(14899,343548,50),
(14900,343549,50),
(14901,343550,50),
(14902,343551,50),
(14903,343552,50),
(14904,343553,50),
(14905,343554,50),
(14906,343555,50),
(14907,343556,50),
(14908,343557,50),
(14909,343558,50),
(14910,343559,50),
(14911,343560,50),
(14912,343561,50),
(14913,343562,50),
(14914,343563,50),
(14915,343564,50),
(14916,343565,50),
(14917,343566,50),
(14918,343567,50),
(14919,343568,50),
(14920,343569,50),
(14921,343570,50),
(14922,343571,50),
(14923,343572,50),
(14924,343573,50),
(14925,343574,50),
(14926,343575,50),
(14927,343576,50),
(14928,343577,50),
(14929,343578,50),
(14930,343579,50),
(14931,343580,50),
(14932,343581,50),
(14933,343582,50),
(14934,343583,50),
(14935,343584,50),
(14936,343585,50),
(14937,343586,50),
(14938,343587,50),
(14939,343588,50),
(14940,343589,50),
(14941,343590,50),
(14942,343591,50),
(14943,343592,50),
(14944,343593,50),
(14945,343594,50),
(14946,343595,50),
(14947,343596,50),
(14948,343597,50),
(14949,343598,50),
(14950,343599,50),
(14951,343600,50),
(14952,343601,50),
(14953,343602,50),
(14954,343603,50),
(14955,343604,50),
(14956,343605,50),
(14957,343606,50),
(14958,343607,50),
(14959,343608,50),
(14960,343609,50),
(14961,343610,50),
(14962,343611,50),
(14963,343612,50),
(14964,343613,50),
(14965,343614,50),
(14966,343615,50),
(14967,343616,50),
(14968,343617,50),
(14969,343618,50),
(14970,343619,50),
(14971,343620,50),
(14972,343621,50),
(14973,343622,50),
(14974,343623,50),
(14975,343624,50),
(14976,343625,50),
(14977,343626,50),
(14978,343627,50),
(14979,343628,50),
(14980,343629,50),
(14981,343630,50),
(14982,343631,50),
(14983,343632,50),
(14984,343633,50),
(14985,343634,50),
(14986,343635,50),
(14987,343636,50),
(14988,343637,50),
(14989,343638,50),
(14990,343639,50),
(14991,343640,50),
(14992,343641,50),
(14993,343642,50),
(14994,343643,50),
(14995,343644,50),
(14996,343645,50),
(14997,343646,50),
(14998,343647,50),
(14999,343648,50),
(15000,343649,50),
(15001,343650,50),
(15002,343651,50),
(15003,343652,50),
(15004,343653,50),
(15005,343654,50),
(15006,343655,50),
(15007,343656,50),
(15008,343657,50),
(15009,343658,50),
(15010,343659,50),
(15011,343660,50),
(15012,343661,50),
(15013,343662,50),
(15014,343663,50),
(15015,343664,50),
(15016,343665,50),
(15017,343666,50),
(15018,343667,50),
(15019,343668,50),
(15020,343669,50),
(15021,343670,50),
(15022,343671,50),
(15023,343672,50),
(15024,343673,50),
(15025,343674,50),
(15026,343675,50),
(15027,343676,50),
(15028,343677,50),
(15029,343678,50),
(15030,343679,50),
(15031,343680,50),
(15032,343681,50),
(15033,343682,50),
(15034,343683,50),
(15035,343684,50),
(15036,343685,50),
(15037,343686,50),
(15038,343687,50),
(15039,343688,50),
(15040,343689,50),
(15041,343690,50),
(15042,343691,50),
(15043,343692,50),
(15044,343693,50),
(15045,343694,50),
(15046,343695,50),
(15047,343696,50),
(15048,343697,50),
(15049,343698,50),
(15050,343699,50),
(15051,343700,50),
(15052,343701,50),
(15053,343702,50),
(15054,343703,50),
(15055,343704,50),
(15056,343705,50),
(15057,343706,50),
(15058,343707,50),
(15059,343708,50),
(15060,343709,50),
(15061,343710,50),
(15062,343711,50),
(15063,343712,50),
(15064,343713,50),
(15065,343714,50),
(15066,343715,50),
(15067,343716,50),
(15068,343717,50),
(15069,343718,50),
(15070,343719,50),
(15071,343720,50),
(15072,343721,50),
(15073,343722,50),
(15074,343723,50),
(15075,343724,50),
(15076,343725,50),
(15077,343726,50),
(15078,343727,50),
(15079,343728,50),
(15080,343729,50),
(15081,343730,50),
(15082,343731,50),
(15083,343732,50),
(15084,343733,50),
(15085,343734,50),
(15086,343735,50),
(15087,343736,50),
(15088,343737,50),
(15089,343738,50),
(15090,343739,50),
(15091,343740,50),
(15092,343741,50),
(15093,343742,50),
(15094,343743,50),
(15095,343744,50),
(15096,343745,50),
(15097,343746,50),
(15098,343747,50),
(15099,343748,50),
(15100,343749,50),
(15101,343750,50),
(15102,343751,50),
(15103,343752,50),
(15104,343753,50),
(15105,343754,50),
(15106,343755,50),
(15107,343756,50),
(15108,343757,50),
(15109,343758,50),
(15110,343759,50),
(15111,343760,50),
(15112,343761,50),
(15113,343762,50),
(15114,343763,50),
(15115,343764,50),
(15116,343765,50),
(15117,343766,50),
(15118,343767,50),
(15119,343768,50),
(15120,343769,50),
(15121,343770,50),
(15122,343771,50),
(15123,343772,50),
(15124,343773,50),
(15125,343774,50),
(15126,343775,50),
(15127,343776,50),
(15128,343777,50),
(15129,343778,50),
(15130,343779,50),
(15131,343780,50),
(15132,343781,50),
(15133,343782,50),
(15134,343783,50),
(15135,343784,50),
(15136,343785,50),
(15137,343786,50),
(15138,343787,50),
(15139,343788,50),
(15140,343789,50),
(15141,343790,50),
(15142,343791,50),
(15143,343792,50),
(15144,343793,50),
(15145,343794,50),
(15146,343795,50),
(15147,343796,50),
(15148,343797,50),
(15149,343798,50),
(15150,343799,50),
(15151,343800,50),
(15152,343801,50),
(15153,343802,50),
(15154,343803,50),
(15155,343804,50),
(15156,343805,50),
(15157,343806,50),
(15158,343807,50),
(15159,343808,50),
(15160,343809,50),
(15161,343810,50),
(15162,343811,50),
(15163,343812,50),
(15164,343813,50),
(15165,343814,50),
(15166,343815,50),
(15167,343816,50),
(15168,343817,50),
(15169,343818,50),
(15170,343819,50),
(15171,343820,50),
(15172,343821,50),
(15173,343822,50),
(15174,343823,50),
(15175,343824,50),
(15176,343825,50),
(15177,343826,50),
(15178,343827,50),
(15179,343828,50),
(15180,343829,50),
(15181,343830,50),
(15182,343831,50),
(15183,343832,50),
(15184,343833,50),
(15185,343834,50),
(15186,343835,50),
(15187,343836,50),
(15188,343837,50),
(15189,343838,50),
(15190,343839,50),
(15191,343840,50),
(15192,343841,50),
(15193,343842,50),
(15194,343843,50),
(15195,343844,50),
(15196,343845,50),
(15197,343846,50),
(15198,343847,50),
(15199,343848,50),
(15200,343849,50),
(15201,343850,50),
(15202,343851,50),
(15203,343852,50),
(15204,343853,50),
(15205,343854,50),
(15206,343855,50),
(15207,343856,50),
(15208,343857,50),
(15209,343858,50),
(15210,343859,50),
(15211,343860,50),
(15212,343861,50),
(15213,343862,50),
(15214,343863,50),
(15215,343864,50),
(15216,343865,50),
(15217,343866,50),
(15218,343867,50),
(15219,343868,50),
(15220,343869,50),
(15221,343870,50),
(15222,343871,50),
(15223,343872,50),
(15224,343873,50),
(15225,343874,50),
(15226,343875,50),
(15227,343876,50),
(15228,343877,50),
(15229,343878,50),
(15230,343879,50),
(15231,343880,50),
(15232,343881,50),
(15233,343882,50),
(15234,343883,50),
(15235,343884,50),
(15236,343885,50),
(15237,343886,50),
(15238,343887,50),
(15239,343888,50),
(15240,343889,50),
(15241,343890,50),
(15242,343891,50),
(15243,343892,50),
(15244,343893,50),
(15245,343894,50),
(15246,343895,50),
(15247,343896,50),
(15248,343897,50),
(15249,343898,50),
(15250,343899,50),
(15251,343900,50),
(15252,343901,50),
(15253,343902,50),
(15254,343903,50),
(15255,343904,50),
(15256,343905,50),
(15257,343906,50),
(15258,343907,50),
(15259,343908,50),
(15260,343909,50),
(15261,343910,50),
(15262,343911,50),
(15263,343912,50),
(15264,343913,50),
(15265,343914,50),
(15266,343915,50),
(15267,343916,50),
(15268,343917,50),
(15269,343918,50),
(15270,343919,50),
(15271,343920,50),
(15272,343921,50),
(15273,343922,50),
(15274,343923,50),
(15275,343924,50),
(15276,343925,50),
(15277,343926,50),
(15278,343927,50),
(15279,343928,50),
(15280,343929,50),
(15281,343930,50),
(15282,343931,50),
(15283,343932,50),
(15284,343933,50),
(15285,343934,50),
(15286,343935,50),
(15287,343936,50),
(15288,343937,50),
(15289,343938,50),
(15290,343939,50),
(15291,343940,50),
(15292,343941,50),
(15293,343942,50),
(15294,343943,50),
(15295,343944,50),
(15296,343945,50),
(15297,343946,50),
(15298,343947,50),
(15299,343948,50),
(15300,343949,50),
(15301,343950,50),
(15302,343951,50),
(15303,343952,50),
(15304,343953,50),
(15305,343954,50),
(15306,343955,50),
(15307,343956,50),
(15308,343957,50),
(15309,343958,50),
(15310,343959,50),
(15311,343960,50),
(15312,343961,50),
(15313,343962,50),
(15314,343963,50),
(15315,343964,50),
(15316,343965,50),
(15317,343966,50),
(15318,343967,50),
(15319,343968,50),
(15320,343969,50),
(15321,343970,50),
(15322,343971,50),
(15323,343972,50),
(15324,343973,50),
(15325,343974,50),
(15326,343975,50),
(15327,343976,50),
(15328,343977,50),
(15329,343978,50),
(15330,343979,50),
(15331,343980,50),
(15332,343981,50),
(15333,343982,50),
(15334,343983,50),
(15335,343984,50),
(15336,343985,50),
(15337,343986,50),
(15338,343987,50),
(15339,343988,50),
(15340,343989,50),
(15341,343990,50),
(15342,343991,50),
(15343,343992,50),
(15344,343993,50),
(15345,343994,50),
(15346,343995,50),
(15347,343996,50),
(15348,343997,50),
(15349,343998,50),
(15350,343999,50),
(15351,344000,50),
(15352,344001,50),
(15353,344002,50),
(15354,344003,50),
(15355,344004,50),
(15356,344005,50),
(15357,344006,50),
(15358,344007,50),
(15359,344008,50),
(15360,344009,50),
(15361,344010,50),
(15362,344011,50),
(15363,344012,50),
(15364,344013,50),
(15365,344014,50),
(15366,344015,50),
(15367,344016,50),
(15368,344017,50),
(15369,344018,50),
(15370,344019,50),
(15371,344020,50),
(15372,344021,50),
(15373,344022,50),
(15374,344023,50),
(15375,344024,50),
(15376,344025,50),
(15377,344026,50),
(15378,344027,50),
(15379,344028,50),
(15380,344029,50),
(15381,344030,50),
(15382,344031,50),
(15383,344032,50),
(15384,344033,50),
(15385,344034,50),
(15386,344035,50),
(15387,344036,50),
(15388,344037,50),
(15389,344038,50),
(15390,344039,50),
(15391,344040,50),
(15392,344041,50),
(15393,344042,50),
(15394,344043,50),
(15395,344044,50),
(15396,344045,50),
(15397,344046,50),
(15398,344047,50),
(15399,344048,50),
(15400,344049,50),
(15401,344050,50),
(15402,344051,50),
(15403,344052,50),
(15404,344053,50),
(15405,344054,50),
(15406,344055,50),
(15407,344056,50),
(15408,344057,50),
(15409,344058,50),
(15410,344059,50),
(15411,344060,50),
(15412,344061,50),
(15413,344062,50),
(15414,344063,50),
(15415,344064,50),
(15416,344065,50),
(15417,344066,50),
(15418,344067,50),
(15419,344068,50),
(15420,344069,50),
(15421,344070,50),
(15422,344071,50),
(15423,344072,50),
(15424,344073,50),
(15425,344074,50),
(15426,344075,50),
(15427,344076,50),
(15428,344077,50),
(15429,344078,50),
(15430,344079,50),
(15431,344080,50),
(15432,344081,50),
(15433,344082,50),
(15434,344083,50),
(15435,344084,50),
(15436,344085,50),
(15437,344086,50),
(15438,344087,50),
(15439,344088,50),
(15440,344089,50),
(15441,344090,50),
(15442,344091,50),
(15443,344092,50),
(15444,344093,50),
(15445,344094,50),
(15446,344095,50),
(15447,344096,50),
(15448,344097,50),
(15449,344098,50),
(15450,344099,50),
(15451,344100,50),
(15452,344101,50),
(15453,344102,50),
(15454,344103,50),
(15455,344104,50),
(15456,344105,50),
(15457,344106,50),
(15458,344107,50),
(15459,344108,50),
(15460,344109,50),
(15461,344110,50),
(15462,344111,50),
(15463,344112,50),
(15464,344113,50),
(15465,344114,50),
(15466,344115,50),
(15467,344116,50),
(15468,344117,50),
(15469,344118,50),
(15470,344119,50),
(15471,344120,50),
(15472,344121,50),
(15473,344122,50),
(15474,344123,50),
(15475,344124,50),
(15476,344125,50),
(15477,344126,50),
(15478,344127,50),
(15479,344128,50),
(15480,344129,50),
(15481,344130,50),
(15482,344131,50),
(15483,344132,50),
(15484,344133,50),
(15485,344134,50),
(15486,344135,50),
(15487,344136,50),
(15488,344137,50),
(15489,344138,50),
(15490,344139,50),
(15491,344140,50),
(15492,344141,50),
(15493,344142,50),
(15494,344143,50),
(15495,344144,50),
(15496,344145,50),
(15497,344146,50),
(15498,344147,50),
(15499,344148,50),
(15500,344149,50),
(15501,344150,50),
(15502,344151,50),
(15503,344152,50),
(15504,344153,50),
(15505,344154,50),
(15506,344155,50),
(15507,344156,50),
(15508,344157,50),
(15509,344158,50),
(15510,344159,50),
(15511,344160,50),
(15512,344161,50),
(15513,344162,50),
(15514,344163,50),
(15515,344164,50),
(15516,344165,50),
(15517,344166,50),
(15518,344167,50),
(15519,344168,50),
(15520,344169,50),
(15521,344170,50),
(15522,344171,50),
(15523,344172,50),
(15524,344173,50),
(15525,344174,50),
(15526,344175,50),
(15527,344176,50),
(15528,344177,50),
(15529,344178,50),
(15530,344179,50),
(15531,344180,50),
(15532,344181,50),
(15533,344182,50),
(15534,344183,50),
(15535,344184,50),
(15536,344185,50),
(15537,344186,50),
(15538,344187,50),
(15539,344188,50),
(15540,344189,50),
(15541,344190,50),
(15542,344191,50),
(15543,344192,50),
(15544,344193,50),
(15545,344194,50),
(15546,344195,50),
(15547,344196,50),
(15548,344197,50),
(15549,344198,50),
(15550,344199,50),
(15551,344200,50),
(15552,344201,50),
(15553,344202,50),
(15554,344203,50),
(15555,344204,50),
(15556,344205,50),
(15557,344206,50),
(15558,344207,50),
(15559,344208,50),
(15560,344209,50),
(15561,344210,50),
(15562,344211,50),
(15563,344212,50),
(15564,344213,50),
(15565,344214,50),
(15566,344215,50),
(15567,344216,50),
(15568,344217,50),
(15569,344218,50),
(15570,344219,50),
(15571,344220,50),
(15572,344221,50),
(15573,344222,50),
(15574,344223,50),
(15575,344224,50),
(15576,344225,50),
(15577,344226,50),
(15578,344227,50),
(15579,344228,50),
(15580,344229,50),
(15581,344230,50),
(15582,344231,50),
(15583,344232,50),
(15584,344233,50),
(15585,344234,50),
(15586,344235,50),
(15587,344236,50),
(15588,344237,50),
(15589,344238,50),
(15590,344239,50),
(15591,344240,50),
(15592,344241,50),
(15593,344242,50),
(15594,344243,50),
(15595,344244,50),
(15596,344245,50),
(15597,344246,50),
(15598,344247,50),
(15599,344248,50),
(15600,344249,50),
(15601,344250,50),
(15602,344251,50),
(15603,344252,50),
(15604,344253,50),
(15605,344254,50),
(15606,344255,50),
(15607,344256,50),
(15608,344257,50),
(15609,344258,50),
(15610,344259,50),
(15611,344260,50),
(15612,344261,50),
(15613,344262,50),
(15614,344263,50),
(15615,344264,50),
(15616,344265,50),
(15617,344266,50),
(15618,344267,50),
(15619,344268,50),
(15620,344270,50),
(15621,344269,50),
(15622,344271,50),
(15623,344272,50),
(15624,344273,50),
(15625,344274,50),
(15626,344275,50),
(15627,344276,50),
(15628,344277,50),
(15629,344278,50),
(15630,344279,50),
(15631,344280,50),
(15632,344281,50),
(15633,344282,50),
(15634,344283,50),
(15635,344284,50),
(15636,344285,50),
(15637,344286,50),
(15638,344287,50),
(15639,344288,50),
(15640,344289,50),
(15641,344290,50),
(15642,344291,50),
(15643,344292,50),
(15644,344293,50),
(15645,344294,50),
(15646,344295,50),
(15647,344296,50),
(15648,344297,50),
(15649,344298,50),
(15650,344299,50),
(15651,344300,50),
(15652,344301,50),
(15653,344302,50),
(15654,344303,50),
(15655,344304,50),
(15656,344305,50),
(15657,344306,50),
(15658,344307,50),
(15659,344308,50),
(15660,344309,50),
(15661,344310,50),
(15662,344311,50),
(15663,344312,50),
(15664,344313,50),
(15665,344314,50),
(15666,344315,50),
(15667,344316,50),
(15668,344317,50),
(15669,344318,50),
(15670,344319,50),
(15671,344320,50),
(15672,344321,50),
(15673,344322,50),
(15674,344323,50),
(15675,344324,50),
(15676,344325,50),
(15677,344326,50),
(15678,344327,50),
(15679,344328,50),
(15680,344329,50),
(15681,344330,50),
(15682,344331,50),
(15683,344332,50),
(15684,344333,50),
(15685,344334,50),
(15686,344335,50),
(15687,344336,50),
(15688,344337,50),
(15689,344338,50),
(15690,344339,50),
(15691,344340,50),
(15692,344341,50),
(15693,344342,50),
(15694,344343,50),
(15695,344344,50),
(15696,344345,50),
(15697,344346,50),
(15698,344347,50),
(15699,344348,50),
(15700,344349,50),
(15701,344350,50),
(15702,344351,50),
(15703,344352,50),
(15704,344353,50),
(15705,344354,50),
(15706,344355,50),
(15707,344356,50),
(15708,344357,50),
(15709,344358,50),
(15710,344359,50),
(15711,344360,50),
(15712,344361,50),
(15713,344362,50),
(15714,344363,50),
(15715,344364,50),
(15716,344365,50),
(15717,344366,50),
(15718,344367,50),
(15719,344368,50),
(15720,344369,50),
(15721,344370,50),
(15722,344371,50),
(15723,344372,50),
(15724,344373,50),
(15725,344374,50),
(15726,344375,50),
(15727,344376,50),
(15728,344377,50),
(15729,344378,50),
(15730,344379,50),
(15731,344380,50),
(15732,344381,50),
(15733,344382,50),
(15734,344383,50),
(15735,344384,50),
(15736,344385,50),
(15737,344386,50),
(15738,344387,50),
(15739,344388,50),
(15740,344389,50),
(15741,344390,50),
(15742,344391,50),
(15743,344392,50),
(15744,344393,50),
(15745,344394,50),
(15746,344395,50),
(15747,344396,50),
(15748,344397,50),
(15749,344399,50),
(15750,344398,50),
(15751,344400,50),
(15752,344401,50),
(15753,344402,50),
(15754,344403,50),
(15755,344404,50),
(15756,344405,50),
(15757,344406,50),
(15758,344407,50);

--
